000
CDUS43 KIND 280530
CLIEYE


CLIMATE REPORT
NATIONAL WEATHER SERVICE INDIANAPOLIS IN
130 AM EDT MON JUL 28 2014


...................................

...THE INDIANAPOLIS EAGLE CREEK IN CLIMATE SUMMARY FOR JULY 27 2014...

CLIMATE NORMAL PERIOD 1981 TO 2010
CLIMATE RECORD PERIOD 9999 TO 9999


WEATHER ITEM   OBSERVED TIME   NORMAL DEPARTURE LAST
                VALUE   (LST)  VALUE  FROM      YEAR
                                      NORMAL
......................................................
TEMPERATURE (F)
 YESTERDAY
  MAXIMUM         83    248 PM  84     -1       76
  MINIMUM         67   1159 PM  66      1       58
  AVERAGE         75            75      0       67

PRECIPITATION (IN)
  YESTERDAY        0.03          0.10  -0.07     0.14
  MONTH TO DATE    2.64          3.88  -1.24     1.70
  SINCE JUN 1      8.70          8.27   0.43     6.75
  SINCE JAN 1     25.15         25.08   0.07    25.59

DEGREE DAYS
 HEATING
  YESTERDAY        0             0      0        0
  MONTH TO DATE    4             0      4        0
  SINCE JUN 1      7            14     -7       14
  SINCE JUL 1      4             0      4        0

 COOLING
  YESTERDAY       10            10      0        2
  MONTH TO DATE  149           280   -131      239
  SINCE JUN 1    400           514   -114      443
  SINCE JAN 1    508           598    -90      554
......................................................


WIND (MPH)
  HIGHEST WIND SPEED    28   HIGHEST WIND DIRECTION     W (290)
  HIGHEST GUST SPEED    34   HIGHEST GUST DIRECTION    NW (320)
  AVERAGE WIND SPEED     9.7


SKY COVER
  AVERAGE SKY COVER 0.5


WEATHER CONDITIONS
 THE FOLLOWING WEATHER WAS RECORDED YESTERDAY.
  THUNDERSTORM
  LIGHT RAIN
  FOG


RELATIVE HUMIDITY (PERCENT)
 HIGHEST    93           100 AM
 LOWEST     48           700 PM
 AVERAGE    71

..........................................................


THE INDIANAPOLIS EAGLE CREEK IN CLIMATE NORMALS FOR TODAY
                         NORMAL
 MAXIMUM TEMPERATURE (F)   83
 MINIMUM TEMPERATURE (F)   66


SUNRISE AND SUNSET
JULY 28 2014..........SUNRISE   640 AM EDT   SUNSET   902 PM EDT
JULY 29 2014..........SUNRISE   641 AM EDT   SUNSET   902 PM EDT


-  INDICATES NEGATIVE NUMBERS.
R  INDICATES RECORD WAS SET OR TIED.
MM INDICATES DATA IS MISSING.
T  INDICATES TRACE AMOUNT.




$$
