000
CDUS43 KIND 080533
CLIEYE


CLIMATE REPORT
NATIONAL WEATHER SERVICE INDIANAPOLIS IN
133 AM EDT WED JUL 8 2015


...................................

...THE INDIANAPOLIS EAGLE CREEK IN CLIMATE SUMMARY FOR JULY 7 2015...

CLIMATE NORMAL PERIOD 1981 TO 2010
CLIMATE RECORD PERIOD 9999 TO 9999


WEATHER ITEM   OBSERVED TIME   NORMAL DEPARTURE LAST
                VALUE   (LST)  VALUE  FROM      YEAR
                                      NORMAL
......................................................
TEMPERATURE (F)
 YESTERDAY
  MAXIMUM         78   1057 AM  84     -6       79
  MINIMUM         61   1159 PM  67     -6       70
  AVERAGE         70            76     -6       75

PRECIPITATION (IN)
  YESTERDAY        1.68          0.15   1.53      T
  MONTH TO DATE    2.14          0.97   1.17     0.14
  SINCE JUN 1      7.31          5.36   1.95     6.20
  SINCE JAN 1     19.66         22.17  -2.51    22.65

DEGREE DAYS
 HEATING
  YESTERDAY        0             0      0        0
  MONTH TO DATE    0             0      0        0
  SINCE JUN 1     18            14      4        3
  SINCE JUL 1      0             0      0        0

 COOLING
  YESTERDAY        5            11     -6       10
  MONTH TO DATE   39            74    -35       39
  SINCE JUN 1    274           308    -34      290
  SINCE JAN 1    401           392      9      398
......................................................


WIND (MPH)
  HIGHEST WIND SPEED    16   HIGHEST WIND DIRECTION     N (340)
  HIGHEST GUST SPEED    23   HIGHEST GUST DIRECTION     N (340)
  AVERAGE WIND SPEED     7.6


SKY COVER
  AVERAGE SKY COVER 0.9


WEATHER CONDITIONS
 THE FOLLOWING WEATHER WAS RECORDED YESTERDAY.
  THUNDERSTORM
  HEAVY RAIN
  RAIN
  LIGHT RAIN
  FOG


RELATIVE HUMIDITY (PERCENT)
 HIGHEST   100           300 PM
 LOWEST     65          1100 PM
 AVERAGE    83

..........................................................


THE INDIANAPOLIS EAGLE CREEK IN CLIMATE NORMALS FOR TODAY
                         NORMAL
 MAXIMUM TEMPERATURE (F)   84
 MINIMUM TEMPERATURE (F)   67


SUNRISE AND SUNSET
JULY  8 2015..........SUNRISE   624 AM EDT   SUNSET   916 PM EDT
JULY  9 2015..........SUNRISE   625 AM EDT   SUNSET   915 PM EDT


-  INDICATES NEGATIVE NUMBERS.
R  INDICATES RECORD WAS SET OR TIED.
MM INDICATES DATA IS MISSING.
T  INDICATES TRACE AMOUNT.




$$
