008
CDUS43 KIND 210533
CLIEYE


CLIMATE REPORT
NATIONAL WEATHER SERVICE INDIANAPOLIS IN
133 AM EDT FRI JUL 21 2017


...................................

...THE INDIANAPOLIS EAGLE CREEK IN CLIMATE SUMMARY FOR JULY 20 2017...

CLIMATE NORMAL PERIOD 1981 TO 2010
CLIMATE RECORD PERIOD 9999 TO 9999


WEATHER ITEM   OBSERVED TIME   NORMAL DEPARTURE LAST
                VALUE   (LST)  VALUE  FROM      YEAR
                                      NORMAL
......................................................
TEMPERATURE (F)
 YESTERDAY
  MAXIMUM         89    530 PM  84      5       89
  MINIMUM         73   1135 AM  67      6       72
  AVERAGE         81            75      6       81

PRECIPITATION (IN)
  YESTERDAY        0.19          0.14   0.05     0.00
  MONTH TO DATE    4.07          3.05   1.02     5.12
  SINCE JUN 1      8.42          7.44   0.98    13.98
  SINCE JAN 1     30.26         24.25   6.01    25.49

DEGREE DAYS
 HEATING
  YESTERDAY        0             0      0        0
  MONTH TO DATE    0             0      0        3
  SINCE JUN 1      3            14    -11        3
  SINCE JUL 1      0             0      0        3

 COOLING
  YESTERDAY       16            10      6       16
  MONTH TO DATE  233           210     23      202
  SINCE JUN 1    464           444     20      503
  SINCE JAN 1    566           528     38      605
......................................................


WIND (MPH)
  HIGHEST WIND SPEED    26   HIGHEST WIND DIRECTION    NW (320)
  HIGHEST GUST SPEED    37   HIGHEST GUST DIRECTION     N (340)
  AVERAGE WIND SPEED     5.9


SKY COVER
  AVERAGE SKY COVER 0.2


WEATHER CONDITIONS
 THE FOLLOWING WEATHER WAS RECORDED YESTERDAY.
  THUNDERSTORM
  HEAVY RAIN
  RAIN
  LIGHT RAIN
  FOG
  HAZE


RELATIVE HUMIDITY (PERCENT)
 HIGHEST    88          1200 PM
 LOWEST     59           300 PM
 AVERAGE    74

..........................................................


THE INDIANAPOLIS EAGLE CREEK IN CLIMATE NORMALS FOR TODAY
                         NORMAL
 MAXIMUM TEMPERATURE (F)   84
 MINIMUM TEMPERATURE (F)   67


SUNRISE AND SUNSET
JULY 21 2017..........SUNRISE   635 AM EDT   SUNSET   908 PM EDT
JULY 22 2017..........SUNRISE   635 AM EDT   SUNSET   908 PM EDT


-  INDICATES NEGATIVE NUMBERS.
R  INDICATES RECORD WAS SET OR TIED.
MM INDICATES DATA IS MISSING.
T  INDICATES TRACE AMOUNT.




$$
