000
CDUS43 KIND 040542
CLIEYE


CLIMATE REPORT
NATIONAL WEATHER SERVICE INDIANAPOLIS IN
141 AM EDT WED MAY 4 2016


...................................

...THE INDIANAPOLIS EAGLE CREEK IN CLIMATE SUMMARY FOR MAY 3 2016...

CLIMATE NORMAL PERIOD 1981 TO 2010
CLIMATE RECORD PERIOD 9999 TO 9999


WEATHER ITEM   OBSERVED TIME   NORMAL DEPARTURE LAST
                VALUE   (LST)  VALUE  FROM      YEAR
                                      NORMAL
......................................................
TEMPERATURE (F)
 YESTERDAY
  MAXIMUM         63    421 PM  68     -5       78
  MINIMUM         50    906 AM  49      1       51
  AVERAGE         57            59     -2       65

PRECIPITATION (IN)
  YESTERDAY        0.14          0.22  -0.08     0.00
  MONTH TO DATE    0.31          0.65  -0.34     0.00
  SINCE MAR 1      6.61          7.85  -1.24     8.13
  SINCE JAN 1      8.57         12.19  -3.62    10.61

DEGREE DAYS
 HEATING
  YESTERDAY        8             7      1        0
  MONTH TO DATE   17            22     -5       13
  SINCE MAR 1    856          1092   -236     1165
  SINCE JUL 1   4369          5217   -848     5851

 COOLING
  YESTERDAY        0             1     -1        0
  MONTH TO DATE    3             3      0        0
  SINCE MAR 1     16            18     -2        4
  SINCE JAN 1     16            18     -2        4
......................................................


WIND (MPH)
  HIGHEST WIND SPEED    14   HIGHEST WIND DIRECTION     N (340)
  HIGHEST GUST SPEED    17   HIGHEST GUST DIRECTION    NW (330)
  AVERAGE WIND SPEED     5.9


SKY COVER
  AVERAGE SKY COVER 0.8


WEATHER CONDITIONS
 THE FOLLOWING WEATHER WAS RECORDED YESTERDAY.
  LIGHT RAIN
  FOG


RELATIVE HUMIDITY (PERCENT)
 HIGHEST    96          1200 AM
 LOWEST     48           600 PM
 AVERAGE    72

..........................................................


THE INDIANAPOLIS EAGLE CREEK IN CLIMATE NORMALS FOR TODAY
                         NORMAL
 MAXIMUM TEMPERATURE (F)   69
 MINIMUM TEMPERATURE (F)   49


SUNRISE AND SUNSET
MAY  4 2016...........SUNRISE   641 AM EDT   SUNSET   843 PM EDT
MAY  5 2016...........SUNRISE   640 AM EDT   SUNSET   844 PM EDT


-  INDICATES NEGATIVE NUMBERS.
R  INDICATES RECORD WAS SET OR TIED.
MM INDICATES DATA IS MISSING.
T  INDICATES TRACE AMOUNT.




$$
