000
CDUS43 KIND 190538
CLIEYE


CLIMATE REPORT
NATIONAL WEATHER SERVICE INDIANAPOLIS IN
138 AM EDT SAT APR 19 2014


...................................

...THE INDIANAPOLIS EAGLE CREEK IN CLIMATE SUMMARY FOR APRIL 18 2014...

CLIMATE NORMAL PERIOD 1981 TO 2010
CLIMATE RECORD PERIOD 9999 TO 9999


WEATHER ITEM   OBSERVED TIME   NORMAL DEPARTURE LAST
                VALUE   (LST)  VALUE  FROM      YEAR
                                      NORMAL
......................................................
TEMPERATURE (F)
 YESTERDAY
  MAXIMUM         69    232 PM  64      5       76
  MINIMUM         42    509 AM  44     -2       48
  AVERAGE         56            54      2       62

PRECIPITATION (IN)
  YESTERDAY        0.00          0.12  -0.12     3.14
  MONTH TO DATE    4.53          2.09   2.44     3.83
  SINCE MAR 1      5.51          5.39   0.12     5.29
  SINCE JAN 1      9.89          9.73   0.16    12.23

DEGREE DAYS
 HEATING
  YESTERDAY        9            12     -3        3
  MONTH TO DATE  263           255      8      225
  SINCE MAR 1   1160           955    205     1151
  SINCE JUL 1   5986          5080    906     5265

 COOLING
  YESTERDAY        0             1     -1        0
  MONTH TO DATE    5             8     -3        3
  SINCE MAR 1      5             9     -4        3
  SINCE JAN 1      5             9     -4        3
......................................................


WIND (MPH)
  HIGHEST WIND SPEED    14   HIGHEST WIND DIRECTION     N (10)
  HIGHEST GUST SPEED    19   HIGHEST GUST DIRECTION     W (290)
  AVERAGE WIND SPEED     5.0


SKY COVER
  AVERAGE SKY COVER 0.1


WEATHER CONDITIONS
 THE FOLLOWING WEATHER WAS RECORDED YESTERDAY.
  NO SIGNIFICANT WEATHER WAS OBSERVED.


RELATIVE HUMIDITY (PERCENT)
 HIGHEST    83           200 AM
 LOWEST     34           100 PM
 AVERAGE    59

..........................................................


THE INDIANAPOLIS EAGLE CREEK IN CLIMATE NORMALS FOR TODAY
                         NORMAL
 MAXIMUM TEMPERATURE (F)   64
 MINIMUM TEMPERATURE (F)   45


SUNRISE AND SUNSET
APRIL 19 2014.........SUNRISE   702 AM EDT   SUNSET   827 PM EDT
APRIL 20 2014.........SUNRISE   700 AM EDT   SUNSET   828 PM EDT


-  INDICATES NEGATIVE NUMBERS.
R  INDICATES RECORD WAS SET OR TIED.
MM INDICATES DATA IS MISSING.
T  INDICATES TRACE AMOUNT.




$$
