000
CDUS42 KKEY 270544
CLIEYW

CLIMATE REPORT
NATIONAL WEATHER SERVICE KEY WEST, FL
1242 AM EST THU NOV 27 2014


...................................

...THE KEY WEST CLIMATE SUMMARY FOR NOVEMBER 26 2014...

CLIMATE NORMAL PERIOD 1981 TO 2010
CLIMATE RECORD PERIOD 1871 TO 2014


WEATHER ITEM   OBSERVED TIME   RECORD YEAR NORMAL DEPARTURE LAST
                VALUE   (LST)  VALUE       VALUE  FROM      YEAR
                                                  NORMAL
..................................................................
TEMPERATURE (F)
 YESTERDAY
  MAXIMUM         80    717 AM  85    1992  79      1       82
                                      1989
                                      1980
  MINIMUM         65   1159 PM  56    1950  70     -5       74
                                      1885
  AVERAGE         73                        74     -1       78

PRECIPITATION (IN)
  YESTERDAY        0.05          0.78 2010   0.08  -0.03     0.31
  MONTH TO DATE    0.84                      1.99  -1.15     2.83
  SINCE SEP 1     12.23                     13.63  -1.40     8.67
  SINCE JAN 1     34.37                     37.30  -2.93    44.18

SNOWFALL (IN)
  YESTERDAY        0.0
  MONTH TO DATE    0.0
  SINCE SEP 1      0.0
  SINCE JUL 1      0.0
  SNOW DEPTH       0

DEGREE DAYS
 HEATING
  YESTERDAY        0                         0      0        0
  MONTH TO DATE    0                         0      0        0
  SINCE SEP 1      0                         0      0        0
  SINCE JUL 1      0                         0      0        0

 COOLING
  YESTERDAY        8                         9     -1       13
  MONTH TO DATE  244                       289    -45      351
  SINCE SEP 1   1310                      1308      2     1417
  SINCE JAN 1   4830                      4497    333     4737
..................................................................


WIND (MPH)
  HIGHEST WIND SPEED    25   HIGHEST WIND DIRECTION     N (350)
  HIGHEST GUST SPEED    34   HIGHEST GUST DIRECTION     N (340)
  AVERAGE WIND SPEED    16.6


SKY COVER
  POSSIBLE SUNSHINE  MM
  AVERAGE SKY COVER 0.6


WEATHER CONDITIONS
 THE FOLLOWING WEATHER WAS RECORDED YESTERDAY.
  THUNDERSTORM
  RAIN
  LIGHT RAIN


RELATIVE HUMIDITY (PERCENT)
 HIGHEST    97
 LOWEST     45
 AVERAGE    71

..........................................................


THE KEY WEST CLIMATE NORMALS FOR TODAY
                         NORMAL    RECORD    YEAR
 MAXIMUM TEMPERATURE (F)   78        87      1948
 MINIMUM TEMPERATURE (F)   70        54      1949


SUNRISE AND SUNSET
NOVEMBER 27 2014......SUNRISE   651 AM EST   SUNSET   538 PM EST
NOVEMBER 28 2014......SUNRISE   652 AM EST   SUNSET   538 PM EST


-  INDICATES NEGATIVE NUMBERS.
R  INDICATES RECORD WAS SET OR TIED.
MM INDICATES DATA IS MISSING.
T  INDICATES TRACE AMOUNT.




$$
