660
CDUS42 KKEY 050539
CLIEYW


CLIMATE REPORT
NATIONAL WEATHER SERVICE KEY WEST, FL
1236 AM EST MON DEC 5 2016


...................................

...THE KEY WEST CLIMATE SUMMARY FOR DECEMBER 4 2016...

CLIMATE NORMAL PERIOD 1981 TO 2010
CLIMATE RECORD PERIOD 1871 TO 2016


WEATHER ITEM   OBSERVED TIME   RECORD YEAR NORMAL DEPARTURE LAST
                VALUE   (LST)  VALUE       VALUE  FROM      YEAR
                                                  NORMAL
..................................................................
TEMPERATURE (F)
 YESTERDAY
  MAXIMUM         82    308 PM  86    1880  78      4       76
  MINIMUM         75    426 AM  46    1876  69      6       69
  AVERAGE         79                        73      6       73

PRECIPITATION (IN)
  YESTERDAY        0.00          2.99 1997   0.09  -0.09     2.29
  MONTH TO DATE    0.43                      0.33   0.10     3.50
  SINCE DEC 1      0.43                      0.33   0.10     3.50
  SINCE JAN 1     36.04                     37.94  -1.90    35.16

SNOWFALL (IN)
  YESTERDAY        0.0
  MONTH TO DATE    0.0
  SINCE DEC 1      0.0
  SINCE JUL 1      0.0
  SNOW DEPTH       0

DEGREE DAYS
 HEATING
  YESTERDAY        0                         0      0        0
  MONTH TO DATE    0                         0      0        0
  SINCE DEC 1      0                         0      0        0
  SINCE JUL 1      0                         1     -1        0

 COOLING
  YESTERDAY       14                         8      6        8
  MONTH TO DATE   55                        34     21       44
  SINCE DEC 1     55                        34     21       44
  SINCE JAN 1   4808                      4567    241     5223
..................................................................


WIND (MPH)
  HIGHEST WIND SPEED    18   HIGHEST WIND DIRECTION     E (110)
  HIGHEST GUST SPEED    24   HIGHEST GUST DIRECTION     E (90)
  AVERAGE WIND SPEED    13.3


SKY COVER
  POSSIBLE SUNSHINE  MM
  AVERAGE SKY COVER 0.3


WEATHER CONDITIONS
 THE FOLLOWING WEATHER WAS RECORDED YESTERDAY.
  NO SIGNIFICANT WEATHER WAS OBSERVED.


RELATIVE HUMIDITY (PERCENT)
 HIGHEST    94
 LOWEST     74
 AVERAGE    84

..........................................................


THE KEY WEST CLIMATE NORMALS FOR TODAY
                         NORMAL    RECORD    YEAR
 MAXIMUM TEMPERATURE (F)   77        86      1994
                                             1941
 MINIMUM TEMPERATURE (F)   69        45      1876


SUNRISE AND SUNSET
DECEMBER  5 2016......SUNRISE   657 AM EST   SUNSET   538 PM EST
DECEMBER  6 2016......SUNRISE   658 AM EST   SUNSET   539 PM EST


-  INDICATES NEGATIVE NUMBERS.
R  INDICATES RECORD WAS SET OR TIED.
MM INDICATES DATA IS MISSING.
T  INDICATES TRACE AMOUNT.




$$
