709
CDUS42 KKEY 270535
CLIEYW


CLIMATE REPORT
NATIONAL WEATHER SERVICE KEY WEST, FL
134 AM EDT TUE JUN 27 2017


...................................

...THE KEY WEST CLIMATE SUMMARY FOR JUNE 26 2017...

CLIMATE NORMAL PERIOD 1981 TO 2010
CLIMATE RECORD PERIOD 1871 TO 2017


WEATHER ITEM   OBSERVED TIME   RECORD YEAR NORMAL DEPARTURE LAST
                VALUE   (LST)  VALUE       VALUE  FROM      YEAR
                                                  NORMAL
..................................................................
TEMPERATURE (F)
 YESTERDAY
  MAXIMUM         89    200 PM  93    1952  88      1       90
  MINIMUM         83   1159 PM  69    1903  79      4       79
  AVERAGE         86                        84      2       85

PRECIPITATION (IN)
  YESTERDAY        0.00          1.43 2003   0.14  -0.14     0.07
  MONTH TO DATE    5.66                      3.57   2.09     0.85
  SINCE JUN 1      5.66                      3.57   2.09     0.85
  SINCE JAN 1     14.71                     14.20   0.51    12.50

SNOWFALL (IN)
  YESTERDAY        0.0
  MONTH TO DATE    0.0
  SINCE JUN 1      0.0
  SINCE JUL 1      0.0
  SNOW DEPTH       0

DEGREE DAYS
 HEATING
  YESTERDAY        0                         0      0        0
  MONTH TO DATE    0                         0      0        0
  SINCE JUN 1      0                         0      0        0
  SINCE JUL 1      5                        73    -68       24

 COOLING
  YESTERDAY       21                        19      2       20
  MONTH TO DATE  493                       474     19      497
  SINCE JUN 1    493                       474     19      497
  SINCE JAN 1   2248                      1904    344     1988
..................................................................


WIND (MPH)
  HIGHEST WIND SPEED    16   HIGHEST WIND DIRECTION     E (100)
  HIGHEST GUST SPEED    20   HIGHEST GUST DIRECTION     E (110)
  AVERAGE WIND SPEED     9.7


SKY COVER
  POSSIBLE SUNSHINE  MM
  AVERAGE SKY COVER 0.2


WEATHER CONDITIONS
 THE FOLLOWING WEATHER WAS RECORDED YESTERDAY.
  NO SIGNIFICANT WEATHER WAS OBSERVED.


RELATIVE HUMIDITY (PERCENT)
 HIGHEST    85
 LOWEST     68
 AVERAGE    77

..........................................................


THE KEY WEST CLIMATE NORMALS FOR TODAY
                         NORMAL    RECORD    YEAR
 MAXIMUM TEMPERATURE (F)   89        94      1883
 MINIMUM TEMPERATURE (F)   79        69      1942


SUNRISE AND SUNSET
JUNE 27 2017..........SUNRISE   641 AM EDT   SUNSET   820 PM EDT
JUNE 28 2017..........SUNRISE   641 AM EDT   SUNSET   820 PM EDT


-  INDICATES NEGATIVE NUMBERS.
R  INDICATES RECORD WAS SET OR TIED.
MM INDICATES DATA IS MISSING.
T  INDICATES TRACE AMOUNT.

$$

CLR
