000
CDUS42 KKEY 010548
CLIEYW

CLIMATE REPORT NATIONAL WEATHER SERVICE KEY WEST, FL

1247 AM EST SUN FEB 1 2015


...................................

...THE KEY WEST CLIMATE SUMMARY FOR JANUARY 31 2015...

CLIMATE NORMAL PERIOD 1981 TO 2010
CLIMATE RECORD PERIOD 1871 TO 2015


WEATHER ITEM   OBSERVED TIME   RECORD YEAR NORMAL DEPARTURE LAST
                VALUE   (LST)  VALUE       VALUE  FROM      YEAR
                                                  NORMAL
..................................................................
TEMPERATURE (F)
 YESTERDAY
  MAXIMUM         75    212 PM  86    1957  75      0       79
  MINIMUM         62    733 AM  47    1966  65     -3       68
  AVERAGE         69                        70     -1       74

PRECIPITATION (IN)
  YESTERDAY        0.00          1.77 1885   0.06  -0.06     0.04
  MONTH TO DATE    1.03                      2.04  -1.01     6.68
  SINCE DEC 1      3.28                      4.26  -0.98     7.77
  SINCE JAN 1      1.03                      2.04  -1.01     6.68

SNOWFALL (IN)
  YESTERDAY        0.0
  MONTH TO DATE    0.0
  SINCE DEC 1      0.0
  SINCE JUL 1      0.0
  SNOW DEPTH       0

DEGREE DAYS
 HEATING
  YESTERDAY        0                         1     -1        0
  MONTH TO DATE    0                        31    -31       22
  SINCE DEC 1      5                        50    -45       22
  SINCE JUL 1      6                        51    -45       22

 COOLING
  YESTERDAY        4                         6     -2        9
  MONTH TO DATE  231                       165     66      157
  SINCE DEC 1    484                       382    102      497
  SINCE JAN 1    231                       165     66      157
..................................................................


WIND (MPH)
  HIGHEST WIND SPEED    21   HIGHEST WIND DIRECTION     E (70)
  HIGHEST GUST SPEED    28   HIGHEST GUST DIRECTION     E (70)
  AVERAGE WIND SPEED    11.1


SKY COVER
  POSSIBLE SUNSHINE  MM
  AVERAGE SKY COVER 0.0


WEATHER CONDITIONS
 THE FOLLOWING WEATHER WAS RECORDED YESTERDAY.
  NO SIGNIFICANT WEATHER WAS OBSERVED.


RELATIVE HUMIDITY (PERCENT)
 HIGHEST    93
 LOWEST     53
 AVERAGE    73

..........................................................


THE KEY WEST CLIMATE NORMALS FOR TODAY
                         NORMAL    RECORD    YEAR
 MAXIMUM TEMPERATURE (F)   75        85      1957
 MINIMUM TEMPERATURE (F)   65        47      1909


SUNRISE AND SUNSET
FEBRUARY  1 2015......SUNRISE   709 AM EST   SUNSET   612 PM EST
FEBRUARY  2 2015......SUNRISE   709 AM EST   SUNSET   613 PM EST


-  INDICATES NEGATIVE NUMBERS.
R  INDICATES RECORD WAS SET OR TIED.
MM INDICATES DATA IS MISSING.
T  INDICATES TRACE AMOUNT.




$$
