000
CDUS42 KKEY 190535
CLIEYW


CLIMATE REPORT
NATIONAL WEATHER SERVICE KEY WEST, FL
1232 AM EST THU JAN 19 2017


...................................

...THE KEY WEST CLIMATE SUMMARY FOR JANUARY 18 2017...

CLIMATE NORMAL PERIOD 1981 TO 2010
CLIMATE RECORD PERIOD 1871 TO 2017


WEATHER ITEM   OBSERVED TIME   RECORD YEAR NORMAL DEPARTURE LAST
               VALUE    (LST)  VALUE       VALUE  FROM      YEAR
                                                  NORMAL
..................................................................
TEMPERATURE (F)
 YESTERDAY
  MAXIMUM         80    253 PM  85    1960  74      6       66
  MINIMUM         70   1159 PM  48    1981  64      6       60
  AVERAGE         75                        69      6       63

PRECIPITATION (IN)
  YESTERDAY        0.00          2.04 1899   0.07  -0.07     0.00
  MONTH TO DATE    0.31                      1.17  -0.86     2.14
  SINCE DEC 1      2.05                      3.39  -1.34     6.72
  SINCE JAN 1      0.31                      1.17  -0.86     2.14

SNOWFALL (IN)
  YESTERDAY        0.0
  MONTH TO DATE    0.0
  SINCE DEC 1      0.0
  SINCE JUL 1      0.0
  SNOW DEPTH      MM

DEGREE DAYS
 HEATING
  YESTERDAY        0                         1     -1        2
  MONTH TO DATE    3                        18    -15        2
  SINCE DEC 1      3                        35    -32        2
  SINCE JUL 1      3                        36    -33        2

 COOLING
  YESTERDAY       10                         5      5        0
  MONTH TO DATE  166                        92     74      128
  SINCE DEC 1    559                       309    250      527
  SINCE JAN 1    166                        92     74      128
..................................................................


WIND (MPH)
  HIGHEST WIND SPEED    16   HIGHEST WIND DIRECTION    SE (140)
  HIGHEST GUST SPEED    20   HIGHEST GUST DIRECTION     E (110)
  AVERAGE WIND SPEED     8.2


SKY COVER
  POSSIBLE SUNSHINE  MM
  AVERAGE SKY COVER 0.1


WEATHER CONDITIONS
 THE FOLLOWING WEATHER WAS RECORDED YESTERDAY.
  NO SIGNIFICANT WEATHER WAS OBSERVED.


RELATIVE HUMIDITY (PERCENT)
 HIGHEST    90
 LOWEST     58
 AVERAGE    74

..........................................................


THE KEY WEST CLIMATE NORMALS FOR TODAY
                         NORMAL    RECORD    YEAR
 MAXIMUM TEMPERATURE (F)   74        84      1943
 MINIMUM TEMPERATURE (F)   64        48      1997
                                             1977


SUNRISE AND SUNSET
JANUARY 19 2017.......SUNRISE   713 AM EST   SUNSET   603 PM EST
JANUARY 20 2017.......SUNRISE   712 AM EST   SUNSET   604 PM EST


-  INDICATES NEGATIVE NUMBERS.
R  INDICATES RECORD WAS SET OR TIED.
MM INDICATES DATA IS MISSING.
T  INDICATES TRACE AMOUNT.


$$
