000
CDUS42 KKEY 180653
CLIEYW

CLIMATE REPORT
NATIONAL WEATHER SERVICE KEY WEST, FL
146 AM EST THU DEC 18 2014


...................................

...THE KEY WEST CLIMATE SUMMARY FOR DECEMBER 17 2014...

CLIMATE NORMAL PERIOD 1981 TO 2010
CLIMATE RECORD PERIOD 1871 TO 2014


WEATHER ITEM   OBSERVED TIME   RECORD YEAR NORMAL DEPARTURE LAST
                VALUE   (LST)  VALUE       VALUE  FROM      YEAR
                                                  NORMAL
..................................................................
TEMPERATURE (F)
 YESTERDAY
  MAXIMUM         77    323 PM  84    1956  76      1       76
                                      1948
  MINIMUM         63    613 AM  51    1968  67     -4       68
                                      1916
  AVERAGE         70                        71     -1       72

PRECIPITATION (IN)
  YESTERDAY        0.00          1.07 2006   0.08  -0.08     0.00
  MONTH TO DATE    0.01                      1.33  -1.32     0.94
  SINCE DEC 1      0.01                      1.33  -1.32     0.94
  SINCE JAN 1     34.38                     38.94  -4.56    46.54

SNOWFALL (IN)
  YESTERDAY        0.0
  MONTH TO DATE    0.0
  SINCE DEC 1      0.0
  SINCE JUL 1      0.0
  SNOW DEPTH       0

DEGREE DAYS
 HEATING
  YESTERDAY        0                         1     -1        0
  MONTH TO DATE    5                         1      4        0
  SINCE DEC 1      5                         1      4        0
  SINCE JUL 1      6                         2      4        0

 COOLING
  YESTERDAY        5                         7     -2        7
  MONTH TO DATE  105                       131    -26      190
  SINCE DEC 1    105                       131    -26      190
  SINCE JAN 1   4948                      4664    284     4951
..................................................................


WIND (MPH)
  HIGHEST WIND SPEED    12   HIGHEST WIND DIRECTION    NE (30)
  HIGHEST GUST SPEED    13   HIGHEST GUST DIRECTION    NE (30)
  AVERAGE WIND SPEED     6.3


SKY COVER
  POSSIBLE SUNSHINE  MM
  AVERAGE SKY COVER 0.0


WEATHER CONDITIONS
 THE FOLLOWING WEATHER WAS RECORDED YESTERDAY.
  NO SIGNIFICANT WEATHER WAS OBSERVED.


RELATIVE HUMIDITY (PERCENT)
 HIGHEST    93
 LOWEST     50
 AVERAGE    72

..........................................................


THE KEY WEST CLIMATE NORMALS FOR TODAY
                         NORMAL    RECORD    YEAR
 MAXIMUM TEMPERATURE (F)   76        87      1880
 MINIMUM TEMPERATURE (F)   67        52      1882


SUNRISE AND SUNSET
DECEMBER 18 2014......SUNRISE   705 AM EST   SUNSET   542 PM EST
DECEMBER 19 2014......SUNRISE   706 AM EST   SUNSET   543 PM EST


-  INDICATES NEGATIVE NUMBERS.
R  INDICATES RECORD WAS SET OR TIED.
MM INDICATES DATA IS MISSING.
T  INDICATES TRACE AMOUNT.




$$
