000
CDUS42 KKEY 272043
CLIEYW

CLIMATE REPORT
NATIONAL WEATHER SERVICE KEY WEST, FL
437 PM EDT TUE SEP 27 2016

...................................

...THE KEY WEST CLIMATE SUMMARY FOR SEPTEMBER 27 2016...
VALID TODAY AS OF 0400 PM LOCAL TIME.

CLIMATE NORMAL PERIOD 1981 TO 2010
CLIMATE RECORD PERIOD 1871 TO 2016

WEATHER ITEM   OBSERVED TIME   RECORD YEAR NORMAL DEPARTURE LAST
                VALUE   (LST)  VALUE       VALUE  FROM      YEAR
                                                  NORMAL
..................................................................

TEMPERATURE (F)
 TODAY
  MAXIMUM         83    817 AM  92    1957  87     -4       86
                                      1952
  MINIMUM         74   1134 AM  69    1892  78     -4       77
  AVERAGE         79                        82     -3       82

PRECIPITATION (IN)
  TODAY            0.34          3.70 1987   0.22   0.12     1.53
  MONTH TO DATE    8.03                      6.06   1.97     6.21
  SINCE SEP 1      8.03                      6.06   1.97     6.21
  SINCE JAN 1     33.37                     29.73   3.64    28.72

SNOWFALL (IN)
  TODAY            0.0
  MONTH TO DATE    0.0
  SINCE SEP 1      0.0
  SINCE JUL 1      0.0
  SNOW DEPTH       0

DEGREE DAYS
 HEATING
  TODAY            0                         0      0        0
  MONTH TO DATE    0                         0      0        0
  SINCE SEP 1      0                         0      0        0
  SINCE JUL 1      0                         0      0        0

 COOLING
  TODAY           14                        18     -4       17
  MONTH TO DATE  520                       496     24      548
  SINCE SEP 1    520                       496     24      548
  SINCE JAN 1   3827                      3685    142     4141

..................................................................

WIND (MPH)
  HIGHEST WIND SPEED    23   HIGHEST WIND DIRECTION    SW (230)
  HIGHEST GUST SPEED    29   HIGHEST GUST DIRECTION    SW (240)
  AVERAGE WIND SPEED     4.8

SKY COVER
  POSSIBLE SUNSHINE  MM
  AVERAGE SKY COVER 0.4

WEATHER CONDITIONS
 THE FOLLOWING WEATHER WAS RECORDED TODAY.
  THUNDERSTORM
  HEAVY RAIN
  RAIN
  LIGHT RAIN
  FOG

RELATIVE HUMIDITY (PERCENT)
 HIGHEST    94
 LOWEST     79
 AVERAGE    87

..........................................................

THE KEY WEST CLIMATE NORMALS FOR TOMORROW
                         NORMAL    RECORD    YEAR
 MAXIMUM TEMPERATURE (F)   87        92      1936
 MINIMUM TEMPERATURE (F)   78        64      1893

SUNRISE AND SUNSET

SEPTEMBER 27 2016.....SUNRISE   718 AM EDT   SUNSET   718 PM EDT
SEPTEMBER 28 2016.....SUNRISE   718 AM EDT   SUNSET   716 PM EDT

-  INDICATES NEGATIVE NUMBERS.
R  INDICATES RECORD WAS SET OR TIED.
MM INDICATES DATA IS MISSING.
T  INDICATES TRACE AMOUNT.

$$
