000
CDUS42 KKEY 230529
CLIEYW

CLIMATE REPORT
NATIONAL WEATHER SERVICE KEY WEST, FL
128 AM EDT SAT MAY 23 2015

...................................

...THE KEY WEST CLIMATE SUMMARY FOR MAY 22 2015...

CLIMATE NORMAL PERIOD 1981 TO 2010
CLIMATE RECORD PERIOD 1871 TO 2015

WEATHER ITEM   OBSERVED TIME   RECORD YEAR NORMAL DEPARTURE LAST
               VALUE    (LST)  VALUE       VALUE  FROM      YEAR
                                                  NORMAL
..................................................................
TEMPERATURE (F)
 YESTERDAY
  MAXIMUM         88    314 PM  92    1935  86      2       85
  MINIMUM         78    539 AM  68    1940  77      1       76
                                      1926
  AVERAGE         83                        81      2       81

PRECIPITATION (IN)
  YESTERDAY        0.00          1.89 1926   0.11  -0.11     0.00
  MONTH TO DATE    1.07                      1.79  -0.72     0.91
  SINCE MAR 1      9.15                      5.89   3.26     5.25
  SINCE JAN 1     12.38                      9.42   2.96    12.85

SNOWFALL (IN)
  YESTERDAY        0.0
  MONTH TO DATE    0.0
  SINCE MAR 1      0.0
  SINCE JUL 1      0.0
  SNOW DEPTH       0

DEGREE DAYS
 HEATING
  YESTERDAY        0                         0      0        0
  MONTH TO DATE    0                         0      0        0
  SINCE MAR 1      0                         7     -7        0
  SINCE JUL 1     27                        73    -46       22

 COOLING
  YESTERDAY       18                        16      2       16
  MONTH TO DATE  351                       326     25      363
  SINCE MAR 1   1195                       932    263     1031
  SINCE JAN 1   1553                      1280    273     1457
..................................................................

WIND (MPH)
  HIGHEST WIND SPEED    12   HIGHEST WIND DIRECTION     N (20)
  HIGHEST GUST SPEED    15   HIGHEST GUST DIRECTION    NE (40)
  AVERAGE WIND SPEED     5.6

SKY COVER
  POSSIBLE SUNSHINE  MM
  AVERAGE SKY COVER 0.3

WEATHER CONDITIONS
 THE FOLLOWING WEATHER WAS RECORDED YESTERDAY.
  NO SIGNIFICANT WEATHER WAS OBSERVED.

RELATIVE HUMIDITY (PERCENT)
 HIGHEST    85
 LOWEST     63
 AVERAGE    74

..........................................................

THE KEY WEST CLIMATE NORMALS FOR TODAY
                         NORMAL    RECORD    YEAR
 MAXIMUM TEMPERATURE (F)   86        92      1873
 MINIMUM TEMPERATURE (F)   77        69      1940

SUNRISE AND SUNSET
MAY 23 2015...........SUNRISE   640 AM EDT   SUNSET   807 PM EDT
MAY 24 2015...........SUNRISE   640 AM EDT   SUNSET   808 PM EDT

-  INDICATES NEGATIVE NUMBERS.
R  INDICATES RECORD WAS SET OR TIED.
MM INDICATES DATA IS MISSING.
T  INDICATES TRACE AMOUNT.

$$
