000
CDUS42 KKEY 222031
CLIEYW

MIACLIWRK 000
TTAA00 KKEY 222030


CLIMATE REPORT
NATIONAL WEATHER SERVICE KEY WEST, FL
429 PM EDT TUE JUL 22 2014


...................................

...THE KEY WEST CLIMATE SUMMARY FOR JULY 22 2014...
VALID TODAY AS OF 0400 PM LOCAL TIME.

CLIMATE NORMAL PERIOD 1981 TO 2010
CLIMATE RECORD PERIOD 1871 TO 2014


WEATHER ITEM   OBSERVED TIME   RECORD YEAR NORMAL DEPARTURE LAST
                VALUE   (LST)  VALUE       VALUE  FROM      YEAR
                                                  NORMAL
..................................................................
TEMPERATURE (F)
 TODAY
  MAXIMUM         88    259 PM  93    1956  90     -2       87
                                      1881
                                      1878
  MINIMUM         79   1123 AM  72    1950  80     -1       81
                                      1915
                                      1901
  AVERAGE         84                        85     -1       84

PRECIPITATION (IN)
  TODAY            0.02          1.79 1901   0.11  -0.09     0.00
  MONTH TO DATE    1.96                      2.51  -0.55     7.79
  SINCE JUN 1      4.34                      6.62  -2.28    16.33
  SINCE JAN 1     17.19                     17.25  -0.06    31.12

SNOWFALL (IN)
  TODAY            0.0
  MONTH TO DATE    0.0
  SINCE JUN 1      0.0
  SINCE JUL 1      0.0
  SNOW DEPTH       0

DEGREE DAYS
 HEATING
  TODAY            0                         0      0        0
  MONTH TO DATE    0                         0      0        0
  SINCE JUN 1      0                         0      0        0
  SINCE JUL 1      0                         0      0        0

 COOLING
  TODAY           19                        20     -1       19
  MONTH TO DATE  467                       428     39      379
  SINCE JUN 1   1025                       977     48      937
  SINCE JAN 1   2647                      2407    240     2566
..................................................................


WIND (MPH)
  HIGHEST WIND SPEED    17   HIGHEST WIND DIRECTION    SW (230)
  HIGHEST GUST SPEED    22   HIGHEST GUST DIRECTION    SW (220)
  AVERAGE WIND SPEED     8.9


SKY COVER
  POSSIBLE SUNSHINE  MM
  AVERAGE SKY COVER 0.2


WEATHER CONDITIONS
 THE FOLLOWING WEATHER WAS RECORDED TODAY.
  THUNDERSTORM
  LIGHT RAIN


RELATIVE HUMIDITY (PERCENT)
 HIGHEST    79
 LOWEST     63
 AVERAGE    71

..........................................................


THE KEY WEST CLIMATE NORMALS FOR TOMORROW
                         NORMAL    RECORD    YEAR
 MAXIMUM TEMPERATURE (F)   90        95      1957
 MINIMUM TEMPERATURE (F)   80        71      1921
                                             1887


SUNRISE AND SUNSET
JULY 22 2014..........SUNRISE   651 AM EDT   SUNSET   816 PM EDT
JULY 23 2014..........SUNRISE   651 AM EDT   SUNSET   816 PM EDT


-  INDICATES NEGATIVE NUMBERS.
R  INDICATES RECORD WAS SET OR TIED.
MM INDICATES DATA IS MISSING.
T  INDICATES TRACE AMOUNT.




$$
