000
CDUS42 KKEY 200610 CCA
CLIEYW

CLIMATE REPORT
NATIONAL WEATHER SERVICE KEY WEST, FL
207 AM EDT MON OCT 20 2014


...................................

...THE KEY WEST CLIMATE SUMMARY FOR OCTOBER 19 2014...

CLIMATE NORMAL PERIOD 1981 TO 2010
CLIMATE RECORD PERIOD 1871 TO 2014


WEATHER ITEM   OBSERVED TIME   RECORD YEAR NORMAL DEPARTURE LAST
                VALUE   (LST)  VALUE       VALUE  FROM      YEAR
                                                  NORMAL
..................................................................
TEMPERATURE (F)
 YESTERDAY
  MAXIMUM         86    205 PM  89    2007  84      2       85
                                      1989
                                      1925
  MINIMUM         69    411 AM  65    2009  76     -7       76
  AVERAGE         78                        80     -2       81

PRECIPITATION (IN)
  YESTERDAY        0.00          4.56 1939   0.15  -0.15      T
  MONTH TO DATE    1.38                      3.35  -1.97     0.97
  SINCE SEP 1      6.80                     10.06  -3.26     5.77
  SINCE JAN 1     28.94                     33.73  -4.79    41.28

SNOWFALL (IN)
  YESTERDAY        0.0
  MONTH TO DATE    0.0
  SINCE SEP 1      0.0
  SINCE JUL 1      0.0
  SNOW DEPTH       0

DEGREE DAYS
 HEATING
  YESTERDAY        0                         0      0        0
  MONTH TO DATE    0                         0      0        0
  SINCE SEP 1      0                         0      0        0
  SINCE JUL 1      0                         0      0        0

 COOLING
  YESTERDAY       13                        15     -2       16
  MONTH TO DATE  336                       306     30      330
  SINCE SEP 1    903                       852     51      872
  SINCE JAN 1   4423                      4041    382     4192
..................................................................


WIND (MPH)
  HIGHEST WIND SPEED    12   HIGHEST WIND DIRECTION    NE (30)
  HIGHEST GUST SPEED    15   HIGHEST GUST DIRECTION     N (10)
  AVERAGE WIND SPEED     4.6


SKY COVER
  POSSIBLE SUNSHINE  MM
  AVERAGE SKY COVER 0.1


WEATHER CONDITIONS
 THE FOLLOWING WEATHER WAS RECORDED YESTERDAY.
  NO SIGNIFICANT WEATHER WAS OBSERVED.


RELATIVE HUMIDITY (PERCENT)
 HIGHEST   100
 LOWEST     48
 AVERAGE    74

..........................................................


THE KEY WEST CLIMATE NORMALS FOR TODAY
                         NORMAL    RECORD    YEAR
 MAXIMUM TEMPERATURE (F)   84        90      1937
                                             1925
 MINIMUM TEMPERATURE (F)   76        65      1940


SUNRISE AND SUNSET
OCTOBER 20 2014.......SUNRISE   727 AM EDT   SUNSET   656 PM EDT
OCTOBER 21 2014.......SUNRISE   728 AM EDT   SUNSET   655 PM EDT


-  INDICATES NEGATIVE NUMBERS.
R  INDICATES RECORD WAS SET OR TIED.
MM INDICATES DATA IS MISSING.
T  INDICATES TRACE AMOUNT.




$$
