000
CDUS42 KKEY 232032
CLIEYW


CLIMATE REPORT
NATIONAL WEATHER SERVICE KEY WEST, FL
425 PM EDT WED AUG 23 2017


...................................

...THE KEY WEST CLIMATE SUMMARY FOR AUGUST 23 2017...
VALID TODAY AS OF 0400 PM LOCAL TIME.

CLIMATE NORMAL PERIOD 1981 TO 2010
CLIMATE RECORD PERIOD 1871 TO 2017


WEATHER ITEM   OBSERVED TIME   RECORD YEAR NORMAL DEPARTURE LAST
                VALUE   (LST)  VALUE       VALUE  FROM      YEAR
                                                  NORMAL
..................................................................
TEMPERATURE (F)
 TODAY
  MAXIMUM         87   1141 AM  96    1956  89     -2       91
  MINIMUM         79    143 AM  71    1913  79      0       78
                                      1889
                                      1888
  AVERAGE         83                        84     -1       85

PRECIPITATION (IN)
  TODAY            0.05          2.11 1889   0.18  -0.13     0.79
  MONTH TO DATE    1.92                      3.78  -1.86     3.79
  SINCE JUN 1     10.88                     11.44  -0.56     8.67
  SINCE JAN 1     19.93                     22.07  -2.14    20.32

SNOWFALL (IN)
  TODAY            0.0
  MONTH TO DATE    0.0
  SINCE JUN 1      0.0
  SINCE JUL 1      0.0
  SNOW DEPTH       0

DEGREE DAYS
 HEATING
  TODAY            0                         0      0        0
  MONTH TO DATE    0                         0      0        0
  SINCE JUN 1      0                         0      0        0
  SINCE JUL 1      0                         0      0        0

 COOLING
  TODAY           18                        19     -1       20
  MONTH TO DATE  495                       454     41      472
  SINCE JUN 1   1719                      1609    110     1676
  SINCE JAN 1   3474                      3039    435     3167
..................................................................


WIND (MPH)
  HIGHEST WIND SPEED    25   HIGHEST WIND DIRECTION     W (250)
  HIGHEST GUST SPEED    30   HIGHEST GUST DIRECTION     W (250)
  AVERAGE WIND SPEED     4.8


SKY COVER
  POSSIBLE SUNSHINE  MM
  AVERAGE SKY COVER 0.4


WEATHER CONDITIONS
 THE FOLLOWING WEATHER WAS RECORDED TODAY.
  THUNDERSTORM
  LIGHT RAIN


RELATIVE HUMIDITY (PERCENT)
 HIGHEST    94
 LOWEST     75
 AVERAGE    85

..........................................................


THE KEY WEST CLIMATE NORMALS FOR TOMORROW
                         NORMAL    RECORD    YEAR
 MAXIMUM TEMPERATURE (F)   89        94      2015
                                             1956
                                             1953
 MINIMUM TEMPERATURE (F)   79        70      1889


SUNRISE AND SUNSET
AUGUST 23 2017........SUNRISE   705 AM EDT   SUNSET   754 PM EDT
AUGUST 24 2017........SUNRISE   705 AM EDT   SUNSET   753 PM EDT


-  INDICATES NEGATIVE NUMBERS.
R  INDICATES RECORD WAS SET OR TIED.
MM INDICATES DATA IS MISSING.
T  INDICATES TRACE AMOUNT.




$$
