000
CDAK49 PAFG 050933
CLIFAI

CLIMATE REPORT
NATIONAL WEATHER SERVICE FAIRBANKS AK
133 AM AKDT SUN JUL 5 2015

...................................

...THE FAIRBANKS AK CLIMATE SUMMARY FOR JULY 4 2015...

CLIMATE NORMAL PERIOD 1981 TO 2010
CLIMATE RECORD PERIOD 1904 TO 2015


WEATHER ITEM   OBSERVED TIME   RECORD YEAR NORMAL DEPARTURE LAST
                VALUE   (LST)  VALUE       VALUE  FROM      YEAR
                                                  NORMAL
..................................................................
TEMPERATURE (F)
 YESTERDAY
  MAXIMUM         80    523 PM  90    1990  74      6       79
  MINIMUM         51    328 AM  40    2002  53     -2       50
  AVERAGE         66                        64      2       65

PRECIPITATION (IN)
  YESTERDAY        0.00          0.84 2005   0.07  -0.07     0.00
  MONTH TO DATE    0.24                      0.25  -0.01     3.36
  SINCE JUN 1      1.27                      1.62  -0.35     6.92
  SINCE JAN 1      2.84                      3.78  -0.94     8.01

SNOWFALL (IN)
  YESTERDAY        0.0           0.0  2002   0.0    0.0      0.0
                                      2001
                                      2000
  MONTH TO DATE    0.0                       0.0    0.0      0.0
  SINCE JUN 1      0.0                       0.0    0.0      0.0
  SINCE JUL 1      0.0                       0.0    0.0      0.0
  SNOW DEPTH       0

DEGREE DAYS
 HEATING
  YESTERDAY        0                         3     -3        0
  MONTH TO DATE   19                        12      7       15
  SINCE JUN 1    200                       172     28      207
  SINCE JUL 1     19                        12      7       15

 COOLING
  YESTERDAY        1                         2     -1        0
  MONTH TO DATE    1                         8     -7        0
  SINCE JUN 1     32                        31      1        1
  SINCE JAN 1     34                        32      2        1
..................................................................


WIND (MPH)
  HIGHEST GUST SPEED    17   HIGHEST GUST DIRECTION     E (110)


SKY COVER
  AVERAGE SKY COVER 0.7


WEATHER CONDITIONS
 THE FOLLOWING WEATHER WAS RECORDED YESTERDAY.
  NO SIGNIFICANT WEATHER WAS OBSERVED.


RELATIVE HUMIDITY (PERCENT)
 HIGHEST    83
 LOWEST     28
 AVERAGE    56

..........................................................


THE FAIRBANKS AK CLIMATE NORMALS FOR TODAY
                         NORMAL    RECORD    YEAR
 MAXIMUM TEMPERATURE (F)   74        91      1986
 MINIMUM TEMPERATURE (F)   53        40      1905


SUNRISE AND SUNSET
JULY 05 2015..........SUNRISE  322 AM AKDT   SUNSET  1229 AM AKDT
JULY 06 2015..........SUNRISE  325 AM AKDT   SUNSET  1226 AM AKDT


-  INDICATES NEGATIVE NUMBERS.
R  INDICATES RECORD WAS SET OR TIED.
MM INDICATES DATA IS MISSING.
T  INDICATES TRACE AMOUNT.

&&

SNOW DEPTH IS MEASURED AT 3AM AKST/4AM AKDT

----------------------------
AVAILABLE DAYLIGHT

AMOUNT OF DAYLIGHT TODAY  (HOUR:MIN)........21:07
LOSS SINCE YESTERDAY........................5 MINUTES
----------------------------

$$
LTH JUL 15
