000
CDAK49 PAFG 150946
CLIFAI

CLIMATE REPORT
NATIONAL WEATHER SERVICE FAIRBANKS AK
1246 AM AKST FRI DEC 15 2017

...................................

...THE FAIRBANKS AK CLIMATE SUMMARY FOR DECEMBER 14 2017...

CLIMATE NORMAL PERIOD 1981 TO 2010
CLIMATE RECORD PERIOD 1904 TO 2017


WEATHER ITEM   OBSERVED TIME   RECORD YEAR NORMAL DEPARTURE LAST
                VALUE   (LST)  VALUE       VALUE  FROM      YEAR
                                                  NORMAL
..................................................................
TEMPERATURE (F)
 YESTERDAY
  MAXIMUM         20   1159 PM  35    1944   5     15      -17
  MINIMUM          4   1001 AM -58    1910 -12     16      -26
  AVERAGE         12                        -4     16      -21

PRECIPITATION (IN)
  YESTERDAY        T             0.30 1933   0.02  -0.02     0.00
  MONTH TO DATE    0.08                      0.27  -0.19     0.41
  SINCE DEC 1      0.08                      0.27  -0.19     0.41
  SINCE JAN 1     14.17                     10.44   3.73    14.51

SNOWFALL (IN)
  YESTERDAY        T             5.3  1933   0.4   -0.4      0.0
  MONTH TO DATE    0.9                       5.3   -4.4      6.8
  SINCE DEC 1      0.9                       5.3   -4.4      6.8
  SINCE JUL 1     30.7                      31.1   -0.4     12.0
  SNOW DEPTH      10

DEGREE DAYS
 HEATING
  YESTERDAY       53                        69    -16       86
  MONTH TO DATE  664                       950   -286     1190
  SINCE DEC 1    664                       950   -286     1190
  SINCE JUL 1   4229                      5081   -852     4960

 COOLING
  YESTERDAY        0                         0      0        0
  MONTH TO DATE    0                         0      0        0
  SINCE DEC 1      0                         0      0        0
  SINCE JAN 1    104                        61     43       76
..................................................................


WIND (MPH)
  HIGHEST GUST SPEED     8   HIGHEST GUST DIRECTION    NE (40)


SKY COVER
  AVERAGE SKY COVER 0.7


WEATHER CONDITIONS
 THE FOLLOWING WEATHER WAS RECORDED YESTERDAY.
  LIGHT SNOW


RELATIVE HUMIDITY (PERCENT)
 HIGHEST   100
 LOWEST     83
 AVERAGE    92

..........................................................


THE FAIRBANKS AK CLIMATE NORMALS FOR TODAY
                         NORMAL    RECORD    YEAR
 MAXIMUM TEMPERATURE (F)    5        33      1986
 MINIMUM TEMPERATURE (F)  -11       -55      1946


SUNRISE AND SUNSET
DECEMBER 15 2017......SUNRISE  1053 AM AKST  SUNSET   241 PM AKST
DECEMBER 16 2017......SUNRISE  1054 AM AKST  SUNSET   241 PM AKST


-  INDICATES NEGATIVE NUMBERS.
R  INDICATES RECORD WAS SET OR TIED.
MM INDICATES DATA IS MISSING.
T  INDICATES TRACE AMOUNT.

&&

SNOW DEPTH IS MEASURED AT 3AM AKST/4AM AKDT

----------------------------
AVAILABLE DAYLIGHT

AMOUNT OF DAYLIGHT TODAY  (HOUR:MIN)........03:48
LOSS SINCE YESTERDAY........................2 MINUTES
----------------------------

$$
SDB DEC 17
