671
CDAK49 PAFG 280938
CLIFAI

CLIMATE REPORT
NATIONAL WEATHER SERVICE FAIRBANKS AK
138 AM AKDT FRI JUL 28 2017

...................................

...THE FAIRBANKS AK CLIMATE SUMMARY FOR JULY 27 2017...

CLIMATE NORMAL PERIOD 1981 TO 2010
CLIMATE RECORD PERIOD 1904 TO 2017


WEATHER ITEM   OBSERVED TIME   RECORD YEAR NORMAL DEPARTURE LAST
                VALUE   (LST)  VALUE       VALUE  FROM      YEAR
                                                  NORMAL
..................................................................
TEMPERATURE (F)
 YESTERDAY
  MAXIMUM         75    558 PM  91    1919  71      4       78
  MINIMUM         54    645 AM  35    1957  51      3       55
  AVERAGE         65                        61      4       67

PRECIPITATION (IN)
  YESTERDAY        T             2.27 2003   0.07  -0.07      T
  MONTH TO DATE    1.76                      1.87  -0.11     2.99
  SINCE JUN 1      3.49                      3.24   0.25     6.28
  SINCE JAN 1      6.54                      5.40   1.14     8.17

SNOWFALL (IN)
  YESTERDAY        0.0           0.0  2002   0.0    0.0      0.0
                                      2001
                                      2000
  MONTH TO DATE    0.0                       0.0    0.0      0.0
  SINCE JUN 1      0.0                       0.0    0.0      0.0
  SINCE JUL 1      0.0                       0.0    0.0      0.0
  SNOW DEPTH       0

DEGREE DAYS
 HEATING
  YESTERDAY        0                         5     -5        0
  MONTH TO DATE   23                        90    -67       62
  SINCE JUN 1    117                       250   -133      223
  SINCE JUL 1     23                        90    -67       62

 COOLING
  YESTERDAY        0                         0      0        2
  MONTH TO DATE   50                        29     21       43
  SINCE JUN 1     85                        52     33       62
  SINCE JAN 1     85                        53     32       68
..................................................................


WIND (MPH)
  HIGHEST GUST SPEED    16   HIGHEST GUST DIRECTION     W (250)


SKY COVER
  AVERAGE SKY COVER 0.7


WEATHER CONDITIONS
 THE FOLLOWING WEATHER WAS RECORDED YESTERDAY.
  LIGHT RAIN


RELATIVE HUMIDITY (PERCENT)
 HIGHEST    93
 LOWEST     46
 AVERAGE    70

..........................................................


THE FAIRBANKS AK CLIMATE NORMALS FOR TODAY
                         NORMAL    RECORD    YEAR
 MAXIMUM TEMPERATURE (F)   70        99      1919
 MINIMUM TEMPERATURE (F)   51        34      1943


SUNRISE AND SUNSET
JULY 28 2017..........SUNRISE  439 AM AKDT   SUNSET  1114 PM AKDT
JULY 29 2017..........SUNRISE  443 AM AKDT   SUNSET  1110 PM AKDT


-  INDICATES NEGATIVE NUMBERS.
R  INDICATES RECORD WAS SET OR TIED.
MM INDICATES DATA IS MISSING.
T  INDICATES TRACE AMOUNT.

&&

SNOW DEPTH IS MEASURED AT 3AM AKST/4AM AKDT

----------------------------
AVAILABLE DAYLIGHT

AMOUNT OF DAYLIGHT TODAY  (HOUR:MIN)........18:35
LOSS SINCE YESTERDAY........................6 MINUTES
----------------------------

$$
SDB JUL 17
