000
CDAK49 PAFG 230039
CLIFAI

CLIMATE REPORT
NATIONAL WEATHER SERVICE FAIRBANKS AK
439 PM AKDT WED MAR 22 2017

...................................

...THE FAIRBANKS AK CLIMATE SUMMARY FOR MARCH 22 2017...
VALID TODAY AS OF 0400 PM LOCAL TIME.

CLIMATE NORMAL PERIOD 1981 TO 2010
CLIMATE RECORD PERIOD 1904 TO 2017


WEATHER ITEM   OBSERVED TIME   RECORD YEAR NORMAL DEPARTURE LAST
                VALUE   (LST)  VALUE       VALUE  FROM      YEAR
                                                  NORMAL
..................................................................
TEMPERATURE (F)
 TODAY
  MAXIMUM         14    259 PM  52    1915  29    -15       43
  MINIMUM        -20    733 AM -30    1995   0    -20       10
                                      1918
  AVERAGE         -3                        14    -17       27

PRECIPITATION (IN)
  TODAY            0.00          0.66 1935   0.01  -0.01     0.00
  MONTH TO DATE    0.07                      0.19  -0.12     0.16
  SINCE MAR 1      0.07                      0.19  -0.12     0.16
  SINCE JAN 1      2.27                      1.19   1.08     0.22

SNOWFALL (IN)
  TODAY            0.0           9.7  1935   0.2   -0.2      0.0
  MONTH TO DATE    1.7                       3.7   -2.0      3.5
  SINCE MAR 1      1.7                       3.7   -2.0      3.5
  SINCE JUL 1     80.1                      60.0   20.1     56.1
  SNOW DEPTH      26

DEGREE DAYS
 HEATING
  TODAY           68                        51     17       38
  MONTH TO DATE 1614                      1236    378     1102
  SINCE MAR 1   1614                      1236    378     1102
  SINCE JUL 1  11744                     11626    118    10508

 COOLING
  TODAY            0                         0      0        0
  MONTH TO DATE    0                         0      0        0
  SINCE MAR 1      0                         0      0        0
  SINCE JAN 1      0                         0      0        0
..................................................................


WIND (MPH)
  HIGHEST GUST SPEED    10   HIGHEST GUST DIRECTION    SW (210)


SKY COVER
  AVERAGE SKY COVER 0.3


WEATHER CONDITIONS
 THE FOLLOWING WEATHER WAS RECORDED TODAY.
  NO SIGNIFICANT WEATHER WAS OBSERVED.


RELATIVE HUMIDITY (PERCENT)
 HIGHEST    89
 LOWEST     51
 AVERAGE    70

..........................................................


THE FAIRBANKS AK CLIMATE NORMALS FOR TOMORROW
                         NORMAL    RECORD    YEAR
 MAXIMUM TEMPERATURE (F)   29        53      1915
 MINIMUM TEMPERATURE (F)    1       -48      1907


SUNRISE AND SUNSET
MARCH 22 2017..........SUNRISE  743 AM AKDT   SUNSET  815 PM AKDT
MARCH 23 2017..........SUNRISE  739 AM AKDT   SUNSET  818 PM AKDT


-  INDICATES NEGATIVE NUMBERS.
R  INDICATES RECORD WAS SET OR TIED.
MM INDICATES DATA IS MISSING.
T  INDICATES TRACE AMOUNT.

&&

SNOW DEPTH IS MEASURED AT 3AM AKST/4AM AKDT

----------------------------
AVAILABLE DAYLIGHT

AMOUNT OF DAYLIGHT TODAY  (HOUR:MIN)........12:32
GAIN SINCE YESTERDAY........................7 MINUTES
----------------------------

$$
HFL MAR 17
