000
CDAK49 PAFG 190931
CLIFAI

CLIMATE REPORT
NATIONAL WEATHER SERVICE FAIRBANKS AK
131 AM AKDT FRI SEP 19 2014

...................................

...THE FAIRBANKS AK CLIMATE SUMMARY FOR SEPTEMBER 18 2014...

CLIMATE NORMAL PERIOD 1981 TO 2010
CLIMATE RECORD PERIOD 1904 TO 2014


WEATHER ITEM   OBSERVED TIME   RECORD YEAR NORMAL DEPARTURE LAST
                VALUE   (LST)  VALUE       VALUE  FROM      YEAR
                                                  NORMAL
..................................................................
TEMPERATURE (F)
 YESTERDAY
  MAXIMUM         66    536 PM  74    1995  54     12       38
  MINIMUM         36    653 AM  17    1904  34      2       31
  AVERAGE         51                        44      7       35

PRECIPITATION (IN)
  YESTERDAY        0.00          0.38 1925   0.03  -0.03     0.06
  MONTH TO DATE    2.24                      0.74   1.50     1.66
  SINCE SEP 1      2.24                      0.74   1.50     1.66
  SINCE JAN 1     14.96                      8.31   6.65     7.46

SNOWFALL (IN)
  YESTERDAY        0.0           4.7  1992   0.0    0.0      0.6
  MONTH TO DATE    0.0                       0.6   -0.6      0.6
  SINCE SEP 1      0.0                       0.6   -0.6      0.6
  SINCE JUL 1      0.0                       0.6   -0.6      0.6
  SNOW DEPTH       0

DEGREE DAYS
 HEATING
  YESTERDAY       14                        21     -7       30
  MONTH TO DATE  245                       310    -65      301
  SINCE SEP 1    245                       310    -65      301
  SINCE JUL 1    566                       699   -133      560

 COOLING
  YESTERDAY        0                         0      0        0
  MONTH TO DATE    0                         0      0        0
  SINCE SEP 1      0                         0      0        0
  SINCE JAN 1     27                        61    -34      226
..................................................................


WIND (MPH)
  HIGHEST GUST SPEED    14   HIGHEST GUST DIRECTION    NE (60)


SKY COVER
  AVERAGE SKY COVER 0.6


WEATHER CONDITIONS
 THE FOLLOWING WEATHER WAS RECORDED YESTERDAY.
  NO SIGNIFICANT WEATHER WAS OBSERVED.


RELATIVE HUMIDITY (PERCENT)
 HIGHEST    85
 LOWEST     34
 AVERAGE    60

..........................................................


THE FAIRBANKS AK CLIMATE NORMALS FOR TODAY
                         NORMAL    RECORD    YEAR
 MAXIMUM TEMPERATURE (F)   53        73      1995
 MINIMUM TEMPERATURE (F)   34        12      1939


SUNRISE AND SUNSET
SEPTEMBER 19 2014..........SUNRISE  726 AM AKDT   SUNSET  803 PM AKDT
SEPTEMBER 20 2014..........SUNRISE  729 AM AKDT   SUNSET  759 PM AKDT


-  INDICATES NEGATIVE NUMBERS.
R  INDICATES RECORD WAS SET OR TIED.
MM INDICATES DATA IS MISSING.
T  INDICATES TRACE AMOUNT.

&&

SNOW DEPTH IS MEASURED AT 3AM AKST/4AM AKDT

----------------------------
AVAILABLE DAYLIGHT

AMOUNT OF DAYLIGHT TODAY  (HOUR:MIN)........12:37
LOSS SINCE YESTERDAY........................6 MINUTES
----------------------------

$$
DA SEP 14
