000
CDAK49 PAFG 290933
CLIFAI

CLIMATE REPORT
NATIONAL WEATHER SERVICE FAIRBANKS AK
133 AM AKDT SUN MAR 29 2015

...................................

...THE FAIRBANKS AK CLIMATE SUMMARY FOR MARCH 28 2015...

CLIMATE NORMAL PERIOD 1981 TO 2010
CLIMATE RECORD PERIOD 1904 TO 2015


WEATHER ITEM   OBSERVED TIME   RECORD YEAR NORMAL DEPARTURE LAST
                VALUE   (LST)  VALUE       VALUE  FROM      YEAR
                                                  NORMAL
..................................................................
TEMPERATURE (F)
 YESTERDAY
  MAXIMUM         48    514 PM  55    1939  32     16       40
  MINIMUM         21    739 AM -31    1963   5     16        1
  AVERAGE         35                        18     17       21

PRECIPITATION (IN)
  YESTERDAY        0.00          0.18 1948   0.01  -0.01     0.00
  MONTH TO DATE    0.49                      0.23   0.26     0.21
  SINCE MAR 1      0.49                      0.23   0.26     0.21
  SINCE JAN 1      1.12                      1.23  -0.11     0.83

SNOWFALL (IN)
  YESTERDAY        0.0           2.1  1948   0.1   -0.1      0.0
  MONTH TO DATE    8.1                       4.5    3.6      3.1
  SINCE MAR 1      8.1                       4.5    3.6      3.1
  SINCE JUL 1     41.7                      60.8  -19.1     46.0
  SNOW DEPTH      14

DEGREE DAYS
 HEATING
  YESTERDAY       30                        46    -16       44
  MONTH TO DATE 1428                      1525    -97     1440
  SINCE MAR 1   1428                      1525    -97     1440
  SINCE JUL 1  10895                     11915  -1020    10832

 COOLING
  YESTERDAY        0                         0      0        0
  MONTH TO DATE    0                         0      0        0
  SINCE MAR 1      0                         0      0        0
  SINCE JAN 1      0                         0      0        0
..................................................................


WIND (MPH)
  HIGHEST GUST SPEED     9   HIGHEST GUST DIRECTION    NE (30)


SKY COVER
  AVERAGE SKY COVER 0.4


WEATHER CONDITIONS
 THE FOLLOWING WEATHER WAS RECORDED YESTERDAY.
  NO SIGNIFICANT WEATHER WAS OBSERVED.


RELATIVE HUMIDITY (PERCENT)
 HIGHEST    88
 LOWEST     21
 AVERAGE    55

..........................................................


THE FAIRBANKS AK CLIMATE NORMALS FOR TODAY
                         NORMAL    RECORD    YEAR
 MAXIMUM TEMPERATURE (F)   33        55      1994
 MINIMUM TEMPERATURE (F)    6       -33      1944


SUNRISE AND SUNSET
MARCH 29 2015..........SUNRISE  720 AM AKDT   SUNSET  836 PM AKDT
MARCH 30 2015..........SUNRISE  716 AM AKDT   SUNSET  839 PM AKDT


-  INDICATES NEGATIVE NUMBERS.
R  INDICATES RECORD WAS SET OR TIED.
MM INDICATES DATA IS MISSING.
T  INDICATES TRACE AMOUNT.

&&

SNOW DEPTH IS MEASURED AT 3AM AKST/4AM AKDT

----------------------------
AVAILABLE DAYLIGHT

AMOUNT OF DAYLIGHT TODAY  (HOUR:MIN)........13:16
GAIN SINCE YESTERDAY........................7 MINUTES
----------------------------

$$
CCC MAR 15
