000
CDAK49 PAFG 290936
CLIFAI

CLIMATE REPORT
NATIONAL WEATHER SERVICE FAIRBANKS AK
136 AM AKDT FRI MAY 29 2015

...................................

...THE FAIRBANKS AK CLIMATE SUMMARY FOR MAY 28 2015...

CLIMATE NORMAL PERIOD 1981 TO 2010
CLIMATE RECORD PERIOD 1904 TO 2015


WEATHER ITEM   OBSERVED TIME   RECORD YEAR NORMAL DEPARTURE LAST
                VALUE   (LST)  VALUE       VALUE  FROM      YEAR
                                                  NORMAL
..................................................................
TEMPERATURE (F)
 YESTERDAY
  MAXIMUM         69    442 PM  90    1947  66      3       68
  MINIMUM         50   1159 PM  30    1934  43      7       46
  AVERAGE         60                        54      6       57

PRECIPITATION (IN)
  YESTERDAY        0.11          0.35 2007   0.03   0.08     0.00
  MONTH TO DATE    0.29                      0.53  -0.24     0.04
  SINCE MAR 1      0.94                      1.09  -0.15     0.45
  SINCE JAN 1      1.57                      2.09  -0.52     1.07

SNOWFALL (IN)
  YESTERDAY        0.0           T    1934   0.0    0.0      0.0
  MONTH TO DATE    0.0                       0.9   -0.9       T
  SINCE MAR 1     10.2                       8.7    1.5      6.0
  SINCE JUL 1     43.8                      65.0  -21.2     48.9
  SNOW DEPTH       0

DEGREE DAYS
 HEATING
  YESTERDAY        5                        11     -6        8
  MONTH TO DATE  277                       455   -178      400
  SINCE MAR 1   2645                      3089   -444     2901
  SINCE JUL 1  12112                     13479  -1367    12293

 COOLING
  YESTERDAY        0                         0      0        0
  MONTH TO DATE    2                         0      2        0
  SINCE MAR 1      2                         0      2        0
  SINCE JAN 1      2                         0      2        0
..................................................................


WIND (MPH)
  HIGHEST GUST SPEED    22   HIGHEST GUST DIRECTION     W (280)


SKY COVER
  AVERAGE SKY COVER 0.7


WEATHER CONDITIONS
 THE FOLLOWING WEATHER WAS RECORDED YESTERDAY.
  LIGHT RAIN


RELATIVE HUMIDITY (PERCENT)
 HIGHEST    83
 LOWEST     40
 AVERAGE    62

..........................................................


THE FAIRBANKS AK CLIMATE NORMALS FOR TODAY
                         NORMAL    RECORD    YEAR
 MAXIMUM TEMPERATURE (F)   66        86      1947
 MINIMUM TEMPERATURE (F)   43        29      1934


SUNRISE AND SUNSET
MAY 29 2015..........SUNRISE  343 AM AKDT   SUNSET  1158 PM AKDT
MAY 30 2015..........SUNRISE  340 AM AKDT   SUNSET  1202 AM AKDT


-  INDICATES NEGATIVE NUMBERS.
R  INDICATES RECORD WAS SET OR TIED.
MM INDICATES DATA IS MISSING.
T  INDICATES TRACE AMOUNT.

&&

SNOW DEPTH IS MEASURED AT 3AM AKST/4AM AKDT

----------------------------
AVAILABLE DAYLIGHT

AMOUNT OF DAYLIGHT TODAY  (HOUR:MIN)........20:15
GAIN SINCE YESTERDAY........................6 MINUTES
----------------------------

$$
SDB MAY 15
