000
CDUS43 KFGF 180636
CLIFAR


CLIMATE REPORT
NATIONAL WEATHER SERVICE EASTERN NORTH DAKOTA/GRAND FORKS
1236 AM CST THU DEC 18 2014


...................................

...THE FARGO HECTOR INTL AP ND CLIMATE SUMMARY FOR DECEMBER 17 2014...

CLIMATE NORMAL PERIOD 1981 TO 2010
CLIMATE RECORD PERIOD 1881 TO 2014


WEATHER ITEM   OBSERVED TIME   RECORD YEAR NORMAL DEPARTURE LAST
                VALUE   (LST)  VALUE       VALUE  FROM      YEAR
                                                  NORMAL
..................................................................
TEMPERATURE (F)
 YESTERDAY
  MAXIMUM         20    319 PM  47    1890  22     -2       31
  MINIMUM          2    832 AM -25    1884   5     -3        2
  AVERAGE         11                        13     -2       17

PRECIPITATION (IN)
  YESTERDAY        0.00          0.49 1977   0.02  -0.02      T
  MONTH TO DATE    0.07                      0.44  -0.37     0.96
  SINCE DEC 1      0.07                      0.44  -0.37     0.96
  SINCE JAN 1     20.02                     22.22  -2.20    31.85

SNOWFALL (IN)
  YESTERDAY        0.0           5.0  1993   0.3   -0.3       T
  MONTH TO DATE    0.4                       5.8   -5.4     12.3
  SINCE DEC 1      0.4                       5.8   -5.4     12.3
  SINCE JUL 1      4.0                      14.4  -10.4     12.6
  SNOW DEPTH       T

DEGREE DAYS
 HEATING
  YESTERDAY       54                        52      2       48
  MONTH TO DATE  727                       828   -101     1010
  SINCE DEC 1    727                       828   -101     1010
  SINCE JUL 1   2684                      2790   -106     2851

 COOLING
  YESTERDAY        0                         0      0        0
  MONTH TO DATE    0                         0      0        0
  SINCE DEC 1      0                         0      0        0
  SINCE JAN 1    544                       551     -7      699
..................................................................


WIND (MPH)
  HIGHEST WIND SPEED    10   HIGHEST WIND DIRECTION    NE (40)
  HIGHEST GUST SPEED    11   HIGHEST GUST DIRECTION    NE (40)
  AVERAGE WIND SPEED     4.8


SKY COVER
  POSSIBLE SUNSHINE  MM
  AVERAGE SKY COVER 0.0


WEATHER CONDITIONS
 THE FOLLOWING WEATHER WAS RECORDED YESTERDAY.
  FOG
  HAZE


RELATIVE HUMIDITY (PERCENT)
 HIGHEST    87           500 AM
 LOWEST     67           200 PM
 AVERAGE    77

..........................................................


THE FARGO HECTOR INTL AP ND CLIMATE NORMALS FOR TODAY
                         NORMAL    RECORD    YEAR
 MAXIMUM TEMPERATURE (F)   21        55      2011
 MINIMUM TEMPERATURE (F)    5       -29      1884


SUNRISE AND SUNSET
DECEMBER 18 2014......SUNRISE   808 AM CST   SUNSET   440 PM CST
DECEMBER 19 2014......SUNRISE   809 AM CST   SUNSET   440 PM CST


-  INDICATES NEGATIVE NUMBERS.
R  INDICATES RECORD WAS SET OR TIED.
MM INDICATES DATA IS MISSING.
T  INDICATES TRACE AMOUNT.




$$
