000
CDUS43 KFGF 250719
CLIFAR


CLIMATE REPORT
NATIONAL WEATHER SERVICE EASTERN NORTH DAKOTA/GRAND FORKS
119 AM CST SUN JAN 25 2015


...................................

...THE FARGO HECTOR INTL AP ND CLIMATE SUMMARY FOR JANUARY 24 2015...

CLIMATE NORMAL PERIOD 1981 TO 2010
CLIMATE RECORD PERIOD 1881 TO 2015


WEATHER ITEM   OBSERVED TIME   RECORD YEAR NORMAL DEPARTURE LAST
                VALUE   (LST)  VALUE       VALUE  FROM      YEAR
                                                  NORMAL
..................................................................
TEMPERATURE (F)
 YESTERDAY
  MAXIMUM         35    120 PM  52    1981  19     16       35
  MINIMUM         24    806 AM -36    1904   0     24        6
                                      1884
  AVERAGE         30                         9     21       21

PRECIPITATION (IN)
  YESTERDAY        0.02          0.57 1972   0.02   0.00     0.04
  MONTH TO DATE    0.40                      0.57  -0.17     0.57
  SINCE DEC 1      0.65                      1.40  -0.75     1.78
  SINCE JAN 1      0.40                      0.57  -0.17     0.57

SNOWFALL (IN)
  YESTERDAY        0.2           7.0  1972   0.3   -0.1      0.4
                                      1909
  MONTH TO DATE    3.0                       9.1   -6.1      7.6
  SINCE DEC 1      3.9                      20.3  -16.4     23.7
  SINCE JUL 1      7.5                      28.9  -21.4     24.0
  SNOW DEPTH       T

DEGREE DAYS
 HEATING
  YESTERDAY       35                        56    -21       44
  MONTH TO DATE 1229                      1340   -111     1410
  SINCE DEC 1   2581                      2918   -337     3292
  SINCE JUL 1   4538                      4880   -342     5133

 COOLING
  YESTERDAY        0                         0      0        0
  MONTH TO DATE    0                         0      0        0
  SINCE DEC 1      0                         0      0        0
  SINCE JAN 1      0                         0      0        0
..................................................................


WIND (MPH)
  HIGHEST WIND SPEED    18   HIGHEST WIND DIRECTION     N (360)
  HIGHEST GUST SPEED    23   HIGHEST GUST DIRECTION     N (10)
  AVERAGE WIND SPEED     8.3


SKY COVER
  POSSIBLE SUNSHINE  MM
  AVERAGE SKY COVER 0.6


WEATHER CONDITIONS
 THE FOLLOWING WEATHER WAS RECORDED YESTERDAY.
  LIGHT SNOW
  FOG


RELATIVE HUMIDITY (PERCENT)
 HIGHEST    92           100 AM
 LOWEST     75          1200 PM
 AVERAGE    84

..........................................................


THE FARGO HECTOR INTL AP ND CLIMATE NORMALS FOR TODAY
                         NORMAL    RECORD    YEAR
 MAXIMUM TEMPERATURE (F)   19        51      2002
 MINIMUM TEMPERATURE (F)    0       -34      1883


SUNRISE AND SUNSET
JANUARY 25 2015.......SUNRISE   800 AM CST   SUNSET   519 PM CST
JANUARY 26 2015.......SUNRISE   759 AM CST   SUNSET   521 PM CST


-  INDICATES NEGATIVE NUMBERS.
R  INDICATES RECORD WAS SET OR TIED.
MM INDICATES DATA IS MISSING.
T  INDICATES TRACE AMOUNT.




$$
