000
CDUS43 KFGF 160643
CLIFAR


CLIMATE REPORT
NATIONAL WEATHER SERVICE EASTERN NORTH DAKOTA/GRAND FORKS
142 AM CDT TUE SEP 16 2014


...................................

...THE FARGO HECTOR INTL AP ND CLIMATE SUMMARY FOR SEPTEMBER 15 2014...

CLIMATE NORMAL PERIOD 1981 TO 2010
CLIMATE RECORD PERIOD 1881 TO 2014


WEATHER ITEM   OBSERVED TIME   RECORD YEAR NORMAL DEPARTURE LAST
                VALUE   (LST)  VALUE       VALUE  FROM      YEAR
                                                  NORMAL
..................................................................
TEMPERATURE (F)
 YESTERDAY
  MAXIMUM         66    359 PM  91    1948  71     -5       66
  MINIMUM         40    645 AM  29    1887  48     -8       44
  AVERAGE         53                        59     -6       55

PRECIPITATION (IN)
  YESTERDAY        0.00          0.90 1896   0.08  -0.08     0.00
  MONTH TO DATE    2.17                      1.44   0.73     2.98
  SINCE SEP 1      2.17                      1.44   0.73     2.98
  SINCE JAN 1     18.63                     17.50   1.13    24.90

SNOWFALL (IN)
  YESTERDAY        0.0           0.0    MM   0.0    0.0      0.0
  MONTH TO DATE    0.0                       0.0    0.0      0.0
  SINCE SEP 1      0.0                       0.0    0.0      0.0
  SINCE JUL 1      0.0                       0.0    0.0      0.0
  SNOW DEPTH       0

DEGREE DAYS
 HEATING
  YESTERDAY       12                         7      5       10
  MONTH TO DATE  102                        72     30       32
  SINCE SEP 1    102                        72     30       32
  SINCE JUL 1    134                       122     12       66

 COOLING
  YESTERDAY        0                         1     -1        0
  MONTH TO DATE    9                        33    -24       55
  SINCE SEP 1      9                        33    -24       55
  SINCE JAN 1    510                       538    -28      673
..................................................................


WIND (MPH)
  HIGHEST WIND SPEED    16   HIGHEST WIND DIRECTION     W (280)
  HIGHEST GUST SPEED    23   HIGHEST GUST DIRECTION     W (260)
  AVERAGE WIND SPEED     6.7


SKY COVER
  POSSIBLE SUNSHINE  MM
  AVERAGE SKY COVER 0.3


WEATHER CONDITIONS
 THE FOLLOWING WEATHER WAS RECORDED YESTERDAY.
  NO SIGNIFICANT WEATHER WAS OBSERVED.


RELATIVE HUMIDITY (PERCENT)
 HIGHEST    89           600 AM
 LOWEST     34           100 PM
 AVERAGE    62

..........................................................


THE FARGO HECTOR INTL AP ND CLIMATE NORMALS FOR TODAY
                         NORMAL    RECORD    YEAR
 MAXIMUM TEMPERATURE (F)   71        93      1979
 MINIMUM TEMPERATURE (F)   47        26      1973


SUNRISE AND SUNSET
SEPTEMBER 16 2014.....SUNRISE   706 AM CDT   SUNSET   737 PM CDT
SEPTEMBER 17 2014.....SUNRISE   707 AM CDT   SUNSET   735 PM CDT


-  INDICATES NEGATIVE NUMBERS.
R  INDICATES RECORD WAS SET OR TIED.
MM INDICATES DATA IS MISSING.
T  INDICATES TRACE AMOUNT.




$$
