000
CDUS43 KFGF 300635
CLIFAR


CLIMATE REPORT
NATIONAL WEATHER SERVICE EASTERN NORTH DAKOTA/GRAND FORKS
134 AM CDT MON MAR 30 2015


...................................

...THE FARGO HECTOR INTL AP ND CLIMATE SUMMARY FOR MARCH 29 2015...

CLIMATE NORMAL PERIOD 1981 TO 2010
CLIMATE RECORD PERIOD 1881 TO 2015


WEATHER ITEM   OBSERVED TIME   RECORD YEAR NORMAL DEPARTURE LAST
                VALUE   (LST)  VALUE       VALUE  FROM      YEAR
                                                  NORMAL
..................................................................
TEMPERATURE (F)
 YESTERDAY
  MAXIMUM         58    427 PM  76    1986  44     14       45
  MINIMUM         34   1159 PM -15    1969  25      9       25
  AVERAGE         46                        35     11       35

PRECIPITATION (IN)
  YESTERDAY        0.24          0.73 1989   0.04   0.20     0.00
  MONTH TO DATE    0.30                      1.21  -0.91     0.29
  SINCE MAR 1      0.30                      1.21  -0.91     0.29
  SINCE JAN 1      1.27                      2.52  -1.25     1.17

SNOWFALL (IN)
  YESTERDAY        0.0           4.0  1940   0.2   -0.2      0.0
  MONTH TO DATE    0.4                       8.8   -8.4      3.0
  SINCE MAR 1      0.4                       8.8   -8.4      3.0
  SINCE JUL 1     16.0                      46.8  -30.8     30.6
  SNOW DEPTH       0

DEGREE DAYS
 HEATING
  YESTERDAY       19                        30    -11       30
  MONTH TO DATE  930                      1093   -163     1255
  SINCE MAR 1    930                      1093   -163     1255
  SINCE JUL 1   7346                      7771   -425     8532

 COOLING
  YESTERDAY        0                         0      0        0
  MONTH TO DATE    0                         0      0        0
  SINCE MAR 1      0                         0      0        0
  SINCE JAN 1      0                         0      0        0
..................................................................


WIND (MPH)
  HIGHEST WIND SPEED    39   HIGHEST WIND DIRECTION     N (340)
  HIGHEST GUST SPEED    51   HIGHEST GUST DIRECTION    NW (330)
  AVERAGE WIND SPEED    20.3


SKY COVER
  POSSIBLE SUNSHINE  MM
  AVERAGE SKY COVER 0.7


WEATHER CONDITIONS
 THE FOLLOWING WEATHER WAS RECORDED YESTERDAY.
  RAIN
  LIGHT RAIN
  FOG


RELATIVE HUMIDITY (PERCENT)
 HIGHEST    85           200 AM
 LOWEST     27           400 PM
 AVERAGE    56

..........................................................


THE FARGO HECTOR INTL AP ND CLIMATE NORMALS FOR TODAY
                         NORMAL    RECORD    YEAR
 MAXIMUM TEMPERATURE (F)   45        78      1967
 MINIMUM TEMPERATURE (F)   26       -14      1969


SUNRISE AND SUNSET
MARCH 30 2015.........SUNRISE   711 AM CDT   SUNSET   753 PM CDT
MARCH 31 2015.........SUNRISE   709 AM CDT   SUNSET   755 PM CDT


-  INDICATES NEGATIVE NUMBERS.
R  INDICATES RECORD WAS SET OR TIED.
MM INDICATES DATA IS MISSING.
T  INDICATES TRACE AMOUNT.




$$
