000
CDUS43 KFGF 260726
CLIFAR


CLIMATE REPORT
NATIONAL WEATHER SERVICE EASTERN NORTH DAKOTA/GRAND FORKS
226 AM CDT THU MAY 26 2016


...................................

...THE FARGO HECTOR INTL AP ND CLIMATE SUMMARY FOR MAY 25 2016...

CLIMATE NORMAL PERIOD 1981 TO 2010
CLIMATE RECORD PERIOD 1881 TO 2016


WEATHER ITEM   OBSERVED TIME   RECORD YEAR NORMAL DEPARTURE LAST
                VALUE   (LST)  VALUE       VALUE  FROM      YEAR
                                                  NORMAL
..................................................................
TEMPERATURE (F)
 YESTERDAY
  MAXIMUM         70    341 PM  92    1959  72     -2       66
  MINIMUM         55   1159 PM  30    1983  48      7       51
                                      1891
  AVERAGE         63                        60      3       59

PRECIPITATION (IN)
  YESTERDAY        0.78          1.28 1906   0.10   0.68     0.32
  MONTH TO DATE    0.88                      2.20  -1.32     6.14
  SINCE MAR 1      3.95                      4.89  -0.94     7.42
  SINCE JAN 1      4.94                      6.20  -1.26     8.39

SNOWFALL (IN)
  YESTERDAY        0.0          MM      MM   0.0    0.0      0.0
  MONTH TO DATE    T                         0.0    0.0       T
  SINCE MAR 1      3.1                      12.4   -9.3      0.4
  SINCE JUL 1     27.4                      50.4  -23.0     16.0
  SNOW DEPTH       0

DEGREE DAYS
 HEATING
  YESTERDAY        2                         6     -4        6
  MONTH TO DATE  173                       239    -66      275
  SINCE MAR 1   1619                      2017   -398     1772
  SINCE JUL 1   7142                      8695  -1553     8188

 COOLING
  YESTERDAY        0                         1     -1        0
  MONTH TO DATE   37                        21     16        4
  SINCE MAR 1     37                        24     13        4
  SINCE JAN 1     37                        24     13        4
..................................................................


WIND (MPH)
  HIGHEST WIND SPEED    30   HIGHEST WIND DIRECTION    SW (240)
  HIGHEST GUST SPEED    39   HIGHEST GUST DIRECTION    SW (240)
  AVERAGE WIND SPEED    10.5


SKY COVER
  POSSIBLE SUNSHINE  MM
  AVERAGE SKY COVER 0.3


WEATHER CONDITIONS
 THE FOLLOWING WEATHER WAS RECORDED YESTERDAY.
  HEAVY RAIN
  RAIN
  LIGHT RAIN
  FOG


RELATIVE HUMIDITY (PERCENT)
 HIGHEST    87           100 PM
 LOWEST     48          1200 AM
 AVERAGE    68

..........................................................


THE FARGO HECTOR INTL AP ND CLIMATE NORMALS FOR TODAY
                         NORMAL    RECORD    YEAR
 MAXIMUM TEMPERATURE (F)   72        93      1931
                                             1911
 MINIMUM TEMPERATURE (F)   49        29      1970


SUNRISE AND SUNSET
MAY 26 2016...........SUNRISE   540 AM CDT   SUNSET   909 PM CDT
MAY 27 2016...........SUNRISE   540 AM CDT   SUNSET   910 PM CDT


-  INDICATES NEGATIVE NUMBERS.
R  INDICATES RECORD WAS SET OR TIED.
MM INDICATES DATA IS MISSING.
T  INDICATES TRACE AMOUNT.




$$
