000
CDUS43 KFGF 282152
CLIFAR


CLIMATE REPORT
NATIONAL WEATHER SERVICE EASTERN NORTH DAKOTA/GRAND FORKS
448 PM CDT TUE MAR 28 2017


...................................

...THE FARGO HECTOR INTL AP ND CLIMATE SUMMARY FOR MARCH 28 2017...
VALID TODAY AS OF 0400 PM LOCAL TIME.

CLIMATE NORMAL PERIOD 1981 TO 2010
CLIMATE RECORD PERIOD 1881 TO 2017


WEATHER ITEM   OBSERVED TIME   RECORD YEAR NORMAL DEPARTURE LAST
                VALUE   (LST)  VALUE       VALUE  FROM      YEAR
                                                  NORMAL
..................................................................
TEMPERATURE (F)
 TODAY
  MAXIMUM         59    252 PM  78    1946  43     16       59
  MINIMUM         31    728 AM  -9    1964  25      6       32
  AVERAGE         45                        34     11       46

PRECIPITATION (IN)
  TODAY            0.00          0.65 1999   0.04  -0.04     0.00
  MONTH TO DATE    0.33                      1.17  -0.84     0.46
  SINCE MAR 1      0.33                      1.17  -0.84     0.46
  SINCE JAN 1      2.10                      2.48  -0.38     1.45

SNOWFALL (IN)
  TODAY            0.0           2.0  1940   0.2   -0.2      0.0
  MONTH TO DATE    1.6                       8.6   -7.0      2.5
  SINCE MAR 1      1.6                       8.6   -7.0      2.5
  SINCE JUL 1     30.9                      46.6  -15.7     26.8
  SNOW DEPTH       0

DEGREE DAYS
 HEATING
  TODAY           20                        31    -11       19
  MONTH TO DATE 1036                      1063    -27      768
  SINCE MAR 1   1036                      1063    -27      768
  SINCE JUL 1   6534                      7741  -1207     6291

 COOLING
  TODAY            0                         0      0        0
  MONTH TO DATE    0                         0      0        0
  SINCE MAR 1      0                         0      0        0
  SINCE JAN 1      0                         0      0        0
..................................................................


WIND (MPH)
  HIGHEST WIND SPEED    12   HIGHEST WIND DIRECTION     N (360)
  HIGHEST GUST SPEED    14   HIGHEST GUST DIRECTION     N (360)
  AVERAGE WIND SPEED     5.3


SKY COVER
  POSSIBLE SUNSHINE  MM
  AVERAGE SKY COVER 0.7


WEATHER CONDITIONS
 THE FOLLOWING WEATHER WAS RECORDED TODAY.
  FOG
  FOG W/VISIBILITY <= 1/4 MILE
  HAZE


RELATIVE HUMIDITY (PERCENT)
 HIGHEST   100          1200 AM
 LOWEST     51           200 PM
 AVERAGE    76

..........................................................


THE FARGO HECTOR INTL AP ND CLIMATE NORMALS FOR TOMORROW
                         NORMAL    RECORD    YEAR
 MAXIMUM TEMPERATURE (F)   44        76      1986
 MINIMUM TEMPERATURE (F)   25       -15      1969


SUNRISE AND SUNSET
MARCH 28 2017.........SUNRISE   714 AM CDT   SUNSET   751 PM CDT
MARCH 29 2017.........SUNRISE   712 AM CDT   SUNSET   753 PM CDT


-  INDICATES NEGATIVE NUMBERS.
R  INDICATES RECORD WAS SET OR TIED.
MM INDICATES DATA IS MISSING.
T  INDICATES TRACE AMOUNT.




$$
