020
CDUS43 KFGF 240641
CLIFAR


CLIMATE REPORT
NATIONAL WEATHER SERVICE EASTERN NORTH DAKOTA/GRAND FORKS
1240 AM CST FRI NOV 24 2017


...................................

...THE FARGO HECTOR INTL AP ND CLIMATE SUMMARY FOR NOVEMBER 23 2017...

CLIMATE NORMAL PERIOD 1981 TO 2010
CLIMATE RECORD PERIOD 1881 TO 2017


WEATHER ITEM   OBSERVED TIME   RECORD YEAR NORMAL DEPARTURE LAST
                VALUE   (LST)  VALUE       VALUE  FROM      YEAR
                                                  NORMAL
..................................................................
TEMPERATURE (F)
 YESTERDAY
  MAXIMUM         48   1154 PM  54    1984  32     16       35
  MINIMUM         19    238 AM -15    1985  16      3       34
                                      1884
  AVERAGE         34                        24     10       35

PRECIPITATION (IN)
  YESTERDAY        0.00          0.64 1905   0.03  -0.03      T
  MONTH TO DATE    0.35                      0.81  -0.46     0.55
  SINCE SEP 1      3.95                      5.53  -1.58     5.54
  SINCE JAN 1     14.45                     21.59  -7.14    21.01

SNOWFALL (IN)
  YESTERDAY        0.0           3.0  1993   0.3   -0.3       T
  MONTH TO DATE    3.3                       5.4   -2.1      2.8
  SINCE SEP 1      3.7                       6.1   -2.4      2.8
  SINCE JUL 1      3.7                       6.1   -2.4      2.8
  SNOW DEPTH       0

DEGREE DAYS
 HEATING
  YESTERDAY       31                        41    -10       30
  MONTH TO DATE  889                       784    105      494
  SINCE SEP 1   1578                      1610    -32     1091
  SINCE JUL 1   1594                      1660    -66     1108

 COOLING
  YESTERDAY        0                         0      0        0
  MONTH TO DATE    0                         0      0        0
  SINCE SEP 1     71                        46     25       58
  SINCE JAN 1    518                       551    -33      661
..................................................................


WIND (MPH)
  HIGHEST WIND SPEED    21   HIGHEST WIND DIRECTION     S (190)
  HIGHEST GUST SPEED    27   HIGHEST GUST DIRECTION     S (190)
  AVERAGE WIND SPEED     9.9


SKY COVER
  POSSIBLE SUNSHINE  MM
  AVERAGE SKY COVER 0.4


WEATHER CONDITIONS
 THE FOLLOWING WEATHER WAS RECORDED YESTERDAY.
  FOG


RELATIVE HUMIDITY (PERCENT)
 HIGHEST   100           900 AM
 LOWEST     53           300 PM
 AVERAGE    77

..........................................................


THE FARGO HECTOR INTL AP ND CLIMATE NORMALS FOR TODAY
                         NORMAL    RECORD    YEAR
 MAXIMUM TEMPERATURE (F)   32        57      2011
 MINIMUM TEMPERATURE (F)   15       -20      1893


SUNRISE AND SUNSET
NOVEMBER 24 2017......SUNRISE   743 AM CST   SUNSET   444 PM CST
NOVEMBER 25 2017......SUNRISE   745 AM CST   SUNSET   444 PM CST


-  INDICATES NEGATIVE NUMBERS.
R  INDICATES RECORD WAS SET OR TIED.
MM INDICATES DATA IS MISSING.
T  INDICATES TRACE AMOUNT.




$$
