000
CDUS43 KFGF 080643
CLIFAR


CLIMATE REPORT
NATIONAL WEATHER SERVICE EASTERN NORTH DAKOTA/GRAND FORKS
143 AM CDT WED JUL 8 2015


...................................

...THE FARGO HECTOR INTL AP ND CLIMATE SUMMARY FOR JULY 7 2015...

CLIMATE NORMAL PERIOD 1981 TO 2010
CLIMATE RECORD PERIOD 1881 TO 2015


WEATHER ITEM   OBSERVED TIME   RECORD YEAR NORMAL DEPARTURE LAST
                VALUE   (LST)  VALUE       VALUE  FROM      YEAR
                                                  NORMAL
..................................................................
TEMPERATURE (F)
 YESTERDAY
  MAXIMUM         74    446 PM 103    1936  82     -8       82
  MINIMUM         42    504 AM  41    1908  59    -17       61
  AVERAGE         58                        70    -12       72

PRECIPITATION (IN)
  YESTERDAY        0.00          2.18 1959   0.11  -0.11      T
  MONTH TO DATE    0.00                      0.78  -0.78     0.37
  SINCE JUN 1      2.75                      4.68  -1.93     6.06
  SINCE JAN 1     12.85                     11.49   1.36    13.08

SNOWFALL (IN)
  YESTERDAY        0.0           0.0    MM   0.0    0.0      0.0
  MONTH TO DATE    0.0                       0.0    0.0      0.0
  SINCE JUN 1      0.0                       0.0    0.0      0.0
  SINCE JUL 1      0.0                       0.0    0.0      0.0
  SNOW DEPTH       0

DEGREE DAYS
 HEATING
  YESTERDAY        7                         1      6        0
  MONTH TO DATE   12                         7      5       10
  SINCE JUN 1     35                        80    -45       40
  SINCE JUL 1     12                         7      5       10

 COOLING
  YESTERDAY        0                         6     -6        7
  MONTH TO DATE   36                        42     -6       42
  SINCE JUN 1    132                       149    -17      144
  SINCE JAN 1    147                       180    -33      223
..................................................................


WIND (MPH)
  HIGHEST WIND SPEED    15   HIGHEST WIND DIRECTION     S (190)
  HIGHEST GUST SPEED    19   HIGHEST GUST DIRECTION     S (190)
  AVERAGE WIND SPEED     5.4


SKY COVER
  POSSIBLE SUNSHINE  MM
  AVERAGE SKY COVER 0.0


WEATHER CONDITIONS
 THE FOLLOWING WEATHER WAS RECORDED YESTERDAY.
  NO SIGNIFICANT WEATHER WAS OBSERVED.


RELATIVE HUMIDITY (PERCENT)
 HIGHEST    89           500 AM
 LOWEST     33           400 PM
 AVERAGE    61

..........................................................


THE FARGO HECTOR INTL AP ND CLIMATE NORMALS FOR TODAY
                         NORMAL    RECORD    YEAR
 MAXIMUM TEMPERATURE (F)   82       103      1936
 MINIMUM TEMPERATURE (F)   59        44      1905


SUNRISE AND SUNSET
JULY  8 2015..........SUNRISE   541 AM CDT   SUNSET   923 PM CDT
JULY  9 2015..........SUNRISE   542 AM CDT   SUNSET   922 PM CDT


-  INDICATES NEGATIVE NUMBERS.
R  INDICATES RECORD WAS SET OR TIED.
MM INDICATES DATA IS MISSING.
T  INDICATES TRACE AMOUNT.




$$
