000
CDUS46 KHNX 020821
CLIFAT


CLIMATE REPORT
NATIONAL WEATHER SERVICE SAN JOAQUIN VALLEY, CA
1221 AM PST MON MAR 2 2015


...................................

...THE FRESNO CA CLIMATE SUMMARY FOR MARCH 1 2015...

CLIMATE NORMAL PERIOD 1981 TO 2010
CLIMATE RECORD PERIOD 1887 TO 2015


WEATHER ITEM   OBSERVED TIME   RECORD YEAR NORMAL DEPARTURE
                VALUE   (LST)  VALUE       VALUE  FROM
                                                  NORMAL
...............................................................
TEMPERATURE (F)
 YESTERDAY
  MAXIMUM         64    303 PM  79    1975  65     -1
                                      1924
  MINIMUM         41    630 AM  28    1888  44     -3
  AVERAGE         53                        54     -1

PRECIPITATION (IN)
  YESTERDAY        0.00          1.15 1991   0.07  -0.07
  MONTH TO DATE    0.00                      0.07  -0.07
  SINCE OCT 1      4.53                      7.76  -3.23
  SINCE JAN 1      1.34                      4.29  -2.95

SNOWFALL (IN)
  YESTERDAY        0.0
  MONTH TO DATE    0.0
  SINCE MAR 1      0.0
  SINCE JUL 1      0.0
  SNOW DEPTH       0

DEGREE DAYS
 HEATING
  YESTERDAY       12                                2
  MONTH TO DATE   12                                2
  SINCE MAR 1     12                                2
  SINCE JUL 1   1338                             -584

 COOLING
  YESTERDAY        0                                0
  MONTH TO DATE    0                                0
  SINCE MAR 1      0                                0
  SINCE JAN 1      0                                0
...............................................................


WIND (MPH)
  HIGHEST WIND SPEED    10   HIGHEST WIND DIRECTION     S (200)
  HIGHEST GUST SPEED    13   HIGHEST GUST DIRECTION    SE (150)
  AVERAGE WIND SPEED     3.0




RELATIVE HUMIDITY (PERCENT)
 HIGHEST    93
 LOWEST     39
 AVERAGE    66

..........................................................


THE FRESNO CA CLIMATE NORMALS FOR TODAY
                         NORMAL    RECORD    YEAR
 MAXIMUM TEMPERATURE (F)   65        82      1921
 MINIMUM TEMPERATURE (F)   44        26      1953


SUNRISE AND SUNSET
MARCH  2 2015.........SUNRISE   628 AM PST   SUNSET   554 PM PST
MARCH  3 2015.........SUNRISE   627 AM PST   SUNSET   555 PM PST


-  INDICATES NEGATIVE NUMBERS.
R  INDICATES RECORD WAS SET OR TIED.
MM INDICATES DATA IS MISSING.
T  INDICATES TRACE AMOUNT.




$$
