156
CDUS46 KHNX 150824
CLIFAT


CLIMATE REPORT
NATIONAL WEATHER SERVICE SAN JOAQUIN VALLEY, CA
1224 AM PST FRI DEC 15 2017


...................................

...THE FRESNO CA CLIMATE SUMMARY FOR DECEMBER 14 2017...

CLIMATE NORMAL PERIOD 1981 TO 2010
CLIMATE RECORD PERIOD 1887 TO 2017


WEATHER ITEM   OBSERVED TIME   RECORD YEAR NORMAL DEPARTURE
                VALUE   (LST)  VALUE       VALUE  FROM
                                                  NORMAL
...............................................................
TEMPERATURE (F)
 YESTERDAY
  MAXIMUM         63    324 PM  74    1929  55      8
  MINIMUM         33    724 AM  21    1967  38     -5
  AVERAGE         48                        46      2

PRECIPITATION (IN)
  YESTERDAY        0.00          0.84 1968   0.05  -0.05
  MONTH TO DATE    T                         0.66  -0.66
  SINCE OCT 1      0.37                      2.36  -1.99
  SINCE JAN 1     13.17                     10.39   2.78

SNOWFALL (IN)
  YESTERDAY        0.0
  MONTH TO DATE    0.0
  SINCE DEC 1      0.0
  SINCE JUL 1      0.0
  SNOW DEPTH       0

DEGREE DAYS
 HEATING
  YESTERDAY       17                               -2
  MONTH TO DATE  231                              -14
  SINCE DEC 1    231                              -14
  SINCE JUL 1    489                             -144

 COOLING
  YESTERDAY        0                                0
  MONTH TO DATE    0                                0
  SINCE DEC 1      0                                0
  SINCE JAN 1   2490                              366
...............................................................


WIND (MPH)
  HIGHEST WIND SPEED     7   HIGHEST WIND DIRECTION     S (170)
  HIGHEST GUST SPEED     9   HIGHEST GUST DIRECTION     S (170)
  AVERAGE WIND SPEED     2.8




RELATIVE HUMIDITY (PERCENT)
 HIGHEST    92
 LOWEST     36
 AVERAGE    64

..........................................................


THE FRESNO CA CLIMATE NORMALS FOR TODAY
                         NORMAL    RECORD    YEAR
 MAXIMUM TEMPERATURE (F)   55        76      1958
 MINIMUM TEMPERATURE (F)   38        25      1975


SUNRISE AND SUNSET
DECEMBER 15 2017......SUNRISE   704 AM PST   SUNSET   444 PM PST
DECEMBER 16 2017......SUNRISE   705 AM PST   SUNSET   444 PM PST


-  INDICATES NEGATIVE NUMBERS.
R  INDICATES RECORD WAS SET OR TIED.
MM INDICATES DATA IS MISSING.
T  INDICATES TRACE AMOUNT.




$$
