000
CDUS46 KHNX 290822
CLIFAT


CLIMATE REPORT
NATIONAL WEATHER SERVICE SAN JOAQUIN VALLEY, CA
121 AM PDT SUN MAR 29 2015


...................................

...THE FRESNO CA CLIMATE SUMMARY FOR MARCH 28 2015...

CLIMATE NORMAL PERIOD 1981 TO 2010
CLIMATE RECORD PERIOD 1887 TO 2015


WEATHER ITEM   OBSERVED TIME   RECORD YEAR NORMAL DEPARTURE
                VALUE   (LST)  VALUE       VALUE  FROM
                                                  NORMAL
...............................................................
TEMPERATURE (F)
 YESTERDAY
  MAXIMUM         83    345 PM  85    1986  70     13
                                      1923
  MINIMUM         56    640 AM  33    1972  47      9
  AVERAGE         70                        58     12

PRECIPITATION (IN)
  YESTERDAY        0.00          1.05 2006   0.06  -0.06
  MONTH TO DATE    0.06                      1.88  -1.82
  SINCE OCT 1      4.59                      9.57  -4.98
  SINCE JAN 1      1.40                      6.10  -4.70

SNOWFALL (IN)
  YESTERDAY        0.0
  MONTH TO DATE    0.0
  SINCE MAR 1      0.0
  SINCE JUL 1      0.0
  SNOW DEPTH       0

DEGREE DAYS
 HEATING
  YESTERDAY        0                               -7
  MONTH TO DATE   83                             -161
  SINCE MAR 1     83                             -161
  SINCE JUL 1   1409                             -747

 COOLING
  YESTERDAY        5                                5
  MONTH TO DATE   45                               45
  SINCE MAR 1     45                               45
  SINCE JAN 1     45                               45
...............................................................


WIND (MPH)
  HIGHEST WIND SPEED    15   HIGHEST WIND DIRECTION    NW (310)
  HIGHEST GUST SPEED    18   HIGHEST GUST DIRECTION    NW (310)
  AVERAGE WIND SPEED     6.3




RELATIVE HUMIDITY (PERCENT)
 HIGHEST    72
 LOWEST     28
 AVERAGE    50

..........................................................


THE FRESNO CA CLIMATE NORMALS FOR TODAY
                         NORMAL    RECORD    YEAR
 MAXIMUM TEMPERATURE (F)   70        87      1969
 MINIMUM TEMPERATURE (F)   47        32      1891


SUNRISE AND SUNSET
MARCH 29 2015.........SUNRISE   649 AM PDT   SUNSET   718 PM PDT
MARCH 30 2015.........SUNRISE   648 AM PDT   SUNSET   719 PM PDT


-  INDICATES NEGATIVE NUMBERS.
R  INDICATES RECORD WAS SET OR TIED.
MM INDICATES DATA IS MISSING.
T  INDICATES TRACE AMOUNT.




$$
