000
CDUS46 KHNX 310833
CLIFAT


CLIMATE REPORT
NATIONAL WEATHER SERVICE SAN JOAQUIN VALLEY, CA
1232 AM PST SAT JAN 31 2015


...................................

...THE FRESNO CA CLIMATE SUMMARY FOR JANUARY 30 2015...

CLIMATE NORMAL PERIOD 1981 TO 2010
CLIMATE RECORD PERIOD 1887 TO 2015


WEATHER ITEM   OBSERVED TIME   RECORD YEAR NORMAL DEPARTURE
                VALUE   (LST)  VALUE       VALUE  FROM
                                                  NORMAL
...............................................................
TEMPERATURE (F)
 YESTERDAY
  MAXIMUM         63    357 PM  74    1984  58      5
  MINIMUM         45    815 AM  25    1946  39      6
  AVERAGE         54                        48      6

PRECIPITATION (IN)
  YESTERDAY        0.00          1.20 1911   0.07  -0.07
  MONTH TO DATE    0.21                      2.11  -1.90
  SINCE OCT 1      3.40                      5.58  -2.18
  SINCE JAN 1      0.21                      2.11  -1.90

SNOWFALL (IN)
  YESTERDAY        0.0
  MONTH TO DATE    0.0
  SINCE DEC 1      0.0
  SINCE JUL 1      0.0
  SNOW DEPTH       0

DEGREE DAYS
 HEATING
  YESTERDAY       11                               -6
  MONTH TO DATE  475                              -80
  SINCE DEC 1    876                             -254
  SINCE JUL 1   1097                             -421

 COOLING
  YESTERDAY        0                                0
  MONTH TO DATE    0                                0
  SINCE DEC 1      0                                0
  SINCE JAN 1      0                                0
...............................................................


WIND (MPH)
  HIGHEST WIND SPEED     8   HIGHEST WIND DIRECTION    SE (120)
  HIGHEST GUST SPEED     9   HIGHEST GUST DIRECTION    NW (320)
  AVERAGE WIND SPEED     2.0




RELATIVE HUMIDITY (PERCENT)
 HIGHEST   100
 LOWEST     60
 AVERAGE    80

..........................................................


THE FRESNO CA CLIMATE NORMALS FOR TODAY
                         NORMAL    RECORD    YEAR
 MAXIMUM TEMPERATURE (F)   58        75      1984
 MINIMUM TEMPERATURE (F)   39        26      1949
                                             1946


SUNRISE AND SUNSET
JANUARY 31 2015.......SUNRISE   702 AM PST   SUNSET   523 PM PST
FEBRUARY  1 2015......SUNRISE   701 AM PST   SUNSET   524 PM PST


-  INDICATES NEGATIVE NUMBERS.
R  INDICATES RECORD WAS SET OR TIED.
MM INDICATES DATA IS MISSING.
T  INDICATES TRACE AMOUNT.




$$
