000
CDUS46 KHNX 240826
CLIFAT


CLIMATE REPORT
NATIONAL WEATHER SERVICE SAN JOAQUIN VALLEY, CA
126 AM PDT FRI MAR 24 2017


...................................

...THE FRESNO CA CLIMATE SUMMARY FOR MARCH 23 2017...

CLIMATE NORMAL PERIOD 1981 TO 2010
CLIMATE RECORD PERIOD 1887 TO 2017


WEATHER ITEM   OBSERVED TIME   RECORD YEAR NORMAL DEPARTURE
                VALUE   (LST)  VALUE       VALUE  FROM
                                                  NORMAL
...............................................................
TEMPERATURE (F)
 YESTERDAY
  MAXIMUM         65    437 PM  85    1926  69     -4
  MINIMUM         45    653 AM  34    1898  46     -1
  AVERAGE         55                        58     -3

PRECIPITATION (IN)
  YESTERDAY        0.00          0.80 1949   0.06  -0.06
  MONTH TO DATE    0.38                      1.59  -1.21
  SINCE OCT 1     12.96                      9.28   3.68
  SINCE JAN 1      8.40                      5.81   2.59

SNOWFALL (IN)
  YESTERDAY        0.0
  MONTH TO DATE    0.0
  SINCE MAR 1      0.0
  SINCE JUL 1      0.0
  SNOW DEPTH       0

DEGREE DAYS
 HEATING
  YESTERDAY       10                                2
  MONTH TO DATE  142                              -65
  SINCE MAR 1    142                              -65
  SINCE JUL 1   1756                             -363

 COOLING
  YESTERDAY        0                                0
  MONTH TO DATE   17                               17
  SINCE MAR 1     17                               17
  SINCE JAN 1     17                               17
...............................................................


WIND (MPH)
  HIGHEST WIND SPEED    16   HIGHEST WIND DIRECTION    NW (310)
  HIGHEST GUST SPEED    21   HIGHEST GUST DIRECTION    NW (300)
  AVERAGE WIND SPEED     6.9




RELATIVE HUMIDITY (PERCENT)
 HIGHEST    92
 LOWEST     43
 AVERAGE    68

..........................................................


THE FRESNO CA CLIMATE NORMALS FOR TODAY
                         NORMAL    RECORD    YEAR
 MAXIMUM TEMPERATURE (F)   69        85      2014
 MINIMUM TEMPERATURE (F)   46        34      1945


SUNRISE AND SUNSET
MARCH 24 2017.........SUNRISE   656 AM PDT   SUNSET   715 PM PDT
MARCH 25 2017.........SUNRISE   655 AM PDT   SUNSET   715 PM PDT


-  INDICATES NEGATIVE NUMBERS.
R  INDICATES RECORD WAS SET OR TIED.
MM INDICATES DATA IS MISSING.
T  INDICATES TRACE AMOUNT.




$$
