000
CDUS46 KHNX 060027
CLIFAT


CLIMATE REPORT
NATIONAL WEATHER SERVICE SAN JOAQUIN VALLEY, CA
426 PM PST FRI FEB 5 2016


...................................

...THE FRESNO CA CLIMATE SUMMARY FOR FEBRUARY 5 2016...
VALID TODAY AS OF 0400 PM LOCAL TIME.

CLIMATE NORMAL PERIOD 1981 TO 2010
CLIMATE RECORD PERIOD 1887 TO 2016


WEATHER ITEM   OBSERVED TIME   RECORD YEAR NORMAL DEPARTURE LAST
                VALUE   (LST)  VALUE       VALUE  FROM      YEAR
                                                  NORMAL
..................................................................
TEMPERATURE (F)
 TODAY
  MAXIMUM         64    355 PM  76    2015  59      5       76
  MINIMUM         37    729 AM  24    1899  40     -3       46
  AVERAGE         51                        50      1       61

PRECIPITATION (IN)
  TODAY            0.00          0.83 1976   0.07  -0.07     0.00
  MONTH TO DATE    0.00                      0.37  -0.37     0.00
  SINCE OCT 1      9.62                      6.03   3.59     3.40
  SINCE JAN 1      4.42                      2.56   1.86     0.21

SNOWFALL (IN)
  TODAY            0.0
  MONTH TO DATE    0.0
  SINCE DEC 1      0.0
  SINCE JUL 1      0.0
  SNOW DEPTH       0

DEGREE DAYS
 HEATING
  TODAY           14                        15     -1        4
  MONTH TO DATE   96                        79     17       35
  SINCE DEC 1   1139                      1226    -87      923
  SINCE JUL 1   1529                      1614    -85     1144

 COOLING
  TODAY            0                         0      0        0
  MONTH TO DATE    0                         0      0        0
  SINCE DEC 1      0                         0      0        0
  SINCE JAN 1      0                         0      0        0
..................................................................


WIND (MPH)
  HIGHEST WIND SPEED     6   HIGHEST WIND DIRECTION    SE (130)
  HIGHEST GUST SPEED     8   HIGHEST GUST DIRECTION    NE (60)
  AVERAGE WIND SPEED     2.1




RELATIVE HUMIDITY (PERCENT)
 HIGHEST    92
 LOWEST     43
 AVERAGE    68

..........................................................


THE FRESNO CA CLIMATE NORMALS FOR TOMORROW
                         NORMAL    RECORD    YEAR
 MAXIMUM TEMPERATURE (F)   59        74      2015
 MINIMUM TEMPERATURE (F)   40        24      1899


SUNRISE AND SUNSET
FEBRUARY  5 2016......SUNRISE   658 AM PST   SUNSET   528 PM PST
FEBRUARY  6 2016......SUNRISE   657 AM PST   SUNSET   529 PM PST


-  INDICATES NEGATIVE NUMBERS.
R  INDICATES RECORD WAS SET OR TIED.
MM INDICATES DATA IS MISSING.
T  INDICATES TRACE AMOUNT.




$$
