000
CDUS46 KHNX 220823
CLIFAT


CLIMATE REPORT
NATIONAL WEATHER SERVICE SAN JOAQUIN VALLEY, CA
123 AM PDT SUN OCT 22 2017


...................................

...THE FRESNO CA CLIMATE SUMMARY FOR OCTOBER 21 2017...

CLIMATE NORMAL PERIOD 1981 TO 2010
CLIMATE RECORD PERIOD 1887 TO 2017


WEATHER ITEM   OBSERVED TIME   RECORD YEAR NORMAL DEPARTURE
                VALUE   (LST)  VALUE       VALUE  FROM
                                                  NORMAL
...............................................................
TEMPERATURE (F)
 YESTERDAY
  MAXIMUM         68    347 PM  93    2003  77     -9
  MINIMUM         45    637 AM  34    1949  51     -6
  AVERAGE         57                        64     -7

PRECIPITATION (IN)
  YESTERDAY        0.00          0.67 1985   0.02  -0.02
  MONTH TO DATE    0.09                      0.34  -0.25
  SINCE OCT 1      0.09                      0.34  -0.25
  SINCE JAN 1     12.89                      8.37   4.52

SNOWFALL (IN)
  YESTERDAY        0.0
  MONTH TO DATE    0.0
  SINCE SEP 1      0.0
  SINCE JUL 1      0.0
  SNOW DEPTH       0

DEGREE DAYS
 HEATING
  YESTERDAY        8                                6
  MONTH TO DATE   33                               10
  SINCE SEP 1     37                               12
  SINCE JUL 1     37                               12

 COOLING
  YESTERDAY        0                               -2
  MONTH TO DATE   32                              -59
  SINCE SEP 1    407                              -22
  SINCE JAN 1   2446                              333
...............................................................


WIND (MPH)
  HIGHEST WIND SPEED    14   HIGHEST WIND DIRECTION    NW (320)
  HIGHEST GUST SPEED    18   HIGHEST GUST DIRECTION    NW (320)
  AVERAGE WIND SPEED     4.5




RELATIVE HUMIDITY (PERCENT)
 HIGHEST    93
 LOWEST     45
 AVERAGE    69

..........................................................


THE FRESNO CA CLIMATE NORMALS FOR TODAY
                         NORMAL    RECORD    YEAR
 MAXIMUM TEMPERATURE (F)   77        92      1948
                                             1937
 MINIMUM TEMPERATURE (F)   51        35      1961


SUNRISE AND SUNSET
OCTOBER 22 2017.......SUNRISE   713 AM PDT   SUNSET   613 PM PDT
OCTOBER 23 2017.......SUNRISE   714 AM PDT   SUNSET   612 PM PDT


-  INDICATES NEGATIVE NUMBERS.
R  INDICATES RECORD WAS SET OR TIED.
MM INDICATES DATA IS MISSING.
T  INDICATES TRACE AMOUNT.




$$
