000
CDUS46 KHNX 160822
CLIFAT


CLIMATE REPORT
NATIONAL WEATHER SERVICE SAN JOAQUIN VALLEY, CA
122 AM PDT WED AUG 16 2017


...................................

...THE FRESNO CA CLIMATE SUMMARY FOR AUGUST 15 2017...

CLIMATE NORMAL PERIOD 1981 TO 2010
CLIMATE RECORD PERIOD 1887 TO 2017


WEATHER ITEM   OBSERVED TIME   RECORD YEAR NORMAL DEPARTURE
                VALUE   (LST)  VALUE       VALUE  FROM
                                                  NORMAL
...............................................................
TEMPERATURE (F)
 YESTERDAY
  MAXIMUM         88        MM 109    1920  97     -9
  MINIMUM         62        MM  53    1954  66     -4
  AVERAGE         75                        82     -7

PRECIPITATION (IN)
  YESTERDAY        0.00          0.01 1976   0.00   0.00
  MONTH TO DATE    T                         0.00   0.00
  SINCE OCT 1     17.20                     11.32   5.88
  SINCE JAN 1     12.64                      7.85   4.79

SNOWFALL (IN)
  YESTERDAY        0.0
  MONTH TO DATE    0.0
  SINCE JUN 1      0.0
  SINCE JUL 1      0.0
  SNOW DEPTH       0

DEGREE DAYS
 HEATING
  YESTERDAY        0                                0
  MONTH TO DATE    0                                0
  SINCE JUN 1      4                                1
  SINCE JUL 1      0                                0

 COOLING
  YESTERDAY       10                               -7
  MONTH TO DATE  308                               44
  SINCE JUN 1   1459                              268
  SINCE JAN 1   1710                              278
...............................................................


WIND (MPH)
  HIGHEST WIND SPEED    15   HIGHEST WIND DIRECTION    NW (310)
  HIGHEST GUST SPEED    MM   HIGHEST GUST DIRECTION    MM
  AVERAGE WIND SPEED     8.2




RELATIVE HUMIDITY (PERCENT)
 HIGHEST    78
 LOWEST     29
 AVERAGE    54

..........................................................


THE FRESNO CA CLIMATE NORMALS FOR TODAY
                         NORMAL    RECORD    YEAR
 MAXIMUM TEMPERATURE (F)   97       110      1920
 MINIMUM TEMPERATURE (F)   66        53      1976
                                             1954


SUNRISE AND SUNSET
AUGUST 16 2017........SUNRISE   617 AM PDT   SUNSET   748 PM PDT
AUGUST 17 2017........SUNRISE   618 AM PDT   SUNSET   747 PM PDT


-  INDICATES NEGATIVE NUMBERS.
R  INDICATES RECORD WAS SET OR TIED.
MM INDICATES DATA IS MISSING.
T  INDICATES TRACE AMOUNT.




$$
