000
CDUS46 KHNX 300023
CLIFAT


CLIMATE REPORT
NATIONAL WEATHER SERVICE SAN JOAQUIN VALLEY, CA
522 PM PDT THU SEP 29 2016


...................................

...THE FRESNO CA CLIMATE SUMMARY FOR SEPTEMBER 29 2016...
VALID AS OF 0400 PM LOCAL TIME.

CLIMATE NORMAL PERIOD 1981 TO 2010
CLIMATE RECORD PERIOD 1887 TO 2016


WEATHER ITEM   OBSERVED TIME   RECORD YEAR NORMAL DEPARTURE LAST
                VALUE   (LST)  VALUE       VALUE  FROM      YEAR
                                                  NORMAL
..................................................................
TEMPERATURE (F)
 TODAY
  MAXIMUM         94    356 PM 102    1992  87      7       82
  MINIMUM         65    628 AM  43    1905  58      7       65
  AVERAGE         80                        72      8       74

PRECIPITATION (IN)
  TODAY            0.00          1.12 1890   0.01  -0.01     0.00
  MONTH TO DATE    T                         0.16  -0.16     0.12
  SINCE OCT 1     14.29                     11.49   2.80     6.97
  SINCE JAN 1      9.09                      8.02   1.07     3.78

SNOWFALL (IN)
  TODAY            0.0
  MONTH TO DATE    0.0
  SINCE SEP 1      0.0
  SINCE JUL 1      0.0
  SNOW DEPTH       0

DEGREE DAYS
 HEATING
  TODAY            0                         0      0        0
  MONTH TO DATE    2                         0      2        0
  SINCE SEP 1      2                         0      2        0
  SINCE JUL 1      2                         0      2        0

 COOLING
  TODAY           15                         8      7        9
  MONTH TO DATE  333                       331      2      412
  SINCE SEP 1    333                       331      2      412
  SINCE JAN 1   2248                      2015    233     2311
..................................................................


WIND (MPH)
  HIGHEST WIND SPEED    10   HIGHEST WIND DIRECTION    SE (140)
  HIGHEST GUST SPEED    13   HIGHEST GUST DIRECTION    SW (240)
  AVERAGE WIND SPEED     4.2




RELATIVE HUMIDITY (PERCENT)
 HIGHEST    47
 LOWEST     12
 AVERAGE    30

..........................................................


THE FRESNO CA CLIMATE NORMALS FOR TOMORROW
                         NORMAL    RECORD    YEAR
 MAXIMUM TEMPERATURE (F)   86       101      2010
 MINIMUM TEMPERATURE (F)   58        37      1950


SUNRISE AND SUNSET
SEPTEMBER 29 2016.....SUNRISE   653 AM PDT   SUNSET   644 PM PDT
SEPTEMBER 30 2016.....SUNRISE   654 AM PDT   SUNSET   643 PM PDT


-  INDICATES NEGATIVE NUMBERS.
R  INDICATES RECORD WAS SET OR TIED.
MM INDICATES DATA IS MISSING.
T  INDICATES TRACE AMOUNT.




$$
