000
CDUS46 KHNX 260824
CLIFAT


CLIMATE REPORT
NATIONAL WEATHER SERVICE SAN JOAQUIN VALLEY, CA
123 AM PDT MON JUN 26 2017


...................................

...THE FRESNO CA CLIMATE SUMMARY FOR JUNE 25 2017...

CLIMATE NORMAL PERIOD 1981 TO 2010
CLIMATE RECORD PERIOD 1887 TO 2017


WEATHER ITEM   OBSERVED TIME   RECORD YEAR NORMAL DEPARTURE
                VALUE   (LST)  VALUE       VALUE  FROM
                                                  NORMAL
...............................................................
TEMPERATURE (F)
 YESTERDAY
  MAXIMUM        105        MM 112    1925  95     10
  MINIMUM         72        MM  47    1975  65      7
  AVERAGE         89                        80      9

PRECIPITATION (IN)
  YESTERDAY        0.00          0.06 1899   0.00   0.00
  MONTH TO DATE    0.00                      0.20  -0.20
  SINCE OCT 1     17.20                     11.30   5.90
  SINCE JAN 1     12.64                      7.83   4.81

SNOWFALL (IN)
  YESTERDAY        0.0
  MONTH TO DATE    0.0
  SINCE JUN 1      0.0
  SINCE JUL 1      0.0
  SNOW DEPTH       0

DEGREE DAYS
 HEATING
  YESTERDAY        0                                0
  MONTH TO DATE    4                                4
  SINCE JUN 1      4                                4
  SINCE JUL 1   1940                             -403

 COOLING
  YESTERDAY       24                                9
  MONTH TO DATE  397                              105
  SINCE JUN 1    397                              105
  SINCE JAN 1    648                              115
...............................................................


WIND (MPH)
  HIGHEST WIND SPEED    17   HIGHEST WIND DIRECTION    NW (310)
  HIGHEST GUST SPEED    MM   HIGHEST GUST DIRECTION    MM
  AVERAGE WIND SPEED     8.0




RELATIVE HUMIDITY (PERCENT)
 HIGHEST    73
 LOWEST     21
 AVERAGE    47

..........................................................


THE FRESNO CA CLIMATE NORMALS FOR TODAY
                         NORMAL    RECORD    YEAR
 MAXIMUM TEMPERATURE (F)   95       108      1993
                                             1925
 MINIMUM TEMPERATURE (F)   65        48      1965


SUNRISE AND SUNSET
JUNE 26 2017..........SUNRISE   542 AM PDT   SUNSET   822 PM PDT
JUNE 27 2017..........SUNRISE   542 AM PDT   SUNSET   822 PM PDT


-  INDICATES NEGATIVE NUMBERS.
R  INDICATES RECORD WAS SET OR TIED.
MM INDICATES DATA IS MISSING.
T  INDICATES TRACE AMOUNT.




$$
