000
CDUS42 KRAH 230652
CLIFAY


CLIMATE REPORT
NATIONAL WEATHER SERVICE RALEIGH NC
251 AM EDT WED JUL 23 2014


...................................

...THE FAYETTEVILLE REGL AIRPORT NC CLIMATE SUMMARY FOR JULY 22 2014...

CLIMATE NORMAL PERIOD 1981 TO 2010
CLIMATE RECORD PERIOD 1910 TO 2014


WEATHER ITEM   OBSERVED TIME   RECORD YEAR NORMAL DEPARTURE LAST
                VALUE   (LST)  VALUE       VALUE  FROM      YEAR
                                                  NORMAL
..................................................................
TEMPERATURE (F)
 YESTERDAY
  MAXIMUM         91    409 PM 107    1932  91      0       92
  MINIMUM         72    122 AM  57    1966  72      0       75
  AVERAGE         82                        82      0       84

PRECIPITATION (IN)
  YESTERDAY        0.00          1.97 1974   0.21  -0.21     0.00
  MONTH TO DATE    1.78                      4.11  -2.33     6.24
  SINCE JUN 1      4.47                      8.46  -3.99    14.82
  SINCE JAN 1     22.92                     24.13  -1.21    28.16

DEGREE DAYS
 HEATING
  YESTERDAY        0                         0      0        0
  MONTH TO DATE    0                         0      0        0
  SINCE JUN 1      0                         0      0        0
  SINCE JUL 1      0                         0      0        0

 COOLING
  YESTERDAY       17                        17      0       19
  MONTH TO DATE  339                       363    -24      361
  SINCE JUN 1    796                       759     37      756
  SINCE JAN 1   1162                      1043    119     1005
..................................................................


WIND (MPH)
  HIGHEST WIND SPEED    12   HIGHEST WIND DIRECTION    NE (30)
  HIGHEST GUST SPEED    14   HIGHEST GUST DIRECTION    NE (40)
  AVERAGE WIND SPEED     4.2


SKY COVER
  POSSIBLE SUNSHINE  MM
  AVERAGE SKY COVER 0.6


WEATHER CONDITIONS
 THE FOLLOWING WEATHER WAS RECORDED YESTERDAY.
  THUNDERSTORM
  FOG
  FOG W/VISIBILITY <= 1/4 MILE


RELATIVE HUMIDITY (PERCENT)
 HIGHEST   100           600 AM
 LOWEST     52           400 PM
 AVERAGE    76

..........................................................


THE FAYETTEVILLE REGL AIRPORT NC CLIMATE NORMALS FOR TODAY
                         NORMAL    RECORD    YEAR
 MAXIMUM TEMPERATURE (F)   91       103      2011
 MINIMUM TEMPERATURE (F)   72        51      1944


SUNRISE AND SUNSET
JULY 23 2014..........SUNRISE   618 AM EDT   SUNSET   825 PM EDT
JULY 24 2014..........SUNRISE   619 AM EDT   SUNSET   825 PM EDT


-  INDICATES NEGATIVE NUMBERS.
R  INDICATES RECORD WAS SET OR TIED.
MM INDICATES DATA IS MISSING.
T  INDICATES TRACE AMOUNT.




$$
