000
CDUS42 KRAH 310541
CLIFAY


CLIMATE REPORT
NATIONAL WEATHER SERVICE RALEIGH NC
140 AM EDT SUN AUG 31 2014


...................................

...THE FAYETTEVILLE REGL AIRPORT NC CLIMATE SUMMARY FOR AUGUST 30 2014...

CLIMATE NORMAL PERIOD 1981 TO 2010
CLIMATE RECORD PERIOD 1910 TO 2014


WEATHER ITEM   OBSERVED TIME   RECORD YEAR NORMAL DEPARTURE LAST
                VALUE   (LST)  VALUE       VALUE  FROM      YEAR
                                                  NORMAL
..................................................................
TEMPERATURE (F)
 YESTERDAY
  MAXIMUM         93    158 PM 105    1932  88      5       88
  MINIMUM         70    450 AM  46    1965  68      2       67
  AVERAGE         82                        78      4       78

PRECIPITATION (IN)
  YESTERDAY        0.00          3.05 1988   0.13  -0.13     0.00
  MONTH TO DATE    3.92                      5.34  -1.42     5.54
  SINCE JUN 1      8.47                     15.61  -7.14    21.22
  SINCE JAN 1     26.92                     31.28  -4.36    34.56

DEGREE DAYS
 HEATING
  YESTERDAY        0                         0      0        0
  MONTH TO DATE    0                         0      0        0
  SINCE JUN 1      0                         0      0        0
  SINCE JUL 1      0                         0      0        0

 COOLING
  YESTERDAY       17                        13      4       13
  MONTH TO DATE  416                       440    -24      422
  SINCE JUN 1   1357                      1343     14     1316
  SINCE JAN 1   1723                      1627     96     1565
..................................................................


WIND (MPH)
  HIGHEST WIND SPEED    18   HIGHEST WIND DIRECTION    SE (150)
  HIGHEST GUST SPEED    26   HIGHEST GUST DIRECTION    SE (140)
  AVERAGE WIND SPEED     5.1


SKY COVER
  POSSIBLE SUNSHINE  MM
  AVERAGE SKY COVER 0.4


WEATHER CONDITIONS
 THE FOLLOWING WEATHER WAS RECORDED YESTERDAY.
  FOG


RELATIVE HUMIDITY (PERCENT)
 HIGHEST   100           400 AM
 LOWEST     49           200 PM
 AVERAGE    75

..........................................................


THE FAYETTEVILLE REGL AIRPORT NC CLIMATE NORMALS FOR TODAY
                         NORMAL    RECORD    YEAR
 MAXIMUM TEMPERATURE (F)   88       103      1932
 MINIMUM TEMPERATURE (F)   68        49      1976


SUNRISE AND SUNSET
AUGUST 31 2014........SUNRISE   647 AM EDT   SUNSET   744 PM EDT
SEPTEMBER  1 2014.....SUNRISE   648 AM EDT   SUNSET   742 PM EDT


-  INDICATES NEGATIVE NUMBERS.
R  INDICATES RECORD WAS SET OR TIED.
MM INDICATES DATA IS MISSING.
T  INDICATES TRACE AMOUNT.




$$
