000
CDUS42 KRAH 252046
CLIFAY


CLIMATE REPORT
NATIONAL WEATHER SERVICE RALEIGH NC
444 PM EDT THU AUG 25 2016


...................................

...THE FAYETTEVILLE REGL AIRPORT NC CLIMATE SUMMARY FOR AUGUST 25 2016...
VALID TODAY AS OF 0444 PM LOCAL TIME.

CLIMATE NORMAL PERIOD 1981 TO 2010
CLIMATE RECORD PERIOD 1910 TO 2016


WEATHER ITEM   OBSERVED TIME   RECORD YEAR NORMAL DEPARTURE LAST
                VALUE   (LST)  VALUE       VALUE  FROM      YEAR
                                                  NORMAL
..................................................................
TEMPERATURE (F)
 TODAY
  MAXIMUM         93    337 PM 100    1968  89      4       91
  MINIMUM         64    456 AM  51    1952  69     -5       73
  AVERAGE         79                        79      0       82

PRECIPITATION (IN)
  TODAY            0.00          1.70 1966   0.17  -0.17     0.01
  MONTH TO DATE    1.14                      4.55  -3.41     1.72
  SINCE JUN 1      8.90                     14.82  -5.92    14.24
  SINCE JAN 1     26.47                     30.49  -4.02    29.51

DEGREE DAYS
 HEATING
  TODAY            0                         0      0        0
  MONTH TO DATE    0                         0      0        0
  SINCE JUN 1      0                         0      0        0
  SINCE JUL 1      0                         0      0        0

 COOLING
  TODAY           14                        14      0       17
  MONTH TO DATE  475                       375    100      394
  SINCE JUN 1   1546                      1278    268     1438
  SINCE JAN 1   1882                      1562    320     1768
..................................................................


WIND (MPH)
  HIGHEST WIND SPEED    13   HIGHEST WIND DIRECTION    SE (120)
  HIGHEST GUST SPEED    15   HIGHEST GUST DIRECTION    SE (120)
  AVERAGE WIND SPEED     1.4


SKY COVER
  POSSIBLE SUNSHINE  MM
  AVERAGE SKY COVER 0.0


WEATHER CONDITIONS
 THE FOLLOWING WEATHER WAS RECORDED TODAY.
  NO SIGNIFICANT WEATHER WAS OBSERVED.


RELATIVE HUMIDITY (PERCENT)
 HIGHEST    93           500 AM
 LOWEST     41          1200 PM
 AVERAGE    67

..........................................................


THE FAYETTEVILLE REGL AIRPORT NC CLIMATE NORMALS FOR TOMORROW
                         NORMAL    RECORD    YEAR
 MAXIMUM TEMPERATURE (F)   89       101      1943
 MINIMUM TEMPERATURE (F)   69        53      1942


SUNRISE AND SUNSET
AUGUST 25 2016........SUNRISE   643 AM EDT   SUNSET   751 PM EDT
AUGUST 26 2016........SUNRISE   644 AM EDT   SUNSET   750 PM EDT


-  INDICATES NEGATIVE NUMBERS.
R  INDICATES RECORD WAS SET OR TIED.
MM INDICATES DATA IS MISSING.
T  INDICATES TRACE AMOUNT.




$$
