000
CDUS42 KRAH 260554
CLIFAY


CLIMATE REPORT
NATIONAL WEATHER SERVICE RALEIGH NC
148 AM EDT WED APR 26 2017


...................................

...THE FAYETTEVILLE REGL AIRPORT NC CLIMATE SUMMARY FOR APRIL 25 2017...

CLIMATE NORMAL PERIOD 1981 TO 2010
CLIMATE RECORD PERIOD 1910 TO 2017


WEATHER ITEM   OBSERVED TIME   RECORD YEAR NORMAL DEPARTURE LAST
                VALUE   (LST)  VALUE       VALUE  FROM      YEAR
                                                  NORMAL
..................................................................
TEMPERATURE (F)
 YESTERDAY
  MAXIMUM         72    219 PM  94    1925  77     -5       82
  MINIMUM         61   1211 AM  36    1969  53      8       50
  AVERAGE         67                        65      2       66

PRECIPITATION (IN)
  YESTERDAY        0.25          2.40 1941   0.07   0.18     0.00
  MONTH TO DATE    4.23                      2.50   1.73     2.16
  SINCE MAR 1      6.91                      6.05   0.86     3.17
  SINCE JAN 1     10.33                     12.11  -1.78    11.01

DEGREE DAYS
 HEATING
  YESTERDAY        0                         3     -3        0
  MONTH TO DATE   44                       125    -81      139
  SINCE MAR 1    393                       469    -76      329
  SINCE JUL 1   2015                      2694   -679     2142

 COOLING
  YESTERDAY        2                         3     -1        1
  MONTH TO DATE  101                        50     51       35
  SINCE MAR 1    137                        62     75       97
  SINCE JAN 1    152                        66     86       97
..................................................................


WIND (MPH)
  HIGHEST WIND SPEED    15   HIGHEST WIND DIRECTION     W (290)
  HIGHEST GUST SPEED    19   HIGHEST GUST DIRECTION    NW (300)
  AVERAGE WIND SPEED     6.1


SKY COVER
  POSSIBLE SUNSHINE  MM
  AVERAGE SKY COVER 1.0


WEATHER CONDITIONS
 THE FOLLOWING WEATHER WAS RECORDED YESTERDAY.
  HEAVY RAIN
  LIGHT RAIN
  FOG


RELATIVE HUMIDITY (PERCENT)
 HIGHEST   100           300 AM
 LOWEST     68           300 PM
 AVERAGE    84

..........................................................


THE FAYETTEVILLE REGL AIRPORT NC CLIMATE NORMALS FOR TODAY
                         NORMAL    RECORD    YEAR
 MAXIMUM TEMPERATURE (F)   78        93      1960
 MINIMUM TEMPERATURE (F)   53        32      1919


SUNRISE AND SUNSET
APRIL 26 2017.........SUNRISE   630 AM EDT   SUNSET   757 PM EDT
APRIL 27 2017.........SUNRISE   629 AM EDT   SUNSET   758 PM EDT


-  INDICATES NEGATIVE NUMBERS.
R  INDICATES RECORD WAS SET OR TIED.
MM INDICATES DATA IS MISSING.
T  INDICATES TRACE AMOUNT.




$$
