000
CDUS42 KRAH 270659
CLIFAY


CLIMATE REPORT
NATIONAL WEATHER SERVICE RALEIGH NC
256 AM EDT THU JUL 27 2017


...................................

...THE FAYETTEVILLE REGL AIRPORT NC CLIMATE SUMMARY FOR JULY 26 2017...

CLIMATE NORMAL PERIOD 1981 TO 2010
CLIMATE RECORD PERIOD 1910 TO 2017


WEATHER ITEM   OBSERVED TIME   RECORD YEAR NORMAL DEPARTURE LAST
                VALUE   (LST)  VALUE       VALUE  FROM      YEAR
                                                  NORMAL
..................................................................
TEMPERATURE (F)
 YESTERDAY
  MAXIMUM         90    410 PM 104    1940  91     -1       98
  MINIMUM         72    550 AM  58    1929  72      0       77
  AVERAGE         81                        81      0       88

PRECIPITATION (IN)
  YESTERDAY        0.00          2.10 1925   0.22  -0.22     0.00
  MONTH TO DATE    7.88                      4.98   2.90     4.53
  SINCE JUN 1     12.44                      9.33   3.11     7.74
  SINCE JAN 1     28.08                     25.00   3.08    25.31

DEGREE DAYS
 HEATING
  YESTERDAY        0                         0      0        0
  MONTH TO DATE    0                         0      0        0
  SINCE JUN 1      0                         0      0        0
  SINCE JUL 1      0                         0      0        0

 COOLING
  YESTERDAY       16                        16      0       23
  MONTH TO DATE  514                       427     87      500
  SINCE JUN 1    946                       823    123      952
  SINCE JAN 1   1449                      1107    342     1288
..................................................................


WIND (MPH)
  HIGHEST WIND SPEED     9   HIGHEST WIND DIRECTION     S (160)
  HIGHEST GUST SPEED    MM   HIGHEST GUST DIRECTION    MM
  AVERAGE WIND SPEED     7.0


SKY COVER
  POSSIBLE SUNSHINE  MM
  AVERAGE SKY COVER 0.4


WEATHER CONDITIONS
 THE FOLLOWING WEATHER WAS RECORDED YESTERDAY.
  NO SIGNIFICANT WEATHER WAS OBSERVED.


RELATIVE HUMIDITY (PERCENT)
 HIGHEST    MM
 LOWEST     MM
 AVERAGE    MM

..........................................................


THE FAYETTEVILLE REGL AIRPORT NC CLIMATE NORMALS FOR TODAY
                         NORMAL    RECORD    YEAR
 MAXIMUM TEMPERATURE (F)   91       106      1940
 MINIMUM TEMPERATURE (F)   71        56      1920


SUNRISE AND SUNSET
JULY 27 2017..........SUNRISE   621 AM EDT   SUNSET   822 PM EDT
JULY 28 2017..........SUNRISE   622 AM EDT   SUNSET   821 PM EDT


-  INDICATES NEGATIVE NUMBERS.
R  INDICATES RECORD WAS SET OR TIED.
MM INDICATES DATA IS MISSING.
T  INDICATES TRACE AMOUNT.




$$
