000
CDUS42 KFFC 190831
CLIFFC


CLIMATE REPORT
NATIONAL WEATHER SERVICE PEACHTREE CITY GA
431 AM EDT SAT APR 19 2014


...................................

...THE PEACHTREE CITY CLIMATE SUMMARY FOR APRIL 18 2014...

CLIMATE NORMAL PERIOD 1981 TO 2010
CLIMATE RECORD PERIOD 9999 TO 9999


WEATHER ITEM   OBSERVED TIME   RECORD YEAR NORMAL DEPARTURE LAST
                VALUE   (LST)  VALUE       VALUE  FROM      YEAR
                                                  NORMAL
..................................................................
TEMPERATURE (F)
 YESTERDAY
  MAXIMUM         59   1211 AM  MM      MM  75    -16       81
  MINIMUM         50   1145 PM  MM      MM  48      2       55
  AVERAGE         55                        61     -6       68

PRECIPITATION (IN)
  YESTERDAY        1.25         MM      MM   0.12   1.13     0.00
  MONTH TO DATE    4.57                      2.47   2.10     2.01
  SINCE MAR 1      8.62                      7.58   1.04     2.53
  SINCE JAN 1     14.96                     16.68  -1.72     2.53

SNOWFALL (IN)
  YESTERDAY       MM            MM      MM  MM     MM       MM
  MONTH TO DATE    0.0                      MM     MM        0.0
  SINCE MAR 1      0.0                      MM     MM        0.0
  SINCE JUL 1      1.8                      MM     MM        0.0
  SNOW DEPTH      MM

DEGREE DAYS
 HEATING
  YESTERDAY       10                         5      5        0
  MONTH TO DATE  114                       121     -7      100
  SINCE MAR 1    530                       491     39      120
  SINCE JUL 1   3060                      2873    187      120

 COOLING
  YESTERDAY        0                         1     -1        3
  MONTH TO DATE   10                        12     -2       22
  SINCE MAR 1     10                        17     -7       22
  SINCE JAN 1     10                        17     -7       22
..................................................................


WIND (MPH)
  RESULTANT WIND SPEED   5   RESULTANT WIND DIRECTION   E (70)
  HIGHEST WIND SPEED    13   HIGHEST WIND DIRECTION     N (360)
  HIGHEST GUST SPEED    20   HIGHEST GUST DIRECTION    NE (30)
  AVERAGE WIND SPEED     6.7


SKY COVER
  POSSIBLE SUNSHINE  MM
  AVERAGE SKY COVER 1.0


WEATHER CONDITIONS
 THE FOLLOWING WEATHER WAS RECORDED YESTERDAY.
  HEAVY RAIN
  RAIN
  LIGHT RAIN
  FOG


RELATIVE HUMIDITY (PERCENT)
 HIGHEST    93           800 PM
 LOWEST     47           100 AM
 AVERAGE    70

..........................................................


THE PEACHTREE CITY CLIMATE NORMALS FOR TODAY
                         NORMAL    RECORD    YEAR
 MAXIMUM TEMPERATURE (F)   75        MM        MM
 MINIMUM TEMPERATURE (F)   48        MM        MM


SUNRISE AND SUNSET
APRIL 19 2014.........SUNRISE   703 AM EDT   SUNSET   812 PM EDT
APRIL 20 2014.........SUNRISE   702 AM EDT   SUNSET   813 PM EDT


-  INDICATES NEGATIVE NUMBERS.
R  INDICATES RECORD WAS SET OR TIED.
MM INDICATES DATA IS MISSING.
T  INDICATES TRACE AMOUNT.




$$
