023
CDUS42 KFFC 230829
CLIFFC


CLIMATE REPORT
NATIONAL WEATHER SERVICE PEACHTREE CITY GA
427 AM EDT THU MAR 23 2017


...................................

...THE PEACHTREE CITY CLIMATE SUMMARY FOR MARCH 22 2017...

CLIMATE NORMAL PERIOD 1981 TO 2010
CLIMATE RECORD PERIOD 9999 TO 9999


WEATHER ITEM   OBSERVED TIME   RECORD YEAR NORMAL DEPARTURE LAST
                VALUE   (LST)  VALUE       VALUE  FROM      YEAR
                                                  NORMAL
..................................................................
TEMPERATURE (F)
 YESTERDAY
  MAXIMUM         69    458 PM  MM      MM  68      1       68
  MINIMUM         48   1159 PM  MM      MM  41      7       29
  AVERAGE         59                        55      4       49

PRECIPITATION (IN)
  YESTERDAY        T            MM      MM   0.16  -0.16     0.00
  MONTH TO DATE    1.68                      3.75  -2.07     1.79
  SINCE MAR 1      1.68                      3.75  -2.07     1.79
  SINCE JAN 1     11.93                     12.85  -0.92    13.06

SNOWFALL (IN)
  YESTERDAY       MM            MM      MM  MM     MM        0.0
  MONTH TO DATE    0.0                      MM     MM        0.0
  SINCE MAR 1      0.0                      MM     MM        0.0
  SINCE JUL 1      0.0                      MM     MM        0.2
  SNOW DEPTH       0

DEGREE DAYS
 HEATING
  YESTERDAY        6                        11     -5       16
  MONTH TO DATE  298                       285     13      180
  SINCE MAR 1    298                       285     13      180
  SINCE JUL 1   1937                      2667   -730     2105

 COOLING
  YESTERDAY        0                         0      0        0
  MONTH TO DATE    6                         0      6       10
  SINCE MAR 1      6                         0      6       10
  SINCE JAN 1      7                         0      7       10
..................................................................


WIND (MPH)
  RESULTANT WIND SPEED   8   RESULTANT WIND DIRECTION  NW (330)
  HIGHEST WIND SPEED    17   HIGHEST WIND DIRECTION     N (340)
  HIGHEST GUST SPEED    22   HIGHEST GUST DIRECTION    NW (310)
  AVERAGE WIND SPEED     8.5


SKY COVER
  POSSIBLE SUNSHINE  MM
  AVERAGE SKY COVER 0.1


WEATHER CONDITIONS
 THE FOLLOWING WEATHER WAS RECORDED YESTERDAY.
  NO SIGNIFICANT WEATHER WAS OBSERVED.


RELATIVE HUMIDITY (PERCENT)
 HIGHEST    93           200 AM
 LOWEST     30          1100 PM
 AVERAGE    62

..........................................................


THE PEACHTREE CITY CLIMATE NORMALS FOR TODAY
                         NORMAL    RECORD    YEAR
 MAXIMUM TEMPERATURE (F)   68        MM        MM
 MINIMUM TEMPERATURE (F)   42        MM        MM


SUNRISE AND SUNSET
MARCH 23 2017.........SUNRISE   738 AM EDT   SUNSET   752 PM EDT
MARCH 24 2017.........SUNRISE   736 AM EDT   SUNSET   753 PM EDT


-  INDICATES NEGATIVE NUMBERS.
R  INDICATES RECORD WAS SET OR TIED.
MM INDICATES DATA IS MISSING.
T  INDICATES TRACE AMOUNT.




$$
