000
CDUS42 KFFC 160918
CLIFFC


CLIMATE REPORT
NATIONAL WEATHER SERVICE PEACHTREE CITY GA
418 AM EST MON JAN 16 2017


...................................

...THE PEACHTREE CITY CLIMATE SUMMARY FOR JANUARY 15 2017...

CLIMATE NORMAL PERIOD 1981 TO 2010
CLIMATE RECORD PERIOD 9999 TO 9999


WEATHER ITEM   OBSERVED TIME   RECORD YEAR NORMAL DEPARTURE LAST
                VALUE   (LST)  VALUE       VALUE  FROM      YEAR
                                                  NORMAL
..................................................................
TEMPERATURE (F)
 YESTERDAY
  MAXIMUM         74    429 PM  MM      MM  53     21       51
  MINIMUM         44    831 AM  MM      MM  32     12       31
  AVERAGE         59                        43     16       41

PRECIPITATION (IN)
  YESTERDAY        0.00         MM      MM   0.13  -0.13     1.09
  MONTH TO DATE    4.36                      1.64   2.72     1.41
  SINCE DEC 1      7.01                      5.78   1.23    16.40
  SINCE JAN 1      4.36                      1.64   2.72     1.41

SNOWFALL (IN)
  YESTERDAY        0.0          MM      MM  MM     MM        0.0
  MONTH TO DATE    0.0                      MM     MM        0.0
  SINCE DEC 1      0.0                      MM     MM        0.0
  SINCE JUL 1      0.0                      MM     MM        0.0
  SNOW DEPTH       0

DEGREE DAYS
 HEATING
  YESTERDAY        6                        22    -16       24
  MONTH TO DATE  258                       344    -86      351
  SINCE DEC 1    789                       983   -194      655
  SINCE JUL 1   1139                      1525   -386     1041

 COOLING
  YESTERDAY        0                         0      0        0
  MONTH TO DATE    0                         0      0        0
  SINCE DEC 1      0                         0      0       14
  SINCE JAN 1      0                         0      0        0
..................................................................


WIND (MPH)
  RESULTANT WIND SPEED   1   RESULTANT WIND DIRECTION   E (100)
  HIGHEST WIND SPEED     8   HIGHEST WIND DIRECTION    SW (230)
  HIGHEST GUST SPEED    12   HIGHEST GUST DIRECTION     W (260)
  AVERAGE WIND SPEED     0.6


SKY COVER
  POSSIBLE SUNSHINE  MM
  AVERAGE SKY COVER 0.2


WEATHER CONDITIONS
 THE FOLLOWING WEATHER WAS RECORDED YESTERDAY.
  FOG


RELATIVE HUMIDITY (PERCENT)
 HIGHEST   100           400 AM
 LOWEST     41           400 PM
 AVERAGE    71

..........................................................


THE PEACHTREE CITY CLIMATE NORMALS FOR TODAY
                         NORMAL    RECORD    YEAR
 MAXIMUM TEMPERATURE (F)   54        MM        MM
 MINIMUM TEMPERATURE (F)   32        MM        MM


SUNRISE AND SUNSET
JANUARY 16 2017.......SUNRISE   742 AM EST   SUNSET   555 PM EST
JANUARY 17 2017.......SUNRISE   741 AM EST   SUNSET   556 PM EST


-  INDICATES NEGATIVE NUMBERS.
R  INDICATES RECORD WAS SET OR TIED.
MM INDICATES DATA IS MISSING.
T  INDICATES TRACE AMOUNT.




$$
