762
CDUS42 KFFC 262041
CLIFFC


CLIMATE REPORT
NATIONAL WEATHER SERVICE PEACHTREE CITY GA
440 PM EDT THU MAY 26 2016


...................................

...THE PEACHTREE CITY CLIMATE SUMMARY FOR MAY 26 2016...
VALID TODAY AS OF 0400 PM LOCAL TIME.

CLIMATE NORMAL PERIOD 1981 TO 2010
CLIMATE RECORD PERIOD 9999 TO 9999


WEATHER ITEM   OBSERVED TIME   RECORD YEAR NORMAL DEPARTURE LAST
                VALUE   (LST)  VALUE       VALUE  FROM      YEAR
                                                  NORMAL
..................................................................
TEMPERATURE (F)
 TODAY
  MAXIMUM         83   1100 AM  MM      MM  84     -1       85
  MINIMUM         61        MM  MM      MM  60      1       65
  AVERAGE         72                        72      0       75

PRECIPITATION (IN)
  TODAY            T            MM      MM   0.13  -0.13     1.04
  MONTH TO DATE    0.56                      2.68  -2.12     2.28
  SINCE MAR 1      7.85                     11.71  -3.86    12.93

SNOWFALL (IN)
  TODAY            0.0          MM      MM  MM     MM       MM
  MONTH TO DATE    0.0                      MM     MM        0.0
  SINCE MAR 1      0.0                      MM     MM        0.0
  SINCE JUL 1      0.2                      MM     MM         T

DEGREE DAYS
 HEATING
  TODAY            0                         0      0        0
  MONTH TO DATE   27                        31     -4       11
  SINCE MAR 1    394                       568   -174      355
  SINCE JUL 1   2319                      2950   -631     2873

 COOLING
  TODAY            7                         7      0       10
  MONTH TO DATE  100                       115    -15      167
  SINCE MAR 1    149                       151     -2      246
  SINCE JAN 1    149                       151     -2      246
..................................................................


WIND (MPH)
  RESULTANT WIND SPEED   0   RESULTANT WIND DIRECTION   N (20)
  HIGHEST WIND SPEED     4   HIGHEST WIND DIRECTION     E (99)
  HIGHEST GUST SPEED    MM   HIGHEST GUST DIRECTION    MM
  AVERAGE WIND SPEED     0.6


SKY COVER
  POSSIBLE SUNSHINE   0 PERCENT
  AVERAGE SKY COVER 0.0


WEATHER CONDITIONS
 THE FOLLOWING WEATHER WAS RECORDED TODAY.
  NO SIGNIFICANT WEATHER WAS OBSERVED.


RELATIVE HUMIDITY (PERCENT)
 HIGHEST     0          1200 AM
 LOWEST      0          1200 AM
 AVERAGE     0

..........................................................


THE PEACHTREE CITY CLIMATE NORMALS FOR TOMORROW
                         NORMAL    RECORD    YEAR
 MAXIMUM TEMPERATURE (F)   84        MM        MM
 MINIMUM TEMPERATURE (F)   60        MM        MM


SUNRISE AND SUNSET
MAY 26 2016...........SUNRISE   632 AM EDT   SUNSET   839 PM EDT
MAY 27 2016...........SUNRISE   631 AM EDT   SUNSET   840 PM EDT


-  INDICATES NEGATIVE NUMBERS.
R  INDICATES RECORD WAS SET OR TIED.
MM INDICATES DATA IS MISSING.
T  INDICATES TRACE AMOUNT.




$$
