000
CDUS43 KLMK 220627
CLIFFT


CLIMATE REPORT
NATIONAL WEATHER SERVICE LOUISVILLE KY
226 AM EDT SUN OCT 22 2017


...................................

...THE FRANKFORT KY CLIMATE SUMMARY FOR OCTOBER 21 2017...

CLIMATE NORMAL PERIOD 1981 TO 2010
CLIMATE RECORD PERIOD 1895 TO 2017


WEATHER ITEM   OBSERVED TIME   RECORD YEAR NORMAL DEPARTURE LAST
                VALUE   (LST)  VALUE       VALUE  FROM      YEAR
                                                  NORMAL
..................................................................
TEMPERATURE (F)
 YESTERDAY
  MAXIMUM         76    330 PM  88    1963  67      9       57
  MINIMUM         46    647 AM  21    1952  43      3       46
  AVERAGE         61                        55      6       52

PRECIPITATION (IN)
  YESTERDAY        0.00          0.99 2005   0.11  -0.11     0.12
  MONTH TO DATE    3.84                      2.15   1.69     0.65
  SINCE SEP 1      8.80                      5.48   3.32     2.70
  SINCE JAN 1     42.52                     36.79   5.73    38.75

SNOWFALL (IN)
  YESTERDAY       MM            MM      MM  MM     MM       MM
  MONTH TO DATE   MM                        MM     MM       MM
  SINCE SEP 1     MM                        MM     MM       MM
  SINCE JUL 1     MM                        MM     MM       MM
  SNOW DEPTH      MM

DEGREE DAYS
 HEATING
  YESTERDAY        4                        11     -7       13
  MONTH TO DATE   61                       166   -105       59
  SINCE SEP 1     93                       219   -126       77
  SINCE JUL 1     93                       220   -127       77

 COOLING
  YESTERDAY        0                         0      0        0
  MONTH TO DATE   44                        15     29       67
  SINCE SEP 1    186                       148     38      329
  SINCE JAN 1   1273                      1150    123     1620
..................................................................


WIND (MPH)
  HIGHEST WIND SPEED    14   HIGHEST WIND DIRECTION    SW (220)
  HIGHEST GUST SPEED    18   HIGHEST GUST DIRECTION    SW (210)
  AVERAGE WIND SPEED     3.6


SKY COVER
  POSSIBLE SUNSHINE  MM
  AVERAGE SKY COVER 0.0


WEATHER CONDITIONS
 THE FOLLOWING WEATHER WAS RECORDED YESTERDAY.
  FOG
  HAZE


RELATIVE HUMIDITY (PERCENT)
 HIGHEST    93           200 AM
 LOWEST     33           200 PM
 AVERAGE    63

..........................................................


THE FRANKFORT KY CLIMATE NORMALS FOR TODAY
                         NORMAL    RECORD    YEAR
 MAXIMUM TEMPERATURE (F)   66        88      1947
 MINIMUM TEMPERATURE (F)   43        20      1952


SUNRISE AND SUNSET
OCTOBER 22 2017.......SUNRISE   756 AM EDT   SUNSET   652 PM EDT
OCTOBER 23 2017.......SUNRISE   757 AM EDT   SUNSET   651 PM EDT


-  INDICATES NEGATIVE NUMBERS.
R  INDICATES RECORD WAS SET OR TIED.
MM INDICATES DATA IS MISSING.
T  INDICATES TRACE AMOUNT.




$$
