000
CDUS43 KLMK 300630
CLIFFT


CLIMATE REPORT
NATIONAL WEATHER SERVICE LOUISVILLE KY
230 AM EDT SUN AUG 30 2015


...................................

...THE FRANKFORT KY CLIMATE SUMMARY FOR AUGUST 29 2015...

CLIMATE NORMAL PERIOD 1981 TO 2010
CLIMATE RECORD PERIOD 1895 TO 2015


WEATHER ITEM   OBSERVED TIME   RECORD YEAR NORMAL DEPARTURE LAST
                VALUE   (LST)  VALUE       VALUE  FROM      YEAR
                                                  NORMAL
..................................................................
TEMPERATURE (F)
 YESTERDAY
  MAXIMUM         88    303 PM  99    1948  85      3       90
  MINIMUM         62    337 AM  42    1986  62      0       67
  AVERAGE         75                        74      1       79

PRECIPITATION (IN)
  YESTERDAY        0.00          1.89 1914   0.11  -0.11     0.00
  MONTH TO DATE    2.93                      3.13  -0.20     5.15
  SINCE JUN 1     20.16                     11.61   8.55    12.10
  SINCE JAN 1     43.56                     31.08  12.48    32.88

SNOWFALL (IN)
  YESTERDAY       MM            MM      MM  MM     MM       MM
  MONTH TO DATE   MM                        MM     MM       MM
  SINCE JUN 1     MM                        MM     MM       MM
  SINCE JUL 1     MM                        MM     MM       MM
  SNOW DEPTH      MM

DEGREE DAYS
 HEATING
  YESTERDAY        0                         0      0        0
  MONTH TO DATE    1                         0      1        0
  SINCE JUN 1     17                        10      7        6
  SINCE JUL 1      1                         0      1        3

 COOLING
  YESTERDAY       10                         9      1       14
  MONTH TO DATE  218                       301    -83      292
  SINCE JUN 1    862                       887    -25      782
  SINCE JAN 1   1017                       986     31      904
..................................................................


WIND (MPH)
  HIGHEST WIND SPEED    16   HIGHEST WIND DIRECTION    SW (220)
  HIGHEST GUST SPEED    20   HIGHEST GUST DIRECTION    SW (210)
  AVERAGE WIND SPEED     5.8


SKY COVER
  POSSIBLE SUNSHINE  MM
  AVERAGE SKY COVER 0.2


WEATHER CONDITIONS
 THE FOLLOWING WEATHER WAS RECORDED YESTERDAY.
  NO SIGNIFICANT WEATHER WAS OBSERVED.


RELATIVE HUMIDITY (PERCENT)
 HIGHEST    93           500 AM
 LOWEST     51           200 PM
 AVERAGE    72

..........................................................


THE FRANKFORT KY CLIMATE NORMALS FOR TODAY
                         NORMAL    RECORD    YEAR
 MAXIMUM TEMPERATURE (F)   85        99      1953
 MINIMUM TEMPERATURE (F)   62        42      1986


SUNRISE AND SUNSET
AUGUST 30 2015........SUNRISE   707 AM EDT   SUNSET   813 PM EDT
AUGUST 31 2015........SUNRISE   708 AM EDT   SUNSET   811 PM EDT


-  INDICATES NEGATIVE NUMBERS.
R  INDICATES RECORD WAS SET OR TIED.
MM INDICATES DATA IS MISSING.
T  INDICATES TRACE AMOUNT.




$$
