000
CDUS43 KLMK 242132
CLIFFT


CLIMATE REPORT
NATIONAL WEATHER SERVICE LOUISVILLE KY
431 PM EST TUE JAN 24 2017


...................................

...THE FRANKFORT KY CLIMATE SUMMARY FOR JANUARY 24 2017...
VALID TODAY AS OF 0400 PM LOCAL TIME.

CLIMATE NORMAL PERIOD 1981 TO 2010
CLIMATE RECORD PERIOD 1895 TO 2017


WEATHER ITEM   OBSERVED TIME   RECORD YEAR NORMAL DEPARTURE LAST
                VALUE   (LST)  VALUE       VALUE  FROM      YEAR
                                                  NORMAL
..................................................................
TEMPERATURE (F)
 TODAY
  MAXIMUM         48    404 PM  80    1943  42      6       34
  MINIMUM         40    856 AM -18    1963  24     16        3
  AVERAGE         44                        33     11       19

PRECIPITATION (IN)
  TODAY            0.00          2.00 2002   0.09  -0.09     0.00
  MONTH TO DATE    3.92                      2.59   1.33     1.38
  SINCE DEC 1      9.39                      6.60   2.79     7.64
  SINCE JAN 1      3.92                      2.59   1.33     1.38

SNOWFALL (IN)
  TODAY           MM            MM      MM  MM     MM       MM
  MONTH TO DATE   MM                        MM     MM       MM
  SINCE DEC 1     MM                        MM     MM       MM
  SINCE JUL 1     MM                        MM     MM       MM
  SNOW DEPTH      MM

DEGREE DAYS
 HEATING
  TODAY           21                        32    -11       46
  MONTH TO DATE  568                       787   -219      853
  SINCE DEC 1   1441                      1708   -267     1383
  SINCE JUL 1   2059                      2619   -560     2117

 COOLING
  TODAY            0                         0      0        0
  MONTH TO DATE    0                         0      0        0
  SINCE DEC 1      0                         0      0        1
  SINCE JAN 1      0                         0      0        0
..................................................................


WIND (MPH)
  HIGHEST WIND SPEED    13   HIGHEST WIND DIRECTION    NW (310)
  HIGHEST GUST SPEED    20   HIGHEST GUST DIRECTION     W (280)
  AVERAGE WIND SPEED     6.4


SKY COVER
  POSSIBLE SUNSHINE  MM
  AVERAGE SKY COVER 1.0


WEATHER CONDITIONS
 THE FOLLOWING WEATHER WAS RECORDED TODAY.
  FOG
  HAZE


RELATIVE HUMIDITY (PERCENT)
 HIGHEST    92           700 AM
 LOWEST     60           400 PM
 AVERAGE    76

..........................................................


THE FRANKFORT KY CLIMATE NORMALS FOR TOMORROW
                         NORMAL    RECORD    YEAR
 MAXIMUM TEMPERATURE (F)   42        72      1972
                                             1943
 MINIMUM TEMPERATURE (F)   24       -18      1963


SUNRISE AND SUNSET
JANUARY 24 2017.......SUNRISE   750 AM EST   SUNSET   554 PM EST
JANUARY 25 2017.......SUNRISE   750 AM EST   SUNSET   555 PM EST


-  INDICATES NEGATIVE NUMBERS.
R  INDICATES RECORD WAS SET OR TIED.
MM INDICATES DATA IS MISSING.
T  INDICATES TRACE AMOUNT.




$$
