000
CDUS43 KLMK 280634
CLIFFT


CLIMATE REPORT
NATIONAL WEATHER SERVICE LOUISVILLE KY
233 AM EDT THU MAY 28 2015


...................................

...THE FRANKFORT KY CLIMATE SUMMARY FOR MAY 27 2015...

CLIMATE NORMAL PERIOD 1981 TO 2010
CLIMATE RECORD PERIOD 1895 TO 2015


WEATHER ITEM   OBSERVED TIME   RECORD YEAR NORMAL DEPARTURE LAST
                VALUE   (LST)  VALUE       VALUE  FROM      YEAR
                                                  NORMAL
..................................................................
TEMPERATURE (F)
 YESTERDAY
  MAXIMUM         83    116 PM  96    1914  78      5       87
  MINIMUM         63   1107 PM  35    1961  56      7       66
  AVERAGE         73                        67      6       77

PRECIPITATION (IN)
  YESTERDAY        0.09          1.65 1973   0.15  -0.06     0.00
  MONTH TO DATE    0.84                      4.27  -3.43     5.07
  SINCE MAR 1     19.76                     12.34   7.42    13.90
  SINCE JAN 1     23.32                     18.89   4.43    20.10

SNOWFALL (IN)
  YESTERDAY       MM            MM      MM  MM     MM       MM
  MONTH TO DATE   MM                        MM     MM       MM
  SINCE MAR 1     MM                        MM     MM       MM
  SINCE JUL 1     MM                        MM     MM       MM
  SNOW DEPTH      MM

DEGREE DAYS
 HEATING
  YESTERDAY        0                         2     -2        0
  MONTH TO DATE   58                       106    -48      106
  SINCE MAR 1   1003                      1045    -42     1108
  SINCE JUL 1   5123                      4684    439     5220

 COOLING
  YESTERDAY        8                         4      4       12
  MONTH TO DATE  115                        62     53       80
  SINCE MAR 1    123                        82     41       88
  SINCE JAN 1    123                        82     41       88
..................................................................


WIND (MPH)
  HIGHEST WIND SPEED    21   HIGHEST WIND DIRECTION     W (290)
  HIGHEST GUST SPEED    30   HIGHEST GUST DIRECTION     W (280)
  AVERAGE WIND SPEED     8.4


SKY COVER
  POSSIBLE SUNSHINE  MM
  AVERAGE SKY COVER 0.6


WEATHER CONDITIONS
 THE FOLLOWING WEATHER WAS RECORDED YESTERDAY.
  THUNDERSTORM
  RAIN
  LIGHT RAIN


RELATIVE HUMIDITY (PERCENT)
 HIGHEST    93          1200 AM
 LOWEST     54           100 PM
 AVERAGE    74

..........................................................


THE FRANKFORT KY CLIMATE NORMALS FOR TODAY
                         NORMAL    RECORD    YEAR
 MAXIMUM TEMPERATURE (F)   79        99      1914
 MINIMUM TEMPERATURE (F)   56        38      1907


SUNRISE AND SUNSET
MAY 28 2015...........SUNRISE   620 AM EDT   SUNSET   854 PM EDT
MAY 29 2015...........SUNRISE   620 AM EDT   SUNSET   855 PM EDT


-  INDICATES NEGATIVE NUMBERS.
R  INDICATES RECORD WAS SET OR TIED.
MM INDICATES DATA IS MISSING.
T  INDICATES TRACE AMOUNT.




$$
