000
CDUS43 KLMK 310626
CLIFFT


CLIMATE REPORT
NATIONAL WEATHER SERVICE LOUISVILLE KY
226 AM EDT TUE MAY 31 2016


...................................

...THE FRANKFORT KY CLIMATE SUMMARY FOR MAY 30 2016...

CLIMATE NORMAL PERIOD 1981 TO 2010
CLIMATE RECORD PERIOD 1895 TO 2016


WEATHER ITEM   OBSERVED TIME   RECORD YEAR NORMAL DEPARTURE LAST
                VALUE   (LST)  VALUE       VALUE  FROM      YEAR
                                                  NORMAL
..................................................................
TEMPERATURE (F)
 YESTERDAY
  MAXIMUM         87    528 PM  96    1895  79      8       86
  MINIMUM         62    617 AM  39    1992  57      5       68
                                      1947
  AVERAGE         75                        68      7       77

PRECIPITATION (IN)
  YESTERDAY        0.00          2.30 2004   0.14  -0.14     0.05
  MONTH TO DATE    4.49                      4.71  -0.22     0.92
  SINCE MAR 1     13.64                     12.78   0.86    19.84
  SINCE JAN 1     19.66                     19.33   0.33    23.40

SNOWFALL (IN)
  YESTERDAY       MM            MM      MM  MM     MM       MM
  MONTH TO DATE   MM                        MM     MM       MM
  SINCE MAR 1     MM                        MM     MM       MM
  SINCE JUL 1     MM                        MM     MM       MM
  SNOW DEPTH      MM

DEGREE DAYS
 HEATING
  YESTERDAY        0                         1     -1        0
  MONTH TO DATE  135                       111     24       58
  SINCE MAR 1    801                      1050   -249     1003
  SINCE JUL 1   3873                      4689   -816     5123

 COOLING
  YESTERDAY       10                         4      6       12
  MONTH TO DATE   80                        74      6      142
  SINCE MAR 1    106                        94     12      150
  SINCE JAN 1    106                        94     12      150
..................................................................


WIND (MPH)
  HIGHEST WIND SPEED     9   HIGHEST WIND DIRECTION     N (360)
  HIGHEST GUST SPEED    14   HIGHEST GUST DIRECTION    NE (40)
  AVERAGE WIND SPEED     2.4


SKY COVER
  POSSIBLE SUNSHINE  MM
  AVERAGE SKY COVER 0.1


WEATHER CONDITIONS
 THE FOLLOWING WEATHER WAS RECORDED YESTERDAY.
  FOG


RELATIVE HUMIDITY (PERCENT)
 HIGHEST    90           600 AM
 LOWEST     31           400 PM
 AVERAGE    61

..........................................................


THE FRANKFORT KY CLIMATE NORMALS FOR TODAY
                         NORMAL    RECORD    YEAR
 MAXIMUM TEMPERATURE (F)   80        96      1937
                                             1895
 MINIMUM TEMPERATURE (F)   57        38      1936


SUNRISE AND SUNSET
MAY 31 2016...........SUNRISE   618 AM EDT   SUNSET   857 PM EDT
JUNE  1 2016..........SUNRISE   618 AM EDT   SUNSET   857 PM EDT


-  INDICATES NEGATIVE NUMBERS.
R  INDICATES RECORD WAS SET OR TIED.
MM INDICATES DATA IS MISSING.
T  INDICATES TRACE AMOUNT.




$$
