000
CDUS43 KLMK 070627
CLIFFT


CLIMATE REPORT
NATIONAL WEATHER SERVICE LOUISVILLE KY
127 AM EST SUN FEB 7 2016


...................................

...THE FRANKFORT KY CLIMATE SUMMARY FOR FEBRUARY 6 2016...

CLIMATE NORMAL PERIOD 1981 TO 2010
CLIMATE RECORD PERIOD 1895 TO 2016


WEATHER ITEM   OBSERVED TIME   RECORD YEAR NORMAL DEPARTURE LAST
                VALUE   (LST)  VALUE       VALUE  FROM      YEAR
                                                  NORMAL
..................................................................
TEMPERATURE (F)
 YESTERDAY
  MAXIMUM         50    333 PM  68    2008  44      6       41
                                      1927
                                      1925
  MINIMUM         22    754 AM  -6    1966  25     -3       10
                                      1912
  AVERAGE         36                        34      2       26

PRECIPITATION (IN)
  YESTERDAY        0.00          1.76 1955   0.11  -0.11     0.00
  MONTH TO DATE    1.72                      0.67   1.05     0.48
  SINCE DEC 1      9.43                      7.94   1.49     5.09
  SINCE JAN 1      3.17                      3.93  -0.76     1.94

SNOWFALL (IN)
  YESTERDAY       MM            MM      MM  MM     MM       MM
  MONTH TO DATE   MM                        MM     MM       MM
  SINCE DEC 1     MM                        MM     MM       MM
  SINCE JUL 1     MM                        MM     MM       MM
  SNOW DEPTH      MM

DEGREE DAYS
 HEATING
  YESTERDAY       29                        30     -1       39
  MONTH TO DATE  141                       185    -44      200
  SINCE DEC 1   1701                      2112   -411     2075
  SINCE JUL 1   2435                      3023   -588     3203

 COOLING
  YESTERDAY        0                         0      0        0
  MONTH TO DATE    0                         0      0        0
  SINCE DEC 1      1                         0      1        0
  SINCE JAN 1      0                         0      0        0
..................................................................


WIND (MPH)
  HIGHEST WIND SPEED    13   HIGHEST WIND DIRECTION     W (260)
  HIGHEST GUST SPEED    21   HIGHEST GUST DIRECTION     W (250)
  AVERAGE WIND SPEED     3.3


SKY COVER
  POSSIBLE SUNSHINE  MM
  AVERAGE SKY COVER 0.0


WEATHER CONDITIONS
 THE FOLLOWING WEATHER WAS RECORDED YESTERDAY.
  NO SIGNIFICANT WEATHER WAS OBSERVED.


RELATIVE HUMIDITY (PERCENT)
 HIGHEST    84           800 AM
 LOWEST     33           300 PM
 AVERAGE    59

..........................................................


THE FRANKFORT KY CLIMATE NORMALS FOR TODAY
                         NORMAL    RECORD    YEAR
 MAXIMUM TEMPERATURE (F)   44        69      1925
 MINIMUM TEMPERATURE (F)   25        -6      1978


SUNRISE AND SUNSET
FEBRUARY  7 2016......SUNRISE   739 AM EST   SUNSET   609 PM EST
FEBRUARY  8 2016......SUNRISE   738 AM EST   SUNSET   610 PM EST


-  INDICATES NEGATIVE NUMBERS.
R  INDICATES RECORD WAS SET OR TIED.
MM INDICATES DATA IS MISSING.
T  INDICATES TRACE AMOUNT.




$$
