000
CDUS43 KFGF 250715
CLIFGF


CLIMATE REPORT
NATIONAL WEATHER SERVICE EASTERN NORTH DAKOTA/GRAND FORKS
212 AM CDT THU MAY 25 2017


...................................

...THE GRAND FORKS UNIV. (NWS) ND CLIMATE SUMMARY FOR MAY 24 2017...

CLIMATE NORMAL PERIOD 1981 TO 2010
CLIMATE RECORD PERIOD 1893 TO 2017


WEATHER ITEM   OBSERVED TIME   RECORD YEAR NORMAL DEPARTURE LAST
                VALUE   (LST)  VALUE       VALUE  FROM      YEAR
                                                  NORMAL
..................................................................
TEMPERATURE (F)
 YESTERDAY
  MAXIMUM         69        MM  90    1980  71     -2       79
  MINIMUM         38        MM  27    2002  46     -8       56
  AVERAGE         54                        58     -4       68

PRECIPITATION (IN)
  YESTERDAY        0.00          1.40 2010   0.09  -0.09     0.18
  MONTH TO DATE    0.94                      2.00  -1.06     1.06
  SINCE MAR 1      3.26                      4.00  -0.74     3.85
  SINCE JAN 1      4.36                      5.30  -0.94     4.50

SNOWFALL (IN)
  YESTERDAY        0.0           0.0    MM   0.0    0.0      0.0
  MONTH TO DATE    0.0                       0.1   -0.1       T
  SINCE MAR 1      6.8                       8.1   -1.3      2.3
  SINCE JUL 1     49.7                      43.4    6.3     29.6
  SNOW DEPTH       0

DEGREE DAYS
 HEATING
  YESTERDAY       11                         7      4        0
  MONTH TO DATE  237                       265    -28      185
  SINCE MAR 1   2070                      2120    -50     1792
  SINCE JUL 1   8018                      9080  -1062     7724

 COOLING
  YESTERDAY        0                         1     -1        3
  MONTH TO DATE    0                        19    -19       21
  SINCE MAR 1      0                        22    -22       21
  SINCE JAN 1      0                        22    -22       21
..................................................................


WIND (MPH)
  RESULTANT WIND SPEED  MM   RESULTANT WIND DIRECTION  MM
  HIGHEST WIND SPEED    MM   HIGHEST WIND DIRECTION    MM
  HIGHEST GUST SPEED    MM   HIGHEST GUST DIRECTION    MM
  AVERAGE WIND SPEED    MM


SKY COVER
  POSSIBLE SUNSHINE  MM
  AVERAGE SKY COVER  MM


WEATHER CONDITIONS
 THE FOLLOWING WEATHER WAS RECORDED YESTERDAY.
  NO SIGNIFICANT WEATHER WAS OBSERVED.


RELATIVE HUMIDITY (PERCENT)
 HIGHEST    MM
 LOWEST     MM
 AVERAGE    MM

..........................................................


THE GRAND FORKS UNIV. (NWS) ND CLIMATE NORMALS FOR TODAY
                         NORMAL    RECORD    YEAR
 MAXIMUM TEMPERATURE (F)   71        90      1980
                                             1959
 MINIMUM TEMPERATURE (F)   47        29      1893


SUNRISE AND SUNSET
MAY 25 2017...........SUNRISE   539 AM CDT   SUNSET   913 PM CDT
MAY 26 2017...........SUNRISE   538 AM CDT   SUNSET   914 PM CDT


-  INDICATES NEGATIVE NUMBERS.
R  INDICATES RECORD WAS SET OR TIED.
MM INDICATES DATA IS MISSING.
T  INDICATES TRACE AMOUNT.




$$
