000
CDUS43 KFGF 222255
CLIFGF


CLIMATE REPORT
NATIONAL WEATHER SERVICE EASTERN NORTH DAKOTA/GRAND FORKS
450 PM CST WED FEB 22 2017


...................................

...THE GRAND FORKS UNIV. (NWS) ND CLIMATE SUMMARY FOR FEBRUARY 22 2017...
VALID TODAY AS OF 0400 PM LOCAL TIME.

CLIMATE NORMAL PERIOD 1981 TO 2010
CLIMATE RECORD PERIOD 1890 TO 2017


WEATHER ITEM   OBSERVED TIME   RECORD YEAR NORMAL DEPARTURE LAST
                VALUE   (LST)  VALUE       VALUE  FROM      YEAR
                                                  NORMAL
..................................................................
TEMPERATURE (F)
 TODAY
  MAXIMUM         35        MM  67    2000  25     10       36
  MINIMUM         31        MM -34    1914   7     24       21
  AVERAGE         33                        16     17       29

PRECIPITATION (IN)
  TODAY            0.02          0.65 1930   0.03  -0.01     0.01
  MONTH TO DATE    0.43                      0.43   0.00     0.33
  SINCE DEC 1      2.87                      1.79   1.08     1.75
  SINCE JAN 1      1.03                      1.14  -0.11     0.63

SNOWFALL (IN)
  TODAY            T             6.2  1979   0.3   -0.3      0.2
  MONTH TO DATE    4.0                       5.3   -1.3      4.3
  SINCE DEC 1     40.8                      26.6   14.2     23.8
  SINCE JUL 1     41.7                      33.7    8.0     27.2
  SNOW DEPTH       T

DEGREE DAYS
 HEATING
  TODAY           32                        49    -17       36
  MONTH TO DATE  974                      1156   -182     1010
  SINCE DEC 1   4210                      4580   -370     4047
  SINCE JUL 1   5664                      6674  -1010     5656

 COOLING
  TODAY            0                         0      0        0
  MONTH TO DATE    0                         0      0        0
  SINCE DEC 1      0                         0      0        0
  SINCE JAN 1      0                         0      0        0
..................................................................


WIND (MPH)
  HIGHEST WIND SPEED    MM   HIGHEST WIND DIRECTION    MM
  HIGHEST GUST SPEED    MM   HIGHEST GUST DIRECTION    MM
  AVERAGE WIND SPEED    MM


SKY COVER
  POSSIBLE SUNSHINE  MM
  AVERAGE SKY COVER  MM


WEATHER CONDITIONS
 THE FOLLOWING WEATHER WAS RECORDED TODAY.
  LIGHT RAIN
  LIGHT SNOW
  FOG


RELATIVE HUMIDITY (PERCENT)
 HIGHEST    MM
 LOWEST     MM
 AVERAGE    MM

..........................................................


THE GRAND FORKS UNIV. (NWS) ND CLIMATE NORMALS FOR TOMORROW
                         NORMAL    RECORD    YEAR
 MAXIMUM TEMPERATURE (F)   25        59      1958
 MINIMUM TEMPERATURE (F)    8       -32      1914


SUNRISE AND SUNSET
FEBRUARY 22 2017......SUNRISE   722 AM CST   SUNSET   603 PM CST
FEBRUARY 23 2017......SUNRISE   720 AM CST   SUNSET   604 PM CST


-  INDICATES NEGATIVE NUMBERS.
R  INDICATES RECORD WAS SET OR TIED.
MM INDICATES DATA IS MISSING.
T  INDICATES TRACE AMOUNT.




$$
