000
CDUS45 KFGZ 040856
CLIFLG
CLIMATE REPORT
NATIONAL WEATHER SERVICE FLAGSTAFF, AZ
153 AM MST WED MAR 4 2015


...................................

...THE FLAGSTAFF AZ AIRPORT CLIMATE SUMMARY FOR MARCH 3 2015...

CLIMATE NORMAL PERIOD 1981 TO 2010
CLIMATE RECORD PERIOD 1898 TO 2015


WEATHER ITEM   OBSERVED TIME   RECORD YEAR NORMAL DEPARTURE LAST
                VALUE   (LST)  VALUE       VALUE  FROM      YEAR
                                                  NORMAL
..................................................................
TEMPERATURE (F)
 YESTERDAY
  MAXIMUM         34    436 PM  66    1910  48    -14       54
  MINIMUM         19         MM  -9    1915  22     -3       27
  AVERAGE         27                        35     -8

PRECIPITATION (IN)
  YESTERDAY        T             2.11 1938   0.08  -0.08     0.00
  MONTH TO DATE    3.69                      0.23   3.46     1.13
  SINCE SEP 1     15.83                     12.11   3.72     8.84
  SINCE JAN 1      8.00                      4.44   3.56     1.73

SNOWFALL (IN)
  YESTERDAY        0.9          11.9  1976   0.7             0.0
  MONTH TO DATE   17.3                       2.2             1.1
  SINCE JUL 1     56.2                      75.4            34.6
  SNOW DEPTH      12

DEGREE DAYS
 HEATING
  YESTERDAY       38                        30      8       24
  MONTH TO DATE   98                        91      7       79
  SINCE JUL 1   4148                      4930   -782     4680

 COOLING
  YESTERDAY        0                         0      0        0
  MONTH TO DATE    0                         0      0        0
  SINCE JAN 1      0                         0      0        0
..................................................................


WIND (MPH)
  HIGHEST WIND SPEED    16   HIGHEST WIND DIRECTION     W (250)
  HIGHEST GUST SPEED    26   HIGHEST GUST DIRECTION     N (21)
  AVERAGE WIND SPEED     5.0


SKY COVER
  POSSIBLE SUNSHINE  MM
  AVERAGE SKY COVER 0.7


WEATHER CONDITIONS
 THE FOLLOWING WEATHER WAS RECORDED YESTERDAY.
  FOG
  HAZE


RELATIVE HUMIDITY (PERCENT)
 HIGHEST    78           200 PM
 LOWEST     78           200 PM
 AVERAGE    78

..........................................................


THE FLAGSTAFF AZ AIRPORT CLIMATE NORMALS FOR TODAY
                         NORMAL    RECORD    YEAR
 MAXIMUM TEMPERATURE (F)   48        68      1910
 MINIMUM TEMPERATURE (F)   22       -16      1966


SUNRISE AND SUNSET
MARCH  4 2015.........SUNRISE   652 AM MST   SUNSET   625 PM MST
MARCH  5 2015.........SUNRISE   651 AM MST   SUNSET   626 PM MST


-  INDICATES NEGATIVE NUMBERS.
R  INDICATES RECORD WAS SET OR TIED.
MM INDICATES DATA IS MISSING.
T  INDICATES TRACE AMOUNT.




$$



&&

-------------------------------------------------------------------
SNOW DEPTH DATA FOR FLAGSTAFF AIRPORT IS REPORTED AT 5 AM MST


-------------------------------------------------------------------
SUPPLEMENTARY CLIMATE DATA FOR NWS BELLEMONT, ARIZONA

SNOW DEPTH (IN) AT 11 AM........................................11
WATER EQUIVALENT OF SNOW PACK (IN) AT 11 AM*...................2.6
* ONLY MEASURED IF SNOW DEPTH IS 2.0 INCHES OR GREATER
-------------------------------------------------------------------
