000
CDUS45 KFGZ 310743
CLIFLG
CLIMATE REPORT
NATIONAL WEATHER SERVICE FLAGSTAFF, AZ
1242 AM MST THU JUL 31 2014


...................................

...THE FLAGSTAFF AZ AIRPORT CLIMATE SUMMARY FOR JULY 30 2014...

CLIMATE NORMAL PERIOD 1981 TO 2010
CLIMATE RECORD PERIOD 1898 TO 2014


WEATHER ITEM   OBSERVED TIME   RECORD YEAR NORMAL DEPARTURE LAST
                VALUE   (LST)  VALUE       VALUE  FROM      YEAR
                                                  NORMAL
..................................................................
TEMPERATURE (F)
 YESTERDAY
  MAXIMUM         84    241 PM  92    1943  80      4       80
  MINIMUM         51    558 AM  40    1913  52     -1       48
  AVERAGE         68                        66      2

PRECIPITATION (IN)
  YESTERDAY        0.00          1.33 2010   0.12  -0.12     0.00
  MONTH TO DATE    3.67                      2.49   1.18     7.56
  SINCE SEP 1     13.99                     18.63  -4.64    17.21
  SINCE JAN 1      6.88                     10.96  -4.08    12.82

SNOWFALL (IN)
  YESTERDAY        0.0           0.0  2002   0.0             0.0
                                      2001
                                      2000
  MONTH TO DATE    0.0                       0.0             0.0
  SINCE JUL 1      0.0                       0.0             0.0
  SNOW DEPTH       0

DEGREE DAYS
 HEATING
  YESTERDAY        0                         1     -1        1
  MONTH TO DATE    1                        35    -34        9
  SINCE JUL 1      1                        35    -34        9

 COOLING
  YESTERDAY        3                         2      1        0
  MONTH TO DATE   82                        60     22       74
  SINCE JAN 1     96                        77     19      124
..................................................................


WIND (MPH)
  HIGHEST WIND SPEED    20   HIGHEST WIND DIRECTION    SW (230)
  HIGHEST GUST SPEED    25   HIGHEST GUST DIRECTION     W (250)
  AVERAGE WIND SPEED     5.0


SKY COVER
  POSSIBLE SUNSHINE  MM
  AVERAGE SKY COVER 0.2


WEATHER CONDITIONS
 THE FOLLOWING WEATHER WAS RECORDED YESTERDAY.
  HAZE


RELATIVE HUMIDITY (PERCENT)
 HIGHEST    83           600 AM
 LOWEST     22           200 PM
 AVERAGE    53

..........................................................


THE FLAGSTAFF AZ AIRPORT CLIMATE NORMALS FOR TODAY
                         NORMAL    RECORD    YEAR
 MAXIMUM TEMPERATURE (F)   80        91      1977
                                             1938
 MINIMUM TEMPERATURE (F)   52        43      1997


SUNRISE AND SUNSET
JULY 31 2014..........SUNRISE   535 AM MST   SUNSET   730 PM MST
AUGUST  1 2014........SUNRISE   536 AM MST   SUNSET   730 PM MST


-  INDICATES NEGATIVE NUMBERS.
R  INDICATES RECORD WAS SET OR TIED.
MM INDICATES DATA IS MISSING.
T  INDICATES TRACE AMOUNT.




$$

&&

-------------------------------------------------------------------
SNOW DEPTH DATA FOR FLAGSTAFF AIRPORT IS REPORTED AT 5 AM MST


-------------------------------------------------------------------
SUPPLEMENTARY CLIMATE DATA FOR NWS BELLEMONT, ARIZONA

SNOW DEPTH (IN) AT 11 AM..........................................0
WATER EQUIVALENT OF SNOW PACK (IN) AT 11 AM*......................0
* ONLY MEASURED IF SNOW DEPTH IS 2.0 INCHES OR GREATER
-------------------------------------------------------------------
