000
CDUS45 KFGZ 140750
CLIFLG
CLIMATE REPORT
NATIONAL WEATHER SERVICE FLAGSTAFF, AZ
1247 AM MST THU DEC 14 2017


...................................

...THE FLAGSTAFF AZ AIRPORT CLIMATE SUMMARY FOR DECEMBER 13 2017...

CLIMATE NORMAL PERIOD 1981 TO 2010
CLIMATE RECORD PERIOD 1898 TO 2017


WEATHER ITEM   OBSERVED TIME   RECORD YEAR NORMAL DEPARTURE LAST
                VALUE   (LST)  VALUE       VALUE  FROM      YEAR
                                                  NORMAL
..................................................................
TEMPERATURE (F)
 YESTERDAY
  MAXIMUM         57    304 PM  67    2010  42     15       51
  MINIMUM         11    709 AM -19    1931  17     -6       28
  AVERAGE         34                        30      4

PRECIPITATION (IN)
  YESTERDAY        0.00          1.52 1967   0.06  -0.06     0.00
  MONTH TO DATE    0.00                      0.74  -0.74      T
  SINCE SEP 1      0.43                      6.54  -6.11     4.19
  SINCE JAN 1     18.01                     20.73  -2.72    21.38

SNOWFALL (IN)
  YESTERDAY        0.0          26.8  1967   0.5             0.0
  MONTH TO DATE    0.0                       6.7              T
  SINCE JUL 1      0.0                      18.9             5.5
  SNOW DEPTH       0

DEGREE DAYS
 HEATING
  YESTERDAY       31                        36     -5       25
  MONTH TO DATE  387                       449    -62      398
  SINCE JUL 1   1773                      2181   -408     1958

 COOLING
  YESTERDAY        0                         0      0        0
  MONTH TO DATE    0                         0      0        0
  SINCE JAN 1    184                       117     67      131
..................................................................


WIND (MPH)
  HIGHEST WIND SPEED    13   HIGHEST WIND DIRECTION     E (70)
  HIGHEST GUST SPEED    18   HIGHEST GUST DIRECTION    NE (60)
  AVERAGE WIND SPEED     2.0


SKY COVER
  POSSIBLE SUNSHINE  MM
  AVERAGE SKY COVER 0.0


WEATHER CONDITIONS
 THE FOLLOWING WEATHER WAS RECORDED YESTERDAY.
  NO SIGNIFICANT WEATHER WAS OBSERVED.


RELATIVE HUMIDITY (PERCENT)
 HIGHEST    58           700 AM
 LOWEST     11           200 PM
 AVERAGE    35

..........................................................


THE FLAGSTAFF AZ AIRPORT CLIMATE NORMALS FOR TODAY
                         NORMAL    RECORD    YEAR
 MAXIMUM TEMPERATURE (F)   42        66      1946
 MINIMUM TEMPERATURE (F)   17       -14      1972
                                             1945


SUNRISE AND SUNSET
DECEMBER 14 2017......SUNRISE   727 AM MST   SUNSET   516 PM MST
DECEMBER 15 2017......SUNRISE   728 AM MST   SUNSET   516 PM MST


-  INDICATES NEGATIVE NUMBERS.
R  INDICATES RECORD WAS SET OR TIED.
MM INDICATES DATA IS MISSING.
T  INDICATES TRACE AMOUNT.




$$
&&

-------------------------------------------------------------------
SNOW DEPTH DATA FOR FLAGSTAFF AIRPORT IS REPORTED AT 5 AM MST


-------------------------------------------------------------------
SUPPLEMENTARY CLIMATE DATA FOR NWS BELLEMONT, ARIZONA

SNOW DEPTH (IN) AT 11 AM...................................0.0
WATER EQUIVALENT OF SNOW PACK (IN) AT 11 AM*...............
* ONLY MEASURED IF SNOW DEPTH IS 2.0 INCHES OR GREATER
-------------------------------------------------------------------
