000
CDUS45 KFGZ 250114
CLIFLG
CLIMATE REPORT
NATIONAL WEATHER SERVICE FLAGSTAFF, AZ
613 PM MST THU APR 24 2014


...................................

...THE FLAGSTAFF AZ AIRPORT CLIMATE SUMMARY FOR APRIL 24 2014...
VALID TODAY AS OF 0500 PM LOCAL TIME.

CLIMATE NORMAL PERIOD 1981 TO 2010
CLIMATE RECORD PERIOD 1898 TO 2014


WEATHER ITEM   OBSERVED TIME   RECORD YEAR NORMAL DEPARTURE LAST
                VALUE   (LST)  VALUE       VALUE  FROM      YEAR
                                                  NORMAL
..................................................................
TEMPERATURE (F)
 TODAY
  MAXIMUM         66    350 PM  77    1949  61      5       65
  MINIMUM         22    554 AM  10    1900  30     -8       22
  AVERAGE         44                        46     -2       44

PRECIPITATION (IN)
  TODAY            0.00          1.01 1990   0.03  -0.03     0.00
  MONTH TO DATE    0.35                      0.98  -0.63     0.12
  SINCE SEP 1      9.30                     14.98  -5.68     9.39
  SINCE JAN 1      2.19                      7.31  -5.12     5.00

SNOWFALL (IN)
  TODAY            0.0           4.9  1994   0.2   -0.2      0.0
  MONTH TO DATE    3.6                       6.0   -2.4      1.4
  SINCE SEP 1     38.5                      99.9  -61.4     69.7
  SNOW DEPTH       0

DEGREE DAYS
 HEATING
  TODAY           21                        19      2       21
  MONTH TO DATE  503                       539    -36      520
  SINCE JUL 1   5865                      6246   -381     6156

 COOLING
  TODAY            0                         0      0        0
  MONTH TO DATE    0                         0      0        0
  SINCE JAN 1      0                         0      0        0
..................................................................


WIND (MPH)
  HIGHEST WIND SPEED    24   HIGHEST WIND DIRECTION    SW (220)
  HIGHEST GUST SPEED    29   HIGHEST GUST DIRECTION    SW (220)
  AVERAGE WIND SPEED     5.3


SKY COVER
  POSSIBLE SUNSHINE  MM
  AVERAGE SKY COVER 0.0


WEATHER CONDITIONS
 THE FOLLOWING WEATHER WAS RECORDED TODAY.
  NO SIGNIFICANT WEATHER WAS OBSERVED.


RELATIVE HUMIDITY (PERCENT)
 HIGHEST    59           500 AM
 LOWEST     11           200 PM
 AVERAGE    35

..........................................................


THE FLAGSTAFF AZ AIRPORT CLIMATE NORMALS FOR TOMORROW
                         NORMAL    RECORD    YEAR
 MAXIMUM TEMPERATURE (F)   61        78      1996
 MINIMUM TEMPERATURE (F)   31        13      1961
                                             1960


SUNRISE AND SUNSET
APRIL 24 2014.........SUNRISE   543 AM MST   SUNSET   707 PM MST
APRIL 25 2014.........SUNRISE   542 AM MST   SUNSET   708 PM MST


-  INDICATES NEGATIVE NUMBERS.
R  INDICATES RECORD WAS SET OR TIED.
MM INDICATES DATA IS MISSING.
T  INDICATES TRACE AMOUNT.




$$


&&

-------------------------------------------------------------------
SNOW DEPTH DATA FOR FLAGSTAFF AIRPORT IS REPORTED AT 5 AM MST

SOME SUPPLEMENTARY CLIMATE DATA FOR NWS BELLEMONT, ARIZONA IS NO
LONGER AVAILABLE IN THIS SECTION. IT CAN STILL BE FOUND IN THE
REGIONAL SUMMARY (RTP) AVAILABLE ON THE WEB AT
WWW.NWS.NOAA.GOV/CLIMATE/INDEX.PHP?WFO=FGZ
-------------------------------------------------------------------
SUPPLEMENTARY CLIMATE DATA FOR NWS BELLEMONT, ARIZONA

SNOW DEPTH (IN) AT 11 AM..........................................0
WATER EQUIVALENT OF SNOW PACK (IN) AT 11 AM*.......................
* ONLY MEASURED IF SNOW DEPTH IS 2.0 INCHES OR GREATER
-------------------------------------------------------------------
