000
CDUS45 KFGZ 260104
CLIFLG
CLIMATE REPORT
NATIONAL WEATHER SERVICE FLAGSTAFF, AZ
603 PM MST SUN JUN 25 2017


...................................

...THE FLAGSTAFF AZ AIRPORT CLIMATE SUMMARY FOR JUNE 25 2017...
VALID TODAY AS OF 0500 PM LOCAL TIME.

CLIMATE NORMAL PERIOD 1981 TO 2010
CLIMATE RECORD PERIOD 1898 TO 2017


WEATHER ITEM   OBSERVED TIME   RECORD YEAR NORMAL DEPARTURE LAST
                VALUE   (LST)  VALUE       VALUE  FROM      YEAR
                                                  NORMAL
..................................................................
TEMPERATURE (F)
 TODAY
  MAXIMUM         88   1228 PM  95    1970  81      7       84
  MINIMUM         59    326 PM  30    1965  45     14       53
  AVERAGE         74                        63     11       69

PRECIPITATION (IN)
  TODAY            0.05          0.78 1954   0.01   0.04      T
  MONTH TO DATE    0.17                      0.26  -0.09     0.75
  SINCE SEP 1     18.42                     16.04   2.38    16.60
  SINCE JAN 1      9.81                      8.37   1.44     7.77

SNOWFALL (IN)
  TODAY            0.0           0.0  2002   0.0    0.0      0.0
                                      2001
                                      1999
  MONTH TO DATE    0.0                       0.1   -0.1      0.0
  SINCE SEP 1     96.7                     101.8   -5.1     78.3
  SNOW DEPTH       0

DEGREE DAYS
 HEATING
  TODAY            0                         3     -3        0
  MONTH TO DATE   69                       157    -88       67
  SINCE JUL 1   6293                      6930   -637     6656

 COOLING
  TODAY            9                         1      8        4
  MONTH TO DATE   65                         8     57       41
  SINCE JAN 1     65                         8     57       41
..................................................................


WIND (MPH)
  HIGHEST WIND SPEED    26   HIGHEST WIND DIRECTION     N (10)
  HIGHEST GUST SPEED    36   HIGHEST GUST DIRECTION     N (20)
  AVERAGE WIND SPEED     7.9


SKY COVER
  POSSIBLE SUNSHINE  MM
  AVERAGE SKY COVER 0.3


WEATHER CONDITIONS
 THE FOLLOWING WEATHER WAS RECORDED TODAY.
  THUNDERSTORM
  LIGHT RAIN


RELATIVE HUMIDITY (PERCENT)
 HIGHEST    30          1200 AM
 LOWEST     16          1200 PM
 AVERAGE    23

..........................................................


THE FLAGSTAFF AZ AIRPORT CLIMATE NORMALS FOR TOMORROW
                         NORMAL    RECORD    YEAR
 MAXIMUM TEMPERATURE (F)   81        96      1970
 MINIMUM TEMPERATURE (F)   46        26      1975


SUNRISE AND SUNSET
JUNE 25 2017..........SUNRISE   514 AM MST   SUNSET   745 PM MST
JUNE 26 2017..........SUNRISE   514 AM MST   SUNSET   745 PM MST


-  INDICATES NEGATIVE NUMBERS.
R  INDICATES RECORD WAS SET OR TIED.
MM INDICATES DATA IS MISSING.
T  INDICATES TRACE AMOUNT.




$$
&&

-------------------------------------------------------------------
SNOW DEPTH DATA FOR FLAGSTAFF AIRPORT IS REPORTED AT 5 AM MST


-------------------------------------------------------------------
SUPPLEMENTARY CLIMATE DATA FOR NWS BELLEMONT, ARIZONA

SNOW DEPTH (IN) AT 11 AM...................................0.0
WATER EQUIVALENT OF SNOW PACK (IN) AT 11 AM*...............
* ONLY MEASURED IF SNOW DEPTH IS 2.0 INCHES OR GREATER
-------------------------------------------------------------------
