000
CDUS45 KFGZ 071021
CLIFLG
CLIMATE REPORT
NATIONAL WEATHER SERVICE FLAGSTAFF, AZ
319 AM MST SUN FEB 7 2016


...................................

...THE FLAGSTAFF AZ AIRPORT CLIMATE SUMMARY FOR FEBRUARY 6 2016...

CLIMATE NORMAL PERIOD 1981 TO 2010
CLIMATE RECORD PERIOD 1898 TO 2016


WEATHER ITEM   OBSERVED TIME   RECORD YEAR NORMAL DEPARTURE LAST
                VALUE   (LST)  VALUE       VALUE  FROM      YEAR
                                                  NORMAL
..................................................................
TEMPERATURE (F)
 YESTERDAY
  MAXIMUM         45    335 PM  65    1963  44      1       61
  MINIMUM          5    739 AM -21    1899  18    -13       22
  AVERAGE         25                        31     -6

PRECIPITATION (IN)
  YESTERDAY        0.00          1.59 1965   0.07  -0.07     0.00
  MONTH TO DATE    0.37                      0.42  -0.05     0.00
  SINCE SEP 1     12.61                     10.14   2.47    10.02
  SINCE JAN 1      3.78                      2.47   1.31     2.19

SNOWFALL (IN)
  YESTERDAY        0.0          15.2  1965   0.7             0.0
  MONTH TO DATE    7.8                       4.7             0.0
  SINCE JUL 1     71.7                      57.0            29.7
  SNOW DEPTH      11

DEGREE DAYS
 HEATING
  YESTERDAY       40                        34      6       23
  MONTH TO DATE  272                       204     68      138
  SINCE JUL 1   4131                      4120     11     3487

 COOLING
  YESTERDAY        0                         0      0        0
  MONTH TO DATE    0                         0      0        0
  SINCE JAN 1      0                         0      0        0
..................................................................


WIND (MPH)
  HIGHEST WIND SPEED    14   HIGHEST WIND DIRECTION    NE (40)
  HIGHEST GUST SPEED    17   HIGHEST GUST DIRECTION     E (70)
  AVERAGE WIND SPEED     3.3


SKY COVER
  POSSIBLE SUNSHINE  MM
  AVERAGE SKY COVER 0.0


WEATHER CONDITIONS
 THE FOLLOWING WEATHER WAS RECORDED YESTERDAY.
  NO SIGNIFICANT WEATHER WAS OBSERVED.


RELATIVE HUMIDITY (PERCENT)
 HIGHEST    88           700 AM
 LOWEST     29           300 PM
 AVERAGE    59

..........................................................


THE FLAGSTAFF AZ AIRPORT CLIMATE NORMALS FOR TODAY
                         NORMAL    RECORD    YEAR
 MAXIMUM TEMPERATURE (F)   44        66      1963
 MINIMUM TEMPERATURE (F)   18       -18      1903
                                             1899


SUNRISE AND SUNSET
FEBRUARY  7 2016......SUNRISE   721 AM MST   SUNSET   601 PM MST
FEBRUARY  8 2016......SUNRISE   720 AM MST   SUNSET   602 PM MST


-  INDICATES NEGATIVE NUMBERS.
R  INDICATES RECORD WAS SET OR TIED.
MM INDICATES DATA IS MISSING.
T  INDICATES TRACE AMOUNT.




$$
&&

-------------------------------------------------------------------
SNOW DEPTH DATA FOR FLAGSTAFF AIRPORT IS REPORTED AT 5 AM MST


-------------------------------------------------------------------
SUPPLEMENTARY CLIMATE DATA FOR NWS BELLEMONT, ARIZONA

SNOW DEPTH (IN) AT 11 AM........................................9
WATER EQUIVALENT OF SNOW PACK (IN) AT 11 AM*....................2.3
* ONLY MEASURED IF SNOW DEPTH IS 2.0 INCHES OR GREATER
-------------------------------------------------------------------
