000
CDUS45 KFGZ 201002
CLIFLG
CLIMATE REPORT
NATIONAL WEATHER SERVICE FLAGSTAFF, AZ
259 AM MST FRI JAN 20 2017


...................................

...THE FLAGSTAFF AZ AIRPORT CLIMATE SUMMARY FOR JANUARY 19 2017...

CLIMATE NORMAL PERIOD 1981 TO 2010
CLIMATE RECORD PERIOD 1898 TO 2017


WEATHER ITEM   OBSERVED TIME   RECORD YEAR NORMAL DEPARTURE LAST
                VALUE   (LST)  VALUE       VALUE  FROM      YEAR
                                                  NORMAL
..................................................................
TEMPERATURE (F)
 YESTERDAY
  MAXIMUM         32    232 AM  62    1986  43    -11       44
  MINIMUM         28   1159 PM -13    1943  18     10       18
  AVERAGE         30                        30      0

PRECIPITATION (IN)
  YESTERDAY        0.41          0.74 1937   0.07   0.34     0.01
  MONTH TO DATE    2.56                      1.32   1.24     2.91
  SINCE SEP 1     11.17                      8.99   2.18    11.74
  SINCE JAN 1      2.56                      1.32   1.24     2.91

SNOWFALL (IN)
  YESTERDAY       MM            11.0  1935   0.7             0.1
  MONTH TO DATE    6.6                      13.9            34.0
  SINCE JUL 1     27.1                      43.0            61.5
  SNOW DEPTH      MM

DEGREE DAYS
 HEATING
  YESTERDAY       35                        35      0       34
  MONTH TO DATE  613                       671    -58      739
  SINCE JUL 1   3176                      3499   -323     3470

 COOLING
  YESTERDAY        0                         0      0        0
  MONTH TO DATE    0                         0      0        0
  SINCE JAN 1      0                         0      0        0
..................................................................


WIND (MPH)
  HIGHEST WIND SPEED    24   HIGHEST WIND DIRECTION    SW (230)
  HIGHEST GUST SPEED    29   HIGHEST GUST DIRECTION    SW (220)
  AVERAGE WIND SPEED    14.7


SKY COVER
  POSSIBLE SUNSHINE  MM
  AVERAGE SKY COVER 1.0


WEATHER CONDITIONS
 THE FOLLOWING WEATHER WAS RECORDED YESTERDAY.
  SNOW
  LIGHT SNOW
  FOG
  FOG W/VISIBILITY <= 1/4 MILE


RELATIVE HUMIDITY (PERCENT)
 HIGHEST   100           900 AM
 LOWEST     85          1200 AM
 AVERAGE    93

..........................................................


THE FLAGSTAFF AZ AIRPORT CLIMATE NORMALS FOR TODAY
                         NORMAL    RECORD    YEAR
 MAXIMUM TEMPERATURE (F)   43        61      1950
 MINIMUM TEMPERATURE (F)   18       -14      1922


SUNRISE AND SUNSET
JANUARY 20 2017.......SUNRISE   733 AM MST   SUNSET   543 PM MST
JANUARY 21 2017.......SUNRISE   732 AM MST   SUNSET   544 PM MST


-  INDICATES NEGATIVE NUMBERS.
R  INDICATES RECORD WAS SET OR TIED.
MM INDICATES DATA IS MISSING.
T  INDICATES TRACE AMOUNT.




$$
&&

-------------------------------------------------------------------
SNOW DEPTH DATA FOR FLAGSTAFF AIRPORT IS REPORTED AT 5 AM MST


-------------------------------------------------------------------
SUPPLEMENTARY CLIMATE DATA FOR NWS BELLEMONT, ARIZONA

SNOW DEPTH (IN) AT 11 AM.........................................1
WATER EQUIVALENT OF SNOW PACK (IN) AT 11 AM*..................
* ONLY MEASURED IF SNOW DEPTH IS 2.0 INCHES OR GREATER
-------------------------------------------------------------------
