000
CDUS42 KMFL 050822
CLIFLL


CLIMATE REPORT
NATIONAL WEATHER SERVICE MIAMI, FL
422 AM EDT THU MAY 5 2016


...................................

...THE FORT LAUDERDALE CLIMATE SUMMARY FOR MAY 4 2016...

CLIMATE NORMAL PERIOD 1981 TO 2010
CLIMATE RECORD PERIOD 1912 TO 2016


WEATHER ITEM   OBSERVED TIME   RECORD YEAR NORMAL DEPARTURE LAST
                VALUE   (LST)  VALUE       VALUE  FROM      YEAR
                                                  NORMAL
..................................................................
TEMPERATURE (F)
 YESTERDAY
  MAXIMUM         89   1111 AM  95    1915  85      4       80
  MINIMUM         71   1048 PM  52    1921  72     -1       71
  AVERAGE         80                        78      2       76

PRECIPITATION (IN)
  YESTERDAY        1.86          2.67 1969   0.08   1.78      T
  MONTH TO DATE    1.86                      0.27   1.59      T
  SINCE NOV 1     27.38                     18.81   8.57    17.19
  SINCE JAN 1     16.16                     13.11   3.05    12.08

SNOWFALL (IN)
  YESTERDAY        0.0
  MONTH TO DATE    0.0
  SINCE MAR 1      0.0
  SINCE JUL 1      0.0
  SNOW DEPTH       0

DEGREE DAYS
 HEATING
  YESTERDAY        0                         0      0        0
  MONTH TO DATE    0                         0      0        0
  SINCE MAR 1      2                        10     -8        0
  SINCE JUL 1     87                       112    -25       97

 COOLING
  YESTERDAY       15                        13      2       11
  MONTH TO DATE   66                        52     14       43
  SINCE MAR 1    753                       643    110      823
  SINCE JAN 1   1012                       999     13     1104
..................................................................


WIND (MPH)
  HIGHEST WIND SPEED    25   HIGHEST WIND DIRECTION    SW (230)
  HIGHEST GUST SPEED    29   HIGHEST GUST DIRECTION     W (270)
  AVERAGE WIND SPEED     9.3


SKY COVER
  AVERAGE SKY COVER 0.7


WEATHER CONDITIONS
 THE FOLLOWING WEATHER WAS RECORDED YESTERDAY.
  THUNDERSTORM
  HEAVY RAIN
  RAIN
  LIGHT RAIN
  FOG


RELATIVE HUMIDITY (PERCENT)
 HIGHEST    94
 LOWEST     55
 AVERAGE    75

..........................................................


THE FORT LAUDERDALE CLIMATE NORMALS FOR TODAY
                         NORMAL    RECORD    YEAR
 MAXIMUM TEMPERATURE (F)   85        91      2002
                                             1959
                                             1954
 MINIMUM TEMPERATURE (F)   72        49      1921


SUNRISE AND SUNSET
MAY  5 2016...........SUNRISE   640 AM EDT   SUNSET   755 PM EDT
MAY  6 2016...........SUNRISE   639 AM EDT   SUNSET   755 PM EDT


-  INDICATES NEGATIVE NUMBERS.
R  INDICATES RECORD WAS SET OR TIED.
MM INDICATES DATA IS MISSING.
T  INDICATES TRACE AMOUNT.




$$
