000
CDUS42 KMFL 220928
CLIFLL


CLIMATE REPORT
NATIONAL WEATHER SERVICE MIAMI, FL
428 AM EST MON DEC 22 2014


...................................

...THE FORT LAUDERDALE CLIMATE SUMMARY FOR DECEMBER 21 2014...

CLIMATE NORMAL PERIOD 1981 TO 2010
CLIMATE RECORD PERIOD 1839 TO 2014


WEATHER ITEM   OBSERVED TIME   RECORD YEAR NORMAL DEPARTURE LAST
                VALUE   (LST)  VALUE       VALUE  FROM      YEAR
                                                  NORMAL
..................................................................
TEMPERATURE (F)
 YESTERDAY
  MAXIMUM         79   1215 PM  86    1948  77      2       81
  MINIMUM         65    726 AM  34    1943  63      2       75
  AVERAGE         72                        70      2       78

PRECIPITATION (IN)
  YESTERDAY        0.00          5.38 1994   0.09  -0.09     0.00
  MONTH TO DATE    1.73                      1.82  -0.09     1.13
  SINCE NOV 1      4.65                      5.06  -0.41    12.05
  SINCE JAN 1     61.09                     61.54  -0.45    76.38

SNOWFALL (IN)
  YESTERDAY        0.0
  MONTH TO DATE    0.0
  SINCE DEC 1      0.0
  SINCE JUL 1      0.0
  SNOW DEPTH       0

DEGREE DAYS
 HEATING
  YESTERDAY        0                         1     -1        0
  MONTH TO DATE   16                        16      0        0
  SINCE DEC 1     16                        16      0        0
  SINCE JUL 1     26                        18      8        4

 COOLING
  YESTERDAY        7                         6      1       13
  MONTH TO DATE  118                       158    -40      183
  SINCE DEC 1    118                       158    -40      183
  SINCE JAN 1   4719                      4671     48     4535
..................................................................


WIND (MPH)
  HIGHEST WIND SPEED    16   HIGHEST WIND DIRECTION    SE (140)
  HIGHEST GUST SPEED    20   HIGHEST GUST DIRECTION    SE (130)
  AVERAGE WIND SPEED     5.8


SKY COVER
  AVERAGE SKY COVER 0.6


WEATHER CONDITIONS
 THE FOLLOWING WEATHER WAS RECORDED YESTERDAY.
  NO SIGNIFICANT WEATHER WAS OBSERVED.


RELATIVE HUMIDITY (PERCENT)
 HIGHEST   100
 LOWEST     62
 AVERAGE    81

..........................................................


THE FORT LAUDERDALE CLIMATE NORMALS FOR TODAY
                         NORMAL    RECORD    YEAR
 MAXIMUM TEMPERATURE (F)   77        86      1951
 MINIMUM TEMPERATURE (F)   63        33      1935


SUNRISE AND SUNSET
DECEMBER 22 2014......SUNRISE   704 AM EST   SUNSET   535 PM EST
DECEMBER 23 2014......SUNRISE   704 AM EST   SUNSET   535 PM EST


-  INDICATES NEGATIVE NUMBERS.
R  INDICATES RECORD WAS SET OR TIED.
MM INDICATES DATA IS MISSING.
T  INDICATES TRACE AMOUNT.




$$
