000
CDUS42 KMFL 282026
CLIFLL


CLIMATE REPORT
NATIONAL WEATHER SERVICE MIAMI, FL
426 PM EDT SAT MAR 28 2015


...................................

...THE FORT LAUDERDALE CLIMATE SUMMARY FOR MARCH 28 2015...
VALID TODAY AS OF 0400 PM LOCAL TIME.

CLIMATE NORMAL PERIOD 1981 TO 2010
CLIMATE RECORD PERIOD 1839 TO 2015


WEATHER ITEM   OBSERVED TIME   RECORD YEAR NORMAL DEPARTURE LAST
                VALUE   (LST)  VALUE       VALUE  FROM      YEAR
                                                  NORMAL
..................................................................
TEMPERATURE (F)
 TODAY
  MAXIMUM         73   1241 PM  91    1948  81     -8       83
  MINIMUM         61    828 AM  49    1915  67     -6       73
  AVERAGE         67                        74     -7       78

PRECIPITATION (IN)
  TODAY            T             4.50 1940   0.11  -0.11     0.00
  MONTH TO DATE    0.62                      2.96  -2.34     2.27
  SINCE NOV 1     13.07                     15.25  -2.18    19.90
  SINCE JAN 1      7.96                      9.55  -1.59     7.78

SNOWFALL (IN)
  TODAY            0.0
  MONTH TO DATE    0.0
  SINCE MAR 1      0.0
  SINCE JUL 1      0.0
  SNOW DEPTH       0

DEGREE DAYS
 HEATING
  TODAY            0                         0      0        0
  MONTH TO DATE    0                         7     -7        1
  SINCE MAR 1      0                         7     -7        1
  SINCE JUL 1     97                       109    -12       81

 COOLING
  TODAY            2                         9     -7       13
  MONTH TO DATE  322                       227     95      247
  SINCE MAR 1    322                       227     95      247
  SINCE JAN 1    603                       583     20      635
..................................................................


WIND (MPH)
  HIGHEST WIND SPEED    21   HIGHEST WIND DIRECTION    NW (330)
  HIGHEST GUST SPEED    28   HIGHEST GUST DIRECTION    NW (310)
  AVERAGE WIND SPEED    11.5


SKY COVER
  AVERAGE SKY COVER 0.6


WEATHER CONDITIONS
 THE FOLLOWING WEATHER WAS RECORDED TODAY.
  NO SIGNIFICANT WEATHER WAS OBSERVED.


RELATIVE HUMIDITY (PERCENT)
 HIGHEST    90
 LOWEST     39
 AVERAGE    65

..........................................................


THE FORT LAUDERDALE CLIMATE NORMALS FOR TOMORROW
                         NORMAL    RECORD    YEAR
 MAXIMUM TEMPERATURE (F)   81        90      1935
 MINIMUM TEMPERATURE (F)   67        50      1925


SUNRISE AND SUNSET
MARCH 28 2015.........SUNRISE   716 AM EDT   SUNSET   736 PM EDT
MARCH 29 2015.........SUNRISE   715 AM EDT   SUNSET   736 PM EDT


-  INDICATES NEGATIVE NUMBERS.
R  INDICATES RECORD WAS SET OR TIED.
MM INDICATES DATA IS MISSING.
T  INDICATES TRACE AMOUNT.




$$
