000
CDUS42 KMFL 240827
CLIFLL


CLIMATE REPORT
NATIONAL WEATHER SERVICE MIAMI, FL
426 AM EDT THU AUG 24 2017


...................................

...THE FORT LAUDERDALE CLIMATE SUMMARY FOR AUGUST 23 2017...

CLIMATE NORMAL PERIOD 1981 TO 2010
CLIMATE RECORD PERIOD 1912 TO 2017


WEATHER ITEM   OBSERVED TIME   RECORD YEAR NORMAL DEPARTURE LAST
                VALUE   (LST)  VALUE       VALUE  FROM      YEAR
                                                  NORMAL
..................................................................
TEMPERATURE (F)
 YESTERDAY
  MAXIMUM         89   1134 AM  98    1958  90     -1       93
  MINIMUM         79    555 AM  68    1994  79      0       82
  AVERAGE         84                        84      0       88

PRECIPITATION (IN)
  YESTERDAY        0.01          1.96 1922   0.26  -0.25     0.00
  MONTH TO DATE    4.97                      5.31  -0.34     4.32
  SINCE JUN 1     22.55                     21.45   1.10    15.78
  SINCE JAN 1     34.15                     38.94  -4.79    34.73

SNOWFALL (IN)
  YESTERDAY        0.0
  MONTH TO DATE    0.0
  SINCE JUN 1      0.0
  SINCE JUL 1      0.0
  SNOW DEPTH       0

DEGREE DAYS
 HEATING
  YESTERDAY        0                         0      0        0
  MONTH TO DATE    0                         0      0        0
  SINCE JUN 1      0                         0      0        0
  SINCE JUL 1      0                         0      0        0

 COOLING
  YESTERDAY       19                        19      0       23
  MONTH TO DATE  465                       456      9      445
  SINCE JUN 1   1604                      1597      7     1640
  SINCE JAN 1   3181                      3015    166     3054
..................................................................


WIND (MPH)
  HIGHEST WIND SPEED    23   HIGHEST WIND DIRECTION     E (110)
  HIGHEST GUST SPEED    26   HIGHEST GUST DIRECTION     E (90)
  AVERAGE WIND SPEED     7.5


SKY COVER
  AVERAGE SKY COVER 0.6


WEATHER CONDITIONS
 THE FOLLOWING WEATHER WAS RECORDED YESTERDAY.
  THUNDERSTORM
  LIGHT RAIN


RELATIVE HUMIDITY (PERCENT)
 HIGHEST    91
 LOWEST     68
 AVERAGE    80

..........................................................


THE FORT LAUDERDALE CLIMATE NORMALS FOR TODAY
                         NORMAL    RECORD    YEAR
 MAXIMUM TEMPERATURE (F)   90        96      1924
 MINIMUM TEMPERATURE (F)   78        67      1915


SUNRISE AND SUNSET
AUGUST 24 2017........SUNRISE   657 AM EDT   SUNSET   748 PM EDT
AUGUST 25 2017........SUNRISE   658 AM EDT   SUNSET   747 PM EDT


-  INDICATES NEGATIVE NUMBERS.
R  INDICATES RECORD WAS SET OR TIED.
MM INDICATES DATA IS MISSING.
T  INDICATES TRACE AMOUNT.




$$
