000
CDUS42 KMFL 250822
CLIFLL


CLIMATE REPORT
NATIONAL WEATHER SERVICE MIAMI, FL
421 AM EDT SUN JUN 25 2017


...................................

...THE FORT LAUDERDALE CLIMATE SUMMARY FOR JUNE 24 2017...

CLIMATE NORMAL PERIOD 1981 TO 2010
CLIMATE RECORD PERIOD 1912 TO 2017


WEATHER ITEM   OBSERVED TIME   RECORD YEAR NORMAL DEPARTURE LAST
                VALUE   (LST)  VALUE       VALUE  FROM      YEAR
                                                  NORMAL
..................................................................
TEMPERATURE (F)
 YESTERDAY
  MAXIMUM         89    152 PM  97    1944  89      0       89
  MINIMUM         81    554 AM  68    1930  78      3       81
                                      1914
  AVERAGE         85                        83      2       85

PRECIPITATION (IN)
  YESTERDAY        0.00          2.26 1928   0.33  -0.33      T
  MONTH TO DATE   11.70                      8.03   3.67     7.01
  SINCE JUN 1     11.70                      8.03   3.67     7.01
  SINCE JAN 1     23.30                     25.52  -2.22    25.96

SNOWFALL (IN)
  YESTERDAY        0.0
  MONTH TO DATE    0.0
  SINCE JUN 1      0.0
  SINCE JUL 1      0.0
  SNOW DEPTH       0

DEGREE DAYS
 HEATING
  YESTERDAY        0                         0      0        0
  MONTH TO DATE    0                         0      0        0
  SINCE JUN 1      0                         0      0        0
  SINCE JUL 1     35                       112    -77       87

 COOLING
  YESTERDAY       20                        18      2       20
  MONTH TO DATE  411                       429    -18      446
  SINCE JUN 1    411                       429    -18      446
  SINCE JAN 1   1988                      1847    141     1860
..................................................................


WIND (MPH)
  HIGHEST WIND SPEED    17   HIGHEST WIND DIRECTION    SE (140)
  HIGHEST GUST SPEED    23   HIGHEST GUST DIRECTION    SE (140)
  AVERAGE WIND SPEED    11.5


SKY COVER
  AVERAGE SKY COVER 0.6


WEATHER CONDITIONS
 THE FOLLOWING WEATHER WAS RECORDED YESTERDAY.
  NO SIGNIFICANT WEATHER WAS OBSERVED.


RELATIVE HUMIDITY (PERCENT)
 HIGHEST    79
 LOWEST     63
 AVERAGE    71

..........................................................


THE FORT LAUDERDALE CLIMATE NORMALS FOR TODAY
                         NORMAL    RECORD    YEAR
 MAXIMUM TEMPERATURE (F)   89        96      1944
 MINIMUM TEMPERATURE (F)   78        67      1938
                                             1922


SUNRISE AND SUNSET
JUNE 25 2017..........SUNRISE   630 AM EDT   SUNSET   816 PM EDT
JUNE 26 2017..........SUNRISE   631 AM EDT   SUNSET   816 PM EDT


-  INDICATES NEGATIVE NUMBERS.
R  INDICATES RECORD WAS SET OR TIED.
MM INDICATES DATA IS MISSING.
T  INDICATES TRACE AMOUNT.




$$
