000
CDUS42 KMFL 160922
CLIFLL


CLIMATE REPORT
NATIONAL WEATHER SERVICE MIAMI, FL
422 AM EST MON JAN 16 2017


...................................

...THE FORT LAUDERDALE CLIMATE SUMMARY FOR JANUARY 15 2017...

CLIMATE NORMAL PERIOD 1981 TO 2010
CLIMATE RECORD PERIOD 1912 TO 2017


WEATHER ITEM   OBSERVED TIME   RECORD YEAR NORMAL DEPARTURE LAST
                VALUE   (LST)  VALUE       VALUE  FROM      YEAR
                                                  NORMAL
..................................................................
TEMPERATURE (F)
 YESTERDAY
  MAXIMUM         78    210 PM  84    1936  76      2       76
                                      1923
                                      1918
  MINIMUM         72   1024 AM  31    1948  61     11       65
  AVERAGE         75                        69      6       71

PRECIPITATION (IN)
  YESTERDAY        0.01          2.42 1974   0.08  -0.07     0.95
  MONTH TO DATE    0.65                      1.23  -0.58     2.71
  SINCE NOV 1      5.28                      6.93  -1.65    13.93
  SINCE JAN 1      0.65                      1.23  -0.58     2.71

SNOWFALL (IN)
  YESTERDAY        0.0
  MONTH TO DATE    0.0
  SINCE DEC 1      0.0
  SINCE JUL 1      0.0
  SNOW DEPTH       0

DEGREE DAYS
 HEATING
  YESTERDAY        0                         2     -2        0
  MONTH TO DATE   11                        30    -19        3
  SINCE DEC 1     13                        60    -47        3
  SINCE JUL 1     13                        62    -49        3

 COOLING
  YESTERDAY       10                         5      5        6
  MONTH TO DATE  115                        84     31       84
  SINCE DEC 1    458                       300    158      481
  SINCE JAN 1    115                        84     31       84
..................................................................


WIND (MPH)
  HIGHEST WIND SPEED    21   HIGHEST WIND DIRECTION     E (90)
  HIGHEST GUST SPEED    27   HIGHEST GUST DIRECTION     E (70)
  AVERAGE WIND SPEED    13.3


SKY COVER
  AVERAGE SKY COVER 0.8


WEATHER CONDITIONS
 THE FOLLOWING WEATHER WAS RECORDED YESTERDAY.
  LIGHT RAIN


RELATIVE HUMIDITY (PERCENT)
 HIGHEST    68
 LOWEST     64
 AVERAGE    66

..........................................................


THE FORT LAUDERDALE CLIMATE NORMALS FOR TODAY
                         NORMAL    RECORD    YEAR
 MAXIMUM TEMPERATURE (F)   76        85      1954
                                             1925
 MINIMUM TEMPERATURE (F)   61        36      1921


SUNRISE AND SUNSET
JANUARY 16 2017.......SUNRISE   709 AM EST   SUNSET   552 PM EST
JANUARY 17 2017.......SUNRISE   709 AM EST   SUNSET   553 PM EST


-  INDICATES NEGATIVE NUMBERS.
R  INDICATES RECORD WAS SET OR TIED.
MM INDICATES DATA IS MISSING.
T  INDICATES TRACE AMOUNT.




$$
