000
CDUS42 KMFL 230828
CLIFLL


CLIMATE REPORT
NATIONAL WEATHER SERVICE MIAMI, FL
427 AM EDT MON OCT 23 2017


...................................

...THE FORT LAUDERDALE CLIMATE SUMMARY FOR OCTOBER 22 2017...

CLIMATE NORMAL PERIOD 1981 TO 2010
CLIMATE RECORD PERIOD 1912 TO 2017


WEATHER ITEM   OBSERVED TIME   RECORD YEAR NORMAL DEPARTURE LAST
                VALUE   (LST)  VALUE       VALUE  FROM      YEAR
                                                  NORMAL
..................................................................
TEMPERATURE (F)
 YESTERDAY
  MAXIMUM         88   1255 PM  90    1969  85      3       81
  MINIMUM         80   1154 PM  47    1976  74      6       67
  AVERAGE         84                        80      4       74

PRECIPITATION (IN)
  YESTERDAY        0.00          5.10 1966   0.16  -0.16     0.00
  MONTH TO DATE    3.34                      5.30  -1.96     3.21
  SINCE JUN 1     47.41                     37.47   9.94    26.61
  SINCE JAN 1     59.01                     54.96   4.05    45.56

SNOWFALL (IN)
  YESTERDAY        0.0
  MONTH TO DATE    0.0
  SINCE SEP 1      0.0
  SINCE JUL 1      0.0
  SNOW DEPTH       0

DEGREE DAYS
 HEATING
  YESTERDAY        0                         0      0        0
  MONTH TO DATE    0                         0      0        0
  SINCE SEP 1      0                         0      0        0
  SINCE JUL 1      0                         0      0        0

 COOLING
  YESTERDAY       19                        15      4        9
  MONTH TO DATE  392                       358     34      355
  SINCE SEP 1    963                       904     59      902
  SINCE JAN 1   4290                      4070    220     4103
..................................................................


WIND (MPH)
  HIGHEST WIND SPEED    25   HIGHEST WIND DIRECTION    SE (120)
  HIGHEST GUST SPEED    29   HIGHEST GUST DIRECTION    SE (120)
  AVERAGE WIND SPEED    17.2


SKY COVER
  AVERAGE SKY COVER 0.7


WEATHER CONDITIONS
 THE FOLLOWING WEATHER WAS RECORDED YESTERDAY.
  NO SIGNIFICANT WEATHER WAS OBSERVED.


RELATIVE HUMIDITY (PERCENT)
 HIGHEST    85
 LOWEST     63
 AVERAGE    74

..........................................................


THE FORT LAUDERDALE CLIMATE NORMALS FOR TODAY
                         NORMAL    RECORD    YEAR
 MAXIMUM TEMPERATURE (F)   85        92      2006
 MINIMUM TEMPERATURE (F)   74        53      1925


SUNRISE AND SUNSET
OCTOBER 23 2017.......SUNRISE   724 AM EDT   SUNSET   645 PM EDT
OCTOBER 24 2017.......SUNRISE   725 AM EDT   SUNSET   645 PM EDT


-  INDICATES NEGATIVE NUMBERS.
R  INDICATES RECORD WAS SET OR TIED.
MM INDICATES DATA IS MISSING.
T  INDICATES TRACE AMOUNT.




$$
