017
CDUS42 KMFL 280938
CLIFLL


CLIMATE REPORT
NATIONAL WEATHER SERVICE MIAMI, FL
436 AM EST TUE FEB 28 2017


...................................

...THE FORT LAUDERDALE CLIMATE SUMMARY FOR FEBRUARY 27 2017...

CLIMATE NORMAL PERIOD 1981 TO 2010
CLIMATE RECORD PERIOD 1912 TO 2017


WEATHER ITEM   OBSERVED TIME   RECORD YEAR NORMAL DEPARTURE LAST
                VALUE   (LST)  VALUE       VALUE  FROM      YEAR
                                                  NORMAL
..................................................................
TEMPERATURE (F)
 YESTERDAY
  MAXIMUM         82    207 PM  88    1959  78      4       72
  MINIMUM         74    123 AM  38    1967  65      9       50
  AVERAGE         78                        72      6       61

PRECIPITATION (IN)
  YESTERDAY        0.04          3.65 1983   0.10  -0.06     0.00
  MONTH TO DATE    1.57                      2.88  -1.31     3.32
  SINCE NOV 1      7.91                     12.21  -4.30    21.95
  SINCE JAN 1      3.28                      6.51  -3.23    10.73

SNOWFALL (IN)
  YESTERDAY        0.0
  MONTH TO DATE    0.0
  SINCE DEC 1      0.0
  SINCE JUL 1      0.0
  SNOW DEPTH       0

DEGREE DAYS
 HEATING
  YESTERDAY        0                         1     -1        4
  MONTH TO DATE    0                        27    -27       40
  SINCE DEC 1     29                       105    -76       85
  SINCE JUL 1     29                       107    -78       85

 COOLING
  YESTERDAY       13                         7      6        0
  MONTH TO DATE  229                       180     49      128
  SINCE DEC 1    785                       566    219      649
  SINCE JAN 1    442                       350     92      252
..................................................................


WIND (MPH)
  HIGHEST WIND SPEED    22   HIGHEST WIND DIRECTION     E (110)
  HIGHEST GUST SPEED    34   HIGHEST GUST DIRECTION    SE (120)
  AVERAGE WIND SPEED    15.5


SKY COVER
  AVERAGE SKY COVER 0.4


WEATHER CONDITIONS
 THE FOLLOWING WEATHER WAS RECORDED YESTERDAY.
  LIGHT RAIN
  FOG


RELATIVE HUMIDITY (PERCENT)
 HIGHEST    87
 LOWEST     62
 AVERAGE    75

..........................................................


THE FORT LAUDERDALE CLIMATE NORMALS FOR TODAY
                         NORMAL    RECORD    YEAR
 MAXIMUM TEMPERATURE (F)   78        90      1956
 MINIMUM TEMPERATURE (F)   65        38      1952
                                             1935
                                             1916


SUNRISE AND SUNSET
FEBRUARY 28 2017......SUNRISE   645 AM EST   SUNSET   622 PM EST
MARCH  1 2017.........SUNRISE   644 AM EST   SUNSET   622 PM EST


-  INDICATES NEGATIVE NUMBERS.
R  INDICATES RECORD WAS SET OR TIED.
MM INDICATES DATA IS MISSING.
T  INDICATES TRACE AMOUNT.




$$
