000
CDUS42 KILM 242045
CLIFLO


CLIMATE REPORT
NATIONAL WEATHER SERVICE WILMINGTON NC
444 PM EDT THU APR 24 2014


...................................

...THE FLORENCE SC CLIMATE SUMMARY FOR APRIL 24 2014...
VALID TODAY AS OF 0400 PM LOCAL TIME.

CLIMATE NORMAL PERIOD 1981 TO 2010
CLIMATE RECORD PERIOD 1948 TO 2014


WEATHER ITEM   OBSERVED TIME   RECORD YEAR NORMAL DEPARTURE LAST
                VALUE   (LST)  VALUE       VALUE  FROM      YEAR
                                                  NORMAL
..................................................................
TEMPERATURE (F)
 TODAY
  MAXIMUM         76    255 PM  92    2006  78     -2       80
                                      1976
  MINIMUM         48    526 AM  35    1982  53     -5       47
  AVERAGE         62                        65     -3       64

PRECIPITATION (IN)
  TODAY            0.00          0.41 1995   0.09  -0.09     0.00
  MONTH TO DATE    3.82                      2.10   1.72     2.59
  SINCE MAR 1      8.37                      5.43   2.94     5.08
  SINCE JAN 1     14.09                     11.58   2.51    11.60

SNOWFALL (IN)
  TODAY           MM
  MONTH TO DATE   MM
  SINCE MAR 1     MM
  SINCE JUL 1     MM
  SNOW DEPTH      MM

DEGREE DAYS
 HEATING
  TODAY            3                         3      0        1
  MONTH TO DATE   89                       110    -21       99
  SINCE MAR 1    532                       420    112      563
  SINCE JUL 1   2661                      2486    175     2310

 COOLING
  TODAY            0                         3     -3        0
  MONTH TO DATE   40                        50    -10       59
  SINCE MAR 1     44                        68    -24       67
  SINCE JAN 1     50                        74    -24       88
..................................................................


WIND (MPH)
  HIGHEST WIND SPEED    16   HIGHEST WIND DIRECTION     E (70)
  HIGHEST GUST SPEED    20   HIGHEST GUST DIRECTION     E (90)
  AVERAGE WIND SPEED     7.7


SKY COVER
  POSSIBLE SUNSHINE  MM
  AVERAGE SKY COVER 0.0


WEATHER CONDITIONS
 THE FOLLOWING WEATHER WAS RECORDED TODAY.
  NO SIGNIFICANT WEATHER WAS OBSERVED.


RELATIVE HUMIDITY (PERCENT)
 HIGHEST    71          1200 AM
 LOWEST     27           200 PM
 AVERAGE    49

..........................................................


THE FLORENCE SC CLIMATE NORMALS FOR TOMORROW
                         NORMAL    RECORD    YEAR
 MAXIMUM TEMPERATURE (F)   78        92      1960
 MINIMUM TEMPERATURE (F)   53        39      2005


SUNRISE AND SUNSET
APRIL 24 2014.........SUNRISE   637 AM EDT   SUNSET   757 PM EDT
APRIL 25 2014.........SUNRISE   636 AM EDT   SUNSET   758 PM EDT


-  INDICATES NEGATIVE NUMBERS.
R  INDICATES RECORD WAS SET OR TIED.
MM INDICATES DATA IS MISSING.
T  INDICATES TRACE AMOUNT.




$$
