000
CDUS42 KILM 060943
CLIFLO


CLIMATE REPORT
NATIONAL WEATHER SERVICE WILMINGTON NC
442 AM EST SAT FEB 6 2016


...................................

...THE FLORENCE SC CLIMATE SUMMARY FOR FEBRUARY 5 2016...

CLIMATE NORMAL PERIOD 1981 TO 2010
CLIMATE RECORD PERIOD 1948 TO 2016


WEATHER ITEM   OBSERVED TIME   RECORD YEAR NORMAL DEPARTURE LAST
                VALUE   (LST)  VALUE       VALUE  FROM      YEAR
                                                  NORMAL
..................................................................
TEMPERATURE (F)
 YESTERDAY
  MAXIMUM         51    410 PM  79    2008  58     -7       59
  MINIMUM         33   1159 PM  11    1996  36     -3       32
  AVERAGE         42                        47     -5       46

PRECIPITATION (IN)
  YESTERDAY        0.01          2.07 1985   0.10  -0.09     0.05
  MONTH TO DATE    2.64                      0.52   2.12     0.68
  SINCE DEC 1     11.86                      6.76   5.10     6.31
  SINCE JAN 1      4.77                      3.75   1.02     3.11

SNOWFALL (IN)
  YESTERDAY       MM
  MONTH TO DATE   MM
  SINCE DEC 1     MM
  SINCE JUL 1     MM
  SNOW DEPTH      MM

DEGREE DAYS
 HEATING
  YESTERDAY       23                        18      5       19
  MONTH TO DATE   43                        93    -50       99
  SINCE DEC 1    939                      1273   -334     1191
  SINCE JUL 1   1203                      1695   -492     1691

 COOLING
  YESTERDAY        0                         0      0        0
  MONTH TO DATE    1                         0      1        0
  SINCE DEC 1     58                         6     52        3
  SINCE JAN 1      1                         2     -1        3
..................................................................


WIND (MPH)
  HIGHEST WIND SPEED    26   HIGHEST WIND DIRECTION     N (350)
  HIGHEST GUST SPEED    34   HIGHEST GUST DIRECTION    NW (330)
  AVERAGE WIND SPEED    10.8


SKY COVER
  POSSIBLE SUNSHINE  MM
  AVERAGE SKY COVER 0.4


WEATHER CONDITIONS
 THE FOLLOWING WEATHER WAS RECORDED YESTERDAY.
  LIGHT RAIN


RELATIVE HUMIDITY (PERCENT)
 HIGHEST    86          1200 AM
 LOWEST     30           400 PM
 AVERAGE    58

..........................................................


THE FLORENCE SC CLIMATE NORMALS FOR TODAY
                         NORMAL    RECORD    YEAR
 MAXIMUM TEMPERATURE (F)   58        81      2008
 MINIMUM TEMPERATURE (F)   36        15      1996


SUNRISE AND SUNSET
FEBRUARY  6 2016......SUNRISE   713 AM EST   SUNSET   554 PM EST
FEBRUARY  7 2016......SUNRISE   712 AM EST   SUNSET   555 PM EST


-  INDICATES NEGATIVE NUMBERS.
R  INDICATES RECORD WAS SET OR TIED.
MM INDICATES DATA IS MISSING.
T  INDICATES TRACE AMOUNT.




$$
