000
CDUS42 KILM 020941
CLIFLO


CLIMATE REPORT
NATIONAL WEATHER SERVICE WILMINGTON NC
441 AM EST MON MAR 2 2015


...................................

...THE FLORENCE SC CLIMATE SUMMARY FOR MARCH 1 2015...

CLIMATE NORMAL PERIOD 1981 TO 2010
CLIMATE RECORD PERIOD 1948 TO 2015


WEATHER ITEM   OBSERVED TIME   RECORD YEAR NORMAL DEPARTURE LAST
                VALUE   (LST)  VALUE       VALUE  FROM      YEAR
                                                  NORMAL
..................................................................
TEMPERATURE (F)
 YESTERDAY
  MAXIMUM         42   1147 PM  84    1997  63    -21       58
  MINIMUM         34    739 AM  21    2002  40     -6       37
                                      1980
  AVERAGE         38                        52    -14       48

PRECIPITATION (IN)
  YESTERDAY        0.21          1.36 1987   0.11   0.10     0.00
  MONTH TO DATE    0.21                      0.11   0.10     0.00
  SINCE MAR 1      0.21                      0.11   0.10     0.00
  SINCE JAN 1      7.14                      6.26   0.88     5.72

SNOWFALL (IN)
  YESTERDAY       MM
  MONTH TO DATE   MM
  SINCE MAR 1     MM
  SINCE JUL 1     MM
  SNOW DEPTH      MM

DEGREE DAYS
 HEATING
  YESTERDAY       27                        14     13       17
  MONTH TO DATE   27                        14     13       17
  SINCE MAR 1     27                        14     13       17
  SINCE JUL 1   2265                      2080    185     2146

 COOLING
  YESTERDAY        0                         0      0        0
  MONTH TO DATE    0                         0      0        0
  SINCE MAR 1      0                         0      0        0
  SINCE JAN 1      3                         6     -3        6
..................................................................


WIND (MPH)
  HIGHEST WIND SPEED    12   HIGHEST WIND DIRECTION    NE (40)
  HIGHEST GUST SPEED    15   HIGHEST GUST DIRECTION    NE (40)
  AVERAGE WIND SPEED     6.5


SKY COVER
  POSSIBLE SUNSHINE  MM
  AVERAGE SKY COVER 1.0


WEATHER CONDITIONS
 THE FOLLOWING WEATHER WAS RECORDED YESTERDAY.
  RAIN
  LIGHT RAIN
  FOG


RELATIVE HUMIDITY (PERCENT)
 HIGHEST    93          1000 PM
 LOWEST     70          1200 AM
 AVERAGE    82

..........................................................


THE FLORENCE SC CLIMATE NORMALS FOR TODAY
                         NORMAL    RECORD    YEAR
 MAXIMUM TEMPERATURE (F)   64        87      1997
 MINIMUM TEMPERATURE (F)   40        19      1980


SUNRISE AND SUNSET
MARCH  2 2015.........SUNRISE   647 AM EST   SUNSET   616 PM EST
MARCH  3 2015.........SUNRISE   645 AM EST   SUNSET   617 PM EST


-  INDICATES NEGATIVE NUMBERS.
R  INDICATES RECORD WAS SET OR TIED.
MM INDICATES DATA IS MISSING.
T  INDICATES TRACE AMOUNT.




$$
