000
CDUS42 KILM 290854
CLIFLO


CLIMATE REPORT
NATIONAL WEATHER SERVICE WILMINGTON NC
454 AM EDT TUE JUL 29 2014


...................................

...THE FLORENCE SC CLIMATE SUMMARY FOR JULY 28 2014...

CLIMATE NORMAL PERIOD 1981 TO 2010
CLIMATE RECORD PERIOD 1948 TO 2014


WEATHER ITEM   OBSERVED TIME   RECORD YEAR NORMAL DEPARTURE LAST
                VALUE   (LST)  VALUE       VALUE  FROM      YEAR
                                                  NORMAL
..................................................................
TEMPERATURE (F)
 YESTERDAY
  MAXIMUM         83    843 PM 101    1949  91     -8       88
  MINIMUM         76        MM  60    1962  72      4       71
  AVERAGE         80                        81     -1       80

PRECIPITATION (IN)
  YESTERDAY        0.00          3.64 1960   0.18  -0.18     0.00
  MONTH TO DATE    5.64                      4.71   0.93    13.17
  SINCE JUN 1      6.62                      9.33  -2.71    21.45
  SINCE JAN 1     23.98                     24.69  -0.71    40.28

DEGREE DAYS
 HEATING
  YESTERDAY        0                         0      0        0
  MONTH TO DATE    0                         0      0        0
  SINCE JUN 1      0                         1     -1        0
  SINCE JUL 1      0                         0      0        0

 COOLING
  YESTERDAY       15                        16     -1       15
  MONTH TO DATE  463                       448     15      447
  SINCE JUN 1    945                       845    100      871
  SINCE JAN 1   1327                      1152    175     1138
..................................................................


WIND (MPH)
  HIGHEST WIND SPEED    20   HIGHEST WIND DIRECTION     W (260)
  HIGHEST GUST SPEED    25   HIGHEST GUST DIRECTION     W (260)
  AVERAGE WIND SPEED     9.2


SKY COVER
  POSSIBLE SUNSHINE  MM
  AVERAGE SKY COVER 0.1


WEATHER CONDITIONS
 THE FOLLOWING WEATHER WAS RECORDED YESTERDAY.
  NO SIGNIFICANT WEATHER WAS OBSERVED.


RELATIVE HUMIDITY (PERCENT)
 HIGHEST    79           200 AM
 LOWEST     38           400 PM
 AVERAGE    59

..........................................................


THE FLORENCE SC CLIMATE NORMALS FOR TODAY
                         NORMAL    RECORD    YEAR
 MAXIMUM TEMPERATURE (F)   91       103      1993
 MINIMUM TEMPERATURE (F)   72        66      1984


SUNRISE AND SUNSET
JULY 29 2014..........SUNRISE   628 AM EDT   SUNSET   822 PM EDT
JULY 30 2014..........SUNRISE   628 AM EDT   SUNSET   822 PM EDT


-  INDICATES NEGATIVE NUMBERS.
R  INDICATES RECORD WAS SET OR TIED.
MM INDICATES DATA IS MISSING.
T  INDICATES TRACE AMOUNT.




$$
