000
CDUS42 KILM 300841
CLIFLO


CLIMATE REPORT
NATIONAL WEATHER SERVICE WILMINGTON NC
441 AM EDT THU OCT 30 2014


...................................

...THE FLORENCE SC CLIMATE SUMMARY FOR OCTOBER 29 2014...

CLIMATE NORMAL PERIOD 1981 TO 2010
CLIMATE RECORD PERIOD 1948 TO 2014


WEATHER ITEM   OBSERVED TIME   RECORD YEAR NORMAL DEPARTURE LAST
                VALUE   (LST)  VALUE       VALUE  FROM      YEAR
                                                  NORMAL
..................................................................
TEMPERATURE (F)
 YESTERDAY
  MAXIMUM         82    348 PM  84    1974  72     10       77
  MINIMUM         63    343 AM  29    1965  49     14       48
  AVERAGE         73                        60     13       63

PRECIPITATION (IN)
  YESTERDAY        0.16          0.78 1959   0.08   0.08     0.00
  MONTH TO DATE    1.24                      2.91  -1.67     0.83
  SINCE SEP 1      9.66                      6.58   3.08     1.72
  SINCE JAN 1     37.65                     37.06   0.59    48.18

DEGREE DAYS
 HEATING
  YESTERDAY        0                         6     -6        2
  MONTH TO DATE   52                        94    -42       82
  SINCE SEP 1     58                       103    -45       82
  SINCE JUL 1     58                       103    -45       82

 COOLING
  YESTERDAY        8                         1      7        0
  MONTH TO DATE  117                        82     35      103
  SINCE SEP 1    444                       368     76      401
  SINCE JAN 1   2276                      2038    238     2028
..................................................................


WIND (MPH)
  HIGHEST WIND SPEED    15   HIGHEST WIND DIRECTION     W (250)
  HIGHEST GUST SPEED    20   HIGHEST GUST DIRECTION     W (250)
  AVERAGE WIND SPEED     6.8


SKY COVER
  POSSIBLE SUNSHINE  MM
  AVERAGE SKY COVER 0.2


WEATHER CONDITIONS
 THE FOLLOWING WEATHER WAS RECORDED YESTERDAY.
  LIGHT RAIN
  FOG


RELATIVE HUMIDITY (PERCENT)
 HIGHEST    93           500 AM
 LOWEST     37           300 PM
 AVERAGE    65

..........................................................


THE FLORENCE SC CLIMATE NORMALS FOR TODAY
                         NORMAL    RECORD    YEAR
 MAXIMUM TEMPERATURE (F)   72        86      1998
 MINIMUM TEMPERATURE (F)   48        28      1952


SUNRISE AND SUNSET
OCTOBER 30 2014.......SUNRISE   737 AM EDT   SUNSET   628 PM EDT
OCTOBER 31 2014.......SUNRISE   738 AM EDT   SUNSET   627 PM EDT


-  INDICATES NEGATIVE NUMBERS.
R  INDICATES RECORD WAS SET OR TIED.
MM INDICATES DATA IS MISSING.
T  INDICATES TRACE AMOUNT.




$$
