994
CDUS42 KILM 220840
CLIFLO


CLIMATE REPORT
NATIONAL WEATHER SERVICE WILMINGTON NC
440 AM EDT SUN OCT 22 2017


...................................

...THE FLORENCE SC CLIMATE SUMMARY FOR OCTOBER 21 2017...

CLIMATE NORMAL PERIOD 1981 TO 2010
CLIMATE RECORD PERIOD 1948 TO 2017


WEATHER ITEM   OBSERVED TIME   RECORD YEAR NORMAL DEPARTURE LAST
                VALUE   (LST)  VALUE       VALUE  FROM      YEAR
                                                  NORMAL
..................................................................
TEMPERATURE (F)
 YESTERDAY
  MAXIMUM         80    257 PM  86    1993  74      6       83
  MINIMUM         48    531 AM  32    1952  51     -3       58
  AVERAGE         64                        63      1       71

PRECIPITATION (IN)
  YESTERDAY        0.00          1.05 1959   0.09  -0.09     0.00
  MONTH TO DATE    0.63                      2.23  -1.60    12.77
  SINCE SEP 1      4.75                      5.90  -1.15    22.59
  SINCE JAN 1     36.33                     36.38  -0.05    55.47

DEGREE DAYS
 HEATING
  YESTERDAY        1                         4     -3        0
  MONTH TO DATE   23                        53    -30        5
  SINCE SEP 1     23                        62    -39        5
  SINCE JUL 1     23                        62    -39        5

 COOLING
  YESTERDAY        0                         2     -2        6
  MONTH TO DATE  135                        70     65      101
  SINCE SEP 1    442                       356     86      505
  SINCE JAN 1   2224                      2026    198     2542
..................................................................


WIND (MPH)
  HIGHEST WIND SPEED     9   HIGHEST WIND DIRECTION    SE (120)
  HIGHEST GUST SPEED    12   HIGHEST GUST DIRECTION    SE (130)
  AVERAGE WIND SPEED     1.2


SKY COVER
  POSSIBLE SUNSHINE  MM
  AVERAGE SKY COVER 0.0


WEATHER CONDITIONS
 THE FOLLOWING WEATHER WAS RECORDED YESTERDAY.
  HAZE


RELATIVE HUMIDITY (PERCENT)
 HIGHEST   100           100 AM
 LOWEST     37           300 PM
 AVERAGE    69

..........................................................


THE FLORENCE SC CLIMATE NORMALS FOR TODAY
                         NORMAL    RECORD    YEAR
 MAXIMUM TEMPERATURE (F)   74        86      2007
 MINIMUM TEMPERATURE (F)   51        29      1952


SUNRISE AND SUNSET
OCTOBER 22 2017.......SUNRISE   730 AM EDT   SUNSET   636 PM EDT
OCTOBER 23 2017.......SUNRISE   731 AM EDT   SUNSET   635 PM EDT


-  INDICATES NEGATIVE NUMBERS.
R  INDICATES RECORD WAS SET OR TIED.
MM INDICATES DATA IS MISSING.
T  INDICATES TRACE AMOUNT.




$$
