000
CDUS42 KILM 160849
CLIFLO


CLIMATE REPORT
NATIONAL WEATHER SERVICE WILMINGTON NC
448 AM EDT WED AUG 16 2017


...................................

...THE FLORENCE SC CLIMATE SUMMARY FOR AUGUST 15 2017...

CLIMATE NORMAL PERIOD 1981 TO 2010
CLIMATE RECORD PERIOD 1948 TO 2017


WEATHER ITEM   OBSERVED TIME   RECORD YEAR NORMAL DEPARTURE LAST
                VALUE   (LST)  VALUE       VALUE  FROM      YEAR
                                                  NORMAL
..................................................................
TEMPERATURE (F)
 YESTERDAY
  MAXIMUM         93    356 PM  99    1953  90      3       96
  MINIMUM         75    443 AM  59    1983  71      4       73
  AVERAGE         84                        80      4       85

PRECIPITATION (IN)
  YESTERDAY        0.00          1.52 1992   0.17  -0.17     0.07
  MONTH TO DATE    1.57                      2.61  -1.04     1.14
  SINCE JUN 1     14.89                     12.49   2.40    11.70
  SINCE JAN 1     29.60                     27.85   1.75    32.79

DEGREE DAYS
 HEATING
  YESTERDAY        0                         0      0        0
  MONTH TO DATE    0                         0      0        0
  SINCE JUN 1      0                         1     -1        0
  SINCE JUL 1      0                         0      0        0

 COOLING
  YESTERDAY       19                        15      4       20
  MONTH TO DATE  221                       235    -14      280
  SINCE JUN 1   1105                      1134    -29     1396
  SINCE JAN 1   1536                      1441     95     1743
..................................................................


WIND (MPH)
  HIGHEST WIND SPEED    14   HIGHEST WIND DIRECTION    SW (220)
  HIGHEST GUST SPEED    17   HIGHEST GUST DIRECTION    SW (230)
  AVERAGE WIND SPEED     3.9


SKY COVER
  POSSIBLE SUNSHINE  MM
  AVERAGE SKY COVER 0.3


WEATHER CONDITIONS
 THE FOLLOWING WEATHER WAS RECORDED YESTERDAY.
  THUNDERSTORM


RELATIVE HUMIDITY (PERCENT)
 HIGHEST   100          1200 AM
 LOWEST     60           200 PM
 AVERAGE    80

..........................................................


THE FLORENCE SC CLIMATE NORMALS FOR TODAY
                         NORMAL    RECORD    YEAR
 MAXIMUM TEMPERATURE (F)   90       103      1954
 MINIMUM TEMPERATURE (F)   71        60      1967


SUNRISE AND SUNSET
AUGUST 16 2017........SUNRISE   641 AM EDT   SUNSET   804 PM EDT
AUGUST 17 2017........SUNRISE   642 AM EDT   SUNSET   803 PM EDT


-  INDICATES NEGATIVE NUMBERS.
R  INDICATES RECORD WAS SET OR TIED.
MM INDICATES DATA IS MISSING.
T  INDICATES TRACE AMOUNT.




$$
