000
CDUS42 KILM 250941
CLIFLO


CLIMATE REPORT
NATIONAL WEATHER SERVICE WILMINGTON NC
441 AM EST SAT FEB 25 2017


...................................

...THE FLORENCE SC CLIMATE SUMMARY FOR FEBRUARY 24 2017...

CLIMATE NORMAL PERIOD 1981 TO 2010
CLIMATE RECORD PERIOD 1948 TO 2017


WEATHER ITEM   OBSERVED TIME   RECORD YEAR NORMAL DEPARTURE LAST
                VALUE   (LST)  VALUE       VALUE  FROM      YEAR
                                                  NORMAL
..................................................................
TEMPERATURE (F)
 YESTERDAY
  MAXIMUM         80    327 PM  82    1962  62     18       77
  MINIMUM         53    720 AM  24    1968  39     14       52
  AVERAGE         67                        50     17       65

PRECIPITATION (IN)
  YESTERDAY        0.00          0.99 1977   0.12  -0.12     0.67
  MONTH TO DATE    1.60                      2.50  -0.90     5.33
  SINCE DEC 1      9.43                      8.74   0.69    14.55
  SINCE JAN 1      4.86                      5.73  -0.87     7.46

SNOWFALL (IN)
  YESTERDAY       MM
  MONTH TO DATE   MM
  SINCE DEC 1     MM
  SINCE JUL 1     MM
  SNOW DEPTH      MM

DEGREE DAYS
 HEATING
  YESTERDAY        0                        15    -15        0
  MONTH TO DATE  219                       408   -189      425
  SINCE DEC 1   1103                      1588   -485     1321
  SINCE JUL 1   1416                      2010   -594     1585

 COOLING
  YESTERDAY        2                         0      2        0
  MONTH TO DATE    9                         0      9        1
  SINCE DEC 1     13                         6      7       58
  SINCE JAN 1      9                         2      7        1
..................................................................


WIND (MPH)
  HIGHEST WIND SPEED    10   HIGHEST WIND DIRECTION     S (160)
  HIGHEST GUST SPEED    13   HIGHEST GUST DIRECTION     E (100)
  AVERAGE WIND SPEED     3.9


SKY COVER
  POSSIBLE SUNSHINE  MM
  AVERAGE SKY COVER 0.1


WEATHER CONDITIONS
 THE FOLLOWING WEATHER WAS RECORDED YESTERDAY.
  FOG


RELATIVE HUMIDITY (PERCENT)
 HIGHEST   100           100 AM
 LOWEST     45           300 PM
 AVERAGE    73

..........................................................


THE FLORENCE SC CLIMATE NORMALS FOR TODAY
                         NORMAL    RECORD    YEAR
 MAXIMUM TEMPERATURE (F)   62        78      1977
 MINIMUM TEMPERATURE (F)   39        14      1967


SUNRISE AND SUNSET
FEBRUARY 25 2017......SUNRISE   652 AM EST   SUNSET   612 PM EST
FEBRUARY 26 2017......SUNRISE   651 AM EST   SUNSET   613 PM EST


-  INDICATES NEGATIVE NUMBERS.
R  INDICATES RECORD WAS SET OR TIED.
MM INDICATES DATA IS MISSING.
T  INDICATES TRACE AMOUNT.




$$
