000
CDUS42 KTBW 050831
CLIFMY


CLIMATE REPORT
NATIONAL WEATHER SERVICE TAMPA BAY FL
429 AM EDT SAT SEP 5 2015


...................................

...THE FORT MYERS CLIMATE SUMMARY FOR SEPTEMBER 4 2015...

CLIMATE NORMAL PERIOD 1981 TO 2010
CLIMATE RECORD PERIOD 1902 TO 2015


WEATHER ITEM   OBSERVED TIME   RECORD YEAR NORMAL DEPARTURE LAST
                VALUE   (LST)  VALUE       VALUE  FROM      YEAR
                                                  NORMAL
..................................................................
TEMPERATURE (F)
 YESTERDAY
  MAXIMUM         92    409 PM  95    1995  91      1       89
                                      1994
                                      1986
  MINIMUM         76   1159 PM  68    1942  75      1       74
                                      1917
  AVERAGE         84                        83      1       82

PRECIPITATION (IN)
  YESTERDAY        T             5.10 1935   0.33  -0.33     0.00
  MONTH TO DATE    T                         1.32  -1.32     0.62
  SINCE SEP 1      T                         1.32  -1.32     0.62
  SINCE JAN 1     41.33                     42.39  -1.06    29.86

DEGREE DAYS
 HEATING
  YESTERDAY        0                         0      0        0
  MONTH TO DATE    0                         0      0        0
  SINCE SEP 1      0                         0      0        0
  SINCE JUL 1      0                         0      0        0

 COOLING
  YESTERDAY       19                        18      1       17
  MONTH TO DATE   78                        72      6       75
  SINCE SEP 1     78                        72      6       75
  SINCE JAN 1   3095                      2796    299     2986
..................................................................


WIND (MPH)
  RESULTANT WIND SPEED   3   RESULTANT WIND DIRECTION   N (360)
  HIGHEST WIND SPEED    25   HIGHEST WIND DIRECTION    NE (40)
  HIGHEST GUST SPEED    30   HIGHEST GUST DIRECTION    NE (30)
  AVERAGE WIND SPEED     4.9


SKY COVER
  POSSIBLE SUNSHINE  MM
  AVERAGE SKY COVER 0.2


WEATHER CONDITIONS
 THE FOLLOWING WEATHER WAS RECORDED YESTERDAY.
  THUNDERSTORM
  LIGHT RAIN
  FOG


RELATIVE HUMIDITY (PERCENT)
 HIGHEST    91           600 AM
 LOWEST     56          1100 AM

..........................................................


THE FORT MYERS CLIMATE NORMALS FOR TODAY
                         NORMAL    RECORD    YEAR
 MAXIMUM TEMPERATURE (F)   91        95      1990
                                             1952
                                             1948
 MINIMUM TEMPERATURE (F)   75        67      1917


SUNRISE AND SUNSET
SEPTEMBER  5 2015.....SUNRISE   709 AM EDT   SUNSET   743 PM EDT
SEPTEMBER  6 2015.....SUNRISE   709 AM EDT   SUNSET   742 PM EDT


-  INDICATES NEGATIVE NUMBERS.
R  INDICATES RECORD WAS SET OR TIED.
MM INDICATES DATA IS MISSING.
T  INDICATES TRACE AMOUNT.




$$


&&
------------------------------------------------------------------
******************** SUPPLEMENTAL DATA ***************************

...GULF WATER TEMPERATURE AT FORT MYERS BEACH 87
