000
CDUS42 KTBW 252127
CLIFMY


CLIMATE REPORT
NATIONAL WEATHER SERVICE TAMPA BAY FL
525 PM EDT TUE APR 25 2017


...................................

...THE FORT MYERS CLIMATE SUMMARY FOR APRIL 25 2017...
VALID TODAY AS OF 0500 PM LOCAL TIME.

CLIMATE NORMAL PERIOD 1981 TO 2010
CLIMATE RECORD PERIOD 1902 TO 2017


WEATHER ITEM   OBSERVED TIME   RECORD YEAR NORMAL DEPARTURE LAST
                VALUE   (LST)  VALUE       VALUE  FROM      YEAR
                                                  NORMAL
..................................................................
TEMPERATURE (F)
 TODAY
  MAXIMUM         MM        MM  93    2011  86     MM       89
                                      1989
                                      1958
  MINIMUM         MM        MM  51    2005  64     MM       68
  AVERAGE         MM                        75     MM       79

PRECIPITATION (IN)
  TODAY            0.00          0.76 2016   0.08  -0.08     0.76
  MONTH TO DATE    2.62                      1.84   0.78     1.15
  SINCE MAR 1      2.78                      4.72  -1.94     2.21
  SINCE JAN 1      5.03                      8.81  -3.78    17.32

DEGREE DAYS
 HEATING
  TODAY           MM                         0     MM        0
  MONTH TO DATE    0                         0      0        0
  SINCE MAR 1     11                        24    -13        9
  SINCE JUL 1     76                       284   -208      204

 COOLING
  TODAY           MM                        10     MM       14
  MONTH TO DATE  133                       214    -81      233
  SINCE MAR 1    376                       390    -14      478
  SINCE JAN 1    718                       575    143      589
..................................................................


WIND (MPH)
  RESULTANT WIND SPEED  10   RESULTANT WIND DIRECTION   W (290)
  HIGHEST WIND SPEED    14   HIGHEST WIND DIRECTION    NW (300)
  HIGHEST GUST SPEED    MM   HIGHEST GUST DIRECTION    MM
  AVERAGE WIND SPEED     9.8


SKY COVER
  POSSIBLE SUNSHINE  MM
  AVERAGE SKY COVER 0.5


WEATHER CONDITIONS
 THE FOLLOWING WEATHER WAS RECORDED TODAY.
  NO SIGNIFICANT WEATHER WAS OBSERVED.


RELATIVE HUMIDITY (PERCENT)
 HIGHEST    73           600 AM
 LOWEST     42           300 PM

..........................................................


THE FORT MYERS CLIMATE NORMALS FOR TOMORROW
                         NORMAL    RECORD    YEAR
 MAXIMUM TEMPERATURE (F)   86        95      1991
 MINIMUM TEMPERATURE (F)   65        49      1983


SUNRISE AND SUNSET
APRIL 25 2017.........SUNRISE   654 AM EDT   SUNSET   757 PM EDT
APRIL 26 2017.........SUNRISE   653 AM EDT   SUNSET   757 PM EDT


-  INDICATES NEGATIVE NUMBERS.
R  INDICATES RECORD WAS SET OR TIED.
MM INDICATES DATA IS MISSING.
T  INDICATES TRACE AMOUNT.




$$


&&
------------------------------------------------------------------
******************** SUPPLEMENTAL DATA ***************************

...GULF WATER TEMPERATURE AT FORT MYERS BEACH 77 DEGREES
