000
CDUS42 KTBW 282126
CLIFMY


CLIMATE REPORT
NATIONAL WEATHER SERVICE TAMPA BAY FL
524 PM EDT SAT MAY 28 2016


...................................

...THE FORT MYERS CLIMATE SUMMARY FOR MAY 28 2016...
VALID TODAY AS OF 0500 PM LOCAL TIME.

CLIMATE NORMAL PERIOD 1981 TO 2010
CLIMATE RECORD PERIOD 1902 TO 2016


WEATHER ITEM   OBSERVED TIME   RECORD YEAR NORMAL DEPARTURE LAST
                VALUE   (LST)  VALUE       VALUE  FROM      YEAR
                                                  NORMAL
..................................................................
TEMPERATURE (F)
 TODAY
  MAXIMUM         90   1201 PM  98    1953  91     -1       91
  MINIMUM         72    611 AM  62    1945  71      1       69
  AVERAGE         81                        81      0       80

PRECIPITATION (IN)
  TODAY            0.00          1.95 1936   0.14  -0.14     0.00
  MONTH TO DATE    2.98                      2.20   0.78     1.45
  SINCE MAR 1      5.48                      7.26  -1.78     4.94
  SINCE JAN 1     20.59                     11.35   9.24     8.13

DEGREE DAYS
 HEATING
  TODAY            0                         0      0        0
  MONTH TO DATE    0                         0      0        0
  SINCE MAR 1      9                        27    -18        0
  SINCE JUL 1    204                       287    -83      231

 COOLING
  TODAY           16                        16      0       15
  MONTH TO DATE  390                       387      3      432
  SINCE MAR 1    938                       832    106     1159
  SINCE JAN 1   1049                      1017     32     1307
..................................................................


WIND (MPH)
  RESULTANT WIND SPEED   5   RESULTANT WIND DIRECTION   E (80)
  HIGHEST WIND SPEED    18   HIGHEST WIND DIRECTION     E (100)
  HIGHEST GUST SPEED    24   HIGHEST GUST DIRECTION     E (110)
  AVERAGE WIND SPEED     6.6


SKY COVER
  POSSIBLE SUNSHINE  MM
  AVERAGE SKY COVER 0.2


WEATHER CONDITIONS
 THE FOLLOWING WEATHER WAS RECORDED TODAY.
  THUNDERSTORM


RELATIVE HUMIDITY (PERCENT)
 HIGHEST   100           500 AM
 LOWEST     53          1200 PM

..........................................................


THE FORT MYERS CLIMATE NORMALS FOR TOMORROW
                         NORMAL    RECORD    YEAR
 MAXIMUM TEMPERATURE (F)   91        97      2008
                                             1989
 MINIMUM TEMPERATURE (F)   72        62      1920


SUNRISE AND SUNSET
MAY 28 2016...........SUNRISE   635 AM EDT   SUNSET   815 PM EDT
MAY 29 2016...........SUNRISE   635 AM EDT   SUNSET   815 PM EDT


-  INDICATES NEGATIVE NUMBERS.
R  INDICATES RECORD WAS SET OR TIED.
MM INDICATES DATA IS MISSING.
T  INDICATES TRACE AMOUNT.




$$


&&
------------------------------------------------------------------
******************** SUPPLEMENTAL DATA ***************************

...GULF WATER TEMPERATURE AT FORT MYERS BEACH 84 DEGREES
