000
CDUS42 KTBW 252117
CLIFMY


CLIMATE REPORT
NATIONAL WEATHER SERVICE TAMPA BAY FL
515 PM EDT SAT OCT 25 2014


...................................

...THE FORT MYERS CLIMATE SUMMARY FOR OCTOBER 25 2014...
VALID TODAY AS OF 0500 PM LOCAL TIME.

CLIMATE NORMAL PERIOD 1981 TO 2010
CLIMATE RECORD PERIOD 1902 TO 2014


WEATHER ITEM   OBSERVED TIME   RECORD YEAR NORMAL DEPARTURE LAST
                VALUE   (LST)  VALUE       VALUE  FROM      YEAR
                                                  NORMAL
..................................................................
TEMPERATURE (F)
 TODAY
  MAXIMUM         83    336 PM  91    2010  85     -2       81
                                      1919
  MINIMUM         63    649 AM  50    2006  67     -4       62
  AVERAGE         73                        76     -3       72

PRECIPITATION (IN)
  TODAY            0.00          3.30 1921   0.08  -0.08     0.00
  MONTH TO DATE    1.24                      2.46  -1.22     1.34
  SINCE SEP 1      8.48                     10.77  -2.29    12.26
  SINCE JAN 1     37.72                     51.84 -14.12    51.86

DEGREE DAYS
 HEATING
  TODAY            0                         0      0        0
  MONTH TO DATE    0                         0      0        0
  SINCE SEP 1      0                         0      0        0
  SINCE JUL 1      0                         0      0        0

 COOLING
  TODAY            8                        11     -3        7
  MONTH TO DATE  323                       339    -16      358
  SINCE SEP 1    823                       861    -38      845
  SINCE JAN 1   3734                      3585    149     3563
..................................................................


WIND (MPH)
  RESULTANT WIND SPEED   9   RESULTANT WIND DIRECTION   N (20)
  HIGHEST WIND SPEED    16   HIGHEST WIND DIRECTION     N (20)
  HIGHEST GUST SPEED    20   HIGHEST GUST DIRECTION    NE (40)
  AVERAGE WIND SPEED     9.4


SKY COVER
  POSSIBLE SUNSHINE  MM
  AVERAGE SKY COVER 0.0


WEATHER CONDITIONS
 THE FOLLOWING WEATHER WAS RECORDED TODAY.
  NO SIGNIFICANT WEATHER WAS OBSERVED.


RELATIVE HUMIDITY (PERCENT)
 HIGHEST    78          1200 AM
 LOWEST     40           200 PM

..........................................................


THE FORT MYERS CLIMATE NORMALS FOR TOMORROW
                         NORMAL    RECORD    YEAR
 MAXIMUM TEMPERATURE (F)   85        91      1981
                                             1919
 MINIMUM TEMPERATURE (F)   67        49      1903


SUNRISE AND SUNSET
OCTOBER 25 2014.......SUNRISE   732 AM EDT   SUNSET   650 PM EDT
OCTOBER 26 2014.......SUNRISE   733 AM EDT   SUNSET   649 PM EDT


-  INDICATES NEGATIVE NUMBERS.
R  INDICATES RECORD WAS SET OR TIED.
MM INDICATES DATA IS MISSING.
T  INDICATES TRACE AMOUNT.




$$


&&
------------------------------------------------------------------
******************** SUPPLEMENTAL DATA ***************************

...GULF WATER TEMPERATURE AT FORT MYERS BEACH 82
