000
CDUS42 KTBW 252214
CLIFMY


CLIMATE REPORT
NATIONAL WEATHER SERVICE TAMPA BAY FL
511 PM EST SUN FEB 25 2018


...................................

...THE FORT MYERS CLIMATE SUMMARY FOR FEBRUARY 25 2018...
VALID TODAY AS OF 0500 PM LOCAL TIME.

CLIMATE NORMAL PERIOD 1981 TO 2010
CLIMATE RECORD PERIOD 1902 TO 2018


WEATHER ITEM   OBSERVED TIME   RECORD YEAR NORMAL DEPARTURE LAST
                VALUE   (LST)  VALUE       VALUE  FROM      YEAR
                                                  NORMAL
..................................................................
TEMPERATURE (F)
 TODAY
  MAXIMUM         86    158 PM  92    1962  78      8       82
  MINIMUM         64    536 AM  35    1989  57      7       65
  AVERAGE         75                        68      7       74

PRECIPITATION (IN)
  TODAY            0.00          2.55 2004   0.09  -0.09     0.00
  MONTH TO DATE    0.78                      1.89  -1.11     0.72
  SINCE DEC 1      3.39                      5.54  -2.15     2.49
  SINCE JAN 1      1.94                      3.83  -1.89     2.25

DEGREE DAYS
 HEATING
  TODAY            0                         2     -2        0
  MONTH TO DATE    0                        56    -56        1
  SINCE DEC 1    181                       239    -58       60
  SINCE JUL 1    186                       257    -71       65

 COOLING
  TODAY           10                         4      6        9
  MONTH TO DATE  249                        90    159      154
  SINCE DEC 1    498                       294    204      583
  SINCE JAN 1    329                       173    156      307
..................................................................


WIND (MPH)
  RESULTANT WIND SPEED   4   RESULTANT WIND DIRECTION   S (170)
  HIGHEST WIND SPEED    15   HIGHEST WIND DIRECTION    SW (220)
  HIGHEST GUST SPEED    21   HIGHEST GUST DIRECTION    SW (220)
  AVERAGE WIND SPEED     6.1


SKY COVER
  POSSIBLE SUNSHINE  MM
  AVERAGE SKY COVER 0.1


WEATHER CONDITIONS
 THE FOLLOWING WEATHER WAS RECORDED TODAY.
  NO SIGNIFICANT WEATHER WAS OBSERVED.


RELATIVE HUMIDITY (PERCENT)
 HIGHEST   100           500 AM
 LOWEST     48           100 PM

..........................................................


THE FORT MYERS CLIMATE NORMALS FOR TOMORROW
                         NORMAL    RECORD    YEAR
 MAXIMUM TEMPERATURE (F)   78        87      1971
                                             1962
                                             1929
 MINIMUM TEMPERATURE (F)   57        32      1967


SUNRISE AND SUNSET
FEBRUARY 25 2018......SUNRISE   655 AM EST   SUNSET   626 PM EST
FEBRUARY 26 2018......SUNRISE   654 AM EST   SUNSET   627 PM EST


-  INDICATES NEGATIVE NUMBERS.
R  INDICATES RECORD WAS SET OR TIED.
MM INDICATES DATA IS MISSING.
T  INDICATES TRACE AMOUNT.




$$


&&
------------------------------------------------------------------
******************** SUPPLEMENTAL DATA ***************************

...GULF WATER TEMPERATURE AT FORT MYERS BEACH 76 DEGREES
