000
CDUS43 KDTX 060545
CLIFNT


CLIMATE REPORT
NATIONAL WEATHER SERVICE DETROIT/PONTIAC MI
145 AM EDT FRI MAY 6 2016


...................................

...THE FLINT MI CLIMATE SUMMARY FOR MAY 5 2016...

CLIMATE NORMAL PERIOD 1981 TO 2010
CLIMATE RECORD PERIOD 1921 TO 2016


WEATHER ITEM   OBSERVED TIME   RECORD YEAR NORMAL DEPARTURE LAST
                VALUE   (LST)  VALUE       VALUE  FROM      YEAR
                                                  NORMAL
..................................................................
TEMPERATURE (F)
 YESTERDAY
  MAXIMUM         67        MM  90    1952  65      2       61
  MINIMUM         46        MM  29    1992  42      4       50
  AVERAGE         57                        53      4       56

PRECIPITATION (IN)
  YESTERDAY        0.00          0.58 1944   0.09  -0.09     0.40
  MONTH TO DATE    0.68                      0.49   0.19     0.50
  SINCE MAR 1      7.34                      5.29   2.05     3.05
  SINCE JAN 1     11.19                      8.40   2.79     5.22

SNOWFALL (IN)
  YESTERDAY        0.0           T      MM   0.0    0.0      0.0
  MONTH TO DATE    0.0                       0.0    0.0      0.0
  SINCE MAR 1     18.4                       8.8    9.6      4.8
  SINCE JUL 1     69.0                      47.4   21.6     45.3
  SNOW DEPTH       0

DEGREE DAYS
 HEATING
  YESTERDAY        8                        12     -4        9
  MONTH TO DATE   58                        63     -5       20
  SINCE MAR 1   1337                      1582   -245     1501
  SINCE JUL 1   5207                      6670  -1463     6809

 COOLING
  YESTERDAY        0                         0      0        0
  MONTH TO DATE    0                         0      0        3
  SINCE MAR 1      1                         4     -3        3
  SINCE JAN 1      1                         4     -3        3
..................................................................


WIND (MPH)
  HIGHEST WIND SPEED    17   HIGHEST WIND DIRECTION     N (360)
  HIGHEST GUST SPEED    24   HIGHEST GUST DIRECTION     N (360)
  AVERAGE WIND SPEED    10.2


SKY COVER
  POSSIBLE SUNSHINE  MM
  AVERAGE SKY COVER 0.3


WEATHER CONDITIONS
 THE FOLLOWING WEATHER WAS RECORDED YESTERDAY.
  HAZE


RELATIVE HUMIDITY (PERCENT)
 HIGHEST    86          1200 AM
 LOWEST     34           600 PM
 AVERAGE    60

..........................................................


THE FLINT MI CLIMATE NORMALS FOR TODAY
                         NORMAL    RECORD    YEAR
 MAXIMUM TEMPERATURE (F)   65        89      1949
 MINIMUM TEMPERATURE (F)   42        27      1968


SUNRISE AND SUNSET
MAY  6 2016...........SUNRISE   622 AM EDT   SUNSET   842 PM EDT
MAY  7 2016...........SUNRISE   620 AM EDT   SUNSET   843 PM EDT


-  INDICATES NEGATIVE NUMBERS.
R  INDICATES RECORD WAS SET OR TIED.
MM INDICATES DATA IS MISSING.
T  INDICATES TRACE AMOUNT.




$$
