000
CDUS43 KDTX 260546
CLIFNT


CLIMATE REPORT
NATIONAL WEATHER SERVICE DETROIT/PONTIAC MI
146 AM EDT MON SEP 26 2016


...................................

...THE FLINT MI CLIMATE SUMMARY FOR SEPTEMBER 25 2016...

CLIMATE NORMAL PERIOD 1981 TO 2010
CLIMATE RECORD PERIOD 1921 TO 2016


WEATHER ITEM   OBSERVED TIME   RECORD YEAR NORMAL DEPARTURE LAST
                VALUE   (LST)  VALUE       VALUE  FROM      YEAR
                                                  NORMAL
..................................................................
TEMPERATURE (F)
 YESTERDAY
  MAXIMUM         72    342 PM  86    1935  69      3       80
                                      1933
  MINIMUM         43    440 AM  30    1947  46     -3       57
                                      1942
  AVERAGE         58                        57      1       69

PRECIPITATION (IN)
  YESTERDAY        0.00          2.62 1933   0.12  -0.12     0.00
  MONTH TO DATE    2.66                      3.17  -0.51     3.48
  SINCE SEP 1      2.66                      3.17  -0.51     3.48
  SINCE JAN 1     22.21                     23.73  -1.52    22.85

SNOWFALL (IN)
  YESTERDAY        0.0           0.0    MM   0.0    0.0      0.0
  MONTH TO DATE    0.0                       0.0    0.0      0.0
  SINCE SEP 1      0.0                       0.0    0.0      0.0
  SINCE JUL 1      0.0                       0.0    0.0      0.0
  SNOW DEPTH       0

DEGREE DAYS
 HEATING
  YESTERDAY        7                         8     -1        0
  MONTH TO DATE   36                       117    -81       42
  SINCE SEP 1     36                       117    -81       42
  SINCE JUL 1     36                       161   -125       64

 COOLING
  YESTERDAY        0                         1     -1        4
  MONTH TO DATE   72                        44     28      136
  SINCE SEP 1     72                        44     28      136
  SINCE JAN 1   1011                       521    490      749
..................................................................


WIND (MPH)
  HIGHEST WIND SPEED    16   HIGHEST WIND DIRECTION     S (160)
  HIGHEST GUST SPEED    23   HIGHEST GUST DIRECTION     S (160)
  AVERAGE WIND SPEED     8.3


SKY COVER
  POSSIBLE SUNSHINE  MM
  AVERAGE SKY COVER 0.1


WEATHER CONDITIONS
 THE FOLLOWING WEATHER WAS RECORDED YESTERDAY.
  NO SIGNIFICANT WEATHER WAS OBSERVED.


RELATIVE HUMIDITY (PERCENT)
 HIGHEST   100           500 AM
 LOWEST     49           300 PM
 AVERAGE    75

..........................................................


THE FLINT MI CLIMATE NORMALS FOR TODAY
                         NORMAL    RECORD    YEAR
 MAXIMUM TEMPERATURE (F)   68        90      1998
 MINIMUM TEMPERATURE (F)   46        30      1926


SUNRISE AND SUNSET
SEPTEMBER 26 2016.....SUNRISE   727 AM EDT   SUNSET   724 PM EDT
SEPTEMBER 27 2016.....SUNRISE   728 AM EDT   SUNSET   722 PM EDT


-  INDICATES NEGATIVE NUMBERS.
R  INDICATES RECORD WAS SET OR TIED.
MM INDICATES DATA IS MISSING.
T  INDICATES TRACE AMOUNT.




$$
