000
CDUS43 KDTX 050604
CLIFNT


CLIMATE REPORT
NATIONAL WEATHER SERVICE DETROIT/PONTIAC MI
104 AM EST MON DEC 5 2016


...................................

...THE FLINT MI CLIMATE SUMMARY FOR DECEMBER 4 2016...

CLIMATE NORMAL PERIOD 1981 TO 2010
CLIMATE RECORD PERIOD 1921 TO 2016


WEATHER ITEM   OBSERVED TIME   RECORD YEAR NORMAL DEPARTURE LAST
                VALUE   (LST)  VALUE       VALUE  FROM      YEAR
                                                  NORMAL
..................................................................
TEMPERATURE (F)
 YESTERDAY
  MAXIMUM         38    214 PM  65    2012  38      0       51
  MINIMUM         32   1159 PM  -4    2002  25      7       32
  AVERAGE         35                        31      4       42

PRECIPITATION (IN)
  YESTERDAY        0.17          0.56 1937   0.07   0.10     0.00
  MONTH TO DATE    0.22                      0.28  -0.06     0.03
  SINCE DEC 1      0.22                      0.28  -0.06     0.03
  SINCE JAN 1     29.37                     29.73  -0.36    27.41

SNOWFALL (IN)
  YESTERDAY        1.4           3.7  1964   0.3    1.1      0.0
  MONTH TO DATE    1.4                       1.2    0.2      0.1
  SINCE DEC 1      1.4                       1.2    0.2      0.1
  SINCE JUL 1      1.4                       4.1   -2.7     10.9
  SNOW DEPTH       1

DEGREE DAYS
 HEATING
  YESTERDAY       30                        34     -4       23
  MONTH TO DATE  117                       132    -15      100
  SINCE DEC 1    117                       132    -15      100
  SINCE JUL 1   1158                      1613   -455     1081

 COOLING
  YESTERDAY        0                         0      0        0
  MONTH TO DATE    0                         0      0        0
  SINCE DEC 1      0                         0      0        0
  SINCE JAN 1   1022                       531    491      766
..................................................................


WIND (MPH)
  HIGHEST WIND SPEED    17   HIGHEST WIND DIRECTION    SE (120)
  HIGHEST GUST SPEED    21   HIGHEST GUST DIRECTION    SE (120)
  AVERAGE WIND SPEED     5.0


SKY COVER
  POSSIBLE SUNSHINE  MM
  AVERAGE SKY COVER 1.0


WEATHER CONDITIONS
 THE FOLLOWING WEATHER WAS RECORDED YESTERDAY.
  LIGHT SNOW
  FOG


RELATIVE HUMIDITY (PERCENT)
 HIGHEST    96           800 PM
 LOWEST     64          1200 PM
 AVERAGE    80

..........................................................


THE FLINT MI CLIMATE NORMALS FOR TODAY
                         NORMAL    RECORD    YEAR
 MAXIMUM TEMPERATURE (F)   38        70      2001
 MINIMUM TEMPERATURE (F)   24         6      1991


SUNRISE AND SUNSET
DECEMBER  5 2016......SUNRISE   751 AM EST   SUNSET   500 PM EST
DECEMBER  6 2016......SUNRISE   752 AM EST   SUNSET   500 PM EST


-  INDICATES NEGATIVE NUMBERS.
R  INDICATES RECORD WAS SET OR TIED.
MM INDICATES DATA IS MISSING.
T  INDICATES TRACE AMOUNT.




$$
