000
CDUS43 KDTX 280537
CLIFNT


CLIMATE REPORT
NATIONAL WEATHER SERVICE DETROIT/PONTIAC MI
137 AM EDT FRI APR 28 2017


...................................

...THE FLINT MI CLIMATE SUMMARY FOR APRIL 27 2017...

CLIMATE NORMAL PERIOD 1981 TO 2010
CLIMATE RECORD PERIOD 1921 TO 2017


WEATHER ITEM   OBSERVED TIME   RECORD YEAR NORMAL DEPARTURE LAST
                VALUE   (LST)  VALUE       VALUE  FROM      YEAR
                                                  NORMAL
..................................................................
TEMPERATURE (F)
 YESTERDAY
  MAXIMUM         71    941 AM  86    1990  62      9       62
  MINIMUM         48   1146 PM  26    1996  39      9       31
                                      1993
  AVERAGE         60                        51      9       47

PRECIPITATION (IN)
  YESTERDAY        0.03          0.73 1957   0.10  -0.07     0.00
                                      1956
  MONTH TO DATE    4.07                      2.60   1.47     1.91
  SINCE MAR 1      7.28                      4.51   2.77     6.24
  SINCE JAN 1     12.83                      7.62   5.21    10.09

SNOWFALL (IN)
  YESTERDAY        0.0           3.0  1950   0.0    0.0      0.0
  MONTH TO DATE    1.5                       2.2   -0.7      6.8
  SINCE MAR 1      6.9                       8.7   -1.8     18.4
  SINCE JUL 1     39.4                      47.3   -7.9     69.0
  SNOW DEPTH       0

DEGREE DAYS
 HEATING
  YESTERDAY        5                        15    -10       18
  MONTH TO DATE  358                       521   -163      512
  SINCE MAR 1   1316                      1478   -162     1226
  SINCE JUL 1   5465                      6566  -1101     5096

 COOLING
  YESTERDAY        0                         0      0        0
  MONTH TO DATE    3                         0      3        0
  SINCE MAR 1      3                         0      3        1
  SINCE JAN 1      3                         0      3        1
..................................................................


WIND (MPH)
  HIGHEST WIND SPEED    31   HIGHEST WIND DIRECTION     S (200)
  HIGHEST GUST SPEED    42   HIGHEST GUST DIRECTION     S (200)
  AVERAGE WIND SPEED    14.4


SKY COVER
  POSSIBLE SUNSHINE  MM
  AVERAGE SKY COVER 0.5


WEATHER CONDITIONS
 THE FOLLOWING WEATHER WAS RECORDED YESTERDAY.
  LIGHT RAIN


RELATIVE HUMIDITY (PERCENT)
 HIGHEST    90           100 AM
 LOWEST     52           300 PM
 AVERAGE    71

..........................................................


THE FLINT MI CLIMATE NORMALS FOR TODAY
                         NORMAL    RECORD    YEAR
 MAXIMUM TEMPERATURE (F)   63        85      1990
                                             1986
 MINIMUM TEMPERATURE (F)   40        24      1946


SUNRISE AND SUNSET
APRIL 28 2017.........SUNRISE   633 AM EDT   SUNSET   833 PM EDT
APRIL 29 2017.........SUNRISE   631 AM EDT   SUNSET   834 PM EDT


-  INDICATES NEGATIVE NUMBERS.
R  INDICATES RECORD WAS SET OR TIED.
MM INDICATES DATA IS MISSING.
T  INDICATES TRACE AMOUNT.




$$
