000
CDUS43 KDTX 260537
CLIFNT


CLIMATE REPORT
NATIONAL WEATHER SERVICE DETROIT/PONTIAC MI
1236 AM EST WED NOV 26 2014


...................................

...THE FLINT MI CLIMATE SUMMARY FOR NOVEMBER 25 2014...

CLIMATE NORMAL PERIOD 1981 TO 2010
CLIMATE RECORD PERIOD 1921 TO 2014


WEATHER ITEM   OBSERVED TIME   RECORD YEAR NORMAL DEPARTURE LAST
                VALUE   (LST)  VALUE       VALUE  FROM      YEAR
                                                  NORMAL
..................................................................
TEMPERATURE (F)
 YESTERDAY
  MAXIMUM         34   1232 AM  63    2011  42     -8       34
                                      2001
  MINIMUM         31   1135 PM   9    1950  28      3       20
  AVERAGE         33                        35     -2       27

PRECIPITATION (IN)
  YESTERDAY        T             1.71 1987   0.09  -0.09     0.00
  MONTH TO DATE    1.67                      2.27  -0.60     1.65
  SINCE SEP 1      6.77                      8.49  -1.72     5.17
  SINCE JAN 1     33.76                     29.05   4.71    30.76

SNOWFALL (IN)
  YESTERDAY        0.1           6.5  1950   0.1    0.0      0.0
  MONTH TO DATE    8.0                       1.6    6.4      0.6
  SINCE SEP 1      8.7                       2.0    6.7      0.6
  SINCE JUL 1      8.7                       2.0    6.7      0.6
  SNOW DEPTH       0

DEGREE DAYS
 HEATING
  YESTERDAY       32                        30      2       38
  MONTH TO DATE  726                       629     97      643
  SINCE SEP 1   1284                      1281      3     1187
  SINCE JUL 1   1308                      1325    -17     1209

 COOLING
  YESTERDAY        0                         0      0        0
  MONTH TO DATE    0                         0      0        0
  SINCE SEP 1     65                        54     11       88
  SINCE JAN 1    597                       531     66      758
..................................................................


WIND (MPH)
  HIGHEST WIND SPEED    25   HIGHEST WIND DIRECTION    SW (230)
  HIGHEST GUST SPEED    35   HIGHEST GUST DIRECTION    SW (230)
  AVERAGE WIND SPEED    13.0


SKY COVER
  POSSIBLE SUNSHINE  MM
  AVERAGE SKY COVER 1.0


WEATHER CONDITIONS
 THE FOLLOWING WEATHER WAS RECORDED YESTERDAY.
  LT FREEZING RAIN
  LIGHT SNOW
  FOG
  HAZE


RELATIVE HUMIDITY (PERCENT)
 HIGHEST    85           700 AM
 LOWEST     61           600 PM
 AVERAGE    73

..........................................................


THE FLINT MI CLIMATE NORMALS FOR TODAY
                         NORMAL    RECORD    YEAR
 MAXIMUM TEMPERATURE (F)   42        63      1984
 MINIMUM TEMPERATURE (F)   28        -7      1949


SUNRISE AND SUNSET
NOVEMBER 26 2014......SUNRISE   741 AM EST   SUNSET   504 PM EST
NOVEMBER 27 2014......SUNRISE   742 AM EST   SUNSET   503 PM EST


-  INDICATES NEGATIVE NUMBERS.
R  INDICATES RECORD WAS SET OR TIED.
MM INDICATES DATA IS MISSING.
T  INDICATES TRACE AMOUNT.




$$
