000
CDUS43 KFSD 292222
CLIFSD


CLIMATE REPORT
NATIONAL WEATHER SERVICE SIOUX FALLS SD
522 PM CDT SUN MAY 29 2016


...................................

...THE SIOUX FALLS SD CLIMATE SUMMARY FOR MAY 29 2016...
VALID TODAY AS OF 0500 PM LOCAL TIME.

CLIMATE NORMAL PERIOD 1981 TO 2010
CLIMATE RECORD PERIOD 1893 TO 2016


WEATHER ITEM   OBSERVED TIME   RECORD YEAR NORMAL DEPARTURE LAST
                VALUE   (LST)  VALUE       VALUE  FROM      YEAR
                                                  NORMAL
..................................................................
TEMPERATURE (F)
 TODAY
  MAXIMUM         79    358 PM  99    1934  74      5       70
  MINIMUM         54    224 AM  28    1947  51      3       48
  AVERAGE         67                        62      5       59

PRECIPITATION (IN)
  TODAY            0.00          4.22 2004   0.11  -0.11     0.76
  MONTH TO DATE    2.82                      3.15  -0.33     4.00
  SINCE MAR 1      9.53                      7.92   1.61     5.33
  SINCE JAN 1     11.21                      9.08   2.13     6.55

SNOWFALL (IN)
  TODAY            0.0          MM      MM   0.0    0.0      0.0
  MONTH TO DATE    0.0                       0.4   -0.4       T
  SINCE MAR 1     12.2                      13.4   -1.2      1.7
  SINCE JUL 1     68.5                      44.9   23.6     31.9
  SNOW DEPTH       0

DEGREE DAYS
 HEATING
  TODAY            0                         5     -5        6
  MONTH TO DATE  213                       240    -27      213
  SINCE MAR 1   1459                      1797   -338     1464
  SINCE JUL 1   6495                      7647  -1152     7213

 COOLING
  TODAY            2                         2      0        0
  MONTH TO DATE   29                        28      1       18
  SINCE MAR 1     29                        33     -4       22
  SINCE JAN 1     29                        33     -4       22
..................................................................


WIND (MPH)
  HIGHEST WIND SPEED    16   HIGHEST WIND DIRECTION    NW (320)
  HIGHEST GUST SPEED    20   HIGHEST GUST DIRECTION    NW (310)
  AVERAGE WIND SPEED     6.0


SKY COVER
  POSSIBLE SUNSHINE  MM
  AVERAGE SKY COVER 0.4


WEATHER CONDITIONS
 THE FOLLOWING WEATHER WAS RECORDED TODAY.
  FOG


RELATIVE HUMIDITY (PERCENT)
 HIGHEST   100           300 AM
 LOWEST     37           300 PM
 AVERAGE    69

..........................................................


THE SIOUX FALLS SD CLIMATE NORMALS FOR TOMORROW
                         NORMAL    RECORD    YEAR
 MAXIMUM TEMPERATURE (F)   74       104      1934
 MINIMUM TEMPERATURE (F)   51        30      1897


SUNRISE AND SUNSET
MAY 29 2016...........SUNRISE   550 AM CDT   SUNSET   859 PM CDT
MAY 30 2016...........SUNRISE   549 AM CDT   SUNSET   900 PM CDT


-  INDICATES NEGATIVE NUMBERS.
R  INDICATES RECORD WAS SET OR TIED.
MM INDICATES DATA IS MISSING.
T  INDICATES TRACE AMOUNT.




$$
