000
CDUS44 KTSA 260803
CLIFSM

CLIMATE REPORT
NATIONAL WEATHER SERVICE TULSA OK
302 AM CDT SAT JUL 26 2014


...................................

...THE FORT SMITH ARKANSAS CLIMATE SUMMARY FOR JULY 25 2014...

CLIMATE NORMAL PERIOD 1981 TO 2010
CLIMATE RECORD PERIOD 1882 TO 2014


WEATHER ITEM   OBSERVED TIME   RECORD YEAR NORMAL DEPARTURE LAST
                VALUE   (LST)  VALUE       VALUE  FROM      YEAR
                                                  NORMAL
..................................................................
TEMPERATURE (F)
 YESTERDAY
  MAXIMUM         92    508 PM 105    1993  94     -2       90
                                      1986
                                      1964
  MINIMUM         71    547 AM  58    1911  72     -1       73
  AVERAGE         82                        83     -1       82

PRECIPITATION (IN)
  YESTERDAY        0.00          1.14 1886   0.10  -0.10     0.00
  MONTH TO DATE    1.72                      2.68  -0.96     3.32
  SINCE JUN 1      6.17                      6.96  -0.79     9.42
  SINCE JAN 1     20.91                     26.15  -5.24    30.40

DEGREE DAYS
 COOLING
  YESTERDAY       17                        18     -1       17
  MONTH TO DATE  336                       430    -94      444
  SINCE JUN 1    774                       815    -41      897
  SINCE JAN 1   1052                      1059     -7     1171
..................................................................


WIND (MPH)
  HIGHEST WIND SPEED    15   HIGHEST WIND DIRECTION    SW (220)
  HIGHEST GUST SPEED    17   HIGHEST GUST DIRECTION    SW (230)
  AVERAGE WIND SPEED     5.1


SKY COVER
  POSSIBLE SUNSHINE  MM
  AVERAGE SKY COVER 0.2


WEATHER CONDITIONS
 THE FOLLOWING WEATHER WAS RECORDED YESTERDAY.
  FOG
  HAZE


RELATIVE HUMIDITY (PERCENT)
 HIGHEST    93           100 AM
 LOWEST     49           300 PM
 AVERAGE    71

..........................................................


THE FORT SMITH ARKANSAS CLIMATE NORMALS FOR TODAY
                         NORMAL    RECORD    YEAR
 MAXIMUM TEMPERATURE (F)   94       106      1998
 MINIMUM TEMPERATURE (F)   72        58      1890


SUNRISE AND SUNSET
JULY 26 2014..........SUNRISE   622 AM CDT   SUNSET   826 PM CDT
JULY 27 2014..........SUNRISE   622 AM CDT   SUNSET   825 PM CDT


-  INDICATES NEGATIVE NUMBERS.
R  INDICATES RECORD WAS SET OR TIED.
MM INDICATES DATA IS MISSING.
T  INDICATES TRACE AMOUNT.




$$

&&
...........................................................

THE ARKANSAS RIVER AT VAN BUREN

                   OBSERVED      24 HOUR     24 HOUR
                    VALUE        CHANGE      FORECAST

 STAGE (FEET)
  THIS MORNING       19.5         +0.2

MEAN FLOW (CFS)
  TODAY                                        6400
...........................................................
ALL DATA MEASURED AT THE FORT SMITH REGIONAL AIRPORT
