000
CDUS44 KTSA 270907
CLIFSM

CLIMATE REPORT
NATIONAL WEATHER SERVICE TULSA OK
1247 AM CST FRI FEB 27 2015


...................................

...THE FORT SMITH ARKANSAS CLIMATE SUMMARY FOR FEBRUARY 26 2015...

CLIMATE NORMAL PERIOD 1981 TO 2010
CLIMATE RECORD PERIOD 1882 TO 2015


WEATHER ITEM   OBSERVED TIME   RECORD YEAR NORMAL DEPARTURE LAST
                VALUE   (LST)  VALUE       VALUE  FROM      YEAR
                                                  NORMAL
..................................................................
TEMPERATURE (F)
 YESTERDAY
  MAXIMUM         36    147 PM  83    1917  59    -23       41
  MINIMUM         24   1159 PM  13    1980  36    -12       20
  AVERAGE         30                        48    -18       31

PRECIPITATION (IN)
  YESTERDAY        0.00          1.43 1945   0.10  -0.10     0.00
  MONTH TO DATE    1.95                      2.55  -0.60     0.94
  SINCE DEC 1      6.48                      8.65  -2.17     5.83
  SINCE JAN 1      4.17                      5.36  -1.19     1.73

SNOWFALL (IN)
  YESTERDAY        0.0                                       0.0
  MONTH TO DATE    4.3                                       5.2
  SINCE DEC 1      4.3                                      10.2
  SINCE JUL 1      4.3                                      10.2

DEGREE DAYS
 HEATING
  YESTERDAY       35                        17     18       34
  MONTH TO DATE  681                       548    133      648
  SINCE DEC 1   2115                      2074     41     2302
  SINCE JUL 1   2734                      2639     95     2892
..................................................................


WIND (MPH)
  HIGHEST WIND SPEED    21   HIGHEST WIND DIRECTION    NW (330)
  HIGHEST GUST SPEED    27   HIGHEST GUST DIRECTION    NW (310)
  AVERAGE WIND SPEED    12.0


SKY COVER
  POSSIBLE SUNSHINE  MM
  AVERAGE SKY COVER 0.4


WEATHER CONDITIONS
 THE FOLLOWING WEATHER WAS RECORDED YESTERDAY.
  NO SIGNIFICANT WEATHER WAS OBSERVED.


RELATIVE HUMIDITY (PERCENT)
 HIGHEST    85          1200 AM
 LOWEST     39           700 PM
 AVERAGE    62

..........................................................


THE FORT SMITH ARKANSAS CLIMATE NORMALS FOR TODAY
                         NORMAL    RECORD    YEAR
 MAXIMUM TEMPERATURE (F)   59        79      1988
 MINIMUM TEMPERATURE (F)   37        15      1934


SUNRISE AND SUNSET
FEBRUARY 27 2015......SUNRISE   650 AM CST   SUNSET   611 PM CST
FEBRUARY 28 2015......SUNRISE   649 AM CST   SUNSET   612 PM CST


-  INDICATES NEGATIVE NUMBERS.
R  INDICATES RECORD WAS SET OR TIED.
MM INDICATES DATA IS MISSING.
T  INDICATES TRACE AMOUNT.




$$

&&
...........................................................

THE ARKANSAS RIVER AT VAN BUREN

                   OBSERVED      24 HOUR     24 HOUR
                    VALUE        CHANGE      FORECAST

 STAGE (FEET)
  THIS MORNING       19.7         +0.8

MEAN FLOW (CFS)
  TODAY                                        8700
...........................................................
ALL DATA MEASURED AT THE FORT SMITH REGIONAL AIRPORT
