295
CDUS44 KTSA 220802
CLIFSM

CLIMATE REPORT
NATIONAL WEATHER SERVICE TULSA OK
300 AM CDT FRI MAY 22 2015

...................................

...THE FORT SMITH ARKANSAS CLIMATE SUMMARY FOR MAY 21 2015...

CLIMATE NORMAL PERIOD 1981 TO 2010
CLIMATE RECORD PERIOD 1882 TO 2015


WEATHER ITEM   OBSERVED TIME   RECORD YEAR NORMAL DEPARTURE LAST
                VALUE   (LST)  VALUE       VALUE  FROM      YEAR
                                                  NORMAL
..................................................................
TEMPERATURE (F)
 YESTERDAY
  MAXIMUM         70    516 PM  93    1962  82    -12       87
  MINIMUM         56   1159 PM  44    1894  61     -5       65
                                      1892
  AVERAGE         63                        71     -8       76

PRECIPITATION (IN)
  YESTERDAY        0.00          2.46 2013   0.18  -0.18     0.00
  MONTH TO DATE   13.85                      3.78  10.07     4.62
  SINCE MAR 1     22.64                     11.93  10.71    11.41
  SINCE JAN 1     27.25                     17.50   9.75    13.18

DEGREE DAYS
 COOLING
  YESTERDAY        0                         7     -7       11
  MONTH TO DATE  112                        98     14      119
  SINCE MAR 1    180                       163     17      170
  SINCE JAN 1    180                       164     16      170
..................................................................


WIND (MPH)
  HIGHEST WIND SPEED    16   HIGHEST WIND DIRECTION    NE (30)
  HIGHEST GUST SPEED    19   HIGHEST GUST DIRECTION    NE (40)
  AVERAGE WIND SPEED     7.0


SKY COVER
  POSSIBLE SUNSHINE  MM
  AVERAGE SKY COVER 0.4


WEATHER CONDITIONS
 THE FOLLOWING WEATHER WAS RECORDED YESTERDAY.
  NO SIGNIFICANT WEATHER WAS OBSERVED.


RELATIVE HUMIDITY (PERCENT)
 HIGHEST    80          1000 PM
 LOWEST     45           600 PM
 AVERAGE    63

..........................................................


THE FORT SMITH ARKANSAS CLIMATE NORMALS FOR TODAY
                         NORMAL    RECORD    YEAR
 MAXIMUM TEMPERATURE (F)   82        94      1953
 MINIMUM TEMPERATURE (F)   61        42      1892


SUNRISE AND SUNSET
MAY 22 2015...........SUNRISE   609 AM CDT   SUNSET   820 PM CDT
MAY 23 2015...........SUNRISE   608 AM CDT   SUNSET   821 PM CDT


-  INDICATES NEGATIVE NUMBERS.
R  INDICATES RECORD WAS SET OR TIED.
MM INDICATES DATA IS MISSING.
T  INDICATES TRACE AMOUNT.




$$

&&
...........................................................

THE ARKANSAS RIVER AT VAN BUREN

                   OBSERVED      24 HOUR     24 HOUR
                    VALUE        CHANGE      FORECAST

 STAGE (FEET)
  THIS MORNING       24.0         +0.0

MEAN FLOW (CFS)
  TODAY                                        110600
...........................................................
ALL DATA MEASURED AT THE FORT SMITH REGIONAL AIRPORT
