000
CDUS44 KTSA 210948
CLIFSM

CLIMATE REPORT
NATIONAL WEATHER SERVICE TULSA OK
348 AM CST TUE NOV 21 2017


...................................

...THE FORT SMITH ARKANSAS CLIMATE SUMMARY FOR NOVEMBER 20 2017...

CLIMATE NORMAL PERIOD 1981 TO 2010
CLIMATE RECORD PERIOD 1882 TO 2017


WEATHER ITEM   OBSERVED TIME   RECORD YEAR NORMAL DEPARTURE LAST
                VALUE   (LST)  VALUE       VALUE  FROM      YEAR
                                                  NORMAL
..................................................................
TEMPERATURE (F)
 YESTERDAY
  MAXIMUM         64    344 PM  82    1989  61      3       62
  MINIMUM         34    700 AM  18    1914  39     -5       26
  AVERAGE         49                        50     -1       44

PRECIPITATION (IN)
  YESTERDAY        0.00          1.53 1934   0.15  -0.15     0.00
  MONTH TO DATE    0.26                      3.02  -2.76     0.13
  SINCE SEP 1      3.55                     11.39  -7.84     2.30
  SINCE JAN 1     45.66                     40.75   4.91    28.95

SNOWFALL (IN)
  YESTERDAY        0.0                                       0.0
  MONTH TO DATE    0.0                                       0.0
  SINCE SEP 1      0.0                                       0.0
  SINCE JUL 1      0.0                                       0.0

DEGREE DAYS
 HEATING
  YESTERDAY       16                        15      1       21
  MONTH TO DATE  187                       234    -47      118
  SINCE SEP 1    322                       388    -66      142
  SINCE JUL 1    322                       388    -66      142
..................................................................


WIND (MPH)
  HIGHEST WIND SPEED    17   HIGHEST WIND DIRECTION    SW (230)
  HIGHEST GUST SPEED    21   HIGHEST GUST DIRECTION    SW (220)
  AVERAGE WIND SPEED     5.2


SKY COVER
  POSSIBLE SUNSHINE  MM
  AVERAGE SKY COVER 0.0


WEATHER CONDITIONS
 THE FOLLOWING WEATHER WAS RECORDED YESTERDAY.
  NO SIGNIFICANT WEATHER WAS OBSERVED.


RELATIVE HUMIDITY (PERCENT)
 HIGHEST    92           800 AM
 LOWEST     25           400 PM
 AVERAGE    59

..........................................................


THE FORT SMITH ARKANSAS CLIMATE NORMALS FOR TODAY
                         NORMAL    RECORD    YEAR
 MAXIMUM TEMPERATURE (F)   60        79      1913
                                             1909
 MINIMUM TEMPERATURE (F)   38        19      1964
                                             1898


SUNRISE AND SUNSET
NOVEMBER 21 2017......SUNRISE   659 AM CST   SUNSET   508 PM CST
NOVEMBER 22 2017......SUNRISE   700 AM CST   SUNSET   507 PM CST


-  INDICATES NEGATIVE NUMBERS.
R  INDICATES RECORD WAS SET OR TIED.
MM INDICATES DATA IS MISSING.
T  INDICATES TRACE AMOUNT.




$$

&&
...........................................................

THE ARKANSAS RIVER AT VAN BUREN

                   OBSERVED      24 HOUR     24 HOUR
                    VALUE        CHANGE      FORECAST

 STAGE (FEET)
  THIS MORNING       19.7         +0.1

 MEAN FLOW (CFS)
  TODAY                                        498
...........................................................
ALL DATA MEASURED AT THE FORT SMITH REGIONAL AIRPORT
