000
CDUS44 KTSA 290802
CLIFSM

CLIMATE REPORT
NATIONAL WEATHER SERVICE TULSA OK
147 AM CDT SAT JUL 29 2017


...................................

...THE FORT SMITH ARKANSAS CLIMATE SUMMARY FOR JULY 28 2017...

CLIMATE NORMAL PERIOD 1981 TO 2010
CLIMATE RECORD PERIOD 1882 TO 2017


WEATHER ITEM   OBSERVED TIME   RECORD YEAR NORMAL DEPARTURE LAST
                VALUE   (LST)  VALUE       VALUE  FROM      YEAR
                                                  NORMAL
..................................................................
TEMPERATURE (F)
 YESTERDAY
  MAXIMUM         93    235 PM 107    1986  94     -1       97
  MINIMUM         76   1159 PM  63    2004  72      4       75
                                      1994
                                      1980
  AVERAGE         85                        83      2       86

PRECIPITATION (IN)
  YESTERDAY        0.47          1.26 1906   0.10   0.37     0.00
  MONTH TO DATE    4.53                      2.99   1.54     3.63
  SINCE JUN 1     13.03                      7.27   5.76     5.54
  SINCE JAN 1     35.11                     26.46   8.65    22.75

DEGREE DAYS
 COOLING
  YESTERDAY       20                        18      2       21
  MONTH TO DATE  536                       484     52      554
  SINCE JUN 1    936                       869     67     1057
  SINCE JAN 1   1254                      1113    141     1242
..................................................................


WIND (MPH)
  HIGHEST WIND SPEED    25   HIGHEST WIND DIRECTION     W (290)
  HIGHEST GUST SPEED    31   HIGHEST GUST DIRECTION     W (290)
  AVERAGE WIND SPEED     5.0


SKY COVER
  POSSIBLE SUNSHINE  MM
  AVERAGE SKY COVER 0.5


WEATHER CONDITIONS
 THE FOLLOWING WEATHER WAS RECORDED YESTERDAY.
  THUNDERSTORM
  HEAVY RAIN
  RAIN
  LIGHT RAIN
  FOG
  HAZE


RELATIVE HUMIDITY (PERCENT)
 HIGHEST    97           600 AM
 LOWEST     66           200 PM
 AVERAGE    82

..........................................................


THE FORT SMITH ARKANSAS CLIMATE NORMALS FOR TODAY
                         NORMAL    RECORD    YEAR
 MAXIMUM TEMPERATURE (F)   94       108      1986
                                             1930
 MINIMUM TEMPERATURE (F)   72        62      1969


SUNRISE AND SUNSET
JULY 29 2017..........SUNRISE   624 AM CDT   SUNSET   823 PM CDT
JULY 30 2017..........SUNRISE   625 AM CDT   SUNSET   822 PM CDT


-  INDICATES NEGATIVE NUMBERS.
R  INDICATES RECORD WAS SET OR TIED.
MM INDICATES DATA IS MISSING.
T  INDICATES TRACE AMOUNT.




$$

&&
...........................................................

THE ARKANSAS RIVER AT VAN BUREN

                   OBSERVED      24 HOUR     24 HOUR
                    VALUE        CHANGE      FORECAST

 STAGE (FEET)
  THIS MORNING       19.6         +0.0

 MEAN FLOW (CFS)
  TODAY                                        846
...........................................................
ALL DATA MEASURED AT THE FORT SMITH REGIONAL AIRPORT
