000
CDUS44 KTSA 010803
CLIFSM

CLIMATE REPORT
NATIONAL WEATHER SERVICE TULSA OK
302 AM CDT MON SEP 1 2014


...................................

...THE FORT SMITH ARKANSAS CLIMATE SUMMARY FOR AUGUST 31 2014...

CLIMATE NORMAL PERIOD 1981 TO 2010
CLIMATE RECORD PERIOD 1882 TO 2014


WEATHER ITEM   OBSERVED TIME   RECORD YEAR NORMAL DEPARTURE LAST
                VALUE   (LST)  VALUE       VALUE  FROM      YEAR
                                                  NORMAL
..................................................................
TEMPERATURE (F)
 YESTERDAY
  MAXIMUM         94    224 PM 108    2000  91      3      101
  MINIMUM         72    614 AM  51    1915  68      4       75
  AVERAGE         83                        80      3       88

PRECIPITATION (IN)
  YESTERDAY        0.00          2.18 1962   0.10  -0.10     0.00
  MONTH TO DATE    1.58                      2.59  -1.01     3.84
  SINCE JUN 1      8.71                     10.17  -1.46    13.89
  SINCE JAN 1     23.45                     29.36  -5.91    34.87

DEGREE DAYS
 COOLING
  YESTERDAY       18                        15      3       23
  MONTH TO DATE  528                       530     -2      542
  SINCE JUN 1   1385                      1451    -66     1529
  SINCE JAN 1   1663                      1695    -32     1803
..................................................................


WIND (MPH)
  HIGHEST WIND SPEED    16   HIGHEST WIND DIRECTION     S (180)
  HIGHEST GUST SPEED    21   HIGHEST GUST DIRECTION     S (170)
  AVERAGE WIND SPEED     5.8


SKY COVER
  POSSIBLE SUNSHINE  MM
  AVERAGE SKY COVER 0.1


WEATHER CONDITIONS
 THE FOLLOWING WEATHER WAS RECORDED YESTERDAY.
  NO SIGNIFICANT WEATHER WAS OBSERVED.


RELATIVE HUMIDITY (PERCENT)
 HIGHEST    93          1200 AM
 LOWEST     46           200 PM
 AVERAGE    70

..........................................................


THE FORT SMITH ARKANSAS CLIMATE NORMALS FOR TODAY
                         NORMAL    RECORD    YEAR
 MAXIMUM TEMPERATURE (F)   91       108      2000
 MINIMUM TEMPERATURE (F)   68        49      1967


SUNRISE AND SUNSET
SEPTEMBER  1 2014.....SUNRISE   650 AM CDT   SUNSET   744 PM CDT
SEPTEMBER  2 2014.....SUNRISE   651 AM CDT   SUNSET   743 PM CDT


-  INDICATES NEGATIVE NUMBERS.
R  INDICATES RECORD WAS SET OR TIED.
MM INDICATES DATA IS MISSING.
T  INDICATES TRACE AMOUNT.




$$

&&
...........................................................

THE ARKANSAS RIVER AT VAN BUREN

                   OBSERVED      24 HOUR     24 HOUR
                    VALUE        CHANGE      FORECAST

 STAGE (FEET)
  THIS MORNING       19.4         -0.3

MEAN FLOW (CFS)
  TODAY                                        7200
...........................................................
ALL DATA MEASURED AT THE FORT SMITH REGIONAL AIRPORT
