000
CDUS44 KTSA 270803
CLIFSM

CLIMATE REPORT
NATIONAL WEATHER SERVICE TULSA OK
147 AM CDT FRI MAR 27 2015


...................................

...THE FORT SMITH ARKANSAS CLIMATE SUMMARY FOR MARCH 26 2015...

CLIMATE NORMAL PERIOD 1981 TO 2010
CLIMATE RECORD PERIOD 1882 TO 2015


WEATHER ITEM   OBSERVED TIME   RECORD YEAR NORMAL DEPARTURE LAST
                VALUE   (LST)  VALUE       VALUE  FROM      YEAR
                                                  NORMAL
..................................................................
TEMPERATURE (F)
 YESTERDAY
  MAXIMUM         61    410 PM  85    2012  68     -7       58
                                      1925
  MINIMUM         43   1022 PM  15    1955  44     -1       32
  AVERAGE         52                        56     -4       45

PRECIPITATION (IN)
  YESTERDAY        0.37          1.47 1902   0.13   0.24     0.17
  MONTH TO DATE    4.50                      3.16   1.34     3.50
  SINCE MAR 1      4.50                      3.16   1.34     3.50
  SINCE JAN 1      9.11                      8.73   0.38     5.27

SNOWFALL (IN)
  YESTERDAY        0.0                                       0.0
  MONTH TO DATE    1.0                                       0.5
  SINCE MAR 1      1.0                                       0.5
  SINCE JUL 1      6.6                                      10.7

DEGREE DAYS
 HEATING
  YESTERDAY       13                        10      3       20
  MONTH TO DATE  349                       341      8      427
  SINCE MAR 1    349                       341      8      427
  SINCE JUL 1   3163                      3014    149     3372

 COOLING
  YESTERDAY        0                         1     -1        0
  MONTH TO DATE    9                         4      5        0
  SINCE MAR 1      9                         4      5        0
  SINCE JAN 1      9                         5      4        0
..................................................................


WIND (MPH)
  HIGHEST WIND SPEED    28   HIGHEST WIND DIRECTION     N (350)
  HIGHEST GUST SPEED    34   HIGHEST GUST DIRECTION     N (350)
  AVERAGE WIND SPEED    11.7


SKY COVER
  POSSIBLE SUNSHINE  MM
  AVERAGE SKY COVER 0.6


WEATHER CONDITIONS
 THE FOLLOWING WEATHER WAS RECORDED YESTERDAY.
  THUNDERSTORM
  RAIN
  LIGHT RAIN


RELATIVE HUMIDITY (PERCENT)
 HIGHEST    93           100 AM
 LOWEST     27           500 PM
 AVERAGE    60

..........................................................


THE FORT SMITH ARKANSAS CLIMATE NORMALS FOR TODAY
                         NORMAL    RECORD    YEAR
 MAXIMUM TEMPERATURE (F)   68        87      1895
 MINIMUM TEMPERATURE (F)   44        21      1955


SUNRISE AND SUNSET
MARCH 27 2015.........SUNRISE   712 AM CDT   SUNSET   735 PM CDT
MARCH 28 2015.........SUNRISE   710 AM CDT   SUNSET   736 PM CDT


-  INDICATES NEGATIVE NUMBERS.
R  INDICATES RECORD WAS SET OR TIED.
MM INDICATES DATA IS MISSING.
T  INDICATES TRACE AMOUNT.




$$

&&
...........................................................

THE ARKANSAS RIVER AT VAN BUREN

                   OBSERVED      24 HOUR     24 HOUR
                    VALUE        CHANGE      FORECAST

 STAGE (FEET)
  THIS MORNING       19.1         -0.2

MEAN FLOW (CFS)
  TODAY                                        21500
...........................................................
ALL DATA MEASURED AT THE FORT SMITH REGIONAL AIRPORT
