000
CDUS44 KTSA 282219
CLIFSM

CLIMATE REPORT
NATIONAL WEATHER SERVICE TULSA OK
418 PM CST WED JAN 28 2015


...................................

...THE FORT SMITH ARKANSAS CLIMATE SUMMARY FOR JANUARY 28 2015...
VALID TODAY AS OF 0400 PM LOCAL TIME.

CLIMATE NORMAL PERIOD 1981 TO 2010
CLIMATE RECORD PERIOD 1882 TO 2015


WEATHER ITEM   OBSERVED TIME   RECORD YEAR NORMAL DEPARTURE LAST
                VALUE   (LST)  VALUE       VALUE  FROM      YEAR
                                                  NORMAL
..................................................................
TEMPERATURE (F)
 TODAY
  MAXIMUM         70    242 PM  79    1970  51     19       34
  MINIMUM         41    731 AM   8    1979  30     11       17
  AVERAGE         56                        40     16       26

PRECIPITATION (IN)
  TODAY            0.00          1.69 2006   0.09  -0.09      T
  MONTH TO DATE    2.16                      2.52  -0.36     0.79
  SINCE DEC 1      4.47                      5.81  -1.34     4.89
  SINCE JAN 1      2.16                      2.52  -0.36     0.79

SNOWFALL (IN)
  TODAY            0.0                                        T
  MONTH TO DATE    T                                          T
  SINCE DEC 1      T                                         5.0
  SINCE JUL 1      T                                         5.0

DEGREE DAYS
 HEATING
  TODAY            9                        25    -16       39
  MONTH TO DATE  716                       720     -4      770
  SINCE DEC 1   1375                      1454    -79     1567
  SINCE JUL 1   1994                      2019    -25     2157
..................................................................


WIND (MPH)
  HIGHEST WIND SPEED    16   HIGHEST WIND DIRECTION    NE (60)
  HIGHEST GUST SPEED    21   HIGHEST GUST DIRECTION    NE (50)
  AVERAGE WIND SPEED    10.3


SKY COVER
  POSSIBLE SUNSHINE  MM
  AVERAGE SKY COVER 0.0


WEATHER CONDITIONS
 THE FOLLOWING WEATHER WAS RECORDED TODAY.
  NO SIGNIFICANT WEATHER WAS OBSERVED.


RELATIVE HUMIDITY (PERCENT)
 HIGHEST    79           700 AM
 LOWEST     39           300 PM
 AVERAGE    59

..........................................................


THE FORT SMITH ARKANSAS CLIMATE NORMALS FOR TOMORROW
                         NORMAL    RECORD    YEAR
 MAXIMUM TEMPERATURE (F)   51        78      1947
 MINIMUM TEMPERATURE (F)   30         1      1966


SUNRISE AND SUNSET
JANUARY 28 2015.......SUNRISE   720 AM CST   SUNSET   541 PM CST
JANUARY 29 2015.......SUNRISE   719 AM CST   SUNSET   542 PM CST


-  INDICATES NEGATIVE NUMBERS.
R  INDICATES RECORD WAS SET OR TIED.
MM INDICATES DATA IS MISSING.
T  INDICATES TRACE AMOUNT.




$$

&&
...........................................................

THE ARKANSAS RIVER AT VAN BUREN

                   OBSERVED      24 HOUR     24 HOUR
                    VALUE        CHANGE      FORECAST

 STAGE (FEET)
  THIS AFTERNOON     19.5         +0.0

MEAN FLOW (CFS)
  TODAY                                        8400
...........................................................
ALL DATA MEASURED AT THE FORT SMITH REGIONAL AIRPORT
