000
CDUS44 KTSA 020805
CLIFSM

CLIMATE REPORT
NATIONAL WEATHER SERVICE TULSA OK
302 AM CDT THU OCT 2 2014


...................................

...THE FORT SMITH ARKANSAS CLIMATE SUMMARY FOR OCTOBER 1 2014...

CLIMATE NORMAL PERIOD 1981 TO 2010
CLIMATE RECORD PERIOD 1882 TO 2014


WEATHER ITEM   OBSERVED TIME   RECORD YEAR NORMAL DEPARTURE LAST
                VALUE   (LST)  VALUE       VALUE  FROM      YEAR
                                                  NORMAL
..................................................................
TEMPERATURE (F)
 YESTERDAY
  MAXIMUM         89    125 PM  96    1953  80      9       88
                                      1938
  MINIMUM         65    634 AM  35    1984  56      9       69
  AVERAGE         77                        68      9       79

PRECIPITATION (IN)
  YESTERDAY        0.00          1.90 1943   0.13  -0.13     0.00
  MONTH TO DATE    0.00                      0.13  -0.13     0.00
  SINCE SEP 1      6.90                      4.18   2.72     1.50
  SINCE JAN 1     30.35                     33.54  -3.19    36.37

DEGREE DAYS
 HEATING
  YESTERDAY        0                         2     -2        0
  MONTH TO DATE    0                         2     -2        0
  SINCE SEP 1      4                        19    -15        0
  SINCE JUL 1      4                        19    -15        0

 COOLING
  YESTERDAY       12                         5      7       14
  MONTH TO DATE   12                         5      7       14
  SINCE SEP 1    308                       288     20      433
  SINCE JAN 1   1971                      1983    -12     2236
..................................................................


WIND (MPH)
  HIGHEST WIND SPEED    14   HIGHEST WIND DIRECTION     S (180)
  HIGHEST GUST SPEED    19   HIGHEST GUST DIRECTION    SW (210)
  AVERAGE WIND SPEED     6.3


SKY COVER
  POSSIBLE SUNSHINE  MM
  AVERAGE SKY COVER 0.2


WEATHER CONDITIONS
 THE FOLLOWING WEATHER WAS RECORDED YESTERDAY.
  FOG
  HAZE


RELATIVE HUMIDITY (PERCENT)
 HIGHEST    87           300 AM
 LOWEST     50           200 PM
 AVERAGE    69

..........................................................


THE FORT SMITH ARKANSAS CLIMATE NORMALS FOR TODAY
                         NORMAL    RECORD    YEAR
 MAXIMUM TEMPERATURE (F)   79        93      2006
                                             2002
                                             2000
 MINIMUM TEMPERATURE (F)   55        37      1975


SUNRISE AND SUNSET
OCTOBER  2 2014.......SUNRISE   713 AM CDT   SUNSET   700 PM CDT
OCTOBER  3 2014.......SUNRISE   714 AM CDT   SUNSET   658 PM CDT


-  INDICATES NEGATIVE NUMBERS.
R  INDICATES RECORD WAS SET OR TIED.
MM INDICATES DATA IS MISSING.
T  INDICATES TRACE AMOUNT.




$$

&&
...........................................................

THE ARKANSAS RIVER AT VAN BUREN

                   OBSERVED      24 HOUR     24 HOUR
                    VALUE        CHANGE      FORECAST

 STAGE (FEET)
  THIS MORNING       19.2         -0.4

MEAN FLOW (CFS)
  TODAY                                        5500
...........................................................
ALL DATA MEASURED AT THE FORT SMITH REGIONAL AIRPORT
