546
CDUS44 KTSA 041003 RRA
CLIFSM

CLIMATE REPORT
NATIONAL WEATHER SERVICE TULSA OK
1247 AM CST SUN DEC 4 2016


...................................

...THE FORT SMITH ARKANSAS CLIMATE SUMMARY FOR DECEMBER 3 2016...

CLIMATE NORMAL PERIOD 1981 TO 2010
CLIMATE RECORD PERIOD 1882 TO 2016


WEATHER ITEM   OBSERVED TIME   RECORD YEAR NORMAL DEPARTURE LAST
                VALUE   (LST)  VALUE       VALUE  FROM      YEAR
                                                  NORMAL
..................................................................
TEMPERATURE (F)
 YESTERDAY
  MAXIMUM         51    223 AM  80    2012  55     -4       58
  MINIMUM         44   1159 PM  15    1895  34     10       29
  AVERAGE         48                        44      4       44

PRECIPITATION (IN)
  YESTERDAY        0.28          1.64 1973   0.12   0.16     0.00
  MONTH TO DATE    0.28                      0.38  -0.10     0.00
  SINCE DEC 1      0.28                      0.38  -0.10     0.00
  SINCE JAN 1     30.69                     42.55 -11.86    63.12

SNOWFALL (IN)
  YESTERDAY       MM                                         0.0
  MONTH TO DATE    0.0                                       0.0
  SINCE DEC 1      0.0                                       0.0
  SINCE JUL 1      0.0                                       0.0

DEGREE DAYS
 HEATING
  YESTERDAY       17                        21     -4       21
  MONTH TO DATE   52                        61     -9       65
  SINCE DEC 1     52                        61     -9       65
  SINCE JUL 1    338                       626   -288      422
..................................................................


WIND (MPH)
  HIGHEST WIND SPEED    21   HIGHEST WIND DIRECTION     E (80)
  HIGHEST GUST SPEED    26   HIGHEST GUST DIRECTION     E (70)
  AVERAGE WIND SPEED     9.5


SKY COVER
  POSSIBLE SUNSHINE  MM
  AVERAGE SKY COVER 0.9


WEATHER CONDITIONS
 THE FOLLOWING WEATHER WAS RECORDED YESTERDAY.
  LIGHT RAIN
  FOG


RELATIVE HUMIDITY (PERCENT)
 HIGHEST    92           300 PM
 LOWEST     56          1200 AM
 AVERAGE    74

..........................................................


THE FORT SMITH ARKANSAS CLIMATE NORMALS FOR TODAY
                         NORMAL    RECORD    YEAR
 MAXIMUM TEMPERATURE (F)   54        79      2001
 MINIMUM TEMPERATURE (F)   34        14      1897


SUNRISE AND SUNSET
DECEMBER  4 2016......SUNRISE   711 AM CST   SUNSET   505 PM CST
DECEMBER  5 2016......SUNRISE   712 AM CST   SUNSET   505 PM CST


-  INDICATES NEGATIVE NUMBERS.
R  INDICATES RECORD WAS SET OR TIED.
MM INDICATES DATA IS MISSING.
T  INDICATES TRACE AMOUNT.




$$

&&
...........................................................

THE ARKANSAS RIVER AT VAN BUREN

                   OBSERVED      24 HOUR     24 HOUR
                    VALUE        CHANGE      FORECAST

 STAGE (FEET)
  THIS MORNING       19.8         +0.4

MEAN FLOW (CFS)
  TODAY                                        -99
...........................................................
ALL DATA MEASURED AT THE FORT SMITH REGIONAL AIRPORT
