000
CDUS42 KFFC 300817
CLIFTY


CLIMATE REPORT
NATIONAL WEATHER SERVICE PEACHTREE CITY GA
416 AM EDT SAT JUL 30 2016


...................................

...THE FULTON COUNTY AIRPORT CLIMATE SUMMARY FOR JULY 29 2016...

CLIMATE NORMAL PERIOD 1981 TO 2010
CLIMATE RECORD PERIOD 9999 TO 9999


WEATHER ITEM   OBSERVED TIME   RECORD YEAR NORMAL DEPARTURE LAST
                VALUE   (LST)  VALUE       VALUE  FROM      YEAR
                                                  NORMAL
..................................................................
TEMPERATURE (F)
 YESTERDAY
  MAXIMUM         91    445 PM  MM      MM  89      2       94
  MINIMUM         72    605 AM  MM      MM  71      1       75
  AVERAGE         82                        80      2       85

PRECIPITATION (IN)
  YESTERDAY        T            MM      MM   0.11  -0.11     0.57
  MONTH TO DATE    2.01                      4.82  -2.81     3.77
  SINCE JUN 1      4.40                      8.95  -4.55     4.77
  SINCE JAN 1     21.21                     30.44  -9.23    24.15

DEGREE DAYS
 COOLING
  YESTERDAY       17                        15      2       20
  MONTH TO DATE  518                       429     89      470
  SINCE JUN 1    957                       779    178      896
  SINCE JAN 1   1189                       979    210     1171
..................................................................


WIND (MPH)
  RESULTANT WIND SPEED   3   RESULTANT WIND DIRECTION   W (270)
  HIGHEST WIND SPEED    18   HIGHEST WIND DIRECTION    NW (300)
  HIGHEST GUST SPEED    23   HIGHEST GUST DIRECTION     W (270)
  AVERAGE WIND SPEED     4.8


SKY COVER
  AVERAGE SKY COVER 0.4


WEATHER CONDITIONS
 THE FOLLOWING WEATHER WAS RECORDED YESTERDAY.
  THUNDERSTORM


RELATIVE HUMIDITY (PERCENT)
 HIGHEST    87           100 AM
 LOWEST     47           100 PM
 AVERAGE    67

..........................................................


THE FULTON COUNTY AIRPORT CLIMATE NORMALS FOR TODAY
                         NORMAL    RECORD    YEAR
 MAXIMUM TEMPERATURE (F)   89        MM        MM
 MINIMUM TEMPERATURE (F)   71        MM        MM


SUNRISE AND SUNSET
JULY 30 2016..........SUNRISE   649 AM EDT   SUNSET   840 PM EDT
JULY 31 2016..........SUNRISE   650 AM EDT   SUNSET   839 PM EDT


-  INDICATES NEGATIVE NUMBERS.
R  INDICATES RECORD WAS SET OR TIED.
MM INDICATES DATA IS MISSING.
T  INDICATES TRACE AMOUNT.




$$
