000
CDUS42 KFFC 202050
CLIFTY


CLIMATE REPORT
NATIONAL WEATHER SERVICE PEACHTREE CITY GA
450 PM EDT SUN AUG 20 2017


...................................

...THE FULTON COUNTY AIRPORT CLIMATE SUMMARY FOR AUGUST 20 2017...
VALID TODAY AS OF 0400 PM LOCAL TIME.

CLIMATE NORMAL PERIOD 1981 TO 2010
CLIMATE RECORD PERIOD 9999 TO 9999


WEATHER ITEM   OBSERVED TIME   RECORD YEAR NORMAL DEPARTURE LAST
                VALUE   (LST)  VALUE       VALUE  FROM      YEAR
                                                  NORMAL
..................................................................
TEMPERATURE (F)
 TODAY
  MAXIMUM         94    259 PM  MM      MM  88      6       90
  MINIMUM         68    638 AM  MM      MM  69     -1       72
  AVERAGE         81                        79      2       81

PRECIPITATION (IN)
  TODAY            0.00         MM      MM   0.16  -0.16     0.01
  MONTH TO DATE    2.38                      3.24  -0.86     0.70
  SINCE JUN 1     12.21                     12.43  -0.22     5.87
  SINCE JAN 1     34.44                     33.92   0.52    22.68

DEGREE DAYS
 COOLING
  TODAY           16                        14      2       16
  MONTH TO DATE  287                       289     -2      354
  SINCE JUN 1   1124                      1098     26     1342
  SINCE JAN 1   1453                      1298    155     1574
..................................................................


WIND (MPH)
  RESULTANT WIND SPEED   1   RESULTANT WIND DIRECTION  NE (40)
  HIGHEST WIND SPEED     8   HIGHEST WIND DIRECTION     N (20)
  HIGHEST GUST SPEED    11   HIGHEST GUST DIRECTION    NE (40)
  AVERAGE WIND SPEED     1.1


SKY COVER
  AVERAGE SKY COVER 0.0


WEATHER CONDITIONS
 THE FOLLOWING WEATHER WAS RECORDED TODAY.
  FOG


RELATIVE HUMIDITY (PERCENT)
 HIGHEST   100          1200 AM
 LOWEST     44           100 PM
 AVERAGE    72

..........................................................


THE FULTON COUNTY AIRPORT CLIMATE NORMALS FOR TOMORROW
                         NORMAL    RECORD    YEAR
 MAXIMUM TEMPERATURE (F)   88        MM        MM
 MINIMUM TEMPERATURE (F)   69        MM        MM


SUNRISE AND SUNSET
AUGUST 20 2017........SUNRISE   704 AM EDT   SUNSET   818 PM EDT
AUGUST 21 2017........SUNRISE   704 AM EDT   SUNSET   817 PM EDT


-  INDICATES NEGATIVE NUMBERS.
R  INDICATES RECORD WAS SET OR TIED.
MM INDICATES DATA IS MISSING.
T  INDICATES TRACE AMOUNT.




$$
