000
CDUS42 KFFC 280935
CLIFTY


CLIMATE REPORT
NATIONAL WEATHER SERVICE PEACHTREE CITY GA
435 AM EST SUN DEC 28 2014


...................................

...THE FULTON COUNTY AIRPORT CLIMATE SUMMARY FOR DECEMBER 27 2014...

CLIMATE NORMAL PERIOD 1981 TO 2010
CLIMATE RECORD PERIOD 9999 TO 9999


WEATHER ITEM   OBSERVED TIME   RECORD YEAR NORMAL DEPARTURE LAST
                VALUE   (LST)  VALUE       VALUE  FROM      YEAR
                                                  NORMAL
..................................................................
TEMPERATURE (F)
 YESTERDAY
  MAXIMUM         62    319 PM  MM      MM  53      9       54
  MINIMUM         31    533 AM  MM      MM  34     -3       25
  AVERAGE         47                        43      4       40

PRECIPITATION (IN)
  YESTERDAY        0.11         MM      MM   0.09   0.02     0.00
  MONTH TO DATE    2.92                      3.63  -0.71     5.77
  SINCE DEC 1      2.92                      3.63  -0.71     5.77
  SINCE JAN 1     42.99                     50.81  -7.82    47.35

SNOWFALL (IN)
  YESTERDAY       MM            MM      MM  MM     MM       MM
  MONTH TO DATE    0.0                      MM     MM        0.0
  SINCE DEC 1      0.0                      MM     MM        0.0
  SINCE JUL 1      0.0                      MM     MM        0.0
  SNOW DEPTH      MM

DEGREE DAYS
 HEATING
  YESTERDAY       18                        22     -4       25
  MONTH TO DATE  441                       539    -98      471
  SINCE DEC 1    441                       539    -98      471
  SINCE JUL 1   1079                      1049     30     1044
..................................................................


WIND (MPH)
  RESULTANT WIND SPEED   1   RESULTANT WIND DIRECTION   E (100)
  HIGHEST WIND SPEED    12   HIGHEST WIND DIRECTION     S (180)
  HIGHEST GUST SPEED    14   HIGHEST GUST DIRECTION     S (190)
  AVERAGE WIND SPEED     1.8


SKY COVER
  AVERAGE SKY COVER 0.4


WEATHER CONDITIONS
 THE FOLLOWING WEATHER WAS RECORDED YESTERDAY.
  HEAVY RAIN
  RAIN
  LIGHT RAIN
  FOG


RELATIVE HUMIDITY (PERCENT)
 HIGHEST   100           800 AM
 LOWEST     51           400 PM
 AVERAGE    76

..........................................................


THE FULTON COUNTY AIRPORT CLIMATE NORMALS FOR TODAY
                         NORMAL    RECORD    YEAR
 MAXIMUM TEMPERATURE (F)   52        MM        MM
 MINIMUM TEMPERATURE (F)   34        MM        MM


SUNRISE AND SUNSET
DECEMBER 28 2014......SUNRISE   742 AM EST   SUNSET   538 PM EST
DECEMBER 29 2014......SUNRISE   742 AM EST   SUNSET   538 PM EST


-  INDICATES NEGATIVE NUMBERS.
R  INDICATES RECORD WAS SET OR TIED.
MM INDICATES DATA IS MISSING.
T  INDICATES TRACE AMOUNT.




$$
