000
CDUS46 KSGX 040023
CLIFUL


CLIMATE REPORT
NATIONAL WEATHER SERVICE SAN DIEGO, CA
423 PM PST TUE MAR 3 2015


...................................

...THE FULLERTON AIRPORT CA CLIMATE SUMMARY FOR MARCH 3 2015...
VALID TODAY AS OF 0400 PM LOCAL TIME.

CLIMATE NORMAL PERIOD 1981 TO 2010
CLIMATE RECORD PERIOD 1998 TO 2015


WEATHER ITEM   OBSERVED TIME   RECORD YEAR NORMAL DEPARTURE LAST
                VALUE   (LST)  VALUE       VALUE  FROM      YEAR
                                                  NORMAL
..................................................................
TEMPERATURE (F)
 TODAY
  MAXIMUM         68    233 PM  84    2012  69     -1       71
  MINIMUM         44R   633 AM  45    2012  50     -6       51
                                      2007
  AVERAGE         56                        59     -3       61

PRECIPITATION (IN)
  TODAY            0.00          0.39 2006   0.15  -0.15     0.00
  MONTH TO DATE    0.39                      0.47  -0.08     0.68
  SINCE OCT 1      5.33                     10.65  -5.32     4.32
  SINCE JAN 1      1.51                      6.75  -5.24     3.01

SNOWFALL (IN)
  TODAY            0.0
  MONTH TO DATE    0.0
  SINCE JAN 1      0.0
  SINCE JUL 1      0.0
  SNOW DEPTH       0

DEGREE DAYS
 HEATING
  TODAY            9                         6      3        4
  MONTH TO DATE   27                        18      9       16
  SINCE MAR 1     27                        18      9       16
  SINCE JUL 1    390                       940   -550      514

 COOLING
  TODAY            0                         0      0        0
  MONTH TO DATE    0                         0      0        0
  SINCE MAR 1      0                         0      0        0
  SINCE JAN 1     51                         9     42       20
..................................................................


WIND (MPH)
  RESULTANT WIND SPEED   1   RESULTANT WIND DIRECTION  SE (150)
  HIGHEST WIND SPEED    13   HIGHEST WIND DIRECTION     W (270)
  HIGHEST GUST SPEED    18   HIGHEST GUST DIRECTION    SW (210)
  AVERAGE WIND SPEED     3.6


SKY COVER
  POSSIBLE SUNSHINE  MM
  AVERAGE SKY COVER 0.0


WEATHER CONDITIONS
 THE FOLLOWING WEATHER WAS RECORDED TODAY.
  HAZE


RELATIVE HUMIDITY (PERCENT)
 HIGHEST    83           600 AM
 LOWEST     32           100 PM
 AVERAGE    58

..........................................................


THE FULLERTON AIRPORT CA CLIMATE NORMALS FOR TOMORROW
                         NORMAL    RECORD    YEAR
 MAXIMUM TEMPERATURE (F)   69        95      2012
 MINIMUM TEMPERATURE (F)   50        41      2006


SUNRISE AND SUNSET
MARCH  3 2015.........SUNRISE   618 AM PST   SUNSET   550 PM PST
MARCH  4 2015.........SUNRISE   617 AM PST   SUNSET   551 PM PST


-  INDICATES NEGATIVE NUMBERS.
R  INDICATES RECORD WAS SET OR TIED.
MM INDICATES DATA IS MISSING.
T  INDICATES TRACE AMOUNT.




$$
