000
CDUS41 KCAR 190533
CLIFVE


CLIMATE REPORT
NATIONAL WEATHER SERVICE CARIBOU, ME
1232 AM EST FRI DEC 19 2014


...................................

...THE FRENCHVILLE ME CLIMATE SUMMARY FOR DECEMBER 18 2014...

CLIMATE NORMAL PERIOD 1981 TO 2010
CLIMATE RECORD PERIOD 9999 TO 9999


WEATHER ITEM   OBSERVED TIME   RECORD YEAR NORMAL DEPARTURE LAST
                VALUE   (LST)  VALUE       VALUE  FROM      YEAR
                                                  NORMAL
..................................................................
TEMPERATURE (F)
 YESTERDAY
  MAXIMUM         26    155 AM              23      3
  MINIMUM         21   1159 PM               9     12
  AVERAGE         24                        16      8

PRECIPITATION (IN)
  YESTERDAY        0.12         MM      MM   0.08   0.04      T
  MONTH TO DATE    1.41                      1.66  -0.25     0.41
  SINCE DEC 1      1.41                      1.66  -0.25     0.41
  SINCE JAN 1     33.50                     32.72   0.78    33.51

SNOWFALL (IN)
  YESTERDAY       MM            MM      MM  MM     MM       MM
  MONTH TO DATE   MM                        MM     MM       MM
  SINCE DEC 1     MM                        MM     MM       MM
  SINCE JUL 1     MM                        MM     MM       MM
  SNOW DEPTH      MM

DEGREE DAYS
 HEATING
  YESTERDAY       41                               -8
  MONTH TO DATE  812                              -13
  SINCE JUL 1   3063                              -72

 COOLING
  YESTERDAY        0                                0
  MONTH TO DATE    0                                0
  SINCE JAN 1    139                                5
..................................................................


WIND (MPH)
  HIGHEST WIND SPEED    28   HIGHEST WIND DIRECTION     N (350)
  HIGHEST GUST SPEED    37   HIGHEST GUST DIRECTION     N (350)
  AVERAGE WIND SPEED    17.9




..........................................................


THE FRENCHVILLE ME CLIMATE NORMALS FOR TODAY
                         NORMAL
 MAXIMUM TEMPERATURE (F)   22
 MINIMUM TEMPERATURE (F)    8


SUNRISE AND SUNSET
DECEMBER 19 2014......SUNRISE   716 AM EST   SUNSET   345 PM EST
DECEMBER 20 2014......SUNRISE   717 AM EST   SUNSET   345 PM EST


-  INDICATES NEGATIVE NUMBERS.
R  INDICATES RECORD WAS SET OR TIED.
MM INDICATES DATA IS MISSING.
T  INDICATES TRACE AMOUNT.




$$
