000
CDUS41 KCAR 122125
CLIFVE


CLIMATE REPORT
NATIONAL WEATHER SERVICE CARIBOU, ME
425 PM EST FRI FEB 12 2016


...................................

...THE FRENCHVILLE ME CLIMATE SUMMARY FOR FEBRUARY 12 2016...
VALID TODAY AS OF 0400 PM LOCAL TIME.

CLIMATE NORMAL PERIOD 1981 TO 2010
CLIMATE RECORD PERIOD 9999 TO 9999


WEATHER ITEM   OBSERVED TIME   RECORD YEAR NORMAL DEPARTURE LAST
                VALUE   (LST)  VALUE       VALUE  FROM      YEAR
                                                  NORMAL
..................................................................
TEMPERATURE (F)
 TODAY
  MAXIMUM          6    253 PM              20    -14
  MINIMUM         -5    816 AM               4     -9
  AVERAGE          1                        12    -11

PRECIPITATION (IN)
  TODAY            T            MM      MM   0.02  -0.02     0.01
  MONTH TO DATE    0.35                      0.25   0.10     0.01
  SINCE DEC 1      3.96                      4.55  -0.59     3.20
  SINCE JAN 1      0.97                      2.01  -1.04     0.72

SNOWFALL (IN)
  TODAY           MM            MM      MM  MM     MM       MM
  MONTH TO DATE   MM                        MM     MM       MM
  SINCE DEC 1     MM                        MM     MM       MM
  SINCE JUL 1     MM                        MM     MM       MM
  SNOW DEPTH      MM

DEGREE DAYS
 HEATING
  TODAY           64                               11
  MONTH TO DATE  599                              -55
  SINCE JUL 1   5299                             -899

 COOLING
  TODAY            0                                0
  MONTH TO DATE    0                                0
  SINCE JAN 1      0                                0
..................................................................


WIND (MPH)
  HIGHEST WIND SPEED    18   HIGHEST WIND DIRECTION     W (260)
  HIGHEST GUST SPEED    24   HIGHEST GUST DIRECTION    NW (310)
  AVERAGE WIND SPEED    10.6




..........................................................


THE FRENCHVILLE ME CLIMATE NORMALS FOR TOMORROW
                         NORMAL
 MAXIMUM TEMPERATURE (F)   21
 MINIMUM TEMPERATURE (F)    4


SUNRISE AND SUNSET
FEBRUARY 12 2016......SUNRISE   644 AM EST   SUNSET   452 PM EST
FEBRUARY 13 2016......SUNRISE   642 AM EST   SUNSET   453 PM EST


-  INDICATES NEGATIVE NUMBERS.
R  INDICATES RECORD WAS SET OR TIED.
MM INDICATES DATA IS MISSING.
T  INDICATES TRACE AMOUNT.




$$
