000
CDUS41 KCAR 290526
CLIFVE


CLIMATE REPORT
NATIONAL WEATHER SERVICE CARIBOU, ME
126 AM EDT TUE JUL 29 2014


...................................

...THE FRENCHVILLE ME CLIMATE SUMMARY FOR JULY 28 2014...

CLIMATE NORMAL PERIOD 1981 TO 2010
CLIMATE RECORD PERIOD 9999 TO 9999


WEATHER ITEM   OBSERVED TIME   RECORD YEAR NORMAL DEPARTURE LAST
                VALUE   (LST)  VALUE       VALUE  FROM      YEAR
                                                  NORMAL
..................................................................
TEMPERATURE (F)
 YESTERDAY
  MAXIMUM         68    334 PM              74     -6
  MINIMUM         62   1047 AM              55      7
  AVERAGE         65                        65      0

PRECIPITATION (IN)
  YESTERDAY        1.36         MM      MM   0.12   1.24     0.00
  MONTH TO DATE    5.82                      3.99   1.83     1.56
  SINCE JUN 1      9.93                      7.84   2.09     7.32
  SINCE JAN 1     20.30                     17.74   2.56    17.21

SNOWFALL (IN)
  YESTERDAY       MM            MM      MM  MM     MM       MM
  MONTH TO DATE   MM                        MM     MM       MM
  SINCE JUN 1     MM                        MM     MM       MM
  SINCE JUL 1     MM                        MM     MM       MM
  SNOW DEPTH      MM

DEGREE DAYS
 HEATING
  YESTERDAY        0                               -2
  MONTH TO DATE   42                              -21
  SINCE JUL 1     42                              -21

 COOLING
  YESTERDAY        0                               -2
  MONTH TO DATE   73                               18
  SINCE JAN 1    100                               17
..................................................................


WIND (MPH)
  HIGHEST WIND SPEED    17   HIGHEST WIND DIRECTION    SE (140)
  HIGHEST GUST SPEED    23   HIGHEST GUST DIRECTION     E (80)
  AVERAGE WIND SPEED     7.6




..........................................................


THE FRENCHVILLE ME CLIMATE NORMALS FOR TODAY
                         NORMAL
 MAXIMUM TEMPERATURE (F)   74
 MINIMUM TEMPERATURE (F)   55


SUNRISE AND SUNSET
JULY 29 2014..........SUNRISE   508 AM EDT   SUNSET   811 PM EDT
JULY 30 2014..........SUNRISE   509 AM EDT   SUNSET   809 PM EDT


-  INDICATES NEGATIVE NUMBERS.
R  INDICATES RECORD WAS SET OR TIED.
MM INDICATES DATA IS MISSING.
T  INDICATES TRACE AMOUNT.




$$
