000
CDUS43 KIWX 210533
CLIFWA


CLIMATE REPORT
NATIONAL WEATHER SERVICE NORTHERN INDIANA
131 AM EDT MON AUG 21 2017


...................................

...THE FORT WAYNE CLIMATE SUMMARY FOR AUGUST 20 2017...

CLIMATE NORMAL PERIOD 1981 TO 2010
CLIMATE RECORD PERIOD 1897 TO 2017


WEATHER ITEM   OBSERVED TIME   RECORD YEAR NORMAL DEPARTURE LAST
                VALUE   (LST)  VALUE       VALUE  FROM      YEAR
                                                  NORMAL
..................................................................
TEMPERATURE (F)
 YESTERDAY
  MAXIMUM         87    344 PM 101    1962  82      5       81
  MINIMUM         58    608 AM  46    1908  61     -3       66
  AVERAGE         73                        71      2       74

PRECIPITATION (IN)
  YESTERDAY        0.00          3.40 2007   0.11  -0.11     0.19
  MONTH TO DATE    0.68                      2.41  -1.73     1.33
  SINCE JUN 1     12.35                     10.81   1.54     7.89
  SINCE JAN 1     35.80                     25.61  10.19    22.08

DEGREE DAYS
 HEATING
  YESTERDAY        0                         0      0        0
  MONTH TO DATE    1                         0      1        0
  SINCE JUN 1      7                        32    -25       14
  SINCE JUL 1      1                         3     -2        3

 COOLING
  YESTERDAY        8                         7      1        9
  MONTH TO DATE  112                       145    -33      241
  SINCE JUN 1    600                       594      6      757
  SINCE JAN 1    664                       651     13      831
..................................................................


WIND (MPH)
  HIGHEST WIND SPEED    14   HIGHEST WIND DIRECTION     W (270)
  HIGHEST GUST SPEED    15   HIGHEST GUST DIRECTION     W (260)
  AVERAGE WIND SPEED     3.5


SKY COVER
  AVERAGE SKY COVER 0.4


WEATHER CONDITIONS
 THE FOLLOWING WEATHER WAS RECORDED YESTERDAY.
  FOG


RELATIVE HUMIDITY (PERCENT)
 HIGHEST    93           100 AM
 LOWEST     45           400 PM
 AVERAGE    69

..........................................................


THE FORT WAYNE CLIMATE NORMALS FOR TODAY
                         NORMAL    RECORD    YEAR
 MAXIMUM TEMPERATURE (F)   82        99      1983
 MINIMUM TEMPERATURE (F)   61        45      1950
                                             1908


SUNRISE AND SUNSET
AUGUST 21 2017........SUNRISE   657 AM EDT   SUNSET   830 PM EDT
AUGUST 22 2017........SUNRISE   658 AM EDT   SUNSET   829 PM EDT


-  INDICATES NEGATIVE NUMBERS.
R  INDICATES RECORD WAS SET OR TIED.
MM INDICATES DATA IS MISSING.
T  INDICATES TRACE AMOUNT.




$$
