000
CDUS43 KIWX 160022
CLIFWA


CLIMATE REPORT
NATIONAL WEATHER SERVICE NORTHERN INDIANA
821 PM EDT TUE APR 15 2014


...................................

...THE FORT WAYNE CLIMATE SUMMARY FOR APRIL 15 2014...
VALID AS OF 0800 PM LOCAL TIME.

CLIMATE NORMAL PERIOD 1981 TO 2010
CLIMATE RECORD PERIOD 1897 TO 2014


WEATHER ITEM   OBSERVED TIME   RECORD YEAR NORMAL DEPARTURE LAST
                VALUE   (LST)  VALUE       VALUE  FROM      YEAR
                                                  NORMAL
..................................................................
TEMPERATURE (F)
 TODAY
  MAXIMUM         36    433 PM  85    2002  61    -25       66
  MINIMUM         26    635 AM  20    1907  39    -13       47
  AVERAGE         31                        50    -19       57

PRECIPITATION (IN)
  TODAY            T             1.13 1999   0.12  -0.12      T
  MONTH TO DATE    3.05                      1.80   1.25     1.81
  SINCE MAR 1      4.95                      4.51   0.44     4.15
  SINCE JAN 1     11.03                      8.81   2.22     9.44

SNOWFALL (IN)
  TODAY            T             0.6  1980   0.0    0.0      0.0
  MONTH TO DATE    1.1                       0.7    0.4       T
  SINCE MAR 1     14.3                       4.8    9.5     18.1
  SINCE JUL 1     74.7                      33.2   41.5     38.5
  SNOW DEPTH       0

DEGREE DAYS
 HEATING
  TODAY           34                        15     19        8
  MONTH TO DATE  250                       269    -19      278
  SINCE MAR 1   1317                      1095    222     1260
  SINCE JUL 1   6570                      5693    877     5651

 COOLING
  TODAY            0                         0      0        0
  MONTH TO DATE    1                         0      1        0
  SINCE MAR 1      1                         0      1        0
  SINCE JAN 1      1                         0      1        0
..................................................................


WIND (MPH)
  RESULTANT WIND SPEED  15   RESULTANT WIND DIRECTION  NW (320)
  HIGHEST WIND SPEED    23   HIGHEST WIND DIRECTION     W (290)
  HIGHEST GUST SPEED    32   HIGHEST GUST DIRECTION     W (280)
  AVERAGE WIND SPEED    15.1


SKY COVER
  POSSIBLE SUNSHINE  MM
  AVERAGE SKY COVER 0.7


WEATHER CONDITIONS
 THE FOLLOWING WEATHER WAS RECORDED TODAY.
  LIGHT SNOW
  FOG


RELATIVE HUMIDITY (PERCENT)
 HIGHEST    92          1200 AM
 LOWEST     36           700 PM
 AVERAGE    64

..........................................................


THE FORT WAYNE CLIMATE NORMALS FOR TOMORROW
                         NORMAL    RECORD    YEAR
 MAXIMUM TEMPERATURE (F)   61        85      2002
 MINIMUM TEMPERATURE (F)   39        24      1935
                                             1904


SUNRISE AND SUNSET
APRIL 15 2014.........SUNRISE   702 AM EDT   SUNSET   821 PM EDT
APRIL 16 2014.........SUNRISE   700 AM EDT   SUNSET   822 PM EDT


-  INDICATES NEGATIVE NUMBERS.
R  INDICATES RECORD WAS SET OR TIED.
MM INDICATES DATA IS MISSING.
T  INDICATES TRACE AMOUNT.




$$
