000
CDUS43 KIWX 230537
CLIFWA


CLIMATE REPORT
NATIONAL WEATHER SERVICE NORTHERN INDIANA
1236 AM EST THU FEB 23 2017


...................................

...THE FORT WAYNE CLIMATE SUMMARY FOR FEBRUARY 22 2017...

CLIMATE NORMAL PERIOD 1981 TO 2010
CLIMATE RECORD PERIOD 1897 TO 2017


WEATHER ITEM   OBSERVED TIME   RECORD YEAR NORMAL DEPARTURE LAST
                VALUE   (LST)  VALUE       VALUE  FROM      YEAR
                                                  NORMAL
..................................................................
TEMPERATURE (F)
 YESTERDAY
  MAXIMUM         63        MM  67    1922  39     24       45
  MINIMUM         48        MM  -9    1963  22     26       26
  AVERAGE         56                        30     26       36

PRECIPITATION (IN)
  YESTERDAY        0.00          3.03 1990   0.08  -0.08     0.00
  MONTH TO DATE    1.24                      1.57  -0.33     0.38
  SINCE DEC 1      8.26                      6.60   1.66     6.15
  SINCE JAN 1      5.95                      3.83   2.12     2.00

SNOWFALL (IN)
  YESTERDAY        0.0           6.4  2003   0.2   -0.2      0.0
  MONTH TO DATE    2.4                       6.3   -3.9      3.6
  SINCE DEC 1     14.6                      24.9  -10.3     10.7
  SINCE JUL 1     15.0                      27.0  -12.0     14.9
  SNOW DEPTH       0

DEGREE DAYS
 HEATING
  YESTERDAY        9                        35    -26       29
  MONTH TO DATE  583                       825   -242      761
  SINCE DEC 1   2733                      3179   -446     2668
  SINCE JUL 1   3578                      4396   -818     3637

 COOLING
  YESTERDAY        0                         0      0        0
  MONTH TO DATE    0                         0      0        0
  SINCE DEC 1      0                         0      0        0
  SINCE JAN 1      0                         0      0        0
..................................................................


WIND (MPH)
  HIGHEST WIND SPEED    13   HIGHEST WIND DIRECTION     S (200)
  HIGHEST GUST SPEED    MM   HIGHEST GUST DIRECTION    MM
  AVERAGE WIND SPEED     8.3


SKY COVER
  AVERAGE SKY COVER 0.9


WEATHER CONDITIONS
 THE FOLLOWING WEATHER WAS RECORDED YESTERDAY.
  FOG
  FOG W/VISIBILITY <= 1/4 MILE
  HAZE


RELATIVE HUMIDITY (PERCENT)
 HIGHEST   100           500 AM
 LOWEST     72           200 PM
 AVERAGE    86

..........................................................


THE FORT WAYNE CLIMATE NORMALS FOR TODAY
                         NORMAL    RECORD    YEAR
 MAXIMUM TEMPERATURE (F)   39        64      2000
 MINIMUM TEMPERATURE (F)   22        -6      2015


SUNRISE AND SUNSET
FEBRUARY 23 2017......SUNRISE   724 AM EST   SUNSET   625 PM EST
FEBRUARY 24 2017......SUNRISE   722 AM EST   SUNSET   626 PM EST


-  INDICATES NEGATIVE NUMBERS.
R  INDICATES RECORD WAS SET OR TIED.
MM INDICATES DATA IS MISSING.
T  INDICATES TRACE AMOUNT.




$$
