000
CDUS43 KIWX 250529
CLIFWA


CLIMATE REPORT
NATIONAL WEATHER SERVICE NORTHERN INDIANA
128 AM EDT WED MAY 25 2016


...................................

...THE FORT WAYNE CLIMATE SUMMARY FOR MAY 24 2016...

CLIMATE NORMAL PERIOD 1981 TO 2010
CLIMATE RECORD PERIOD 1897 TO 2016


WEATHER ITEM   OBSERVED TIME   RECORD YEAR NORMAL DEPARTURE LAST
                VALUE   (LST)  VALUE       VALUE  FROM      YEAR
                                                  NORMAL
..................................................................
TEMPERATURE (F)
 YESTERDAY
  MAXIMUM         84    436 PM  91    2007  74     10       83
  MINIMUM         49    419 AM  36    1963  52     -3       53
                                      1931
                                      1925
  AVERAGE         67                        63      4       68

PRECIPITATION (IN)
  YESTERDAY        0.00          1.46 1971   0.15  -0.15     0.00
  MONTH TO DATE    4.13                      3.12   1.01     2.62
  SINCE MAR 1     11.14                      9.35   1.79     7.97
  SINCE JAN 1     14.19                     13.65   0.54    11.74

SNOWFALL (IN)
  YESTERDAY        0.0           T    1925   0.0    0.0      0.0
  MONTH TO DATE    0.0                       0.0    0.0      0.0
  SINCE MAR 1      3.9                       5.1   -1.2      8.6
  SINCE JUL 1     20.1                      33.5  -13.4     45.1
  SNOW DEPTH       0

DEGREE DAYS
 HEATING
  YESTERDAY        0                         4     -4        0
  MONTH TO DATE  198                       167     31      103
  SINCE MAR 1   1289                      1451   -162     1492
  SINCE JUL 1   5116                      6049   -933     6641

 COOLING
  YESTERDAY        2                         2      0        3
  MONTH TO DATE    4                        29    -25       58
  SINCE MAR 1      4                        37    -33       58
  SINCE JAN 1      4                        37    -33       58
..................................................................


WIND (MPH)
  HIGHEST WIND SPEED    16   HIGHEST WIND DIRECTION     W (250)
  HIGHEST GUST SPEED    20   HIGHEST GUST DIRECTION     W (260)
  AVERAGE WIND SPEED     7.4


SKY COVER
  AVERAGE SKY COVER 0.3


WEATHER CONDITIONS
 THE FOLLOWING WEATHER WAS RECORDED YESTERDAY.
  NO SIGNIFICANT WEATHER WAS OBSERVED.


RELATIVE HUMIDITY (PERCENT)
 HIGHEST    77           300 AM
 LOWEST     26           200 PM
 AVERAGE    52

..........................................................


THE FORT WAYNE CLIMATE NORMALS FOR TODAY
                         NORMAL    RECORD    YEAR
 MAXIMUM TEMPERATURE (F)   74        95      1911
 MINIMUM TEMPERATURE (F)   52        33      1925


SUNRISE AND SUNSET
MAY 25 2016...........SUNRISE   615 AM EDT   SUNSET   902 PM EDT
MAY 26 2016...........SUNRISE   614 AM EDT   SUNSET   902 PM EDT


-  INDICATES NEGATIVE NUMBERS.
R  INDICATES RECORD WAS SET OR TIED.
MM INDICATES DATA IS MISSING.
T  INDICATES TRACE AMOUNT.




$$
