000
CDUS43 KIWX 250523
CLIFWA


CLIMATE REPORT
NATIONAL WEATHER SERVICE NORTHERN INDIANA
123 AM EDT FRI APR 25 2014


...................................

...THE FORT WAYNE CLIMATE SUMMARY FOR APRIL 24 2014...

CLIMATE NORMAL PERIOD 1981 TO 2010
CLIMATE RECORD PERIOD 1897 TO 2014


WEATHER ITEM   OBSERVED TIME   RECORD YEAR NORMAL DEPARTURE LAST
                VALUE   (LST)  VALUE       VALUE  FROM      YEAR
                                                  NORMAL
..................................................................
TEMPERATURE (F)
 YESTERDAY
  MAXIMUM         60    445 PM  88    1925  65     -5       48
  MINIMUM         44    610 AM  27    1930  42      2       35
  AVERAGE         52                        53     -1       42

PRECIPITATION (IN)
  YESTERDAY        T             0.97 1955   0.11  -0.11     0.42
  MONTH TO DATE    3.07                      2.87   0.20     6.64
  SINCE MAR 1      4.97                      5.58  -0.61     8.98
  SINCE JAN 1     11.05                      9.88   1.17    14.27

SNOWFALL (IN)
  YESTERDAY        0.0           0.4  1968   0.0    0.0       T
  MONTH TO DATE    1.1                       1.0    0.1       T
  SINCE MAR 1     14.3                       5.1    9.2     18.1
  SINCE JUL 1     74.7                      33.5   41.2     38.5
  SNOW DEPTH       0

DEGREE DAYS
 HEATING
  YESTERDAY       13                        12      1       23
  MONTH TO DATE  384                       392     -8      430
  SINCE MAR 1   1451                      1218    233     1412
  SINCE JUL 1   6704                      5816    888     5803

 COOLING
  YESTERDAY        0                         0      0        0
  MONTH TO DATE    1                         0      1        0
  SINCE MAR 1      1                         0      1        0
  SINCE JAN 1      1                         0      1        0
..................................................................


WIND (MPH)
  HIGHEST WIND SPEED    22   HIGHEST WIND DIRECTION    SE (120)
  HIGHEST GUST SPEED    29   HIGHEST GUST DIRECTION     E (110)
  AVERAGE WIND SPEED    13.0


SKY COVER
  AVERAGE SKY COVER 0.9


WEATHER CONDITIONS
 THE FOLLOWING WEATHER WAS RECORDED YESTERDAY.
  LIGHT RAIN


RELATIVE HUMIDITY (PERCENT)
 HIGHEST    65           400 AM
 LOWEST     21           200 PM
 AVERAGE    43

..........................................................


THE FORT WAYNE CLIMATE NORMALS FOR TODAY
                         NORMAL    RECORD    YEAR
 MAXIMUM TEMPERATURE (F)   65        86      1994
                                             1990
                                             1915
 MINIMUM TEMPERATURE (F)   42        24      1967


SUNRISE AND SUNSET
APRIL 25 2014.........SUNRISE   647 AM EDT   SUNSET   831 PM EDT
APRIL 26 2014.........SUNRISE   646 AM EDT   SUNSET   832 PM EDT


-  INDICATES NEGATIVE NUMBERS.
R  INDICATES RECORD WAS SET OR TIED.
MM INDICATES DATA IS MISSING.
T  INDICATES TRACE AMOUNT.




$$
