914
CDUS43 KIWX 280523
CLIFWA


CLIMATE REPORT
NATIONAL WEATHER SERVICE NORTHERN INDIANA
123 AM EDT SUN AUG 28 2016


...................................

...THE FORT WAYNE CLIMATE SUMMARY FOR AUGUST 27 2016...

CLIMATE NORMAL PERIOD 1981 TO 2010
CLIMATE RECORD PERIOD 1897 TO 2016


WEATHER ITEM   OBSERVED TIME   RECORD YEAR NORMAL DEPARTURE LAST
                VALUE   (LST)  VALUE       VALUE  FROM      YEAR
                                                  NORMAL
..................................................................
TEMPERATURE (F)
 YESTERDAY
  MAXIMUM         83   1037 AM  96    1948  82      1       75
  MINIMUM         69    549 AM  45    1910  59     10       50
  AVERAGE         76                        70      6       63

PRECIPITATION (IN)
  YESTERDAY        T             1.85 1903   0.11  -0.11     0.00
  MONTH TO DATE    2.29                      3.19  -0.90     3.55
  SINCE JUN 1      8.85                     11.59  -2.74    21.50
  SINCE JAN 1     23.04                     26.39  -3.35    35.63

SNOWFALL (IN)
  YESTERDAY        0.0           0.0  2002   0.0    0.0      0.0
                                      2001
  MONTH TO DATE    0.0                       0.0    0.0      0.0
  SINCE JUN 1      T                         0.0    0.0      0.0
  SINCE JUL 1      0.0                       0.0    0.0      0.0
  SNOW DEPTH       0

DEGREE DAYS
 HEATING
  YESTERDAY        0                         0      0        2
  MONTH TO DATE    0                         0      0        9
  SINCE JUN 1     14                        32    -18       37
  SINCE JUL 1      3                         3      0        9

 COOLING
  YESTERDAY       11                         6      5        0
  MONTH TO DATE  289                       188    101      157
  SINCE JUN 1    805                       637    168      550
  SINCE JAN 1    879                       694    185      646
..................................................................


WIND (MPH)
  HIGHEST WIND SPEED    20   HIGHEST WIND DIRECTION     W (280)
  HIGHEST GUST SPEED    26   HIGHEST GUST DIRECTION     W (270)
  AVERAGE WIND SPEED     6.1


SKY COVER
  AVERAGE SKY COVER 0.7


WEATHER CONDITIONS
 THE FOLLOWING WEATHER WAS RECORDED YESTERDAY.
  NO SIGNIFICANT WEATHER WAS OBSERVED.


RELATIVE HUMIDITY (PERCENT)
 HIGHEST    93          1000 PM
 LOWEST     69           200 PM
 AVERAGE    81

..........................................................


THE FORT WAYNE CLIMATE NORMALS FOR TODAY
                         NORMAL    RECORD    YEAR
 MAXIMUM TEMPERATURE (F)   81        95      1953
                                             1948
                                             1909
 MINIMUM TEMPERATURE (F)   59        42      1986


SUNRISE AND SUNSET
AUGUST 28 2016........SUNRISE   704 AM EDT   SUNSET   819 PM EDT
AUGUST 29 2016........SUNRISE   705 AM EDT   SUNSET   817 PM EDT


-  INDICATES NEGATIVE NUMBERS.
R  INDICATES RECORD WAS SET OR TIED.
MM INDICATES DATA IS MISSING.
T  INDICATES TRACE AMOUNT.




$$
