000
CDUS43 KIWX 040522
CLIFWA


CLIMATE REPORT
NATIONAL WEATHER SERVICE NORTHERN INDIANA
121 AM EDT FRI SEP 4 2015


...................................

...THE FORT WAYNE CLIMATE SUMMARY FOR SEPTEMBER 3 2015...

CLIMATE NORMAL PERIOD 1981 TO 2010
CLIMATE RECORD PERIOD 1897 TO 2015


WEATHER ITEM   OBSERVED TIME   RECORD YEAR NORMAL DEPARTURE LAST
                VALUE   (LST)  VALUE       VALUE  FROM      YEAR
                                                  NORMAL
..................................................................
TEMPERATURE (F)
 YESTERDAY
  MAXIMUM         90    332 PM  95    2011  80     10       83
                                      1898
  MINIMUM         68    628 AM  38    1908  58     10       60
  AVERAGE         79                        69     10       72

PRECIPITATION (IN)
  YESTERDAY        0.00          3.83 1932   0.09  -0.09     0.00
  MONTH TO DATE    T                         0.30  -0.30     0.19
  SINCE SEP 1      T                         0.30  -0.30     0.19
  SINCE JAN 1     35.65                     27.14   8.51    30.74

SNOWFALL (IN)
  YESTERDAY        0.0           0.0  2002   0.0    0.0      0.0
                                      2001
  MONTH TO DATE    0.0                       0.0    0.0      0.0
  SINCE SEP 1      0.0                       0.0    0.0      0.0
  SINCE JUL 1      0.0                       0.0    0.0       T
  SNOW DEPTH       0

DEGREE DAYS
 HEATING
  YESTERDAY        0                         1     -1        0
  MONTH TO DATE    0                         3     -3        0
  SINCE SEP 1      0                         3     -3        0
  SINCE JUL 1      9                        15     -6       24

 COOLING
  YESTERDAY       14                         5      9        7
  MONTH TO DATE   39                        15     24       23
  SINCE SEP 1     39                        15     24       23
  SINCE JAN 1    711                       732    -21      697
..................................................................


WIND (MPH)
  HIGHEST WIND SPEED    17   HIGHEST WIND DIRECTION     W (270)
  HIGHEST GUST SPEED    22   HIGHEST GUST DIRECTION     W (260)
  AVERAGE WIND SPEED     7.8


SKY COVER
  AVERAGE SKY COVER 0.3


WEATHER CONDITIONS
 THE FOLLOWING WEATHER WAS RECORDED YESTERDAY.
  FOG
  HAZE


RELATIVE HUMIDITY (PERCENT)
 HIGHEST    90           100 AM
 LOWEST     47           300 PM
 AVERAGE    69

..........................................................


THE FORT WAYNE CLIMATE NORMALS FOR TODAY
                         NORMAL    RECORD    YEAR
 MAXIMUM TEMPERATURE (F)   80        95      1983
 MINIMUM TEMPERATURE (F)   57        42      1997
                                             1946


SUNRISE AND SUNSET
SEPTEMBER  4 2015.....SUNRISE   710 AM EDT   SUNSET   809 PM EDT
SEPTEMBER  5 2015.....SUNRISE   711 AM EDT   SUNSET   807 PM EDT


-  INDICATES NEGATIVE NUMBERS.
R  INDICATES RECORD WAS SET OR TIED.
MM INDICATES DATA IS MISSING.
T  INDICATES TRACE AMOUNT.




$$
