000
CDUS43 KIWX 240523
CLIFWA


CLIMATE REPORT
NATIONAL WEATHER SERVICE NORTHERN INDIANA
123 AM EDT TUE OCT 24 2017


...................................

...THE FORT WAYNE CLIMATE SUMMARY FOR OCTOBER 23 2017...

CLIMATE NORMAL PERIOD 1981 TO 2010
CLIMATE RECORD PERIOD 1897 TO 2017


WEATHER ITEM   OBSERVED TIME   RECORD YEAR NORMAL DEPARTURE LAST
                VALUE   (LST)  VALUE       VALUE  FROM      YEAR
                                                  NORMAL
..................................................................
TEMPERATURE (F)
 YESTERDAY
  MAXIMUM         66    108 AM  85    1963  61      5       72
  MINIMUM         50   1159 PM  25    1982  40     10       40
  AVERAGE         58                        50      8       56

PRECIPITATION (IN)
  YESTERDAY        0.53          1.82 1957   0.08   0.45     0.00
  MONTH TO DATE    1.84                      2.14  -0.30     3.07
  SINCE SEP 1      3.51                      4.94  -1.43     8.51
  SINCE JAN 1     41.79                     31.78  10.01    32.32

DEGREE DAYS
 HEATING
  YESTERDAY        7                        15     -8        9
  MONTH TO DATE   87                       264   -177      140
  SINCE SEP 1    167                       368   -201      164
  SINCE JUL 1    182                       380   -198      167

 COOLING
  YESTERDAY        0                         0      0        0
  MONTH TO DATE   31                         8     23       29
  SINCE SEP 1    148                        91     57      172
  SINCE JAN 1    836                       808     28     1098
..................................................................


WIND (MPH)
  HIGHEST WIND SPEED    28   HIGHEST WIND DIRECTION    SW (220)
  HIGHEST GUST SPEED    34   HIGHEST GUST DIRECTION    SW (220)
  AVERAGE WIND SPEED    11.2


SKY COVER
  AVERAGE SKY COVER 1.0


WEATHER CONDITIONS
 THE FOLLOWING WEATHER WAS RECORDED YESTERDAY.
  RAIN
  LIGHT RAIN
  FOG


RELATIVE HUMIDITY (PERCENT)
 HIGHEST    96           700 PM
 LOWEST     58          1200 AM
 AVERAGE    77

..........................................................


THE FORT WAYNE CLIMATE NORMALS FOR TODAY
                         NORMAL    RECORD    YEAR
 MAXIMUM TEMPERATURE (F)   60        84      1963
 MINIMUM TEMPERATURE (F)   40        23      1981


SUNRISE AND SUNSET
OCTOBER 24 2017.......SUNRISE   803 AM EDT   SUNSET   647 PM EDT
OCTOBER 25 2017.......SUNRISE   804 AM EDT   SUNSET   645 PM EDT


-  INDICATES NEGATIVE NUMBERS.
R  INDICATES RECORD WAS SET OR TIED.
MM INDICATES DATA IS MISSING.
T  INDICATES TRACE AMOUNT.




$$
