000
CDUS44 KTSA 310811
CLIFYV

CLIMATE REPORT
NATIONAL WEATHER SERVICE TULSA OK
303 AM CDT THU JUL 31 2014


...................................

...THE FAYETTEVILLE ARKANSAS CLIMATE SUMMARY FOR JULY 30 2014...

CLIMATE NORMAL PERIOD 1981 TO 2010
CLIMATE RECORD PERIOD 1905 TO 2014


WEATHER ITEM   OBSERVED TIME   RECORD YEAR NORMAL DEPARTURE LAST
                VALUE   (LST)  VALUE       VALUE  FROM      YEAR
                                                  NORMAL
..................................................................
TEMPERATURE (F)
 YESTERDAY
  MAXIMUM         71   1049 AM 107    1986  90    -19       87
  MINIMUM         62    213 AM  52    1971  67     -5       72
  AVERAGE         67                        78    -11       80

PRECIPITATION (IN)
  YESTERDAY        1.33                      0.09   1.24     0.19
  MONTH TO DATE    2.27                      3.37  -1.10     2.78
  SINCE JUN 1      6.37                      8.35  -1.98     4.15
  SINCE JAN 1     20.89                     28.56  -7.67    28.25

DEGREE DAYS
 COOLING
  YESTERDAY        2                        13    -11       15
  MONTH TO DATE  248                       377   -129      339
  SINCE JUN 1    510                       622   -112      629
  SINCE JAN 1    658                       735    -77      765
..................................................................


WIND (MPH)
  HIGHEST WIND SPEED    12   HIGHEST WIND DIRECTION    SW (220)
  HIGHEST GUST SPEED    16   HIGHEST GUST DIRECTION    SW (210)
  AVERAGE WIND SPEED     3.5


SKY COVER
  POSSIBLE SUNSHINE  MM
  AVERAGE SKY COVER 0.9


WEATHER CONDITIONS
 THE FOLLOWING WEATHER WAS RECORDED YESTERDAY.
  HEAVY RAIN
  RAIN
  LIGHT RAIN
  FOG


RELATIVE HUMIDITY (PERCENT)
 HIGHEST   100           300 AM
 LOWEST     90           800 AM
 AVERAGE    95

..........................................................


THE FAYETTEVILLE ARKANSAS CLIMATE NORMALS FOR TODAY
                         NORMAL    RECORD    YEAR
 MAXIMUM TEMPERATURE (F)   90       104      1980
 MINIMUM TEMPERATURE (F)   67        47      1971


SUNRISE AND SUNSET
JULY 31 2014..........SUNRISE   623 AM CDT   SUNSET   822 PM CDT
AUGUST  1 2014........SUNRISE   624 AM CDT   SUNSET   821 PM CDT


-  INDICATES NEGATIVE NUMBERS.
R  INDICATES RECORD WAS SET OR TIED.
MM INDICATES DATA IS MISSING.
T  INDICATES TRACE AMOUNT.




$$
