000
CDUS44 KTSA 282118 RRA
CLIFYV

CLIMATE REPORT
NATIONAL WEATHER SERVICE TULSA OK
418 PM CDT THU APR 28 2016


...................................

...THE FAYETTEVILLE ARKANSAS CLIMATE SUMMARY FOR APRIL 28 2016...
VALID TODAY AS OF 0400 PM LOCAL TIME.

CLIMATE NORMAL PERIOD 1981 TO 2010
CLIMATE RECORD PERIOD 1905 TO 2016


WEATHER ITEM   OBSERVED TIME   RECORD YEAR NORMAL DEPARTURE LAST
                VALUE   (LST)  VALUE       VALUE  FROM      YEAR
                                                  NORMAL
..................................................................
TEMPERATURE (F)
 TODAY
  MAXIMUM         76    254 PM  88    1989  72      4       65
  MINIMUM         44    606 AM  31    1979  49     -5       43
  AVERAGE         60                        60      0       54

PRECIPITATION (IN)
  TODAY            0.00                      0.17  -0.17      T
  MONTH TO DATE    1.72                      4.22  -2.50     2.76
  SINCE MAR 1      5.35                      8.17  -2.82     7.39
  SINCE JAN 1      6.50                     13.82  -7.32    10.45

SNOWFALL (IN)
  TODAY            0.0                                       0.0
  MONTH TO DATE    0.0                                       0.0
  SINCE MAR 1      0.0                                       2.6
  SINCE JUL 1      T                                         7.9

DEGREE DAYS
 HEATING
  TODAY            5                         6     -1       11
  MONTH TO DATE  210                       258    -48      180
  SINCE MAR 1    634                       784   -150      706
  SINCE JUL 1   3450                      4087   -637     4192

 COOLING
  TODAY            0                         1     -1        0
  MONTH TO DATE   11                        25    -14       23
  SINCE MAR 1     13                        29    -16       23
  SINCE JAN 1     13                        29    -16       23
..................................................................


WIND (MPH)
  HIGHEST WIND SPEED     8   HIGHEST WIND DIRECTION    SE (140)
  HIGHEST GUST SPEED    11   HIGHEST GUST DIRECTION    NW (320)
  AVERAGE WIND SPEED     2.3


SKY COVER
  POSSIBLE SUNSHINE  MM
  AVERAGE SKY COVER 0.0


WEATHER CONDITIONS
 THE FOLLOWING WEATHER WAS RECORDED TODAY.
  FOG


RELATIVE HUMIDITY (PERCENT)
 HIGHEST   100          1200 AM
 LOWEST     33           200 PM
 AVERAGE    67

..........................................................


THE FAYETTEVILLE ARKANSAS CLIMATE NORMALS FOR TOMORROW
                         NORMAL    RECORD    YEAR
 MAXIMUM TEMPERATURE (F)   72        88      1962
 MINIMUM TEMPERATURE (F)   49        32      1965


SUNRISE AND SUNSET
APRIL 28 2016.........SUNRISE   627 AM CDT   SUNSET   802 PM CDT
APRIL 29 2016.........SUNRISE   626 AM CDT   SUNSET   803 PM CDT


-  INDICATES NEGATIVE NUMBERS.
R  INDICATES RECORD WAS SET OR TIED.
MM INDICATES DATA IS MISSING.
T  INDICATES TRACE AMOUNT.




$$
