000
CDUS44 KTSA 302123 RRA
CLIFYV

CLIMATE REPORT
NATIONAL WEATHER SERVICE TULSA OK
422 PM CDT FRI SEP 30 2016


...................................

...THE FAYETTEVILLE ARKANSAS CLIMATE SUMMARY FOR SEPTEMBER 30 2016...
VALID TODAY AS OF 0400 PM LOCAL TIME.

CLIMATE NORMAL PERIOD 1981 TO 2010
CLIMATE RECORD PERIOD 1905 TO 2016


WEATHER ITEM   OBSERVED TIME   RECORD YEAR NORMAL DEPARTURE LAST
                VALUE   (LST)  VALUE       VALUE  FROM      YEAR
                                                  NORMAL
..................................................................
TEMPERATURE (F)
 TODAY
  MAXIMUM         75    238 PM  92    1953  75      0       73
  MINIMUM         43    621 AM  32    1984  51     -8       51
  AVERAGE         59                        63     -4       62

PRECIPITATION (IN)
  TODAY            0.00                      0.16  -0.16     0.00
  MONTH TO DATE    2.64                      4.82  -2.18     1.75
  SINCE SEP 1      2.64                      4.82  -2.18     1.75
  SINCE JAN 1     27.74                     36.71  -8.97    44.44

DEGREE DAYS
 HEATING
  TODAY            6                         5      1        3
  MONTH TO DATE   24                        49    -25       16
  SINCE SEP 1     24                        51    -27       16
  SINCE JUL 1     24                        52    -28       17

 COOLING
  TODAY            0                         2     -2        0
  MONTH TO DATE  208                       158     50      185
  SINCE SEP 1    208                       158     50      185
  SINCE JAN 1   1427                      1283    144     1310
..................................................................


WIND (MPH)
  HIGHEST WIND SPEED    15   HIGHEST WIND DIRECTION    NW (330)
  HIGHEST GUST SPEED    20   HIGHEST GUST DIRECTION    NW (320)
  AVERAGE WIND SPEED     3.5


SKY COVER
  POSSIBLE SUNSHINE  MM
  AVERAGE SKY COVER 0.1


WEATHER CONDITIONS
 THE FOLLOWING WEATHER WAS RECORDED TODAY.
  NO SIGNIFICANT WEATHER WAS OBSERVED.


RELATIVE HUMIDITY (PERCENT)
 HIGHEST   100          1200 AM
 LOWEST     41           100 PM
 AVERAGE    71

..........................................................


THE FAYETTEVILLE ARKANSAS CLIMATE NORMALS FOR TOMORROW
                         NORMAL    RECORD    YEAR
 MAXIMUM TEMPERATURE (F)   74        96      1953
 MINIMUM TEMPERATURE (F)   50        31      1984


SUNRISE AND SUNSET
SEPTEMBER 30 2016.....SUNRISE   711 AM CDT   SUNSET   701 PM CDT
OCTOBER  1 2016.......SUNRISE   712 AM CDT   SUNSET   700 PM CDT


-  INDICATES NEGATIVE NUMBERS.
R  INDICATES RECORD WAS SET OR TIED.
MM INDICATES DATA IS MISSING.
T  INDICATES TRACE AMOUNT.




$$
