000
CDUS44 KTSA 262221
CLIFYV

CLIMATE REPORT
NATIONAL WEATHER SERVICE TULSA OK
418 PM CST MON JAN 26 2015


...................................

...THE FAYETTEVILLE ARKANSAS CLIMATE SUMMARY FOR JANUARY 26 2015...
VALID TODAY AS OF 0400 PM LOCAL TIME.

CLIMATE NORMAL PERIOD 1981 TO 2010
CLIMATE RECORD PERIOD 1905 TO 2015


WEATHER ITEM   OBSERVED TIME   RECORD YEAR NORMAL DEPARTURE LAST
                VALUE   (LST)  VALUE       VALUE  FROM      YEAR
                                                  NORMAL
..................................................................
TEMPERATURE (F)
 TODAY
  MAXIMUM         58    259 PM  74    1952  47     11       66
  MINIMUM         25    754 AM   7    1985  25      0       25
  AVERAGE         42                        36      6       46

PRECIPITATION (IN)
  TODAY            0.00                      0.09  -0.09     0.00
  MONTH TO DATE    1.08                      2.40  -1.32     1.64
  SINCE DEC 1      3.72                      5.64  -1.92     5.74
  SINCE JAN 1      1.08                      2.40  -1.32     1.64

SNOWFALL (IN)
  TODAY            0.0                                       0.0
  MONTH TO DATE    T                                         1.9
  SINCE DEC 1      T                                         8.9
  SINCE JUL 1      T                                         8.9

DEGREE DAYS
 HEATING
  TODAY           23                        29     -6       19
  MONTH TO DATE  809                       772     37      847
  SINCE DEC 1   1564                      1626    -62     1785
  SINCE JUL 1   2489                      2455     34     2674
..................................................................


WIND (MPH)
  HIGHEST WIND SPEED    16   HIGHEST WIND DIRECTION    SW (220)
  HIGHEST GUST SPEED    23   HIGHEST GUST DIRECTION    SW (230)
  AVERAGE WIND SPEED     7.7


SKY COVER
  POSSIBLE SUNSHINE  MM
  AVERAGE SKY COVER 0.4


WEATHER CONDITIONS
 THE FOLLOWING WEATHER WAS RECORDED TODAY.
  NO SIGNIFICANT WEATHER WAS OBSERVED.


RELATIVE HUMIDITY (PERCENT)
 HIGHEST   100           800 AM
 LOWEST     36           200 PM
 AVERAGE    68

..........................................................


THE FAYETTEVILLE ARKANSAS CLIMATE NORMALS FOR TOMORROW
                         NORMAL    RECORD    YEAR
 MAXIMUM TEMPERATURE (F)   47        72      1975
 MINIMUM TEMPERATURE (F)   25         1      1963


SUNRISE AND SUNSET
JANUARY 26 2015.......SUNRISE   722 AM CST   SUNSET   537 PM CST
JANUARY 27 2015.......SUNRISE   721 AM CST   SUNSET   538 PM CST


-  INDICATES NEGATIVE NUMBERS.
R  INDICATES RECORD WAS SET OR TIED.
MM INDICATES DATA IS MISSING.
T  INDICATES TRACE AMOUNT.




$$
