000
CDUS44 KTSA 230941 RRA
CLIFYV

CLIMATE REPORT
NATIONAL WEATHER SERVICE TULSA OK
341 AM CST FRI FEB 23 2018


...................................

...THE FAYETTEVILLE ARKANSAS CLIMATE SUMMARY FOR FEBRUARY 22 2018...

CLIMATE NORMAL PERIOD 1981 TO 2010
CLIMATE RECORD PERIOD 1905 TO 2018


WEATHER ITEM   OBSERVED TIME   RECORD YEAR NORMAL DEPARTURE LAST
                VALUE   (LST)  VALUE       VALUE  FROM      YEAR
                                                  NORMAL
..................................................................
TEMPERATURE (F)
 YESTERDAY
  MAXIMUM         53    121 PM  87    1996  53      0       77
  MINIMUM         33    443 AM   4    1963  30      3       48
  AVERAGE         43                        42      1       63

PRECIPITATION (IN)
  YESTERDAY        0.37                      0.11   0.26     0.00
  MONTH TO DATE    3.79                      2.14   1.65     1.10
  SINCE DEC 1      7.41                      8.22  -0.81     5.32
  SINCE JAN 1      5.50                      4.98   0.52     3.49

SNOWFALL (IN)
  YESTERDAY       MM                                         0.0
  MONTH TO DATE    T                                         0.0
  SINCE DEC 1      0.4                                       0.8
  SINCE JUL 1      0.4                                       0.8

DEGREE DAYS
 HEATING
  YESTERDAY       22                        23     -1        2
  MONTH TO DATE  537                       574    -37      352
  SINCE DEC 1   2333                      2339     -6     1949
  SINCE JUL 1   3033                      3168   -135     2476
..................................................................


WIND (MPH)
  HIGHEST WIND SPEED    16   HIGHEST WIND DIRECTION     S (200)
  HIGHEST GUST SPEED    20   HIGHEST GUST DIRECTION     S (190)
  AVERAGE WIND SPEED     4.0


SKY COVER
  POSSIBLE SUNSHINE  MM
  AVERAGE SKY COVER 0.8


WEATHER CONDITIONS
 THE FOLLOWING WEATHER WAS RECORDED YESTERDAY.
  RAIN
  LIGHT RAIN
  FOG


RELATIVE HUMIDITY (PERCENT)
 HIGHEST   100          1200 AM
 LOWEST     77          1100 AM
 AVERAGE    89

..........................................................


THE FAYETTEVILLE ARKANSAS CLIMATE NORMALS FOR TODAY
                         NORMAL    RECORD    YEAR
 MAXIMUM TEMPERATURE (F)   53        80      2017
 MINIMUM TEMPERATURE (F)   30         9      1989


SUNRISE AND SUNSET
FEBRUARY 23 2018......SUNRISE   654 AM CST   SUNSET   606 PM CST
FEBRUARY 24 2018......SUNRISE   653 AM CST   SUNSET   607 PM CST


-  INDICATES NEGATIVE NUMBERS.
R  INDICATES RECORD WAS SET OR TIED.
MM INDICATES DATA IS MISSING.
T  INDICATES TRACE AMOUNT.




$$
