892
CDUS44 KTSA 292151 RRB
CLIFYV

CLIMATE REPORT
NATIONAL WEATHER SERVICE TULSA OK
418 PM CDT SUN MAY 29 2016


...................................

...THE FAYETTEVILLE ARKANSAS CLIMATE SUMMARY FOR MAY 29 2016...
VALID TODAY AS OF 0400 PM LOCAL TIME.

CLIMATE NORMAL PERIOD 1981 TO 2010
CLIMATE RECORD PERIOD 1905 TO 2016


WEATHER ITEM   OBSERVED TIME   RECORD YEAR NORMAL DEPARTURE LAST
                VALUE   (LST)  VALUE       VALUE  FROM      YEAR
                                                  NORMAL
..................................................................
TEMPERATURE (F)
 TODAY
  MAXIMUM         83    259 PM  92    2012  79      4       81
  MINIMUM         59    524 AM  41    1952  58      1       62
  AVERAGE         71                        68      3       72

PRECIPITATION (IN)
  TODAY            0.00                      0.18  -0.18     0.79
  MONTH TO DATE    4.82                      5.69  -0.87    12.99
  SINCE MAR 1     12.40                     14.21  -1.81    20.38
  SINCE JAN 1     13.55                     19.86  -6.31    23.44

DEGREE DAYS
 COOLING
  TODAY            6                         4      2        7
  MONTH TO DATE   52                        74    -22       73
  SINCE MAR 1     65                       102    -37       96
  SINCE JAN 1     65                       102    -37       96
..................................................................


WIND (MPH)
  HIGHEST WIND SPEED     6   HIGHEST WIND DIRECTION     E (100)
  HIGHEST GUST SPEED     8   HIGHEST GUST DIRECTION     E (90)
  AVERAGE WIND SPEED     1.0


SKY COVER
  POSSIBLE SUNSHINE  MM
  AVERAGE SKY COVER 0.2


WEATHER CONDITIONS
 THE FOLLOWING WEATHER WAS RECORDED TODAY.
  FOG


RELATIVE HUMIDITY (PERCENT)
 HIGHEST   100          1200 AM
 LOWEST     58          1100 AM
 AVERAGE    79

..........................................................


THE FAYETTEVILLE ARKANSAS CLIMATE NORMALS FOR TOMORROW
                         NORMAL    RECORD    YEAR
 MAXIMUM TEMPERATURE (F)   79        93      1977
 MINIMUM TEMPERATURE (F)   58        40      1984


SUNRISE AND SUNSET
MAY 29 2016...........SUNRISE   602 AM CDT   SUNSET   826 PM CDT
MAY 30 2016...........SUNRISE   602 AM CDT   SUNSET   827 PM CDT


-  INDICATES NEGATIVE NUMBERS.
R  INDICATES RECORD WAS SET OR TIED.
MM INDICATES DATA IS MISSING.
T  INDICATES TRACE AMOUNT.




$$
