000
CDUS44 KTSA 050906
CLIFYV

CLIMATE REPORT
NATIONAL WEATHER SERVICE TULSA OK
1247 AM CST MON DEC 5 2016


...................................

...THE FAYETTEVILLE ARKANSAS CLIMATE SUMMARY FOR DECEMBER 4 2016...

CLIMATE NORMAL PERIOD 1981 TO 2010
CLIMATE RECORD PERIOD 1905 TO 2016


WEATHER ITEM   OBSERVED TIME   RECORD YEAR NORMAL DEPARTURE LAST
                VALUE   (LST)  VALUE       VALUE  FROM      YEAR
                                                  NORMAL
..................................................................
TEMPERATURE (F)
 YESTERDAY
  MAXIMUM         46    233 PM  71    2001  51     -5       57
                                      1994
  MINIMUM         30   1159 PM  13    2006  29      1       24
  AVERAGE         38                        40     -2       41

PRECIPITATION (IN)
  YESTERDAY        0.03                      0.12  -0.09     0.00
  MONTH TO DATE    0.30                      0.49  -0.19     0.00
  SINCE DEC 1      0.30                      0.49  -0.19     0.00
  SINCE JAN 1     31.84                     45.76 -13.92    54.76

SNOWFALL (IN)
  YESTERDAY       MM                                         0.0
  MONTH TO DATE    0.0                                       0.0
  SINCE DEC 1      0.0                                       0.0
  SINCE JUL 1      0.0                                        T

DEGREE DAYS
 HEATING
  YESTERDAY       27                        25      2       24
  MONTH TO DATE   94                        98     -4      102
  SINCE DEC 1     94                        98     -4      102
  SINCE JUL 1    621                       927   -306      744
..................................................................


WIND (MPH)
  HIGHEST WIND SPEED    13   HIGHEST WIND DIRECTION    NW (320)
  HIGHEST GUST SPEED    14   HIGHEST GUST DIRECTION    NW (320)
  AVERAGE WIND SPEED     3.9


SKY COVER
  POSSIBLE SUNSHINE  MM
  AVERAGE SKY COVER 0.9


WEATHER CONDITIONS
 THE FOLLOWING WEATHER WAS RECORDED YESTERDAY.
  LIGHT RAIN
  FOG
  FOG W/VISIBILITY <= 1/4 MILE


RELATIVE HUMIDITY (PERCENT)
 HIGHEST   100           100 AM
 LOWEST     86           200 PM
 AVERAGE    93

..........................................................


THE FAYETTEVILLE ARKANSAS CLIMATE NORMALS FOR TODAY
                         NORMAL    RECORD    YEAR
 MAXIMUM TEMPERATURE (F)   50        76      1956
 MINIMUM TEMPERATURE (F)   29        11      1950


SUNRISE AND SUNSET
DECEMBER  5 2016......SUNRISE   713 AM CST   SUNSET   502 PM CST
DECEMBER  6 2016......SUNRISE   714 AM CST   SUNSET   502 PM CST


-  INDICATES NEGATIVE NUMBERS.
R  INDICATES RECORD WAS SET OR TIED.
MM INDICATES DATA IS MISSING.
T  INDICATES TRACE AMOUNT.




$$
