000
CDUS44 KTSA 292142 RRA
CLIFYV

CLIMATE REPORT
NATIONAL WEATHER SERVICE TULSA OK
418 PM CDT SAT AUG 29 2015


...................................

...THE FAYETTEVILLE ARKANSAS CLIMATE SUMMARY FOR AUGUST 29 2015...
VALID TODAY AS OF 0400 PM LOCAL TIME.

CLIMATE NORMAL PERIOD 1981 TO 2010
CLIMATE RECORD PERIOD 1905 TO 2015


WEATHER ITEM   OBSERVED TIME   RECORD YEAR NORMAL DEPARTURE LAST
                VALUE   (LST)  VALUE       VALUE  FROM      YEAR
                                                  NORMAL
..................................................................
TEMPERATURE (F)
 TODAY
  MAXIMUM         86    107 PM 104    1984  87     -1       87
  MINIMUM         68    613 AM  47    1986  63      5       66
  AVERAGE         77                        75      2       77

PRECIPITATION (IN)
  TODAY            0.00                      0.11  -0.11     0.03
  MONTH TO DATE    4.41                      3.01   1.40     1.69
  SINCE JUN 1     19.23                     11.45   7.78     8.22
  SINCE JAN 1     42.69                     31.66  11.03    22.74

DEGREE DAYS
 COOLING
  TODAY           12                        10      2       12
  MONTH TO DATE  261                       356    -95      349
  SINCE JUN 1   1008                       992     16      863
  SINCE JAN 1   1105                      1105      0     1011
..................................................................


WIND (MPH)
  HIGHEST WIND SPEED    16   HIGHEST WIND DIRECTION     S (180)
  HIGHEST GUST SPEED    27   HIGHEST GUST DIRECTION     W (290)
  AVERAGE WIND SPEED     8.1


SKY COVER
  POSSIBLE SUNSHINE  MM
  AVERAGE SKY COVER 0.4


WEATHER CONDITIONS
 THE FOLLOWING WEATHER WAS RECORDED TODAY.
  NO SIGNIFICANT WEATHER WAS OBSERVED.


RELATIVE HUMIDITY (PERCENT)
 HIGHEST    78           300 AM
 LOWEST     57           100 PM
 AVERAGE    68

..........................................................


THE FAYETTEVILLE ARKANSAS CLIMATE NORMALS FOR TOMORROW
                         NORMAL    RECORD    YEAR
 MAXIMUM TEMPERATURE (F)   87       101      2000
 MINIMUM TEMPERATURE (F)   63        47      1988


SUNRISE AND SUNSET
AUGUST 29 2015........SUNRISE   646 AM CDT   SUNSET   749 PM CDT
AUGUST 30 2015........SUNRISE   647 AM CDT   SUNSET   747 PM CDT


-  INDICATES NEGATIVE NUMBERS.
R  INDICATES RECORD WAS SET OR TIED.
MM INDICATES DATA IS MISSING.
T  INDICATES TRACE AMOUNT.




$$
