000
CDUS44 KTSA 312118 RRA
CLIFYV

CLIMATE REPORT
NATIONAL WEATHER SERVICE TULSA OK
418 PM CDT WED AUG 31 2016


...................................

...THE FAYETTEVILLE ARKANSAS CLIMATE SUMMARY FOR AUGUST 31 2016...
VALID TODAY AS OF 0400 PM LOCAL TIME.

CLIMATE NORMAL PERIOD 1981 TO 2010
CLIMATE RECORD PERIOD 1905 TO 2016


WEATHER ITEM   OBSERVED TIME   RECORD YEAR NORMAL DEPARTURE LAST
                VALUE   (LST)  VALUE       VALUE  FROM      YEAR
                                                  NORMAL
..................................................................
TEMPERATURE (F)
 TODAY
  MAXIMUM         89   1243 PM 101    2000  87      2       87
  MINIMUM         65    621 AM  48    1967  63      2       65
  AVERAGE         77                        74      3       76

PRECIPITATION (IN)
  TODAY            0.00                      0.12  -0.12     0.00
  MONTH TO DATE    1.09                      3.24  -2.15     4.41
  SINCE JUN 1     10.84                     11.68  -0.84    19.23
  SINCE JAN 1     25.10                     31.89  -6.79    42.69

DEGREE DAYS
 COOLING
  TODAY           12                        10      2       11
  MONTH TO DATE  380                       376      4      281
  SINCE JUN 1   1152                      1012    140     1028
  SINCE JAN 1   1219                      1125     94     1125
..................................................................


WIND (MPH)
  HIGHEST WIND SPEED    12   HIGHEST WIND DIRECTION     N (350)
  HIGHEST GUST SPEED    17   HIGHEST GUST DIRECTION     N (340)
  AVERAGE WIND SPEED     1.9


SKY COVER
  POSSIBLE SUNSHINE  MM
  AVERAGE SKY COVER 0.4


WEATHER CONDITIONS
 THE FOLLOWING WEATHER WAS RECORDED TODAY.
  FOG
  FOG W/VISIBILITY <= 1/4 MILE


RELATIVE HUMIDITY (PERCENT)
 HIGHEST   100          1200 AM
 LOWEST     53           100 PM
 AVERAGE    77

..........................................................


THE FAYETTEVILLE ARKANSAS CLIMATE NORMALS FOR TOMORROW
                         NORMAL    RECORD    YEAR
 MAXIMUM TEMPERATURE (F)   86       102      2000
 MINIMUM TEMPERATURE (F)   62        43      1967


SUNRISE AND SUNSET
AUGUST 31 2016........SUNRISE   648 AM CDT   SUNSET   745 PM CDT
SEPTEMBER  1 2016.....SUNRISE   649 AM CDT   SUNSET   743 PM CDT


-  INDICATES NEGATIVE NUMBERS.
R  INDICATES RECORD WAS SET OR TIED.
MM INDICATES DATA IS MISSING.
T  INDICATES TRACE AMOUNT.




$$
