000
CDUS43 KUNR 230851
CLIGCC


CLIMATE REPORT
NATIONAL WEATHER SERVICE RAPID CITY SD
248 AM MDT TUE MAY 23 2017


...................................

...THE GILLETTE AIRPORT WY CLIMATE SUMMARY FOR MAY 22 2017...

CLIMATE NORMAL PERIOD 1981 TO 2010
CLIMATE RECORD PERIOD 9999 TO 9999


WEATHER ITEM   OBSERVED TIME   NORMAL DEPARTURE LAST
                VALUE   (LST)  VALUE  FROM      YEAR
                                      NORMAL
......................................................
TEMPERATURE (F)
 YESTERDAY
  MAXIMUM         57    351 PM  68    -11       70
  MINIMUM         41    940 AM  42     -1       44
  AVERAGE         49            55     -6       57

PRECIPITATION (IN)
  YESTERDAY        0.26          0.09   0.17     0.00
  MONTH TO DATE    1.22          1.69  -0.47     0.31
  SINCE MAR 1      6.32          4.12   2.20     3.97
  SINCE JAN 1      7.16          4.90   2.26     5.48

DEGREE DAYS
 HEATING
  YESTERDAY       16            11      5        8
  MONTH TO DATE  277           301    -24      309
  SINCE MAR 1   1630          1909   -279     1704
  SINCE JUL 1   6387          7317   -930     6435

 COOLING
  YESTERDAY        0             0      0        0
  MONTH TO DATE    4             0      4        0
  SINCE MAR 1      4             0      4        0
  SINCE JAN 1      4             0      4        0
......................................................


WIND (MPH)
  HIGHEST WIND SPEED    36   HIGHEST WIND DIRECTION     N (10)
  HIGHEST GUST SPEED    47   HIGHEST GUST DIRECTION     N (10)
  AVERAGE WIND SPEED    11.5


SKY COVER
  AVERAGE SKY COVER 0.7


WEATHER CONDITIONS
 THE FOLLOWING WEATHER WAS RECORDED YESTERDAY.
  THUNDERSTORM
  RAIN
  LIGHT RAIN
  FOG


RELATIVE HUMIDITY (PERCENT)
 HIGHEST    96           400 AM
 LOWEST     51           200 PM
 AVERAGE    74

..........................................................




SUNRISE AND SUNSET
MAY 23 2017...........SUNRISE   527 AM MDT   SUNSET   831 PM MDT
MAY 24 2017...........SUNRISE   526 AM MDT   SUNSET   832 PM MDT


-  INDICATES NEGATIVE NUMBERS.
R  INDICATES RECORD WAS SET OR TIED.
MM INDICATES DATA IS MISSING.
T  INDICATES TRACE AMOUNT.




$$
