000
CDUS43 KUNR 130850
CLIGCC


CLIMATE REPORT
NATIONAL WEATHER SERVICE RAPID CITY SD
150 AM MST SAT FEB 13 2016


...................................

...THE GILLETTE AIRPORT WY CLIMATE SUMMARY FOR FEBRUARY 12 2016...

CLIMATE NORMAL PERIOD 1981 TO 2010
CLIMATE RECORD PERIOD 9999 TO 9999


WEATHER ITEM   OBSERVED TIME   NORMAL DEPARTURE LAST
                VALUE   (LST)  VALUE  FROM      YEAR
                                      NORMAL
......................................................
TEMPERATURE (F)
 YESTERDAY
  MAXIMUM         43    501 PM  37      6       57
  MINIMUM         23    413 AM  16      7       28
  AVERAGE         33            27      6       43

PRECIPITATION (IN)
  YESTERDAY        0.00          0.01  -0.01     0.00
  MONTH TO DATE    0.37          0.18   0.19     0.05
  SINCE DEC 1      1.25          0.97   0.28     0.73
  SINCE JAN 1      0.77          0.57   0.20     0.33

DEGREE DAYS
 HEATING
  YESTERDAY       32            38     -6       22
  MONTH TO DATE  415           467    -52      342
  SINCE DEC 1   2726          2947   -221     2637
  SINCE JUL 1   4286          4822   -536     4420

 COOLING
  YESTERDAY        0             0      0        0
  MONTH TO DATE    0             0      0        0
  SINCE DEC 1      0             0      0        0
  SINCE JAN 1      0             0      0        0
......................................................


WIND (MPH)
  HIGHEST WIND SPEED    28   HIGHEST WIND DIRECTION     S (170)
  HIGHEST GUST SPEED    34   HIGHEST GUST DIRECTION     S (180)
  AVERAGE WIND SPEED    10.7


SKY COVER
  AVERAGE SKY COVER 0.6


WEATHER CONDITIONS
 THE FOLLOWING WEATHER WAS RECORDED YESTERDAY.
  FOG
  FOG W/VISIBILITY <= 1/4 MILE


RELATIVE HUMIDITY (PERCENT)
 HIGHEST    92           200 AM
 LOWEST     62           400 PM
 AVERAGE    77

..........................................................




SUNRISE AND SUNSET
FEBRUARY 13 2016......SUNRISE   705 AM MST   SUNSET   528 PM MST
FEBRUARY 14 2016......SUNRISE   704 AM MST   SUNSET   529 PM MST


-  INDICATES NEGATIVE NUMBERS.
R  INDICATES RECORD WAS SET OR TIED.
MM INDICATES DATA IS MISSING.
T  INDICATES TRACE AMOUNT.




$$
