153
CDUS43 KUNR 240831
CLIGCC


CLIMATE REPORT
NATIONAL WEATHER SERVICE RAPID CITY SD
231 AM MDT WED AUG 24 2016


...................................

...THE GILLETTE AIRPORT WY CLIMATE SUMMARY FOR AUGUST 23 2016...

CLIMATE NORMAL PERIOD 1981 TO 2010
CLIMATE RECORD PERIOD 9999 TO 9999


WEATHER ITEM   OBSERVED TIME   NORMAL DEPARTURE LAST
                VALUE   (LST)  VALUE  FROM      YEAR
                                      NORMAL
......................................................
TEMPERATURE (F)
 YESTERDAY
  MAXIMUM         77    353 PM  85     -8       77
  MINIMUM         52    838 PM  52      0       35
  AVERAGE         65            68     -3       56

PRECIPITATION (IN)
  YESTERDAY        0.00          0.02  -0.02     0.00
  MONTH TO DATE    1.55          0.74   0.81     1.86
  SINCE JUN 1      3.31          4.61  -1.30     6.01
  SINCE JAN 1      9.15         10.27  -1.12    13.13

DEGREE DAYS
 HEATING
  YESTERDAY        0             1     -1        9
  MONTH TO DATE   27            20      7       43
  SINCE JUN 1     68           181   -113      104
  SINCE JUL 1     34            39     -5       65

 COOLING
  YESTERDAY        0             5     -5        0
  MONTH TO DATE  124           148    -24      141
  SINCE JUN 1    518           422     96      379
  SINCE JAN 1    518           430     88      379
......................................................


WIND (MPH)
  HIGHEST WIND SPEED    21   HIGHEST WIND DIRECTION     N (340)
  HIGHEST GUST SPEED    28   HIGHEST GUST DIRECTION    NW (300)
  AVERAGE WIND SPEED    10.4


SKY COVER
  AVERAGE SKY COVER 0.0


WEATHER CONDITIONS
 THE FOLLOWING WEATHER WAS RECORDED YESTERDAY.
  NO SIGNIFICANT WEATHER WAS OBSERVED.


RELATIVE HUMIDITY (PERCENT)
 HIGHEST    51          1000 PM
 LOWEST     15           400 PM
 AVERAGE    33

..........................................................




SUNRISE AND SUNSET
AUGUST 24 2016........SUNRISE   616 AM MDT   SUNSET   751 PM MDT
AUGUST 25 2016........SUNRISE   618 AM MDT   SUNSET   750 PM MDT


-  INDICATES NEGATIVE NUMBERS.
R  INDICATES RECORD WAS SET OR TIED.
MM INDICATES DATA IS MISSING.
T  INDICATES TRACE AMOUNT.




$$
