000
CDUS43 KUNR 260831
CLIGCC


CLIMATE REPORT
NATIONAL WEATHER SERVICE RAPID CITY SD
230 AM MDT MON JUN 26 2017


...................................

...THE GILLETTE AIRPORT WY CLIMATE SUMMARY FOR JUNE 25 2017...

CLIMATE NORMAL PERIOD 1981 TO 2010
CLIMATE RECORD PERIOD 9999 TO 9999


WEATHER ITEM   OBSERVED TIME   NORMAL DEPARTURE LAST
                VALUE   (LST)  VALUE  FROM      YEAR
                                      NORMAL
......................................................
TEMPERATURE (F)
 YESTERDAY
  MAXIMUM         79    247 PM  81     -2       80
  MINIMUM         38    407 AM  51    -13       44
  AVERAGE         59            66     -7       62

PRECIPITATION (IN)
  YESTERDAY        0.00          0.07  -0.07     0.00
  MONTH TO DATE    1.06          1.92  -0.86     0.44
  SINCE JUN 1      1.06          1.92  -0.86     0.44
  SINCE JAN 1      8.25          7.58   0.67     6.28

DEGREE DAYS
 HEATING
  YESTERDAY        6             2      4        3
  MONTH TO DATE   81           132    -51       34
  SINCE JUN 1     81           132    -51       34
  SINCE JUL 1   6563          7534   -971     6577

 COOLING
  YESTERDAY        0             3     -3        0
  MONTH TO DATE   48            41      7      143
  SINCE JUN 1     48            41      7      143
  SINCE JAN 1     52            49      3      143
......................................................


WIND (MPH)
  HIGHEST WIND SPEED    22   HIGHEST WIND DIRECTION    NW (320)
  HIGHEST GUST SPEED    29   HIGHEST GUST DIRECTION    NW (320)
  AVERAGE WIND SPEED     7.2


SKY COVER
  AVERAGE SKY COVER 0.1


WEATHER CONDITIONS
 THE FOLLOWING WEATHER WAS RECORDED YESTERDAY.
  NO SIGNIFICANT WEATHER WAS OBSERVED.


RELATIVE HUMIDITY (PERCENT)
 HIGHEST    85           400 AM
 LOWEST     19           100 PM
 AVERAGE    52

..........................................................




SUNRISE AND SUNSET
JUNE 26 2017..........SUNRISE   520 AM MDT   SUNSET   850 PM MDT
JUNE 27 2017..........SUNRISE   520 AM MDT   SUNSET   850 PM MDT


-  INDICATES NEGATIVE NUMBERS.
R  INDICATES RECORD WAS SET OR TIED.
MM INDICATES DATA IS MISSING.
T  INDICATES TRACE AMOUNT.




$$
