000
CDUS43 KUNR 180832
CLIGCC


CLIMATE REPORT
NATIONAL WEATHER SERVICE RAPID CITY SD
231 AM MDT FRI AUG 18 2017


...................................

...THE GILLETTE AIRPORT WY CLIMATE SUMMARY FOR AUGUST 17 2017...

CLIMATE NORMAL PERIOD 1981 TO 2010
CLIMATE RECORD PERIOD 9999 TO 9999


WEATHER ITEM   OBSERVED TIME   NORMAL DEPARTURE LAST
                VALUE   (LST)  VALUE  FROM      YEAR
                                      NORMAL
......................................................
TEMPERATURE (F)
 YESTERDAY
  MAXIMUM         86   1140 AM  86      0       94
  MINIMUM         56    953 PM  53      3       61
  AVERAGE         71            70      1       78

PRECIPITATION (IN)
  YESTERDAY        0.06          0.03   0.03      T
  MONTH TO DATE    0.34          0.59  -0.25     0.98
  SINCE JUN 1      2.88          4.46  -1.58     2.74
  SINCE JAN 1     10.07         10.12  -0.05     8.58

DEGREE DAYS
 HEATING
  YESTERDAY        0             1     -1        0
  MONTH TO DATE   33            14     19        1
  SINCE JUN 1    123           175    -52       42
  SINCE JUL 1     33            33      0        8

 COOLING
  YESTERDAY        6             6      0       13
  MONTH TO DATE   40           117    -77      108
  SINCE JUN 1    452           391     61      502
  SINCE JAN 1    456           399     57      502
......................................................


WIND (MPH)
  HIGHEST WIND SPEED    29   HIGHEST WIND DIRECTION     N (360)
  HIGHEST GUST SPEED    37   HIGHEST GUST DIRECTION    NW (300)
  AVERAGE WIND SPEED     9.2


SKY COVER
  AVERAGE SKY COVER 0.1


WEATHER CONDITIONS
 THE FOLLOWING WEATHER WAS RECORDED YESTERDAY.
  THUNDERSTORM
  LIGHT RAIN
  HAZE


RELATIVE HUMIDITY (PERCENT)
 HIGHEST    67           800 PM
 LOWEST     21           900 AM
 AVERAGE    44

..........................................................




SUNRISE AND SUNSET
AUGUST 18 2017........SUNRISE   609 AM MDT   SUNSET   802 PM MDT
AUGUST 19 2017........SUNRISE   610 AM MDT   SUNSET   800 PM MDT


-  INDICATES NEGATIVE NUMBERS.
R  INDICATES RECORD WAS SET OR TIED.
MM INDICATES DATA IS MISSING.
T  INDICATES TRACE AMOUNT.




$$
