000
CDUS43 KUNR 210833
CLIGCC


CLIMATE REPORT
NATIONAL WEATHER SERVICE RAPID CITY SD
231 AM MDT SUN SEP 21 2014


...................................

...THE GILLETTE AIRPORT WY CLIMATE SUMMARY FOR SEPTEMBER 20 2014...

CLIMATE NORMAL PERIOD 1981 TO 2010
CLIMATE RECORD PERIOD 9999 TO 9999


WEATHER ITEM   OBSERVED TIME   NORMAL DEPARTURE LAST
                VALUE   (LST)  VALUE  FROM      YEAR
                                      NORMAL
......................................................
TEMPERATURE (F)
 YESTERDAY
  MAXIMUM         73    259 PM  71      2       76
  MINIMUM         42   1151 PM  42      0       39
  AVERAGE         58            56      2       58

PRECIPITATION (IN)
  YESTERDAY        0.00          0.05  -0.05     0.00
  MONTH TO DATE    0.64          0.72  -0.08     1.06
  SINCE SEP 1      0.64          0.72  -0.08     1.06
  SINCE JAN 1     15.90         11.20   4.70    14.49

DEGREE DAYS
 HEATING
  YESTERDAY        7             9     -2        7
  MONTH TO DATE  183           120     63       34
  SINCE SEP 1    183           120     63       34
  SINCE JUL 1    232           177     55       34

 COOLING
  YESTERDAY        0             1     -1        0
  MONTH TO DATE   27            38    -11       88
  SINCE SEP 1     27            38    -11       88
  SINCE JAN 1    382           498   -116      610
......................................................


WIND (MPH)
  HIGHEST WIND SPEED    26   HIGHEST WIND DIRECTION     N (350)
  HIGHEST GUST SPEED    33   HIGHEST GUST DIRECTION     N (350)
  AVERAGE WIND SPEED    10.5


SKY COVER
  AVERAGE SKY COVER 0.1


WEATHER CONDITIONS
 THE FOLLOWING WEATHER WAS RECORDED YESTERDAY.
  NO SIGNIFICANT WEATHER WAS OBSERVED.


RELATIVE HUMIDITY (PERCENT)
 HIGHEST    82           900 PM
 LOWEST     27           300 PM
 AVERAGE    55

..........................................................




SUNRISE AND SUNSET
SEPTEMBER 21 2014.....SUNRISE   648 AM MDT   SUNSET   701 PM MDT
SEPTEMBER 22 2014.....SUNRISE   649 AM MDT   SUNSET   659 PM MDT


-  INDICATES NEGATIVE NUMBERS.
R  INDICATES RECORD WAS SET OR TIED.
MM INDICATES DATA IS MISSING.
T  INDICATES TRACE AMOUNT.




$$
