000
CDUS43 KUNR 190831
CLIGCC


CLIMATE REPORT
NATIONAL WEATHER SERVICE RAPID CITY SD
230 AM MDT TUE AUG 19 2014


...................................

...THE GILLETTE AIRPORT WY CLIMATE SUMMARY FOR AUGUST 18 2014...

CLIMATE NORMAL PERIOD 1981 TO 2010
CLIMATE RECORD PERIOD 9999 TO 9999


WEATHER ITEM   OBSERVED TIME   NORMAL DEPARTURE LAST
                VALUE   (LST)  VALUE  FROM      YEAR
                                      NORMAL
......................................................
TEMPERATURE (F)
 YESTERDAY
  MAXIMUM         85    404 PM  86     -1       91
  MINIMUM         50    218 AM  53     -3       58
  AVERAGE         68            69     -1       75

PRECIPITATION (IN)
  YESTERDAY        0.00          0.02  -0.02      T
  MONTH TO DATE    0.27          0.61  -0.34     0.99
  SINCE JUN 1      3.78          4.48  -0.70     6.39
  SINCE JAN 1     13.38         10.14   3.24    13.43

DEGREE DAYS
 HEATING
  YESTERDAY        0             1     -1        0
  MONTH TO DATE    0            15    -15        0
  SINCE JUN 1    205           176     29      117
  SINCE JUL 1     13            34    -21        0

 COOLING
  YESTERDAY        3             6     -3       10
  MONTH TO DATE  117           123     -6      113
  SINCE JUN 1    311           397    -86      377
  SINCE JAN 1    319           405    -86      385
......................................................


WIND (MPH)
  HIGHEST WIND SPEED    17   HIGHEST WIND DIRECTION     N (350)
  HIGHEST GUST SPEED    23   HIGHEST GUST DIRECTION     N (350)
  AVERAGE WIND SPEED     5.5


SKY COVER
  AVERAGE SKY COVER 0.0


WEATHER CONDITIONS
 THE FOLLOWING WEATHER WAS RECORDED YESTERDAY.
  NO SIGNIFICANT WEATHER WAS OBSERVED.


RELATIVE HUMIDITY (PERCENT)
 HIGHEST    71          1200 AM
 LOWEST     25           500 PM
 AVERAGE    48

..........................................................




SUNRISE AND SUNSET
AUGUST 19 2014........SUNRISE   610 AM MDT   SUNSET   801 PM MDT
AUGUST 20 2014........SUNRISE   611 AM MDT   SUNSET   759 PM MDT


-  INDICATES NEGATIVE NUMBERS.
R  INDICATES RECORD WAS SET OR TIED.
MM INDICATES DATA IS MISSING.
T  INDICATES TRACE AMOUNT.




$$
