000
CDUS43 KUNR 140833
CLIGCC


CLIMATE REPORT
NATIONAL WEATHER SERVICE RAPID CITY SD
232 AM MDT MON JUL 14 2014


...................................

...THE GILLETTE AIRPORT WY CLIMATE SUMMARY FOR JULY 13 2014...

CLIMATE NORMAL PERIOD 1981 TO 2010
CLIMATE RECORD PERIOD 9999 TO 9999


WEATHER ITEM   OBSERVED TIME   NORMAL DEPARTURE LAST
                VALUE   (LST)  VALUE  FROM      YEAR
                                      NORMAL
......................................................
TEMPERATURE (F)
 YESTERDAY
  MAXIMUM         88    327 PM  87      1       93
  MINIMUM         51    455 AM  56     -5       61
  AVERAGE         70            71     -1       77

PRECIPITATION (IN)
  YESTERDAY        0.00          0.06  -0.06     0.00
  MONTH TO DATE    0.08          0.68  -0.60     1.66
  SINCE JUN 1      3.21          2.89   0.32     4.17
  SINCE JAN 1     12.81          8.55   4.26    11.21

DEGREE DAYS
 HEATING
  YESTERDAY        0             1     -1        0
  MONTH TO DATE   10            14     -4        0
  SINCE JUN 1    202           156     46      117
  SINCE JUL 1     10            14     -4        0

 COOLING
  YESTERDAY        5             7     -2       12
  MONTH TO DATE   72            76     -4      110
  SINCE JUN 1     87           136    -49      156
  SINCE JAN 1     95           144    -49      164
......................................................


WIND (MPH)
  HIGHEST WIND SPEED    24   HIGHEST WIND DIRECTION     N (340)
  HIGHEST GUST SPEED    31   HIGHEST GUST DIRECTION     N (340)
  AVERAGE WIND SPEED     6.8


SKY COVER
  AVERAGE SKY COVER 0.0


WEATHER CONDITIONS
 THE FOLLOWING WEATHER WAS RECORDED YESTERDAY.
  NO SIGNIFICANT WEATHER WAS OBSERVED.


RELATIVE HUMIDITY (PERCENT)
 HIGHEST    83           500 AM
 LOWEST     15           300 PM
 AVERAGE    49

..........................................................




SUNRISE AND SUNSET
JULY 14 2014..........SUNRISE   531 AM MDT   SUNSET   844 PM MDT
JULY 15 2014..........SUNRISE   532 AM MDT   SUNSET   844 PM MDT


-  INDICATES NEGATIVE NUMBERS.
R  INDICATES RECORD WAS SET OR TIED.
MM INDICATES DATA IS MISSING.
T  INDICATES TRACE AMOUNT.




$$
