000
CDUS43 KDDC 191016
CLIGCK


CLIMATE REPORT
NATIONAL WEATHER SERVICE DODGE CITY KS
513 AM CDT FRI SEP 19 2014


...................................

...THE GARDEN CITY REGIONAL ARPT KS CLIMATE SUMMARY FOR SEPTEMBER 18 2014...

CLIMATE NORMAL PERIOD 1981 TO 2010
CLIMATE RECORD PERIOD 1948 TO 2014


WEATHER ITEM   OBSERVED TIME   RECORD YEAR NORMAL DEPARTURE LAST
                VALUE   (LST)  VALUE       VALUE  FROM      YEAR
                                                  NORMAL
..................................................................
TEMPERATURE (F)
 YESTERDAY
  MAXIMUM         90    338 PM 105    1954  81      9       92
  MINIMUM         54    604 AM  37    1971  53      1       67
  AVERAGE         72                        67      5       80

PRECIPITATION (IN)
  YESTERDAY        0.00          1.14 1976   0.04  -0.04     0.00
  MONTH TO DATE    1.47                      0.93   0.54     1.18
  SINCE SEP 1      1.47                      0.93   0.54     1.18
  SINCE JAN 1     19.12                     16.58   2.54    11.35

DEGREE DAYS
 HEATING
  YESTERDAY        0                         2     -2
  MONTH TO DATE   56                        20     36
  SINCE SEP 1     56                        20     36
  SINCE JUL 1     66                        24     42

 COOLING
  YESTERDAY        7                         5      2
  MONTH TO DATE  104                       124    -20
  SINCE SEP 1    104                       124    -20
  SINCE JAN 1   1264                      1240     24
..................................................................


WIND (MPH)
  HIGHEST WIND SPEED    22   HIGHEST WIND DIRECTION     S (190)
  HIGHEST GUST SPEED    29   HIGHEST GUST DIRECTION     S (180)
  AVERAGE WIND SPEED     8.6



WEATHER CONDITIONS
 THE FOLLOWING WEATHER WAS RECORDED YESTERDAY.
  FOG
  HAZE


RELATIVE HUMIDITY (PERCENT)
 HIGHEST   100           700 AM
 LOWEST     27           200 PM
 AVERAGE    64

..........................................................


THE GARDEN CITY REGIONAL ARPT KS CLIMATE NORMALS FOR TODAY
                         NORMAL    RECORD    YEAR
 MAXIMUM TEMPERATURE (F)   81       101      1980
 MINIMUM TEMPERATURE (F)   53        34      1971


SUNRISE AND SUNSET
SEPTEMBER 19 2014.....SUNRISE   728 AM CDT   SUNSET   744 PM CDT
SEPTEMBER 20 2014.....SUNRISE   729 AM CDT   SUNSET   743 PM CDT


-  INDICATES NEGATIVE NUMBERS.
R  INDICATES RECORD WAS SET OR TIED.
MM INDICATES DATA IS MISSING.
T  INDICATES TRACE AMOUNT.




$$
