000
CDUS43 KDDC 262332
CLIGCK


CLIMATE REPORT
NATIONAL WEATHER SERVICE DODGE CITY KS
632 PM CDT THU MAR 26 2015


...................................

...THE GARDEN CITY REGIONAL ARPT KS CLIMATE SUMMARY FOR MARCH 26 2015...
VALID TODAY AS OF 0500 PM LOCAL TIME.

CLIMATE NORMAL PERIOD 1981 TO 2010
CLIMATE RECORD PERIOD 1948 TO 2015


WEATHER ITEM   OBSERVED TIME   RECORD YEAR NORMAL DEPARTURE LAST
                VALUE   (LST)  VALUE       VALUE  FROM      YEAR
                                                  NORMAL
..................................................................
TEMPERATURE (F)
 TODAY
  MAXIMUM         64    359 PM  88    1972  61      3       60
  MINIMUM         25    624 AM   3    1955  32     -7       37
  AVERAGE         45                        46     -1       49

PRECIPITATION (IN)
  TODAY            0.00          0.37 2010   0.06  -0.06     0.00
  MONTH TO DATE    0.32                      1.16  -0.84     0.04
  SINCE MAR 1      0.32                      1.16  -0.84     0.04
  SINCE JAN 1      1.09                      2.04  -0.95     0.20

DEGREE DAYS
 HEATING
  TODAY           20                        19      1       16
  MONTH TO DATE  518                       575    -57      675
  SINCE MAR 1    518                       575    -57      675
  SINCE JUL 1   4426                      4599   -173     4851

 COOLING
  TODAY            0                         0      0        0
  MONTH TO DATE    0                         0      0        0
  SINCE MAR 1      0                         0      0        0
  SINCE JAN 1      0                         0      0        0
..................................................................


WIND (MPH)
  HIGHEST WIND SPEED    23   HIGHEST WIND DIRECTION     N (340)
  HIGHEST GUST SPEED    34   HIGHEST GUST DIRECTION     W (260)
  AVERAGE WIND SPEED    10.5



WEATHER CONDITIONS
 THE FOLLOWING WEATHER WAS RECORDED TODAY.
  NO SIGNIFICANT WEATHER WAS OBSERVED.


RELATIVE HUMIDITY (PERCENT)
 HIGHEST   100          1200 AM
 LOWEST     20           400 PM
 AVERAGE    60

..........................................................


THE GARDEN CITY REGIONAL ARPT KS CLIMATE NORMALS FOR TOMORROW
                         NORMAL    RECORD    YEAR
 MAXIMUM TEMPERATURE (F)   61        84      1988
 MINIMUM TEMPERATURE (F)   32        12      1955


SUNRISE AND SUNSET
MARCH 26 2015.........SUNRISE   738 AM CDT   SUNSET   800 PM CDT
MARCH 27 2015.........SUNRISE   736 AM CDT   SUNSET   801 PM CDT


-  INDICATES NEGATIVE NUMBERS.
R  INDICATES RECORD WAS SET OR TIED.
MM INDICATES DATA IS MISSING.
T  INDICATES TRACE AMOUNT.




$$
