000
CDUS43 KDDC 290013
CLIGCK


CLIMATE REPORT
NATIONAL WEATHER SERVICE DODGE CITY KS
633 PM CDT SUN AUG 28 2016


...................................

...THE GARDEN CITY REGIONAL ARPT KS CLIMATE SUMMARY FOR AUGUST 28 2016...
VALID TODAY AS OF 0500 PM LOCAL TIME.

CLIMATE NORMAL PERIOD 1981 TO 2010
CLIMATE RECORD PERIOD 1948 TO 2016


WEATHER ITEM   OBSERVED TIME   RECORD YEAR NORMAL DEPARTURE LAST
                VALUE   (LST)  VALUE       VALUE  FROM      YEAR
                                                  NORMAL
..................................................................
TEMPERATURE (F)
 TODAY
  MAXIMUM         87    348 PM 105    1984  88     -1       94
  MINIMUM         64    707 AM  46    1976  62      2       65
  AVERAGE         76                        75      1       80

PRECIPITATION (IN)
  TODAY            0.00          1.10 1950   0.06  -0.06     0.00
  MONTH TO DATE    1.59                      2.26  -0.67     1.89
  SINCE JUN 1     14.24                      8.52   5.72    10.97
  SINCE JAN 1     19.70                     15.46   4.24    19.79

DEGREE DAYS
 HEATING
  TODAY            0                         0      0        0
  MONTH TO DATE    0                         0      0        0
  SINCE JUN 1      2                        17    -15        0
  SINCE JUL 1      0                         1     -1        0

 COOLING
  TODAY           11                        10      1       15
  MONTH TO DATE  302                       336    -34      320
  SINCE JUN 1   1079                       998     81     1076
  SINCE JAN 1   1138                      1087     51     1106
..................................................................


WIND (MPH)
  HIGHEST WIND SPEED    20   HIGHEST WIND DIRECTION    SE (130)
  HIGHEST GUST SPEED    25   HIGHEST GUST DIRECTION    SW (210)
  AVERAGE WIND SPEED    10.2



WEATHER CONDITIONS
 THE FOLLOWING WEATHER WAS RECORDED TODAY.
  NO SIGNIFICANT WEATHER WAS OBSERVED.


RELATIVE HUMIDITY (PERCENT)
 HIGHEST    87          1200 AM
 LOWEST     42           300 PM
 AVERAGE    65

..........................................................


THE GARDEN CITY REGIONAL ARPT KS CLIMATE NORMALS FOR TOMORROW
                         NORMAL    RECORD    YEAR
 MAXIMUM TEMPERATURE (F)   88       104      1984
 MINIMUM TEMPERATURE (F)   61        47      1988


SUNRISE AND SUNSET
AUGUST 28 2016........SUNRISE   710 AM CDT   SUNSET   817 PM CDT
AUGUST 29 2016........SUNRISE   711 AM CDT   SUNSET   816 PM CDT


-  INDICATES NEGATIVE NUMBERS.
R  INDICATES RECORD WAS SET OR TIED.
MM INDICATES DATA IS MISSING.
T  INDICATES TRACE AMOUNT.




$$
