000
CDUS43 KDDC 261013
CLIGCK


CLIMATE REPORT
NATIONAL WEATHER SERVICE DODGE CITY KS
506 AM CDT TUE MAY 26 2015


...................................

...THE GARDEN CITY REGIONAL ARPT KS CLIMATE SUMMARY FOR MAY 25 2015...

CLIMATE NORMAL PERIOD 1981 TO 2010
CLIMATE RECORD PERIOD 1948 TO 2015


WEATHER ITEM   OBSERVED TIME   RECORD YEAR NORMAL DEPARTURE LAST
                VALUE   (LST)  VALUE       VALUE  FROM      YEAR
                                                  NORMAL
..................................................................
TEMPERATURE (F)
 YESTERDAY
  MAXIMUM         74    336 PM 103    1953  79     -5       79
  MINIMUM         53    748 AM  36    2002  53      0       58
  AVERAGE         64                        66     -2       69

PRECIPITATION (IN)
  YESTERDAY        0.01          1.71 1996   0.10  -0.09     0.04
  MONTH TO DATE    6.27                      2.22   4.05     0.64
  SINCE MAR 1      6.95                      5.40   1.55     1.15
  SINCE JAN 1      7.72                      6.28   1.44     1.31

DEGREE DAYS
 HEATING
  YESTERDAY        1                         2     -1
  MONTH TO DATE  159                       118     41
  SINCE MAR 1   1039                      1156   -117
  SINCE JUL 1   4947                      5180   -233

 COOLING
  YESTERDAY        0                         4     -4
  MONTH TO DATE   17                        51    -34
  SINCE MAR 1     24                        63    -39
  SINCE JAN 1     24                        63    -39
..................................................................


WIND (MPH)
  HIGHEST WIND SPEED    16   HIGHEST WIND DIRECTION    SE (120)
  HIGHEST GUST SPEED    20   HIGHEST GUST DIRECTION    SE (120)
  AVERAGE WIND SPEED     5.7



WEATHER CONDITIONS
 THE FOLLOWING WEATHER WAS RECORDED YESTERDAY.
  THUNDERSTORM
  FOG
  FOG W/VISIBILITY <= 1/4 MILE
  HAZE


RELATIVE HUMIDITY (PERCENT)
 HIGHEST   100           500 AM
 LOWEST     41           300 PM
 AVERAGE    71

..........................................................


THE GARDEN CITY REGIONAL ARPT KS CLIMATE NORMALS FOR TODAY
                         NORMAL    RECORD    YEAR
 MAXIMUM TEMPERATURE (F)   79       106      1953
 MINIMUM TEMPERATURE (F)   54        33      1992


SUNRISE AND SUNSET
MAY 26 2015...........SUNRISE   625 AM CDT   SUNSET   855 PM CDT
MAY 27 2015...........SUNRISE   625 AM CDT   SUNSET   856 PM CDT


-  INDICATES NEGATIVE NUMBERS.
R  INDICATES RECORD WAS SET OR TIED.
MM INDICATES DATA IS MISSING.
T  INDICATES TRACE AMOUNT.




$$
