385
CDUS43 KDDC 210706
CLIGCK


CLIMATE REPORT
NATIONAL WEATHER SERVICE DODGE CITY KS
106 AM CST SAT JAN 21 2017


...................................

...THE GARDEN CITY REGIONAL ARPT KS CLIMATE SUMMARY FOR JANUARY 20 2017...

CLIMATE NORMAL PERIOD 1981 TO 2010
CLIMATE RECORD PERIOD 1948 TO 2017


WEATHER ITEM   OBSERVED TIME   RECORD YEAR NORMAL DEPARTURE LAST
                VALUE   (LST)  VALUE       VALUE  FROM      YEAR
                                                  NORMAL
..................................................................
TEMPERATURE (F)
 YESTERDAY
  MAXIMUM         48    158 PM  78    1986  44      4       46
  MINIMUM         27   1042 PM -10    1978  18      9       17
  AVERAGE         38                        31      7       32

PRECIPITATION (IN)
  YESTERDAY        T             0.47 2007   0.01  -0.01     0.00
  MONTH TO DATE    1.14                      0.21   0.93     0.03
  SINCE DEC 1      1.44                      0.73   0.71     1.13
  SINCE JAN 1      1.14                      0.21   0.93     0.03

DEGREE DAYS
 HEATING
  YESTERDAY       27                        34     -7
  MONTH TO DATE  729                       680     49
  SINCE DEC 1   1870                      1714    156
  SINCE JUL 1   2558                      2803   -245

 COOLING
  YESTERDAY        0                         0      0
  MONTH TO DATE    0                         0      0
  SINCE DEC 1      0                         0      0
  SINCE JAN 1      0                         0      0
..................................................................


WIND (MPH)
  HIGHEST WIND SPEED    20   HIGHEST WIND DIRECTION    NW (310)
  HIGHEST GUST SPEED    24   HIGHEST GUST DIRECTION    NW (310)
  AVERAGE WIND SPEED     8.2



WEATHER CONDITIONS
 THE FOLLOWING WEATHER WAS RECORDED YESTERDAY.
  LIGHT RAIN
  FOG
  FOG W/VISIBILITY <= 1/4 MILE
  HAZE


RELATIVE HUMIDITY (PERCENT)
 HIGHEST   100           800 AM
 LOWEST     66           200 PM
 AVERAGE    83

..........................................................


THE GARDEN CITY REGIONAL ARPT KS CLIMATE NORMALS FOR TODAY
                         NORMAL    RECORD    YEAR
 MAXIMUM TEMPERATURE (F)   44        74      1953
 MINIMUM TEMPERATURE (F)   18        -7      1966


SUNRISE AND SUNSET
JANUARY 21 2017.......SUNRISE   755 AM CST   SUNSET   554 PM CST
JANUARY 22 2017.......SUNRISE   754 AM CST   SUNSET   555 PM CST


-  INDICATES NEGATIVE NUMBERS.
R  INDICATES RECORD WAS SET OR TIED.
MM INDICATES DATA IS MISSING.
T  INDICATES TRACE AMOUNT.




$$
