000
CDUS43 KDDC 071426
CLIGCK


CLIMATE REPORT
NATIONAL WEATHER SERVICE DODGE CITY KS
826 AM CST SUN FEB 7 2016


...................................

...THE GARDEN CITY REGIONAL ARPT KS CLIMATE SUMMARY FOR FEBRUARY 7 2016...
VALID AS OF 0800 AM LOCAL TIME.

CLIMATE NORMAL PERIOD 1981 TO 2010
CLIMATE RECORD PERIOD 1948 TO 2016


WEATHER ITEM   OBSERVED TIME   RECORD YEAR NORMAL DEPARTURE LAST
                VALUE   (LST)  VALUE       VALUE  FROM      YEAR
                                                  NORMAL
..................................................................
TEMPERATURE (F)
 TODAY
  MAXIMUM         37    249 AM  79    2015  46     -9       79
  MINIMUM         29    400 AM  -8    1982  20      9       33
  AVERAGE         33                        33      0       56

PRECIPITATION (IN)
  TODAY            0.00          0.46 1980   0.02  -0.02     0.00
  MONTH TO DATE    0.07                      0.11  -0.04      T
  SINCE DEC 1      1.20                      0.97   0.23     0.43
  SINCE JAN 1      0.10                      0.45  -0.35     0.38

..................................................................


WIND (MPH)
  HIGHEST WIND SPEED    17   HIGHEST WIND DIRECTION     N (10)
  HIGHEST GUST SPEED    20   HIGHEST GUST DIRECTION     N (10)



WEATHER CONDITIONS
 THE FOLLOWING WEATHER WAS RECORDED TODAY.
  NO SIGNIFICANT WEATHER WAS OBSERVED.


RELATIVE HUMIDITY (PERCENT)
 HIGHEST    78           700 AM
 LOWEST     51          1200 AM

..........................................................


THE GARDEN CITY REGIONAL ARPT KS CLIMATE NORMALS FOR TOMORROW
                         NORMAL    RECORD    YEAR
 MAXIMUM TEMPERATURE (F)   46        74      1976
 MINIMUM TEMPERATURE (F)   20        -5      1980


SUNRISE AND SUNSET
FEBRUARY  7 2016......SUNRISE   742 AM CST   SUNSET   612 PM CST
FEBRUARY  8 2016......SUNRISE   741 AM CST   SUNSET   614 PM CST


-  INDICATES NEGATIVE NUMBERS.
R  INDICATES RECORD WAS SET OR TIED.
MM INDICATES DATA IS MISSING.
T  INDICATES TRACE AMOUNT.




$$
