000
CDUS43 KDDC 192329
CLIGCK


CLIMATE REPORT
NATIONAL WEATHER SERVICE DODGE CITY KS
628 PM CDT SAT APR 19 2014


...................................

...THE GARDEN CITY REGIONAL ARPT KS CLIMATE SUMMARY FOR APRIL 19 2014...
VALID TODAY AS OF 0500 PM LOCAL TIME.

CLIMATE NORMAL PERIOD 1981 TO 2010
CLIMATE RECORD PERIOD 1948 TO 2014


WEATHER ITEM   OBSERVED TIME   RECORD YEAR NORMAL DEPARTURE LAST
                VALUE   (LST)  VALUE       VALUE  FROM      YEAR
                                                  NORMAL
..................................................................
TEMPERATURE (F)
 TODAY
  MAXIMUM         82    340 PM  92    1987  68     14       63
  MINIMUM         51    655 AM  20    2013  40     11       20
  AVERAGE         67                        54     13       42

PRECIPITATION (IN)
  TODAY            0.00          0.81 1977   0.06  -0.06     0.00
  MONTH TO DATE    0.44                      1.00  -0.56     0.05
  SINCE MAR 1      0.48                      2.46  -1.98     0.13
  SINCE JAN 1      0.64                      3.34  -2.70     0.47

DEGREE DAYS
 HEATING
  TODAY            0                        11    -11       23
  MONTH TO DATE  283                       270     13      370
  SINCE MAR 1   1024                       934     90     1019
  SINCE JUL 1   5200                      4958    242     4920

 COOLING
  TODAY            2                         0      2        0
  MONTH TO DATE    6                         0      6        0
  SINCE MAR 1      6                         0      6        0
  SINCE JAN 1      6                         0      6        0
..................................................................


WIND (MPH)
  HIGHEST WIND SPEED    26   HIGHEST WIND DIRECTION     S (190)
  HIGHEST GUST SPEED    35   HIGHEST GUST DIRECTION     S (180)
  AVERAGE WIND SPEED    20.0



WEATHER CONDITIONS
 THE FOLLOWING WEATHER WAS RECORDED TODAY.
  NO SIGNIFICANT WEATHER WAS OBSERVED.


RELATIVE HUMIDITY (PERCENT)
 HIGHEST    83           200 AM
 LOWEST     26           400 PM
 AVERAGE    55

..........................................................


THE GARDEN CITY REGIONAL ARPT KS CLIMATE NORMALS FOR TOMORROW
                         NORMAL    RECORD    YEAR
 MAXIMUM TEMPERATURE (F)   69        91      1989
 MINIMUM TEMPERATURE (F)   40        22      1966


SUNRISE AND SUNSET
APRIL 19 2014.........SUNRISE   702 AM CDT   SUNSET   823 PM CDT
APRIL 20 2014.........SUNRISE   701 AM CDT   SUNSET   823 PM CDT


-  INDICATES NEGATIVE NUMBERS.
R  INDICATES RECORD WAS SET OR TIED.
MM INDICATES DATA IS MISSING.
T  INDICATES TRACE AMOUNT.




$$
