000
CDUS43 KDDC 012339
CLIGCK


CLIMATE REPORT
NATIONAL WEATHER SERVICE DODGE CITY KS
637 PM CDT WED JUL 1 2015


...................................

...THE GARDEN CITY REGIONAL ARPT KS CLIMATE SUMMARY FOR JULY 1 2015...
VALID TODAY AS OF 0500 PM LOCAL TIME.

CLIMATE NORMAL PERIOD 1981 TO 2010
CLIMATE RECORD PERIOD 1948 TO 2015


WEATHER ITEM   OBSERVED TIME   RECORD YEAR NORMAL DEPARTURE LAST
                VALUE   (LST)  VALUE       VALUE  FROM      YEAR
                                                  NORMAL
..................................................................
TEMPERATURE (F)
 TODAY
  MAXIMUM         98    359 PM 105    1994  91      7       82
  MINIMUM         68    440 AM  56    2013  63      5       62
  AVERAGE         83                        77      6       72

PRECIPITATION (IN)
  TODAY            0.00          0.62 2005   0.10  -0.10     0.04
  MONTH TO DATE    0.00                      0.10  -0.10     0.04
  SINCE JUN 1      2.55                      3.58  -1.03    10.92
  SINCE JAN 1     11.37                     10.52   0.85    12.28

DEGREE DAYS
 HEATING
  TODAY            0                         0      0        0
  MONTH TO DATE    0                         0      0        0
  SINCE JUN 1      0                        16    -16       11
  SINCE JUL 1      0                         0      0        0

 COOLING
  TODAY           18                        12      6        7
  MONTH TO DATE   18                        12      6        7
  SINCE JUN 1    364                       264    100      281
  SINCE JAN 1    394                       353     41      424
..................................................................


WIND (MPH)
  HIGHEST WIND SPEED    22   HIGHEST WIND DIRECTION    NE (30)
  HIGHEST GUST SPEED    29   HIGHEST GUST DIRECTION    NE (50)
  AVERAGE WIND SPEED    11.5



WEATHER CONDITIONS
 THE FOLLOWING WEATHER WAS RECORDED TODAY.
  NO SIGNIFICANT WEATHER WAS OBSERVED.


RELATIVE HUMIDITY (PERCENT)
 HIGHEST    61           500 AM
 LOWEST     24           400 PM
 AVERAGE    43

..........................................................


THE GARDEN CITY REGIONAL ARPT KS CLIMATE NORMALS FOR TOMORROW
                         NORMAL    RECORD    YEAR
 MAXIMUM TEMPERATURE (F)   91       106      1952
 MINIMUM TEMPERATURE (F)   63        50      2013


SUNRISE AND SUNSET
JULY  1 2015..........SUNRISE   624 AM CDT   SUNSET   909 PM CDT
JULY  2 2015..........SUNRISE   625 AM CDT   SUNSET   909 PM CDT


-  INDICATES NEGATIVE NUMBERS.
R  INDICATES RECORD WAS SET OR TIED.
MM INDICATES DATA IS MISSING.
T  INDICATES TRACE AMOUNT.




$$
