000
CDUS43 KDDC 251011
CLIGCK


CLIMATE REPORT
NATIONAL WEATHER SERVICE DODGE CITY KS
510 AM CDT SAT OCT 25 2014


...................................

...THE GARDEN CITY REGIONAL ARPT KS CLIMATE SUMMARY FOR OCTOBER 24 2014...

CLIMATE NORMAL PERIOD 1981 TO 2010
CLIMATE RECORD PERIOD 1948 TO 2014


WEATHER ITEM   OBSERVED TIME   RECORD YEAR NORMAL DEPARTURE LAST
                VALUE   (LST)  VALUE       VALUE  FROM      YEAR
                                                  NORMAL
..................................................................
TEMPERATURE (F)
 YESTERDAY
  MAXIMUM         86R   354 PM  85    2011  67     19       54
                                      1952
  MINIMUM         46    708 AM  20    1980  38      8       35
  AVERAGE         66                        52     14       45

PRECIPITATION (IN)
  YESTERDAY        T             0.67 1984   0.04  -0.04     0.00
  MONTH TO DATE    1.74                      1.07   0.67     1.07
  SINCE SEP 1      3.73                      2.54   1.19     3.49
  SINCE JAN 1     21.38                     18.19   3.19    13.66

DEGREE DAYS
 HEATING
  YESTERDAY        0                        13    -13
  MONTH TO DATE  150                       217    -67
  SINCE SEP 1    206                       285    -79
  SINCE JUL 1    216                       289    -73

 COOLING
  YESTERDAY        1                         0      1
  MONTH TO DATE    5                        18    -13
  SINCE SEP 1    177                       180     -3
  SINCE JAN 1   1337                      1296     41
..................................................................


WIND (MPH)
  HIGHEST WIND SPEED    15   HIGHEST WIND DIRECTION    SW (220)
  HIGHEST GUST SPEED    18   HIGHEST GUST DIRECTION    SW (220)
  AVERAGE WIND SPEED     7.0



WEATHER CONDITIONS
 THE FOLLOWING WEATHER WAS RECORDED YESTERDAY.
  LIGHT RAIN
  FOG
  FOG W/VISIBILITY <= 1/4 MILE


RELATIVE HUMIDITY (PERCENT)
 HIGHEST   100           400 AM
 LOWEST     21           300 PM
 AVERAGE    61

..........................................................


THE GARDEN CITY REGIONAL ARPT KS CLIMATE NORMALS FOR TODAY
                         NORMAL    RECORD    YEAR
 MAXIMUM TEMPERATURE (F)   66        91      1952
 MINIMUM TEMPERATURE (F)   38        19      1975


SUNRISE AND SUNSET
OCTOBER 25 2014.......SUNRISE   801 AM CDT   SUNSET   652 PM CDT
OCTOBER 26 2014.......SUNRISE   802 AM CDT   SUNSET   651 PM CDT


-  INDICATES NEGATIVE NUMBERS.
R  INDICATES RECORD WAS SET OR TIED.
MM INDICATES DATA IS MISSING.
T  INDICATES TRACE AMOUNT.




$$
