000
CDUS43 KDDC 262326
CLIGCK


CLIMATE REPORT
NATIONAL WEATHER SERVICE DODGE CITY KS
525 PM CST THU FEB 26 2015


...................................

...THE GARDEN CITY REGIONAL ARPT KS CLIMATE SUMMARY FOR FEBRUARY 26 2015...
VALID TODAY AS OF 0500 PM LOCAL TIME.

CLIMATE NORMAL PERIOD 1981 TO 2010
CLIMATE RECORD PERIOD 1948 TO 2015


WEATHER ITEM   OBSERVED TIME   RECORD YEAR NORMAL DEPARTURE LAST
                VALUE   (LST)  VALUE       VALUE  FROM      YEAR
                                                  NORMAL
..................................................................
TEMPERATURE (F)
 TODAY
  MAXIMUM         21    359 PM  78    1981  52    -31       44
  MINIMUM         13    833 AM   0    2003  25    -12        7
  AVERAGE         17                        38    -21       26

PRECIPITATION (IN)
  TODAY            0.00          0.49 1987   0.02  -0.02      T
  MONTH TO DATE    0.31                      0.50  -0.19     0.13
  SINCE DEC 1      0.74                      1.36  -0.62     0.17
  SINCE JAN 1      0.69                      0.84  -0.15     0.16

DEGREE DAYS
 HEATING
  TODAY           48                        27     21       39
  MONTH TO DATE  795                       793      2      961
  SINCE DEC 1   2768                      2884   -116     3082
  SINCE JUL 1   3807                      3973   -166     4126

 COOLING
  TODAY            0                         0      0        0
  MONTH TO DATE    0                         0      0        0
  SINCE DEC 1      0                         0      0        0
  SINCE JAN 1      0                         0      0        0
..................................................................


WIND (MPH)
  HIGHEST WIND SPEED    29   HIGHEST WIND DIRECTION    NE (30)
  HIGHEST GUST SPEED    35   HIGHEST GUST DIRECTION    NE (30)
  AVERAGE WIND SPEED    18.6



WEATHER CONDITIONS
 THE FOLLOWING WEATHER WAS RECORDED TODAY.
  NO SIGNIFICANT WEATHER WAS OBSERVED.


RELATIVE HUMIDITY (PERCENT)
 HIGHEST    84          1200 AM
 LOWEST     47           300 PM
 AVERAGE    66

..........................................................


THE GARDEN CITY REGIONAL ARPT KS CLIMATE NORMALS FOR TOMORROW
                         NORMAL    RECORD    YEAR
 MAXIMUM TEMPERATURE (F)   52        76      2006
                                             1976
 MINIMUM TEMPERATURE (F)   25        -4      1962


SUNRISE AND SUNSET
FEBRUARY 26 2015......SUNRISE   719 AM CST   SUNSET   633 PM CST
FEBRUARY 27 2015......SUNRISE   718 AM CST   SUNSET   634 PM CST


-  INDICATES NEGATIVE NUMBERS.
R  INDICATES RECORD WAS SET OR TIED.
MM INDICATES DATA IS MISSING.
T  INDICATES TRACE AMOUNT.




$$
