000
CDUS43 KDDC 260714
CLIGCK


CLIMATE REPORT
NATIONAL WEATHER SERVICE DODGE CITY KS
212 AM CDT THU MAY 26 2016


...................................

...THE GARDEN CITY REGIONAL ARPT KS CLIMATE SUMMARY FOR MAY 25 2016...

CLIMATE NORMAL PERIOD 1981 TO 2010
CLIMATE RECORD PERIOD 1948 TO 2016


WEATHER ITEM   OBSERVED TIME   RECORD YEAR NORMAL DEPARTURE LAST
                VALUE   (LST)  VALUE       VALUE  FROM      YEAR
                                                  NORMAL
..................................................................
TEMPERATURE (F)
 YESTERDAY
  MAXIMUM         86    625 PM 103    1953  79      7       74
  MINIMUM         53    601 AM  36    2002  53      0       53
  AVERAGE         70                        66      4       64

PRECIPITATION (IN)
  YESTERDAY        0.00          1.71 1996   0.10  -0.10     0.01
  MONTH TO DATE    0.38                      2.22  -1.84     6.27
  SINCE MAR 1      4.92                      5.40  -0.48     6.95
  SINCE JAN 1      5.14                      6.28  -1.14     7.72

DEGREE DAYS
 HEATING
  YESTERDAY        0                         2     -2
  MONTH TO DATE  164                       118     46
  SINCE MAR 1   1013                      1156   -143
  SINCE JUL 1   4426                      5180   -754

 COOLING
  YESTERDAY        5                         4      1
  MONTH TO DATE   42                        51     -9
  SINCE MAR 1     47                        63    -16
  SINCE JAN 1     48                        63    -15
..................................................................


WIND (MPH)
  HIGHEST WIND SPEED    18   HIGHEST WIND DIRECTION    NW (330)
  HIGHEST GUST SPEED    23   HIGHEST GUST DIRECTION    NW (320)
  AVERAGE WIND SPEED     9.6



WEATHER CONDITIONS
 THE FOLLOWING WEATHER WAS RECORDED YESTERDAY.
  FOG
  FOG W/VISIBILITY <= 1/4 MILE


RELATIVE HUMIDITY (PERCENT)
 HIGHEST   100           200 AM
 LOWEST     25           600 PM
 AVERAGE    63

..........................................................


THE GARDEN CITY REGIONAL ARPT KS CLIMATE NORMALS FOR TODAY
                         NORMAL    RECORD    YEAR
 MAXIMUM TEMPERATURE (F)   79       106      1953
 MINIMUM TEMPERATURE (F)   54        33      1992


SUNRISE AND SUNSET
MAY 26 2016...........SUNRISE   625 AM CDT   SUNSET   856 PM CDT
MAY 27 2016...........SUNRISE   624 AM CDT   SUNSET   856 PM CDT


-  INDICATES NEGATIVE NUMBERS.
R  INDICATES RECORD WAS SET OR TIED.
MM INDICATES DATA IS MISSING.
T  INDICATES TRACE AMOUNT.




$$
