966
CDUS43 KDDC 240724
CLIGCK


CLIMATE REPORT
NATIONAL WEATHER SERVICE DODGE CITY KS
223 AM CDT MON JUL 24 2017


...................................

...THE GARDEN CITY REGIONAL ARPT KS CLIMATE SUMMARY FOR JULY 23 2017...

CLIMATE NORMAL PERIOD 1981 TO 2010
CLIMATE RECORD PERIOD 1948 TO 2017


WEATHER ITEM   OBSERVED TIME   RECORD YEAR NORMAL DEPARTURE LAST
                VALUE   (LST)  VALUE       VALUE  FROM      YEAR
                                                  NORMAL
..................................................................
TEMPERATURE (F)
 YESTERDAY
  MAXIMUM         92    426 PM 106    1983  92      0       99
  MINIMUM         65    606 AM  54    1989  65      0       69
  AVERAGE         79                        79      0       84

PRECIPITATION (IN)
  YESTERDAY        0.00          3.41 1979   0.08  -0.08     0.00
  MONTH TO DATE    2.56                      2.07   0.49     6.12
  SINCE JUN 1      3.21                      5.55  -2.34    11.20
  SINCE JAN 1     11.52                     12.49  -0.97    16.66

DEGREE DAYS
 HEATING
  YESTERDAY        0                         0      0
  MONTH TO DATE    0                         0      0
  SINCE JUN 1      0                        16    -16
  SINCE JUL 1      0                         0      0

 COOLING
  YESTERDAY       14                        14      0
  MONTH TO DATE  353                       305     48
  SINCE JUN 1    688                       557    131
  SINCE JAN 1    778                       646    132
..................................................................


WIND (MPH)
  HIGHEST WIND SPEED    16   HIGHEST WIND DIRECTION     E (100)
  HIGHEST GUST SPEED    20   HIGHEST GUST DIRECTION    SE (120)
  AVERAGE WIND SPEED     8.3



WEATHER CONDITIONS
 THE FOLLOWING WEATHER WAS RECORDED YESTERDAY.
  NO SIGNIFICANT WEATHER WAS OBSERVED.


RELATIVE HUMIDITY (PERCENT)
 HIGHEST    93           600 AM
 LOWEST     32           400 PM
 AVERAGE    63

..........................................................


THE GARDEN CITY REGIONAL ARPT KS CLIMATE NORMALS FOR TODAY
                         NORMAL    RECORD    YEAR
 MAXIMUM TEMPERATURE (F)   92       105      1977
 MINIMUM TEMPERATURE (F)   65        57      1991


SUNRISE AND SUNSET
JULY 24 2017..........SUNRISE   640 AM CDT   SUNSET   859 PM CDT
JULY 25 2017..........SUNRISE   640 AM CDT   SUNSET   858 PM CDT


-  INDICATES NEGATIVE NUMBERS.
R  INDICATES RECORD WAS SET OR TIED.
MM INDICATES DATA IS MISSING.
T  INDICATES TRACE AMOUNT.




$$
