000
CDUS43 KDDC 012335
CLIGCK


CLIMATE REPORT
NATIONAL WEATHER SERVICE DODGE CITY KS
633 PM CDT FRI AUG 1 2014


...................................

...THE GARDEN CITY REGIONAL ARPT KS CLIMATE SUMMARY FOR AUGUST 1 2014...
VALID TODAY AS OF 0500 PM LOCAL TIME.

CLIMATE NORMAL PERIOD 1981 TO 2010
CLIMATE RECORD PERIOD 1948 TO 2014


WEATHER ITEM   OBSERVED TIME   RECORD YEAR NORMAL DEPARTURE LAST
                VALUE   (LST)  VALUE       VALUE  FROM      YEAR
                                                  NORMAL
..................................................................
TEMPERATURE (F)
 TODAY
  MAXIMUM         87    356 PM 107    1980  91     -4       93
  MINIMUM         57    527 AM  54    1977  65     -8       63
  AVERAGE         72                        78     -6       78

PRECIPITATION (IN)
  TODAY            0.00          1.04 2013   0.10  -0.10     1.04
  MONTH TO DATE    0.00                      0.10  -0.10     1.04
  SINCE JUN 1     14.44                      6.36   8.08     4.71
  SINCE JAN 1     15.80                     13.30   2.50     6.28

DEGREE DAYS
 HEATING
  TODAY            0                         0      0        0
  MONTH TO DATE    0                         0      0        0
  SINCE JUN 1     21                        17      4       12
  SINCE JUL 1     10                         1      9        0

 COOLING
  TODAY            7                        13     -6       13
  MONTH TO DATE    7                        13     -6       13
  SINCE JUN 1    623                       675    -52      848
  SINCE JAN 1    766                       764      2      995
..................................................................


WIND (MPH)
  HIGHEST WIND SPEED    13   HIGHEST WIND DIRECTION    NW (300)
  HIGHEST GUST SPEED    16   HIGHEST GUST DIRECTION    NW (330)
  AVERAGE WIND SPEED     6.0



WEATHER CONDITIONS
 THE FOLLOWING WEATHER WAS RECORDED TODAY.
  FOG


RELATIVE HUMIDITY (PERCENT)
 HIGHEST    93           400 AM
 LOWEST     30           300 PM
 AVERAGE    62

..........................................................


THE GARDEN CITY REGIONAL ARPT KS CLIMATE NORMALS FOR TOMORROW
                         NORMAL    RECORD    YEAR
 MAXIMUM TEMPERATURE (F)   91       105      2010
                                             1964
 MINIMUM TEMPERATURE (F)   65        55      1974


SUNRISE AND SUNSET
AUGUST  1 2014........SUNRISE   646 AM CDT   SUNSET   852 PM CDT
AUGUST  2 2014........SUNRISE   647 AM CDT   SUNSET   851 PM CDT


-  INDICATES NEGATIVE NUMBERS.
R  INDICATES RECORD WAS SET OR TIED.
MM INDICATES DATA IS MISSING.
T  INDICATES TRACE AMOUNT.




$$
