000
CDUS43 KDDC 230706
CLIGCK


CLIMATE REPORT
NATIONAL WEATHER SERVICE DODGE CITY KS
205 AM CDT SAT SEP 23 2017


...................................

...THE GARDEN CITY REGIONAL ARPT KS CLIMATE SUMMARY FOR SEPTEMBER 22 2017...

CLIMATE NORMAL PERIOD 1981 TO 2010
CLIMATE RECORD PERIOD 1948 TO 2017


WEATHER ITEM   OBSERVED TIME   RECORD YEAR NORMAL DEPARTURE LAST
                VALUE   (LST)  VALUE       VALUE  FROM      YEAR
                                                  NORMAL
..................................................................
TEMPERATURE (F)
 YESTERDAY
  MAXIMUM         95   1208 PM  96    2016  80     15       96
  MINIMUM         71    659 AM  29    1995  51     20       66
  AVERAGE         83                        65     18       81

PRECIPITATION (IN)
  YESTERDAY        0.00          1.51 2004   0.05  -0.05     0.00
  MONTH TO DATE    1.10                      1.12  -0.02     0.19
  SINCE SEP 1      1.10                      1.12  -0.02     0.19
  SINCE JAN 1     15.92                     16.77  -0.85    20.02

DEGREE DAYS
 HEATING
  YESTERDAY        0                         3     -3
  MONTH TO DATE   12                        32    -20
  SINCE SEP 1     12                        32    -20
  SINCE JUL 1     12                        36    -24

 COOLING
  YESTERDAY       18                         4     14
  MONTH TO DATE  183                       140     43
  SINCE SEP 1    183                       140     43
  SINCE JAN 1   1330                      1256     74
..................................................................


WIND (MPH)
  HIGHEST WIND SPEED    35   HIGHEST WIND DIRECTION     S (200)
  HIGHEST GUST SPEED    42   HIGHEST GUST DIRECTION     S (190)
  AVERAGE WIND SPEED    22.3



WEATHER CONDITIONS
 THE FOLLOWING WEATHER WAS RECORDED YESTERDAY.
  NO SIGNIFICANT WEATHER WAS OBSERVED.


RELATIVE HUMIDITY (PERCENT)
 HIGHEST    69           100 AM
 LOWEST     26           300 PM
 AVERAGE    48

..........................................................


THE GARDEN CITY REGIONAL ARPT KS CLIMATE NORMALS FOR TODAY
                         NORMAL    RECORD    YEAR
 MAXIMUM TEMPERATURE (F)   79        99      1984
 MINIMUM TEMPERATURE (F)   51        34      1989


SUNRISE AND SUNSET
SEPTEMBER 23 2017.....SUNRISE   732 AM CDT   SUNSET   738 PM CDT
SEPTEMBER 24 2017.....SUNRISE   733 AM CDT   SUNSET   736 PM CDT


-  INDICATES NEGATIVE NUMBERS.
R  INDICATES RECORD WAS SET OR TIED.
MM INDICATES DATA IS MISSING.
T  INDICATES TRACE AMOUNT.




$$
