000
CDUS41 KPHI 240548
CLIGED


CLIMATE REPORT
NATIONAL WEATHER SERVICE MOUNT HOLLY NJ
146 AM EDT MON JUL 24 2017


...................................

...THE GEORGETOWN DE CLIMATE SUMMARY FOR JULY 23 2017...

CLIMATE NORMAL PERIOD 1981 TO 2010
CLIMATE RECORD PERIOD 1948 TO 2017


WEATHER ITEM   OBSERVED TIME   RECORD YEAR NORMAL DEPARTURE LAST
                VALUE   (LST)  VALUE       VALUE  FROM      YEAR
                                                  NORMAL
..................................................................
TEMPERATURE (F)
 YESTERDAY
  MAXIMUM         89    155 PM 104    2011  86      3       97
  MINIMUM         74    550 AM  50    1977  68      6       77
  AVERAGE         82                        77      5       87

PRECIPITATION (IN)
  YESTERDAY        0.33          2.41 1988   0.12   0.21     0.00
  MONTH TO DATE    4.95                      3.17   1.78     1.14
  SINCE JUN 1      6.76                      7.78  -1.02     4.13
  SINCE JAN 1     22.94                     24.72  -1.78    22.36

DEGREE DAYS
 HEATING
  YESTERDAY        0                         0      0        0
  MONTH TO DATE    0                         0      0        0
  SINCE JUN 1     12                        13     -1        1
  SINCE JUL 1      0                         0      0        0

 COOLING
  YESTERDAY       17                        12      5       22
  MONTH TO DATE  382                       271    111      328
  SINCE JUN 1    688                       510    178      547
  SINCE JAN 1    834                       604    230      637
..................................................................


WIND (MPH)
  HIGHEST WIND SPEED    14   HIGHEST WIND DIRECTION     S (200)
  HIGHEST GUST SPEED    18   HIGHEST GUST DIRECTION    SW (230)
  AVERAGE WIND SPEED     4.3


SKY COVER
  POSSIBLE SUNSHINE  MM
  AVERAGE SKY COVER 0.6


WEATHER CONDITIONS
 THE FOLLOWING WEATHER WAS RECORDED YESTERDAY.
  THUNDERSTORM
  RAIN
  LIGHT RAIN
  FOG


RELATIVE HUMIDITY (PERCENT)
 HIGHEST    94          1200 AM
 LOWEST     59           100 PM
 AVERAGE    77

..........................................................


THE GEORGETOWN DE CLIMATE NORMALS FOR TODAY
                         NORMAL    RECORD    YEAR
 MAXIMUM TEMPERATURE (F)   86        99      2011
                                             2010
 MINIMUM TEMPERATURE (F)   68        50      1985


SUNRISE AND SUNSET
JULY 24 2017..........SUNRISE   556 AM EDT   SUNSET   819 PM EDT
JULY 25 2017..........SUNRISE   557 AM EDT   SUNSET   818 PM EDT


-  INDICATES NEGATIVE NUMBERS.
R  INDICATES RECORD WAS SET OR TIED.
MM INDICATES DATA IS MISSING.
T  INDICATES TRACE AMOUNT.




$$
