000
CDUS41 KPHI 250628
CLIGED


CLIMATE REPORT
NATIONAL WEATHER SERVICE MOUNT HOLLY NJ
228 AM EDT THU MAY 25 2017


...................................

...THE GEORGETOWN DE CLIMATE SUMMARY FOR MAY 24 2017...

CLIMATE NORMAL PERIOD 1981 TO 2010
CLIMATE RECORD PERIOD 1948 TO 2017


WEATHER ITEM   OBSERVED TIME   RECORD YEAR NORMAL DEPARTURE LAST
                VALUE   (LST)  VALUE       VALUE  FROM      YEAR
                                                  NORMAL
..................................................................
TEMPERATURE (F)
 YESTERDAY
  MAXIMUM         67   1203 PM  93    1964  76     -9       81
  MINIMUM         56   1159 PM  37    1963  55      1       57
  AVERAGE         62                        66     -4       69

PRECIPITATION (IN)
  YESTERDAY        0.18          1.44 1951   0.14   0.04     0.02
  MONTH TO DATE    3.70                      2.64   1.06     4.97
  SINCE MAR 1     10.55                     10.32   0.23    10.33
  SINCE JAN 1     14.79                     16.03  -1.24    16.80

DEGREE DAYS
 HEATING
  YESTERDAY        3                         3      0        0
  MONTH TO DATE  109                       121    -12      159
  SINCE MAR 1    890                      1101   -211      981
  SINCE JUL 1   3575                      4381   -806     3659

 COOLING
  YESTERDAY        0                         3     -3        4
  MONTH TO DATE   57                        47     10        4
  SINCE MAR 1    125                        67     58       25
  SINCE JAN 1    125                        67     58       25
..................................................................


WIND (MPH)
  HIGHEST WIND SPEED    18   HIGHEST WIND DIRECTION     E (70)
  HIGHEST GUST SPEED    25   HIGHEST GUST DIRECTION    NE (60)
  AVERAGE WIND SPEED    10.2


SKY COVER
  POSSIBLE SUNSHINE  MM
  AVERAGE SKY COVER 1.0


WEATHER CONDITIONS
 THE FOLLOWING WEATHER WAS RECORDED YESTERDAY.
  RAIN
  LIGHT RAIN
  FOG


RELATIVE HUMIDITY (PERCENT)
 HIGHEST    93          1200 AM
 LOWEST     63          1200 PM
 AVERAGE    78

..........................................................


THE GEORGETOWN DE CLIMATE NORMALS FOR TODAY
                         NORMAL    RECORD    YEAR
 MAXIMUM TEMPERATURE (F)   76        91      1964
 MINIMUM TEMPERATURE (F)   56        35      1956


SUNRISE AND SUNSET
MAY 25 2017...........SUNRISE   542 AM EDT   SUNSET   815 PM EDT
MAY 26 2017...........SUNRISE   541 AM EDT   SUNSET   816 PM EDT


-  INDICATES NEGATIVE NUMBERS.
R  INDICATES RECORD WAS SET OR TIED.
MM INDICATES DATA IS MISSING.
T  INDICATES TRACE AMOUNT.




$$
