000
CDUS41 KPHI 100637
CLIGED


CLIMATE REPORT
NATIONAL WEATHER SERVICE MOUNT HOLLY NJ
133 AM EST WED FEB 10 2016


...................................

...THE GEORGETOWN DE CLIMATE SUMMARY FOR FEBRUARY 9 2016...

CLIMATE NORMAL PERIOD 1981 TO 2010
CLIMATE RECORD PERIOD 1948 TO 2016


WEATHER ITEM   OBSERVED TIME   RECORD YEAR NORMAL DEPARTURE LAST
                VALUE   (LST)  VALUE       VALUE  FROM      YEAR
                                                  NORMAL
..................................................................
TEMPERATURE (F)
 YESTERDAY
  MAXIMUM         40    138 PM  69    1965  46     -6       40
  MINIMUM         34   1159 PM   0    1967  27      7       31
  AVERAGE         37                        36      1       36

PRECIPITATION (IN)
  YESTERDAY        0.25          0.98 1994   0.10   0.15     0.02
  MONTH TO DATE    1.50                      0.87   0.63     0.77
  SINCE DEC 1      8.53                      7.08   1.45     8.83
  SINCE JAN 1      4.37                      3.79   0.58     5.30

SNOWFALL (IN)
  YESTERDAY       MM            MM      MM  MM     MM       MM
  MONTH TO DATE   MM                        MM     MM       MM
  SINCE DEC 1     MM                        MM     MM       MM
  SINCE JUL 1     MM                        MM     MM       MM
  SNOW DEPTH      MM

DEGREE DAYS
 HEATING
  YESTERDAY       28                        29     -1       29
  MONTH TO DATE  200                       261    -61      273
  SINCE DEC 1   1515                      1987   -472     1936
  SINCE JUL 1   2155                      2771   -616     2699

 COOLING
  YESTERDAY        0                         0      0        0
  MONTH TO DATE    0                         0      0        0
  SINCE DEC 1      9                         0      9        0
  SINCE JAN 1      0                         0      0        0
..................................................................


WIND (MPH)
  HIGHEST WIND SPEED    12   HIGHEST WIND DIRECTION    SE (130)
  HIGHEST GUST SPEED    15   HIGHEST GUST DIRECTION     E (70)
  AVERAGE WIND SPEED     6.3


SKY COVER
  POSSIBLE SUNSHINE  MM
  AVERAGE SKY COVER 1.0


WEATHER CONDITIONS
 THE FOLLOWING WEATHER WAS RECORDED YESTERDAY.
  RAIN
  LIGHT RAIN
  FOG


RELATIVE HUMIDITY (PERCENT)
 HIGHEST    92          1200 AM
 LOWEST     85           100 PM
 AVERAGE    89

..........................................................


THE GEORGETOWN DE CLIMATE NORMALS FOR TODAY
                         NORMAL    RECORD    YEAR
 MAXIMUM TEMPERATURE (F)   46        70      1960
 MINIMUM TEMPERATURE (F)   28        -6      1979


SUNRISE AND SUNSET
FEBRUARY 10 2016......SUNRISE   659 AM EST   SUNSET   533 PM EST
FEBRUARY 11 2016......SUNRISE   658 AM EST   SUNSET   534 PM EST


-  INDICATES NEGATIVE NUMBERS.
R  INDICATES RECORD WAS SET OR TIED.
MM INDICATES DATA IS MISSING.
T  INDICATES TRACE AMOUNT.




$$
