000
CDUS41 KPHI 260545
CLIGED


CLIMATE REPORT
NATIONAL WEATHER SERVICE MOUNT HOLLY NJ
144 AM EDT TUE SEP 26 2017


...................................

...THE GEORGETOWN DE CLIMATE SUMMARY FOR SEPTEMBER 25 2017...

CLIMATE NORMAL PERIOD 1981 TO 2010
CLIMATE RECORD PERIOD 1948 TO 2017


WEATHER ITEM   OBSERVED TIME   RECORD YEAR NORMAL DEPARTURE LAST
                VALUE   (LST)  VALUE       VALUE  FROM      YEAR
                                                  NORMAL
..................................................................
TEMPERATURE (F)
 YESTERDAY
  MAXIMUM         85    138 PM  92    2010  75     10       72
                                      1970
  MINIMUM         62    613 AM  33    1963  55      7       51
  AVERAGE         74                        65      9       62

PRECIPITATION (IN)
  YESTERDAY        0.00          2.11 2014   0.13  -0.13     0.00
  MONTH TO DATE    2.18                      3.48  -1.30     3.34
  SINCE SEP 1      2.18                      3.48  -1.30     3.34
  SINCE JAN 1     36.19                     32.75   3.44    32.70

DEGREE DAYS
 HEATING
  YESTERDAY        0                         2     -2        3
  MONTH TO DATE    4                        21    -17        4
  SINCE SEP 1      4                        21    -17        4
  SINCE JUL 1      4                        22    -18        4

 COOLING
  YESTERDAY        9                         3      6        0
  MONTH TO DATE  162                       132     30      224
  SINCE SEP 1    162                       132     30      224
  SINCE JAN 1   1395                      1161    234     1438
..................................................................


WIND (MPH)
  HIGHEST WIND SPEED    14   HIGHEST WIND DIRECTION     E (80)
  HIGHEST GUST SPEED    17   HIGHEST GUST DIRECTION    NE (60)
  AVERAGE WIND SPEED     6.0


SKY COVER
  POSSIBLE SUNSHINE  MM
  AVERAGE SKY COVER 0.3


WEATHER CONDITIONS
 THE FOLLOWING WEATHER WAS RECORDED YESTERDAY.
  FOG
  HAZE


RELATIVE HUMIDITY (PERCENT)
 HIGHEST    93           100 AM
 LOWEST     51           100 PM
 AVERAGE    72

..........................................................


THE GEORGETOWN DE CLIMATE NORMALS FOR TODAY
                         NORMAL    RECORD    YEAR
 MAXIMUM TEMPERATURE (F)   75        92      1970
 MINIMUM TEMPERATURE (F)   55        37      1949


SUNRISE AND SUNSET
SEPTEMBER 26 2017.....SUNRISE   653 AM EDT   SUNSET   652 PM EDT
SEPTEMBER 27 2017.....SUNRISE   654 AM EDT   SUNSET   650 PM EDT


-  INDICATES NEGATIVE NUMBERS.
R  INDICATES RECORD WAS SET OR TIED.
MM INDICATES DATA IS MISSING.
T  INDICATES TRACE AMOUNT.




$$
