000
CDUS41 KPHI 210604
CLIGED


CLIMATE REPORT
NATIONAL WEATHER SERVICE MOUNT HOLLY NJ
102 AM EST WED FEB 21 2018


...................................

...THE GEORGETOWN DE CLIMATE SUMMARY FOR FEBRUARY 20 2018...

CLIMATE NORMAL PERIOD 1981 TO 2010
CLIMATE RECORD PERIOD 1948 TO 2018


WEATHER ITEM   OBSERVED TIME   RECORD YEAR NORMAL DEPARTURE LAST
                VALUE   (LST)  VALUE       VALUE  FROM      YEAR
                                                  NORMAL
..................................................................
TEMPERATURE (F)
 YESTERDAY
  MAXIMUM         73R   315 PM  68    2002  48     25       62
                                      1961
  MINIMUM         59    851 AM  -3    2015  29     30       33
  AVERAGE         66                        38     28       48

PRECIPITATION (IN)
  YESTERDAY        T             0.54 1979   0.10  -0.10     0.00
  MONTH TO DATE    3.82                      1.97   1.85     0.56
  SINCE DEC 1      7.63                      8.18  -0.55     6.49
  SINCE JAN 1      6.67                      4.89   1.78     3.69

DEGREE DAYS
 HEATING
  YESTERDAY        0                        27    -27       17
  MONTH TO DATE  432                       564   -132      436
  SINCE DEC 1   2231                      2290    -59     1956
  SINCE JUL 1   2848                      3074   -226     2590

 COOLING
  YESTERDAY        1                         0      1        0
  MONTH TO DATE    1                         0      1        0
  SINCE DEC 1      1                         0      1        0
  SINCE JAN 1      1                         0      1        0
..................................................................


WIND (MPH)
  HIGHEST WIND SPEED    23   HIGHEST WIND DIRECTION    SW (220)
  HIGHEST GUST SPEED    29   HIGHEST GUST DIRECTION    SW (230)
  AVERAGE WIND SPEED    13.3


SKY COVER
  POSSIBLE SUNSHINE  MM
  AVERAGE SKY COVER 0.6


WEATHER CONDITIONS
 THE FOLLOWING WEATHER WAS RECORDED YESTERDAY.
  LIGHT RAIN
  FOG


RELATIVE HUMIDITY (PERCENT)
 HIGHEST    93           300 AM
 LOWEST     66           100 PM
 AVERAGE    80

..........................................................


THE GEORGETOWN DE CLIMATE NORMALS FOR TODAY
                         NORMAL    RECORD    YEAR
 MAXIMUM TEMPERATURE (F)   48        71      2014
 MINIMUM TEMPERATURE (F)   29        -4      2015


SUNRISE AND SUNSET
FEBRUARY 21 2018......SUNRISE   645 AM EST   SUNSET   546 PM EST
FEBRUARY 22 2018......SUNRISE   643 AM EST   SUNSET   547 PM EST


-  INDICATES NEGATIVE NUMBERS.
R  INDICATES RECORD WAS SET OR TIED.
MM INDICATES DATA IS MISSING.
T  INDICATES TRACE AMOUNT.




$$
