000
CDUS41 KPHI 280630
CLIGED


CLIMATE REPORT
NATIONAL WEATHER SERVICE MOUNT HOLLY NJ
128 AM EST SAT FEB 28 2015


...................................

...THE GEORGETOWN DE CLIMATE SUMMARY FOR FEBRUARY 27 2015...

CLIMATE NORMAL PERIOD 1981 TO 2010
CLIMATE RECORD PERIOD 1948 TO 2015


WEATHER ITEM   OBSERVED TIME   RECORD YEAR NORMAL DEPARTURE LAST
                VALUE   (LST)  VALUE       VALUE  FROM      YEAR
                                                  NORMAL
..................................................................
TEMPERATURE (F)
 YESTERDAY
  MAXIMUM         35   1130 AM  69    2009  49    -14       41
                                      1977
  MINIMUM         16   1249 AM  10    1963  30    -14       17
  AVERAGE         26                        40    -14       29

PRECIPITATION (IN)
  YESTERDAY        T             1.01 1958   0.11  -0.11     0.00
  MONTH TO DATE    2.30                      2.68  -0.38     4.14
  SINCE DEC 1     10.36                      8.89   1.47    12.07
  SINCE JAN 1      6.83                      5.60   1.23     7.18

SNOWFALL (IN)
  YESTERDAY       MM            MM      MM  MM     MM       MM
  MONTH TO DATE   MM                        MM     MM       MM
  SINCE DEC 1     MM                        MM     MM       MM
  SINCE JUL 1     MM                        MM     MM       MM
  SNOW DEPTH      MM

DEGREE DAYS
 HEATING
  YESTERDAY       39                        25     14       36
  MONTH TO DATE 1020                       744    276      765
  SINCE DEC 1   2683                      2470    213     2508
  SINCE JUL 1   3446                      3254    192     3311

 COOLING
  YESTERDAY        0                         0      0        0
  MONTH TO DATE    0                         0      0        0
  SINCE DEC 1      0                         0      0        4
  SINCE JAN 1      0                         0      0        0
..................................................................


WIND (MPH)
  HIGHEST WIND SPEED    12   HIGHEST WIND DIRECTION     W (280)
  HIGHEST GUST SPEED    15   HIGHEST GUST DIRECTION     W (280)
  AVERAGE WIND SPEED     3.5


SKY COVER
  POSSIBLE SUNSHINE  MM
  AVERAGE SKY COVER 0.5


WEATHER CONDITIONS
 THE FOLLOWING WEATHER WAS RECORDED YESTERDAY.
  LIGHT SNOW
  FOG
  HAZE


RELATIVE HUMIDITY (PERCENT)
 HIGHEST    84           100 AM
 LOWEST     30           500 PM
 AVERAGE    57

..........................................................


THE GEORGETOWN DE CLIMATE NORMALS FOR TODAY
                         NORMAL    RECORD    YEAR
 MAXIMUM TEMPERATURE (F)   50        74      1997
 MINIMUM TEMPERATURE (F)   31         8      1950


SUNRISE AND SUNSET
FEBRUARY 28 2015......SUNRISE   635 AM EST   SUNSET   553 PM EST
MARCH  1 2015.........SUNRISE   634 AM EST   SUNSET   554 PM EST


-  INDICATES NEGATIVE NUMBERS.
R  INDICATES RECORD WAS SET OR TIED.
MM INDICATES DATA IS MISSING.
T  INDICATES TRACE AMOUNT.




$$
