000
CDUS41 KPHI 302129
CLIGED


CLIMATE REPORT
NATIONAL WEATHER SERVICE MOUNT HOLLY NJ
529 PM EDT THU OCT 30 2014


...................................

...THE GEORGETOWN DE CLIMATE SUMMARY FOR OCTOBER 30 2014...
VALID TODAY AS OF 0500 PM LOCAL TIME.

CLIMATE NORMAL PERIOD 1981 TO 2010
CLIMATE RECORD PERIOD 1948 TO 2014


WEATHER ITEM   OBSERVED TIME   RECORD YEAR NORMAL DEPARTURE LAST
                VALUE   (LST)  VALUE       VALUE  FROM      YEAR
                                                  NORMAL
..................................................................
TEMPERATURE (F)
 TODAY
  MAXIMUM         62    324 PM  80    1984  64     -2       60
  MINIMUM         45    649 AM  21    1952  43      2       45
  AVERAGE         54                        53      1       53

PRECIPITATION (IN)
  TODAY            0.00          0.97 1955   0.12  -0.12      T
  MONTH TO DATE    2.51                      3.60  -1.09     4.72
  SINCE SEP 1      6.41                      7.73  -1.32     5.41
  SINCE JAN 1     36.71                     37.00  -0.29    47.40

SNOWFALL (IN)
  TODAY           MM            MM      MM  MM     MM       MM
  MONTH TO DATE   MM                        MM     MM       MM
  SINCE SEP 1     MM                        MM     MM       MM
  SINCE JUL 1     MM                        MM     MM       MM
  SNOW DEPTH      MM

DEGREE DAYS
 HEATING
  TODAY           11                        12     -1       12
  MONTH TO DATE  148                       235    -87      189
  SINCE SEP 1    163                       272   -109      241
  SINCE JUL 1    163                       273   -110      241

 COOLING
  TODAY            0                         0      0        0
  MONTH TO DATE   23                        18      5       68
  SINCE SEP 1    198                       160     38      204
  SINCE JAN 1   1149                      1189    -40     1391
..................................................................


WIND (MPH)
  HIGHEST WIND SPEED    12   HIGHEST WIND DIRECTION     N (20)
  HIGHEST GUST SPEED    17   HIGHEST GUST DIRECTION     N (20)
  AVERAGE WIND SPEED     3.2


SKY COVER
  POSSIBLE SUNSHINE  MM
  AVERAGE SKY COVER 0.2


WEATHER CONDITIONS
 THE FOLLOWING WEATHER WAS RECORDED TODAY.
  FOG
  FOG W/VISIBILITY <= 1/4 MILE


RELATIVE HUMIDITY (PERCENT)
 HIGHEST    93           500 AM
 LOWEST     42           200 PM
 AVERAGE    68

..........................................................


THE GEORGETOWN DE CLIMATE NORMALS FOR TOMORROW
                         NORMAL    RECORD    YEAR
 MAXIMUM TEMPERATURE (F)   64        81      1950
 MINIMUM TEMPERATURE (F)   43        24      1988


SUNRISE AND SUNSET
OCTOBER 30 2014.......SUNRISE   726 AM EDT   SUNSET   604 PM EDT
OCTOBER 31 2014.......SUNRISE   727 AM EDT   SUNSET   602 PM EDT


-  INDICATES NEGATIVE NUMBERS.
R  INDICATES RECORD WAS SET OR TIED.
MM INDICATES DATA IS MISSING.
T  INDICATES TRACE AMOUNT.




$$
