000
CDUS41 KPHI 220630
CLIGED


CLIMATE REPORT
NATIONAL WEATHER SERVICE MOUNT HOLLY NJ
229 AM EDT TUE JUL 22 2014


...................................

...THE GEORGETOWN DE CLIMATE SUMMARY FOR JULY 21 2014...

CLIMATE NORMAL PERIOD 1981 TO 2010
CLIMATE RECORD PERIOD 1948 TO 2014


WEATHER ITEM   OBSERVED TIME   RECORD YEAR NORMAL DEPARTURE LAST
                VALUE   (LST)  VALUE       VALUE  FROM      YEAR
                                                  NORMAL
..................................................................
TEMPERATURE (F)
 YESTERDAY
  MAXIMUM         80    341 PM 101    1957  87     -7       93
  MINIMUM         64   1249 AM  50    1966  68     -4       74
  AVERAGE         72                        77     -5       84

PRECIPITATION (IN)
  YESTERDAY        0.00          1.36 1956   0.13  -0.13      T
  MONTH TO DATE    6.01                      2.93   3.08     5.38
  SINCE JUN 1      7.78                      7.54   0.24    17.62
  SINCE JAN 1     24.97                     24.48   0.49    32.47

SNOWFALL (IN)
  YESTERDAY       MM            MM      MM  MM     MM       MM
  MONTH TO DATE   MM                        MM     MM       MM
  SINCE JUN 1     MM                        MM     MM       MM
  SINCE JUL 1     MM                        MM     MM       MM
  SNOW DEPTH      MM

DEGREE DAYS
 HEATING
  YESTERDAY        0                         0      0        0
  MONTH TO DATE    0                         0      0        0
  SINCE JUN 1      5                        13     -8        0
  SINCE JUL 1      0                         0      0        0

 COOLING
  YESTERDAY        7                        12     -5       19
  MONTH TO DATE  254                       247      7      354
  SINCE JUN 1    508                       486     22      641
  SINCE JAN 1    609                       580     29      798
..................................................................


WIND (MPH)
  HIGHEST WIND SPEED    16   HIGHEST WIND DIRECTION    NE (60)
  HIGHEST GUST SPEED    20   HIGHEST GUST DIRECTION     E (80)
  AVERAGE WIND SPEED     7.7


SKY COVER
  POSSIBLE SUNSHINE  MM
  AVERAGE SKY COVER 0.5


WEATHER CONDITIONS
 THE FOLLOWING WEATHER WAS RECORDED YESTERDAY.
  NO SIGNIFICANT WEATHER WAS OBSERVED.


RELATIVE HUMIDITY (PERCENT)
 HIGHEST    93          1200 AM
 LOWEST     62           200 PM
 AVERAGE    78

..........................................................


THE GEORGETOWN DE CLIMATE NORMALS FOR TODAY
                         NORMAL    RECORD    YEAR
 MAXIMUM TEMPERATURE (F)   87       104      2011
 MINIMUM TEMPERATURE (F)   68        52      1974


SUNRISE AND SUNSET
JULY 22 2014..........SUNRISE   554 AM EDT   SUNSET   821 PM EDT
JULY 23 2014..........SUNRISE   555 AM EDT   SUNSET   820 PM EDT


-  INDICATES NEGATIVE NUMBERS.
R  INDICATES RECORD WAS SET OR TIED.
MM INDICATES DATA IS MISSING.
T  INDICATES TRACE AMOUNT.




$$
