000
CDUS41 KPHI 260631
CLIGED


CLIMATE REPORT
NATIONAL WEATHER SERVICE MOUNT HOLLY NJ
230 AM EDT SUN MAR 26 2017


...................................

...THE GEORGETOWN DE CLIMATE SUMMARY FOR MARCH 25 2017...

CLIMATE NORMAL PERIOD 1981 TO 2010
CLIMATE RECORD PERIOD 1948 TO 2017


WEATHER ITEM   OBSERVED TIME   RECORD YEAR NORMAL DEPARTURE LAST
                VALUE   (LST)  VALUE       VALUE  FROM      YEAR
                                                  NORMAL
..................................................................
TEMPERATURE (F)
 YESTERDAY
  MAXIMUM         78    214 PM  79    1959  57     21       76
  MINIMUM         46   1138 PM  20    1956  38      8       52
  AVERAGE         62                        47     15       64

PRECIPITATION (IN)
  YESTERDAY        0.00          1.79 1979   0.14  -0.14     0.14
  MONTH TO DATE    3.35                      3.13   0.22     1.26
  SINCE MAR 1      3.35                      3.13   0.22     1.26
  SINCE JAN 1      7.59                      8.84  -1.25     7.73

DEGREE DAYS
 HEATING
  YESTERDAY        3                        18    -15        1
  MONTH TO DATE  549                       533     16      376
  SINCE MAR 1    549                       533     16      376
  SINCE JUL 1   3234                      3813   -579     3054

 COOLING
  YESTERDAY        0                         0      0        0
  MONTH TO DATE    3                         0      3        2
  SINCE MAR 1      3                         0      3        2
  SINCE JAN 1      3                         0      3        2
..................................................................


WIND (MPH)
  HIGHEST WIND SPEED    22   HIGHEST WIND DIRECTION    NE (60)
  HIGHEST GUST SPEED    27   HIGHEST GUST DIRECTION    NE (60)
  AVERAGE WIND SPEED     9.6


SKY COVER
  POSSIBLE SUNSHINE  MM
  AVERAGE SKY COVER 0.1


WEATHER CONDITIONS
 THE FOLLOWING WEATHER WAS RECORDED YESTERDAY.
  NO SIGNIFICANT WEATHER WAS OBSERVED.


RELATIVE HUMIDITY (PERCENT)
 HIGHEST    86           900 PM
 LOWEST     40           200 PM
 AVERAGE    63

..........................................................


THE GEORGETOWN DE CLIMATE NORMALS FOR TODAY
                         NORMAL    RECORD    YEAR
 MAXIMUM TEMPERATURE (F)   58        78      2004
                                             1988
 MINIMUM TEMPERATURE (F)   38        17      1974


SUNRISE AND SUNSET
MARCH 26 2017.........SUNRISE   655 AM EDT   SUNSET   719 PM EDT
MARCH 27 2017.........SUNRISE   654 AM EDT   SUNSET   720 PM EDT


-  INDICATES NEGATIVE NUMBERS.
R  INDICATES RECORD WAS SET OR TIED.
MM INDICATES DATA IS MISSING.
T  INDICATES TRACE AMOUNT.




$$
