000
CDUS41 KPHI 260637
CLIGED


CLIMATE REPORT
NATIONAL WEATHER SERVICE MOUNT HOLLY NJ
236 AM EDT TUE MAY 26 2015


...................................

...THE GEORGETOWN DE CLIMATE SUMMARY FOR MAY 25 2015...

CLIMATE NORMAL PERIOD 1981 TO 2010
CLIMATE RECORD PERIOD 1948 TO 2015


WEATHER ITEM   OBSERVED TIME   RECORD YEAR NORMAL DEPARTURE LAST
                VALUE   (LST)  VALUE       VALUE  FROM      YEAR
                                                  NORMAL
..................................................................
TEMPERATURE (F)
 YESTERDAY
  MAXIMUM         83    357 PM  91    1964  76      7       81
  MINIMUM         59    451 AM  35    1956  56      3       54
  AVERAGE         71                        66      5       68

PRECIPITATION (IN)
  YESTERDAY        0.00          1.89 1979   0.14  -0.14     0.00
  MONTH TO DATE    1.19                      2.78  -1.59     2.53
  SINCE MAR 1      7.91                     10.46  -2.55     9.40
  SINCE JAN 1     14.74                     16.17  -1.43    16.58

SNOWFALL (IN)
  YESTERDAY       MM            MM      MM  MM     MM       MM
  MONTH TO DATE   MM                        MM     MM       MM
  SINCE MAR 1     MM                        MM     MM       MM
  SINCE JUL 1     MM                        MM     MM       MM
  SNOW DEPTH      MM

DEGREE DAYS
 HEATING
  YESTERDAY        0                         2     -2        0
  MONTH TO DATE   63                       123    -60       55
  SINCE MAR 1   1128                      1103     25     1133
  SINCE JUL 1   4616                      4383    233     4488

 COOLING
  YESTERDAY        6                         3      3        3
  MONTH TO DATE   97                        50     47       63
  SINCE MAR 1    102                        70     32       75
  SINCE JAN 1    102                        70     32       75
..................................................................


WIND (MPH)
  HIGHEST WIND SPEED    23   HIGHEST WIND DIRECTION    SW (210)
  HIGHEST GUST SPEED    28   HIGHEST GUST DIRECTION     S (190)
  AVERAGE WIND SPEED    11.8


SKY COVER
  POSSIBLE SUNSHINE  MM
  AVERAGE SKY COVER 0.0


WEATHER CONDITIONS
 THE FOLLOWING WEATHER WAS RECORDED YESTERDAY.
  NO SIGNIFICANT WEATHER WAS OBSERVED.


RELATIVE HUMIDITY (PERCENT)
 HIGHEST    87           400 AM
 LOWEST     40           300 PM
 AVERAGE    64

..........................................................


THE GEORGETOWN DE CLIMATE NORMALS FOR TODAY
                         NORMAL    RECORD    YEAR
 MAXIMUM TEMPERATURE (F)   77        92      2011
                                             1965
 MINIMUM TEMPERATURE (F)   56        40      1967


SUNRISE AND SUNSET
MAY 26 2015...........SUNRISE   542 AM EDT   SUNSET   816 PM EDT
MAY 27 2015...........SUNRISE   541 AM EDT   SUNSET   817 PM EDT


-  INDICATES NEGATIVE NUMBERS.
R  INDICATES RECORD WAS SET OR TIED.
MM INDICATES DATA IS MISSING.
T  INDICATES TRACE AMOUNT.




$$
