000
CDUS46 KOTX 230829
CLIGEG


CLIMATE REPORT
NATIONAL WEATHER SERVICE SPOKANE, WA
129 AM PDT THU MAR 23 2017


...................................

...THE SPOKANE WA AIRPORT CLIMATE SUMMARY FOR MARCH 22 2017...

CLIMATE NORMAL PERIOD 1981 TO 2010
CLIMATE RECORD PERIOD 1881 TO 2017


WEATHER ITEM   OBSERVED TIME   RECORD YEAR NORMAL DEPARTURE LAST
                VALUE   (LST)  VALUE       VALUE  FROM      YEAR
                                                  NORMAL
..................................................................
TEMPERATURE (F)
 YESTERDAY
  MAXIMUM         51   1253 PM  71    1939  51      0       44
  MINIMUM         40   1159 PM  11    1898  33      7       33
  AVERAGE         46                        42      4       39

PRECIPITATION (IN)
  YESTERDAY        0.02          0.70 2016   0.05  -0.03     0.70
  MONTH TO DATE    3.04                      1.15   1.89     2.87
  SINCE OCT 1     18.57                     10.05   8.52    12.69
  SINCE JAN 1      9.28                      4.27   5.01     6.33

SNOWFALL (IN)
  YESTERDAY        0.0           2.5  2012   0.1   -0.1      0.0
  MONTH TO DATE    5.4                       2.6    2.8       T
  SINCE MAR 1      5.4                       2.6    2.8       T
  SINCE JUL 1     61.0                      42.9   18.1     33.6
  SNOW DEPTH       0

DEGREE DAYS
 HEATING
  YESTERDAY       19                        23     -4       26
  MONTH TO DATE  541                       571    -30      497
  SINCE MAR 1    541                       571    -30      497
  SINCE JUL 1   5534                      5400    134     4786

 COOLING
  YESTERDAY        0                         0      0        0
  MONTH TO DATE    0                         0      0        0
  SINCE MAR 1      0                         0      0        0
  SINCE JAN 1      0                         0      0        0
..................................................................


WIND (MPH)
  HIGHEST WIND SPEED    22   HIGHEST WIND DIRECTION    SW (240)
  HIGHEST GUST SPEED    25   HIGHEST GUST DIRECTION    SW (240)
  AVERAGE WIND SPEED     8.8


SKY COVER
  POSSIBLE SUNSHINE  MM
  AVERAGE SKY COVER 0.8


WEATHER CONDITIONS
 THE FOLLOWING WEATHER WAS RECORDED YESTERDAY.
  LIGHT RAIN
  FOG


RELATIVE HUMIDITY (PERCENT)
 HIGHEST   100          1200 AM
 LOWEST     63          1200 PM
 AVERAGE    82

..........................................................


THE SPOKANE WA AIRPORT CLIMATE NORMALS FOR TODAY
                         NORMAL    RECORD    YEAR
 MAXIMUM TEMPERATURE (F)   51        70      1939
 MINIMUM TEMPERATURE (F)   33        14      1964


SUNRISE AND SUNSET
MARCH 23 2017.........SUNRISE   646 AM PDT   SUNSET   708 PM PDT
MARCH 24 2017.........SUNRISE   644 AM PDT   SUNSET   709 PM PDT


-  INDICATES NEGATIVE NUMBERS.
R  INDICATES RECORD WAS SET OR TIED.
MM INDICATES DATA IS MISSING.
T  INDICATES TRACE AMOUNT.




$$
