000
CDUS46 KOTX 230934
CLIGEG


CLIMATE REPORT
NATIONAL WEATHER SERVICE SPOKANE, WA
133 AM PST TUE JAN 23 2018


...................................

...THE SPOKANE WA AIRPORT CLIMATE SUMMARY FOR JANUARY 22 2018...

CLIMATE NORMAL PERIOD 1981 TO 2010
CLIMATE RECORD PERIOD 1881 TO 2018


WEATHER ITEM   OBSERVED TIME   RECORD YEAR NORMAL DEPARTURE LAST
                VALUE   (LST)  VALUE       VALUE  FROM      YEAR
                                                  NORMAL
..................................................................
TEMPERATURE (F)
 YESTERDAY
  MAXIMUM         38    351 PM  56    1919  35      3       41
  MINIMUM         30   1159 PM -11    1969  26      4       32
  AVERAGE         34                        30      4       37

PRECIPITATION (IN)
  YESTERDAY        0.00          0.50 2003   0.05  -0.05     0.20
  MONTH TO DATE    1.72                      1.34   0.38     1.83
  SINCE OCT 1      8.88                      7.12   1.76    11.12
  SINCE JAN 1      1.72                      1.34   0.38     1.83

SNOWFALL (IN)
  YESTERDAY        0.0           3.9  1982   0.3   -0.3      0.7
  MONTH TO DATE    6.8                       8.9   -2.1     13.0
  SINCE DEC 1     23.9                      23.5    0.4     32.0
  SINCE JUL 1     31.1                      31.0    0.1     35.3
  SNOW DEPTH       0

DEGREE DAYS
 HEATING
  YESTERDAY       31                        34     -3       28
  MONTH TO DATE  710                       793    -83     1032
  SINCE DEC 1   1889                      1960    -71     2321
  SINCE JUL 1   3429                      3627   -198     3654

 COOLING
  YESTERDAY        0                         0      0        0
  MONTH TO DATE    0                         0      0        0
  SINCE DEC 1      0                         0      0        0
  SINCE JAN 1      0                         0      0        0
..................................................................


WIND (MPH)
  HIGHEST WIND SPEED    22   HIGHEST WIND DIRECTION    SW (220)
  HIGHEST GUST SPEED    26   HIGHEST GUST DIRECTION    SW (220)
  AVERAGE WIND SPEED    11.1


SKY COVER
  POSSIBLE SUNSHINE  MM
  AVERAGE SKY COVER 0.5


WEATHER CONDITIONS
 THE FOLLOWING WEATHER WAS RECORDED YESTERDAY.
  FOG


RELATIVE HUMIDITY (PERCENT)
 HIGHEST   100           500 AM
 LOWEST     82           400 PM
 AVERAGE    91

..........................................................


THE SPOKANE WA AIRPORT CLIMATE NORMALS FOR TODAY
                         NORMAL    RECORD    YEAR
 MAXIMUM TEMPERATURE (F)   36        53      1919
 MINIMUM TEMPERATURE (F)   26       -19      1969


SUNRISE AND SUNSET
JANUARY 23 2018.......SUNRISE   727 AM PST   SUNSET   438 PM PST
JANUARY 24 2018.......SUNRISE   726 AM PST   SUNSET   439 PM PST


-  INDICATES NEGATIVE NUMBERS.
R  INDICATES RECORD WAS SET OR TIED.
MM INDICATES DATA IS MISSING.
T  INDICATES TRACE AMOUNT.




$$
