000
CDUS46 KOTX 250825
CLIGEG


CLIMATE REPORT
NATIONAL WEATHER SERVICE SPOKANE, WA
125 AM PDT THU MAY 25 2017


...................................

...THE SPOKANE WA AIRPORT CLIMATE SUMMARY FOR MAY 24 2017...

CLIMATE NORMAL PERIOD 1981 TO 2010
CLIMATE RECORD PERIOD 1881 TO 2017


WEATHER ITEM   OBSERVED TIME   RECORD YEAR NORMAL DEPARTURE LAST
                VALUE   (LST)  VALUE       VALUE  FROM      YEAR
                                                  NORMAL
..................................................................
TEMPERATURE (F)
 YESTERDAY
  MAXIMUM         64    215 PM  95    1934  69     -5       64
  MINIMUM         46    533 AM  32    2010  46      0       49
  AVERAGE         55                        57     -2       57

PRECIPITATION (IN)
  YESTERDAY        0.00          1.01 1953   0.06  -0.06     0.05
  MONTH TO DATE    1.31                      1.19   0.12     0.78
  SINCE OCT 1     22.55                     12.98   9.57    14.22
  SINCE JAN 1     13.26                      7.20   6.06     7.86

SNOWFALL (IN)
  YESTERDAY        0.0           T    1975   0.0    0.0      0.0
  MONTH TO DATE    0.0                       0.1   -0.1      0.0
  SINCE MAR 1      5.9                       4.6    1.3      0.6
  SINCE JUL 1     61.5                      44.9   16.6     34.2
  SNOW DEPTH       0

DEGREE DAYS
 HEATING
  YESTERDAY       10                         8      2        8
  MONTH TO DATE  257                       268    -11      146
  SINCE MAR 1   1554                      1575    -21     1137
  SINCE JUL 1   6547                      6404    143     5426

 COOLING
  YESTERDAY        0                         1     -1        0
  MONTH TO DATE   10                         3      7        6
  SINCE MAR 1     10                         3      7       12
  SINCE JAN 1     10                         3      7       12
..................................................................


WIND (MPH)
  HIGHEST WIND SPEED    32   HIGHEST WIND DIRECTION     W (250)
  HIGHEST GUST SPEED    40   HIGHEST GUST DIRECTION     W (260)
  AVERAGE WIND SPEED    15.5


SKY COVER
  POSSIBLE SUNSHINE  MM
  AVERAGE SKY COVER 0.4


WEATHER CONDITIONS
 THE FOLLOWING WEATHER WAS RECORDED YESTERDAY.
  NO SIGNIFICANT WEATHER WAS OBSERVED.


RELATIVE HUMIDITY (PERCENT)
 HIGHEST    56          1000 PM
 LOWEST     21          1100 AM
 AVERAGE    39

..........................................................


THE SPOKANE WA AIRPORT CLIMATE NORMALS FOR TODAY
                         NORMAL    RECORD    YEAR
 MAXIMUM TEMPERATURE (F)   69        97      1928
 MINIMUM TEMPERATURE (F)   46        31      1964


SUNRISE AND SUNSET
MAY 25 2017...........SUNRISE   502 AM PDT   SUNSET   833 PM PDT
MAY 26 2017...........SUNRISE   501 AM PDT   SUNSET   834 PM PDT


-  INDICATES NEGATIVE NUMBERS.
R  INDICATES RECORD WAS SET OR TIED.
MM INDICATES DATA IS MISSING.
T  INDICATES TRACE AMOUNT.




$$
