000
CDUS46 KOTX 180427
CLIGEG


CLIMATE REPORT
NATIONAL WEATHER SERVICE SPOKANE, WA
827 PM PST FRI NOV 17 2017


...................................

...THE SPOKANE WA AIRPORT CLIMATE SUMMARY FOR NOVEMBER 17 2017...
VALID TODAY AS OF 0800 PM LOCAL TIME.

CLIMATE NORMAL PERIOD 1981 TO 2010
CLIMATE RECORD PERIOD 1881 TO 2017


WEATHER ITEM   OBSERVED TIME   RECORD YEAR NORMAL DEPARTURE LAST
                VALUE   (LST)  VALUE       VALUE  FROM      YEAR
                                                  NORMAL
..................................................................
TEMPERATURE (F)
 TODAY
  MAXIMUM         44    217 PM  60    1908  41      3       40
  MINIMUM         32    723 AM   8    2000  30      2       30
  AVERAGE         38                        35      3       35

PRECIPITATION (IN)
  TODAY            T             0.94 1946   0.08  -0.08      T
  MONTH TO DATE    1.45                      1.23   0.22     0.83
  SINCE OCT 1      2.85                      2.41   0.44     7.06
  SINCE JAN 1     18.03                     13.19   4.84    16.07

DEGREE DAYS
 HEATING
  TODAY           27                        30     -3       30
  MONTH TO DATE  487                       456     31      292
  SINCE SEP 1   1213                      1179     34      958
  SINCE JUL 1   1216                      1244    -28      988

 COOLING
  TODAY            0                         0      0        0
  MONTH TO DATE    0                         0      0        0
  SINCE SEP 1     89                        39     50        7
  SINCE JAN 1    794                       450    344      494
..................................................................


WIND (MPH)
  HIGHEST WIND SPEED    26   HIGHEST WIND DIRECTION    SW (240)
  HIGHEST GUST SPEED    34   HIGHEST GUST DIRECTION    SW (240)
  AVERAGE WIND SPEED    16.2


SKY COVER
  POSSIBLE SUNSHINE  MM
  AVERAGE SKY COVER 0.4


WEATHER CONDITIONS
 THE FOLLOWING WEATHER WAS RECORDED TODAY.
  LIGHT RAIN


RELATIVE HUMIDITY (PERCENT)
 HIGHEST    96           400 AM
 LOWEST     57           300 PM
 AVERAGE    77

..........................................................


THE SPOKANE WA AIRPORT CLIMATE NORMALS FOR TOMORROW
                         NORMAL    RECORD    YEAR
 MAXIMUM TEMPERATURE (F)   40        65      1897
 MINIMUM TEMPERATURE (F)   29         3      1881


SUNRISE AND SUNSET
NOVEMBER 17 2017......SUNRISE   659 AM PST   SUNSET   411 PM PST
NOVEMBER 18 2017......SUNRISE   700 AM PST   SUNSET   410 PM PST


-  INDICATES NEGATIVE NUMBERS.
R  INDICATES RECORD WAS SET OR TIED.
MM INDICATES DATA IS MISSING.
T  INDICATES TRACE AMOUNT.




$$
