000
CDUS46 KOTX 290826
CLIGEG


CLIMATE REPORT
NATIONAL WEATHER SERVICE SPOKANE, WA
124 AM PDT SAT AUG 29 2015


...................................

...THE SPOKANE WA AIRPORT CLIMATE SUMMARY FOR AUGUST 28 2015...

CLIMATE NORMAL PERIOD 1981 TO 2010
CLIMATE RECORD PERIOD 1881 TO 2015


WEATHER ITEM   OBSERVED TIME   RECORD YEAR NORMAL DEPARTURE LAST
                VALUE   (LST)  VALUE       VALUE  FROM      YEAR
                                                  NORMAL
..................................................................
TEMPERATURE (F)
 YESTERDAY
  MAXIMUM         80    437 PM  99    1929  80      0       83
  MINIMUM         65    449 AM  38    1882  53     12       60
  AVERAGE         73                        66      7       72

PRECIPITATION (IN)
  YESTERDAY        T             0.36 1951   0.02  -0.02     0.00
  MONTH TO DATE    0.04                      0.53  -0.49     0.58
  SINCE OCT 1     11.79                     15.83  -4.04    12.33
  SINCE JAN 1      7.06                     10.05  -2.99    10.00

SNOWFALL (IN)
  YESTERDAY        0.0           0.0  2002   0.0    0.0      0.0
                                      2001
                                      1999
  MONTH TO DATE    0.0                       0.0    0.0      0.0
  SINCE JUN 1      0.0                       0.0    0.0      0.0
  SINCE JUL 1      0.0                       0.0    0.0      0.0
  SNOW DEPTH       0

DEGREE DAYS
 HEATING
  YESTERDAY        0                         2     -2        0
  MONTH TO DATE    1                        27    -26        1
  SINCE JUN 1     31                       195   -164      114
  SINCE JUL 1      6                        59    -53        8

 COOLING
  YESTERDAY        8                         3      5        7
  MONTH TO DATE  245                       158     87      234
  SINCE JUN 1    770                       387    383      596
  SINCE JAN 1    802                       401    401      602
..................................................................


WIND (MPH)
  HIGHEST WIND SPEED    18   HIGHEST WIND DIRECTION    SW (220)
  HIGHEST GUST SPEED    22   HIGHEST GUST DIRECTION     S (190)
  AVERAGE WIND SPEED     7.7


SKY COVER
  POSSIBLE SUNSHINE  MM
  AVERAGE SKY COVER 1.0


WEATHER CONDITIONS
 THE FOLLOWING WEATHER WAS RECORDED YESTERDAY.
  LIGHT RAIN
  HAZE


RELATIVE HUMIDITY (PERCENT)
 HIGHEST    42           700 AM
 LOWEST     26           400 PM
 AVERAGE    34

..........................................................


THE SPOKANE WA AIRPORT CLIMATE NORMALS FOR TODAY
                         NORMAL    RECORD    YEAR
 MAXIMUM TEMPERATURE (F)   79        98      1929
 MINIMUM TEMPERATURE (F)   53        35      1965


SUNRISE AND SUNSET
AUGUST 29 2015........SUNRISE   604 AM PDT   SUNSET   737 PM PDT
AUGUST 30 2015........SUNRISE   606 AM PDT   SUNSET   735 PM PDT


-  INDICATES NEGATIVE NUMBERS.
R  INDICATES RECORD WAS SET OR TIED.
MM INDICATES DATA IS MISSING.
T  INDICATES TRACE AMOUNT.




$$
