000
CDUS46 KOTX 250832
CLIGEG


CLIMATE REPORT
NATIONAL WEATHER SERVICE SPOKANE, WA
132 AM PDT TUE APR 25 2017


...................................

...THE SPOKANE WA AIRPORT CLIMATE SUMMARY FOR APRIL 24 2017...

CLIMATE NORMAL PERIOD 1981 TO 2010
CLIMATE RECORD PERIOD 1881 TO 2017


WEATHER ITEM   OBSERVED TIME   RECORD YEAR NORMAL DEPARTURE LAST
                VALUE   (LST)  VALUE       VALUE  FROM      YEAR
                                                  NORMAL
..................................................................
TEMPERATURE (F)
 YESTERDAY
  MAXIMUM         52    340 PM  90    1977  60     -8       60
  MINIMUM         42    709 AM  21    2002  38      4       42
  AVERAGE         47                        49     -2       51

PRECIPITATION (IN)
  YESTERDAY        0.03          0.63 1975   0.04  -0.01     0.00
  MONTH TO DATE    1.45                      1.06   0.39     0.24
  SINCE OCT 1     21.09                     11.57   9.52    13.36
  SINCE JAN 1     11.80                      5.79   6.01     7.00

SNOWFALL (IN)
  YESTERDAY        0.0           1.4  1957   0.0    0.0      0.0
  MONTH TO DATE    0.5                       0.9   -0.4      0.0
  SINCE MAR 1      5.9                       4.4    1.5      0.6
  SINCE JUL 1     61.5                      44.7   16.8     34.2
  SNOW DEPTH       0

DEGREE DAYS
 HEATING
  YESTERDAY       18                        16      2       14
  MONTH TO DATE  453                       448      5      233
  SINCE MAR 1   1194                      1215    -21      916
  SINCE JUL 1   6187                      6044    143     5205

 COOLING
  YESTERDAY        0                         0      0        0
  MONTH TO DATE    0                         0      0        6
  SINCE MAR 1      0                         0      0        6
  SINCE JAN 1      0                         0      0        6
..................................................................


WIND (MPH)
  HIGHEST WIND SPEED    18   HIGHEST WIND DIRECTION     W (260)
  HIGHEST GUST SPEED    22   HIGHEST GUST DIRECTION     S (200)
  AVERAGE WIND SPEED     8.6


SKY COVER
  POSSIBLE SUNSHINE  MM
  AVERAGE SKY COVER 0.9


WEATHER CONDITIONS
 THE FOLLOWING WEATHER WAS RECORDED YESTERDAY.
  LIGHT RAIN


RELATIVE HUMIDITY (PERCENT)
 HIGHEST    83          1100 AM
 LOWEST     56           300 PM
 AVERAGE    70

..........................................................


THE SPOKANE WA AIRPORT CLIMATE NORMALS FOR TODAY
                         NORMAL    RECORD    YEAR
 MAXIMUM TEMPERATURE (F)   60        89      1946
 MINIMUM TEMPERATURE (F)   38        21      1984


SUNRISE AND SUNSET
APRIL 25 2017.........SUNRISE   542 AM PDT   SUNSET   754 PM PDT
APRIL 26 2017.........SUNRISE   541 AM PDT   SUNSET   756 PM PDT


-  INDICATES NEGATIVE NUMBERS.
R  INDICATES RECORD WAS SET OR TIED.
MM INDICATES DATA IS MISSING.
T  INDICATES TRACE AMOUNT.




$$
