000
CDUS45 KRIW 010735
CLIGEY


CLIMATE REPORT
NATIONAL WEATHER SERVICE RIVERTON WY
135 AM MDT TUE SEP 1 2015


...................................

...THE GREYBULL WY CLIMATE SUMMARY FOR AUGUST 31 2015...

CLIMATE NORMAL PERIOD 1981 TO 2010
CLIMATE RECORD PERIOD 1998 TO 2015


WEATHER ITEM   OBSERVED TIME   RECORD YEAR NORMAL DEPARTURE LAST
                VALUE   (LST)  VALUE       VALUE  FROM      YEAR
                                                  NORMAL
..................................................................
TEMPERATURE (F)
 YESTERDAY
  MAXIMUM         88    400 PM  97    2011  84      4       71
  MINIMUM         53    610 AM  36    2005  50      3       53
  AVERAGE         71                        67      4       62

PRECIPITATION (IN)
  YESTERDAY        0.00          0.14 2008   0.02  -0.02     0.03
  MONTH TO DATE    0.09                      0.42  -0.33     1.01
  SINCE JUN 1      0.34                      2.28  -1.94     2.16
  SINCE JAN 1      1.92                      5.45  -3.53     3.86

DEGREE DAYS
 HEATING
  YESTERDAY        0                         2     -2        3
  MONTH TO DATE   25                        12     13       27
  SINCE JUN 1     28                        91    -63       83
  SINCE JUL 1     28                        21      7       27

 COOLING
  YESTERDAY        6                         4      2        0
  MONTH TO DATE  237                       230      7      220
  SINCE JUN 1    744                       613    131      613
  SINCE JAN 1    749                       633    116      655
..................................................................


WIND (MPH)
  HIGHEST WIND SPEED    17   HIGHEST WIND DIRECTION     W (280)
  HIGHEST GUST SPEED    22   HIGHEST GUST DIRECTION     W (270)
  AVERAGE WIND SPEED     5.7


SKY COVER
  POSSIBLE SUNSHINE  MM
  AVERAGE SKY COVER 0.0


WEATHER CONDITIONS
 THE FOLLOWING WEATHER WAS RECORDED YESTERDAY.
  NO SIGNIFICANT WEATHER WAS OBSERVED.


RELATIVE HUMIDITY (PERCENT)
 HIGHEST    59           600 AM
 LOWEST     10           300 PM
 AVERAGE    35

..........................................................


THE GREYBULL WY CLIMATE NORMALS FOR TODAY
                         NORMAL    RECORD    YEAR
 MAXIMUM TEMPERATURE (F)   84        95      2004
 MINIMUM TEMPERATURE (F)   50        41      2005


SUNRISE AND SUNSET
SEPTEMBER  1 2015.....SUNRISE   635 AM MDT   SUNSET   749 PM MDT
SEPTEMBER  2 2015.....SUNRISE   636 AM MDT   SUNSET   747 PM MDT


-  INDICATES NEGATIVE NUMBERS.
R  INDICATES RECORD WAS SET OR TIED.
MM INDICATES DATA IS MISSING.
T  INDICATES TRACE AMOUNT.




$$
