000
CDUS45 KRIW 290733
CLIGEY


CLIMATE REPORT
NATIONAL WEATHER SERVICE RIVERTON WY
133 AM MDT MON JUN 29 2015


...................................

...THE GREYBULL WY CLIMATE SUMMARY FOR JUNE 28 2015...

CLIMATE NORMAL PERIOD 1981 TO 2010
CLIMATE RECORD PERIOD 1998 TO 2015


WEATHER ITEM   OBSERVED TIME   RECORD YEAR NORMAL DEPARTURE LAST
                VALUE   (LST)  VALUE       VALUE  FROM      YEAR
                                                  NORMAL
..................................................................
TEMPERATURE (F)
 YESTERDAY
  MAXIMUM        101    135 PM 102    2002  86     15       75
  MINIMUM         64    503 AM  42    1999  55      9       53
  AVERAGE         83                        70     13       64

PRECIPITATION (IN)
  YESTERDAY        0.00          0.03 2014   0.01  -0.01     0.03
  MONTH TO DATE    0.25                      1.17  -0.92     0.94
  SINCE JUN 1      0.25                      1.17  -0.92     0.94
  SINCE JAN 1      1.83                      4.34  -2.51     2.64

DEGREE DAYS
 HEATING
  YESTERDAY        0                         1     -1        1
  MONTH TO DATE    0                        69    -69       56
  SINCE JUN 1      0                        69    -69       56
  SINCE JUL 1   7119                      7749   -630     7640

 COOLING
  YESTERDAY       18                         6     12        0
  MONTH TO DATE  210                        94    116       45
  SINCE JUN 1    210                        94    116       45
  SINCE JAN 1    215                       114    101       87
..................................................................


WIND (MPH)
  HIGHEST WIND SPEED    21   HIGHEST WIND DIRECTION     N (350)
  HIGHEST GUST SPEED    26   HIGHEST GUST DIRECTION     N (10)
  AVERAGE WIND SPEED     5.9


SKY COVER
  POSSIBLE SUNSHINE  MM
  AVERAGE SKY COVER 0.0


WEATHER CONDITIONS
 THE FOLLOWING WEATHER WAS RECORDED YESTERDAY.
  NO SIGNIFICANT WEATHER WAS OBSERVED.


RELATIVE HUMIDITY (PERCENT)
 HIGHEST    52           400 AM
 LOWEST     13           100 PM
 AVERAGE    33

..........................................................


THE GREYBULL WY CLIMATE NORMALS FOR TODAY
                         NORMAL    RECORD    YEAR
 MAXIMUM TEMPERATURE (F)   86       105      2002
 MINIMUM TEMPERATURE (F)   55        47      2014


SUNRISE AND SUNSET
JUNE 29 2015..........SUNRISE   530 AM MDT   SUNSET   901 PM MDT
JUNE 30 2015..........SUNRISE   531 AM MDT   SUNSET   901 PM MDT


-  INDICATES NEGATIVE NUMBERS.
R  INDICATES RECORD WAS SET OR TIED.
MM INDICATES DATA IS MISSING.
T  INDICATES TRACE AMOUNT.




$$
