000
CDUS45 KRIW 070738
CLIGEY


CLIMATE REPORT
NATIONAL WEATHER SERVICE RIVERTON WY
1236 AM MST SUN FEB 7 2016


...................................

...THE GREYBULL WY CLIMATE SUMMARY FOR FEBRUARY 6 2016...

CLIMATE NORMAL PERIOD 1981 TO 2010
CLIMATE RECORD PERIOD 1998 TO 2016


WEATHER ITEM   OBSERVED TIME   RECORD YEAR NORMAL DEPARTURE LAST
                VALUE   (LST)  VALUE       VALUE  FROM      YEAR
                                                  NORMAL
..................................................................
TEMPERATURE (F)
 YESTERDAY
  MAXIMUM         44    500 PM  56    2015  32     12       56
  MINIMUM         16    348 AM -29    2014   8      8       29
  AVERAGE         30                        20     10       43

PRECIPITATION (IN)
  YESTERDAY        0.00          T    2011   0.00   0.00     0.00
                                      2008
                                      2005
  MONTH TO DATE    T                         0.03  -0.03      T
  SINCE DEC 1      0.12                      0.54  -0.42     0.43
  SINCE JAN 1      0.11                      0.26  -0.15     0.22

DEGREE DAYS
 HEATING
  YESTERDAY       35                        45    -10       22
  MONTH TO DATE  243                       274    -31      213
  SINCE DEC 1   3013                      3231   -218     3126
  SINCE JUL 1   4530                      5088   -558     4959

 COOLING
  YESTERDAY        0                         0      0        0
  MONTH TO DATE    0                         0      0        0
  SINCE DEC 1      0                         0      0        0
  SINCE JAN 1      0                         0      0        0
..................................................................


WIND (MPH)
  HIGHEST WIND SPEED    23   HIGHEST WIND DIRECTION    NW (300)
  HIGHEST GUST SPEED    29   HIGHEST GUST DIRECTION    NW (310)
  AVERAGE WIND SPEED     7.4


SKY COVER
  POSSIBLE SUNSHINE  MM
  AVERAGE SKY COVER 0.0


WEATHER CONDITIONS
 THE FOLLOWING WEATHER WAS RECORDED YESTERDAY.
  NO SIGNIFICANT WEATHER WAS OBSERVED.


RELATIVE HUMIDITY (PERCENT)
 HIGHEST    84          1200 AM
 LOWEST     33           500 PM
 AVERAGE    59

..........................................................


THE GREYBULL WY CLIMATE NORMALS FOR TODAY
                         NORMAL    RECORD    YEAR
 MAXIMUM TEMPERATURE (F)   32        58      2015
                                             1999
 MINIMUM TEMPERATURE (F)    8       -24      2014


SUNRISE AND SUNSET
FEBRUARY  7 2016......SUNRISE   724 AM MST   SUNSET   529 PM MST
FEBRUARY  8 2016......SUNRISE   723 AM MST   SUNSET   531 PM MST


-  INDICATES NEGATIVE NUMBERS.
R  INDICATES RECORD WAS SET OR TIED.
MM INDICATES DATA IS MISSING.
T  INDICATES TRACE AMOUNT.




$$
