000
CDUS45 KRIW 310029
CLIGEY


CLIMATE REPORT
NATIONAL WEATHER SERVICE RIVERTON WY
627 PM MDT SAT AUG 30 2014


...................................

...THE GREYBULL WY CLIMATE SUMMARY FOR AUGUST 30 2014...
VALID TODAY AS OF 0500 PM LOCAL TIME.

CLIMATE NORMAL PERIOD 1981 TO 2010
CLIMATE RECORD PERIOD 1998 TO 2014


WEATHER ITEM   OBSERVED TIME   RECORD YEAR NORMAL DEPARTURE LAST
                VALUE   (LST)  VALUE       VALUE  FROM      YEAR
                                                  NORMAL
..................................................................
TEMPERATURE (F)
 TODAY
  MAXIMUM         83        MM  98    1999  85     -2       97
  MINIMUM         54        MM  43    2005  50      4       56
  AVERAGE         69

PRECIPITATION (IN)
  TODAY            T             0.06 1999   0.02  -0.02      T
  MONTH TO DATE    0.98                      0.40   0.58      T
  SINCE JUN 1      2.13                      2.26  -0.13     0.72
  SINCE JAN 1      3.83                      5.43  -1.60     2.62

DEGREE DAYS
 HEATING
  TODAY            0                         2     -2        0
  MONTH TO DATE   24                        10     14        0
  SINCE JUN 1     80                        86     -6       36
  SINCE JUL 1     24                        16      8        0

 COOLING
  TODAY            4                         4      0       12
  MONTH TO DATE  220                       225     -5      318
  SINCE JUN 1    613                       608      5      874
  SINCE JAN 1    655                       628     27      901
..................................................................


WIND (MPH)
  HIGHEST WIND SPEED    12   HIGHEST WIND DIRECTION     N (350)
  HIGHEST GUST SPEED    MM   HIGHEST GUST DIRECTION    MM
  AVERAGE WIND SPEED     5.5


SKY COVER
  POSSIBLE SUNSHINE  MM
  AVERAGE SKY COVER 0.0


WEATHER CONDITIONS
 THE FOLLOWING WEATHER WAS RECORDED TODAY.
  THUNDERSTORM
  LIGHT RAIN
  FOG


RELATIVE HUMIDITY (PERCENT)
 HIGHEST    72           200 AM
 LOWEST     26           100 PM
 AVERAGE    49

..........................................................


THE GREYBULL WY CLIMATE NORMALS FOR TOMORROW
                         NORMAL    RECORD    YEAR
 MAXIMUM TEMPERATURE (F)   84        97      2011
 MINIMUM TEMPERATURE (F)   50        36      2005


SUNRISE AND SUNSET
AUGUST 30 2014........SUNRISE   633 AM MDT   SUNSET   752 PM MDT
AUGUST 31 2014........SUNRISE   634 AM MDT   SUNSET   750 PM MDT


-  INDICATES NEGATIVE NUMBERS.
R  INDICATES RECORD WAS SET OR TIED.
MM INDICATES DATA IS MISSING.
T  INDICATES TRACE AMOUNT.




$$
