000
CDUS45 KRIW 280744
CLIGEY


CLIMATE REPORT
NATIONAL WEATHER SERVICE RIVERTON WY
1238 AM MST FRI NOV 28 2014


...................................

...THE GREYBULL WY CLIMATE SUMMARY FOR NOVEMBER 27 2014...

CLIMATE NORMAL PERIOD 1981 TO 2010
CLIMATE RECORD PERIOD 1998 TO 2014


WEATHER ITEM   OBSERVED TIME   RECORD YEAR NORMAL DEPARTURE LAST
                VALUE   (LST)  VALUE       VALUE  FROM      YEAR
                                                  NORMAL
..................................................................
TEMPERATURE (F)
 YESTERDAY
  MAXIMUM         34   1159 PM  60    1998  35     -1       40
  MINIMUM         19   1013 PM   4    2010  12      7       15
  AVERAGE         27                        24      3       28

PRECIPITATION (IN)
  YESTERDAY        0.00          T    2005   0.01  -0.01     0.00
                                      2003
  MONTH TO DATE    0.58                      0.27   0.31      T
  SINCE SEP 1      1.45                      1.75  -0.30     2.23
  SINCE JAN 1      5.31                      7.20  -1.89     4.85

DEGREE DAYS
 HEATING
  YESTERDAY       38                        41     -3       37
  MONTH TO DATE 1126                       906    220      898
  SINCE SEP 1   1668                      1707    -39     1707
  SINCE JUL 1   1695                      1728    -33     1707

 COOLING
  YESTERDAY        0                         0      0        0
  MONTH TO DATE    0                         0      0        0
  SINCE SEP 1     43                        36      7       96
  SINCE JAN 1    698                       669     29     1005
..................................................................


WIND (MPH)
  HIGHEST WIND SPEED    13   HIGHEST WIND DIRECTION    SE (150)
  HIGHEST GUST SPEED    17   HIGHEST GUST DIRECTION    SE (130)
  AVERAGE WIND SPEED     3.5


SKY COVER
  POSSIBLE SUNSHINE  MM
  AVERAGE SKY COVER 0.1


WEATHER CONDITIONS
 THE FOLLOWING WEATHER WAS RECORDED YESTERDAY.
  FOG


RELATIVE HUMIDITY (PERCENT)
 HIGHEST   100          1200 AM
 LOWEST     78           200 PM
 AVERAGE    89

..........................................................


THE GREYBULL WY CLIMATE NORMALS FOR TODAY
                         NORMAL    RECORD    YEAR
 MAXIMUM TEMPERATURE (F)   35        60      1998
 MINIMUM TEMPERATURE (F)   11         1      2000


SUNRISE AND SUNSET
NOVEMBER 28 2014......SUNRISE   725 AM MST   SUNSET   435 PM MST
NOVEMBER 29 2014......SUNRISE   726 AM MST   SUNSET   435 PM MST


-  INDICATES NEGATIVE NUMBERS.
R  INDICATES RECORD WAS SET OR TIED.
MM INDICATES DATA IS MISSING.
T  INDICATES TRACE AMOUNT.




$$
