000
CDUS45 KRIW 270036
CLIGEY


CLIMATE REPORT
NATIONAL WEATHER SERVICE RIVERTON WY
634 PM MDT WED APR 26 2017


...................................

...THE GREYBULL WY CLIMATE SUMMARY FOR APRIL 26 2017...
VALID TODAY AS OF 0500 PM LOCAL TIME.

CLIMATE NORMAL PERIOD 1981 TO 2010
CLIMATE RECORD PERIOD 1998 TO 2017


WEATHER ITEM   OBSERVED TIME   RECORD YEAR NORMAL DEPARTURE LAST
                VALUE   (LST)  VALUE       VALUE  FROM      YEAR
                                                  NORMAL
..................................................................
TEMPERATURE (F)
 TODAY
  MAXIMUM         57        MM  84    2012  64     -7       47
  MINIMUM         32    500 AM  28    2010  36     -4       36
                                      2002
  AVERAGE         45

PRECIPITATION (IN)
  TODAY            0.02          0.21 1999   0.03  -0.01      T
  MONTH TO DATE    0.49                      0.59  -0.10     0.46
  SINCE MAR 1      0.79                      0.99  -0.20     0.82
  SINCE JAN 1      1.00                      1.40  -0.40     0.93

DEGREE DAYS
 HEATING
  TODAY           20                        15      5       23
  MONTH TO DATE  438                       499    -61      364
  SINCE MAR 1   1082                      1370   -288     1112
  SINCE JUL 1   7123                      7341   -218     6265

 COOLING
  TODAY            0                         0      0        0
  MONTH TO DATE    0                         0      0        0
  SINCE MAR 1      0                         0      0        0
  SINCE JAN 1      0                         0      0        0
..................................................................


WIND (MPH)
  HIGHEST WIND SPEED     8   HIGHEST WIND DIRECTION     S (190)
  HIGHEST GUST SPEED    MM   HIGHEST GUST DIRECTION    MM
  AVERAGE WIND SPEED     3.8


SKY COVER
  POSSIBLE SUNSHINE  MM
  AVERAGE SKY COVER 0.7


WEATHER CONDITIONS
 THE FOLLOWING WEATHER WAS RECORDED TODAY.
  RAIN
  LIGHT RAIN


RELATIVE HUMIDITY (PERCENT)
 HIGHEST    82           300 AM
 LOWEST     32           100 PM
 AVERAGE    57

..........................................................


THE GREYBULL WY CLIMATE NORMALS FOR TOMORROW
                         NORMAL    RECORD    YEAR
 MAXIMUM TEMPERATURE (F)   64        82      2004
 MINIMUM TEMPERATURE (F)   36        23      2008


SUNRISE AND SUNSET
APRIL 26 2017.........SUNRISE   610 AM MDT   SUNSET   811 PM MDT
APRIL 27 2017.........SUNRISE   608 AM MDT   SUNSET   812 PM MDT


-  INDICATES NEGATIVE NUMBERS.
R  INDICATES RECORD WAS SET OR TIED.
MM INDICATES DATA IS MISSING.
T  INDICATES TRACE AMOUNT.




$$
