000
CDUS43 KIND 250546
CLIGEZ


CLIMATE REPORT
NATIONAL WEATHER SERVICE INDIANAPOLIS IN
1243 AM EST THU DEC 25 2014


...................................

...THE SHELBYVILLE IN CLIMATE SUMMARY FOR DECEMBER 24 2014...

CLIMATE NORMAL PERIOD 1981 TO 2010
CLIMATE RECORD PERIOD 9999 TO 9999


WEATHER ITEM   OBSERVED TIME   NORMAL DEPARTURE LAST
                VALUE   (LST)  VALUE  FROM      YEAR
                                      NORMAL
......................................................
TEMPERATURE (F)
 YESTERDAY
  MAXIMUM         50   1257 AM  37     13       21
  MINIMUM         38   1036 PM  22     16       10
  AVERAGE         44            30     14       16

PRECIPITATION (IN)
  YESTERDAY        0.29          0.13   0.16      T
  MONTH TO DATE    2.54          2.48   0.06     5.88
  SINCE DEC 1      2.54          2.48   0.06     5.88
  SINCE JAN 1     39.50         42.77  -3.27    35.12

DEGREE DAYS
 HEATING
  YESTERDAY       21            35    -14       49
  MONTH TO DATE  679           779   -100      789
  SINCE DEC 1    679           779   -100      789
  SINCE JUL 1   1863          1854      9     1855

 COOLING
  YESTERDAY        0             0      0        0
  MONTH TO DATE    0             0      0        0
  SINCE DEC 1      0             0      0        0
  SINCE JAN 1   1080           913    167     1179
......................................................


WIND (MPH)
  HIGHEST WIND SPEED    22   HIGHEST WIND DIRECTION     W (270)
  HIGHEST GUST SPEED    29   HIGHEST GUST DIRECTION     W (280)
  AVERAGE WIND SPEED    12.5


SKY COVER
  AVERAGE SKY COVER 0.9


WEATHER CONDITIONS
 THE FOLLOWING WEATHER WAS RECORDED YESTERDAY.
  HEAVY RAIN
  RAIN
  LIGHT RAIN
  FOG


RELATIVE HUMIDITY (PERCENT)
 HIGHEST    96           900 AM
 LOWEST     79           500 PM
 AVERAGE    88

..........................................................


THE SHELBYVILLE IN CLIMATE NORMALS FOR TODAY
                         NORMAL
 MAXIMUM TEMPERATURE (F)   37
 MINIMUM TEMPERATURE (F)   22


SUNRISE AND SUNSET
DECEMBER 25 2014......SUNRISE   802 AM EST   SUNSET   525 PM EST
DECEMBER 26 2014......SUNRISE   802 AM EST   SUNSET   525 PM EST


-  INDICATES NEGATIVE NUMBERS.
R  INDICATES RECORD WAS SET OR TIED.
MM INDICATES DATA IS MISSING.
T  INDICATES TRACE AMOUNT.




$$
