000
CDUS43 KIND 300535
CLIGEZ


CLIMATE REPORT
NATIONAL WEATHER SERVICE INDIANAPOLIS IN
133 AM EDT SUN APR 30 2017


...................................

...THE SHELBYVILLE IN CLIMATE SUMMARY FOR APRIL 29 2017...

CLIMATE NORMAL PERIOD 1981 TO 2010
CLIMATE RECORD PERIOD 9999 TO 9999


WEATHER ITEM   OBSERVED TIME   NORMAL DEPARTURE LAST
                VALUE   (LST)  VALUE  FROM      YEAR
                                      NORMAL
......................................................
TEMPERATURE (F)
 YESTERDAY
  MAXIMUM         79    454 PM  68     11       66
  MINIMUM         60   1159 PM  47     13       52
  AVERAGE         70            57     13       59

PRECIPITATION (IN)
  YESTERDAY        1.40          0.19   1.21     0.00
  MONTH TO DATE    3.45          4.11  -0.66     4.35
  SINCE MAR 1      7.13          7.54  -0.41     9.10
  SINCE JAN 1     12.57         12.29   0.28    13.74

DEGREE DAYS
 HEATING
  YESTERDAY        0             8     -8        6
  MONTH TO DATE  180           369   -189      314
  SINCE MAR 1    804          1089   -285      761
  SINCE JUL 1   3987          5252  -1265     3930

 COOLING
  YESTERDAY        5             1      4        0
  MONTH TO DATE   54             1     53       20
  SINCE MAR 1     58             2     56       20
  SINCE JAN 1     58             2     56       20
......................................................


WIND (MPH)
  HIGHEST WIND SPEED    30   HIGHEST WIND DIRECTION    NW (330)
  HIGHEST GUST SPEED    36   HIGHEST GUST DIRECTION     N (340)
  AVERAGE WIND SPEED     9.7


SKY COVER
  AVERAGE SKY COVER 0.6


WEATHER CONDITIONS
 THE FOLLOWING WEATHER WAS RECORDED YESTERDAY.
  THUNDERSTORM
  HEAVY RAIN
  RAIN
  LIGHT RAIN
  FOG


RELATIVE HUMIDITY (PERCENT)
 HIGHEST    93          1000 AM
 LOWEST     58           500 PM
 AVERAGE    76

..........................................................


THE SHELBYVILLE IN CLIMATE NORMALS FOR TODAY
                         NORMAL
 MAXIMUM TEMPERATURE (F)   68
 MINIMUM TEMPERATURE (F)   47


SUNRISE AND SUNSET
APRIL 30 2017.........SUNRISE   645 AM EDT   SUNSET   836 PM EDT
MAY  1 2017...........SUNRISE   644 AM EDT   SUNSET   837 PM EDT


-  INDICATES NEGATIVE NUMBERS.
R  INDICATES RECORD WAS SET OR TIED.
MM INDICATES DATA IS MISSING.
T  INDICATES TRACE AMOUNT.




$$
