000
CDUS43 KIND 250530
CLIGEZ


CLIMATE REPORT
NATIONAL WEATHER SERVICE INDIANAPOLIS IN
130 AM EDT SUN JUN 25 2017


...................................

...THE SHELBYVILLE IN CLIMATE SUMMARY FOR JUNE 24 2017...

CLIMATE NORMAL PERIOD 1981 TO 2010
CLIMATE RECORD PERIOD 9999 TO 9999


WEATHER ITEM   OBSERVED TIME   NORMAL DEPARTURE LAST
                VALUE   (LST)  VALUE  FROM      YEAR
                                      NORMAL
......................................................
TEMPERATURE (F)
 YESTERDAY
  MAXIMUM         79    327 PM  84     -5       87
  MINIMUM         62   1159 PM  63     -1       68
  AVERAGE         71            73     -2       78

PRECIPITATION (IN)
  YESTERDAY        0.00          0.15  -0.15     0.00
  MONTH TO DATE    4.99          3.60   1.39     4.08
  SINCE JUN 1      4.99          3.60   1.39     4.08
  SINCE JAN 1     23.61         21.38   2.23    20.62

DEGREE DAYS
 HEATING
  YESTERDAY        0             0      0        0
  MONTH TO DATE    1            11    -10        0
  SINCE JUN 1      1            11    -10        0
  SINCE JUL 1   4106          5406  -1300     4071

 COOLING
  YESTERDAY        6             8     -2       13
  MONTH TO DATE  218           156     62      254
  SINCE JUN 1    218           156     62      254
  SINCE JAN 1    380           237    143      377
......................................................


WIND (MPH)
  HIGHEST WIND SPEED    20   HIGHEST WIND DIRECTION     W (270)
  HIGHEST GUST SPEED    25   HIGHEST GUST DIRECTION     W (270)
  AVERAGE WIND SPEED     9.2


SKY COVER
  AVERAGE SKY COVER 0.1


WEATHER CONDITIONS
 THE FOLLOWING WEATHER WAS RECORDED YESTERDAY.
  NO SIGNIFICANT WEATHER WAS OBSERVED.


RELATIVE HUMIDITY (PERCENT)
 HIGHEST    87           100 AM
 LOWEST     39           500 PM
 AVERAGE    63

..........................................................


THE SHELBYVILLE IN CLIMATE NORMALS FOR TODAY
                         NORMAL
 MAXIMUM TEMPERATURE (F)   84
 MINIMUM TEMPERATURE (F)   63


SUNRISE AND SUNSET
JUNE 25 2017..........SUNRISE   617 AM EDT   SUNSET   915 PM EDT
JUNE 26 2017..........SUNRISE   617 AM EDT   SUNSET   915 PM EDT


-  INDICATES NEGATIVE NUMBERS.
R  INDICATES RECORD WAS SET OR TIED.
MM INDICATES DATA IS MISSING.
T  INDICATES TRACE AMOUNT.




$$
