000
CDUS43 KIND 260532
CLIGEZ


CLIMATE REPORT
NATIONAL WEATHER SERVICE INDIANAPOLIS IN
131 AM EDT THU MAY 26 2016


...................................

...THE SHELBYVILLE IN CLIMATE SUMMARY FOR MAY 25 2016...

CLIMATE NORMAL PERIOD 1981 TO 2010
CLIMATE RECORD PERIOD 9999 TO 9999


WEATHER ITEM   OBSERVED TIME   NORMAL DEPARTURE LAST
                VALUE   (LST)  VALUE  FROM      YEAR
                                      NORMAL
......................................................
TEMPERATURE (F)
 YESTERDAY
  MAXIMUM         86    435 PM  76     10       82
  MINIMUM         63   1257 AM  55      8       69
  AVERAGE         75            66      9       76

PRECIPITATION (IN)
  YESTERDAY        0.00          0.16  -0.16     0.06
  MONTH TO DATE    2.23          4.45  -2.22     1.33
  SINCE MAR 1     11.81         12.20  -0.39     9.86
  SINCE JAN 1     16.45         16.95  -0.50    12.88

DEGREE DAYS
 HEATING
  YESTERDAY        0             3     -3        0
  MONTH TO DATE  134           124     10       59
  SINCE MAR 1    902          1221   -319     1113
  SINCE JUL 1   4071          5384  -1313     5554

 COOLING
  YESTERDAY       10             3      7       11
  MONTH TO DATE   33            46    -13      127
  SINCE MAR 1     53            59     -6      135
  SINCE JAN 1     53            59     -6      135
......................................................


WIND (MPH)
  HIGHEST WIND SPEED    23   HIGHEST WIND DIRECTION     S (190)
  HIGHEST GUST SPEED    27   HIGHEST GUST DIRECTION     S (190)
  AVERAGE WIND SPEED    10.6


SKY COVER
  AVERAGE SKY COVER 0.4


WEATHER CONDITIONS
 THE FOLLOWING WEATHER WAS RECORDED YESTERDAY.
  NO SIGNIFICANT WEATHER WAS OBSERVED.


RELATIVE HUMIDITY (PERCENT)
 HIGHEST    78           100 AM
 LOWEST     42           400 PM
 AVERAGE    60

..........................................................


THE SHELBYVILLE IN CLIMATE NORMALS FOR TODAY
                         NORMAL
 MAXIMUM TEMPERATURE (F)   77
 MINIMUM TEMPERATURE (F)   56


SUNRISE AND SUNSET
MAY 26 2016...........SUNRISE   620 AM EDT   SUNSET   901 PM EDT
MAY 27 2016...........SUNRISE   620 AM EDT   SUNSET   901 PM EDT


-  INDICATES NEGATIVE NUMBERS.
R  INDICATES RECORD WAS SET OR TIED.
MM INDICATES DATA IS MISSING.
T  INDICATES TRACE AMOUNT.




$$
