000
CDUS43 KIND 020535
CLIGEZ


CLIMATE REPORT
NATIONAL WEATHER SERVICE INDIANAPOLIS IN
134 AM EDT TUE JUN 2 2015


...................................

...THE SHELBYVILLE IN CLIMATE SUMMARY FOR JUNE 1 2015...

CLIMATE NORMAL PERIOD 1981 TO 2010
CLIMATE RECORD PERIOD 9999 TO 9999


WEATHER ITEM   OBSERVED TIME   NORMAL DEPARTURE LAST
                VALUE   (LST)  VALUE  FROM      YEAR
                                      NORMAL
......................................................
TEMPERATURE (F)
 YESTERDAY
  MAXIMUM         61    542 PM  78    -17       90
  MINIMUM         53    747 AM  58     -5       62
  AVERAGE         57            68    -11       76

PRECIPITATION (IN)
  YESTERDAY        0.10          0.16  -0.06     0.01
  MONTH TO DATE    0.10          0.16  -0.06     0.01
  SINCE JUN 1      0.10          0.16  -0.06     0.01
  SINCE JAN 1     14.14         17.94  -3.80    15.50

DEGREE DAYS
 HEATING
  YESTERDAY        8             1      7        0
  MONTH TO DATE    8             1      7        0
  SINCE JUN 1      8             1      7        0
  SINCE JUL 1   5564          5396    168     5702

 COOLING
  YESTERDAY        0             4     -4       11
  MONTH TO DATE    0             4     -4       11
  SINCE JUN 1      0             4     -4       11
  SINCE JAN 1    188            85    103      174
......................................................


WIND (MPH)
  HIGHEST WIND SPEED    16   HIGHEST WIND DIRECTION    NE (50)
  HIGHEST GUST SPEED    19   HIGHEST GUST DIRECTION    NE (50)
  AVERAGE WIND SPEED    10.2


SKY COVER
  AVERAGE SKY COVER 1.0


WEATHER CONDITIONS
 THE FOLLOWING WEATHER WAS RECORDED YESTERDAY.
  LIGHT RAIN
  HAZE


RELATIVE HUMIDITY (PERCENT)
 HIGHEST    86          1100 AM
 LOWEST     72           400 PM
 AVERAGE    79

..........................................................


THE SHELBYVILLE IN CLIMATE NORMALS FOR TODAY
                         NORMAL
 MAXIMUM TEMPERATURE (F)   79
 MINIMUM TEMPERATURE (F)   58


SUNRISE AND SUNSET
JUNE  2 2015..........SUNRISE   617 AM EDT   SUNSET   905 PM EDT
JUNE  3 2015..........SUNRISE   617 AM EDT   SUNSET   906 PM EDT


-  INDICATES NEGATIVE NUMBERS.
R  INDICATES RECORD WAS SET OR TIED.
MM INDICATES DATA IS MISSING.
T  INDICATES TRACE AMOUNT.




$$
