000
CDUS43 KIND 110535
CLIGEZ


CLIMATE REPORT
NATIONAL WEATHER SERVICE INDIANAPOLIS IN
1234 AM EST MON DEC 11 2017


...................................

...THE SHELBYVILLE IN CLIMATE SUMMARY FOR DECEMBER 10 2017...

CLIMATE NORMAL PERIOD 1981 TO 2010
CLIMATE RECORD PERIOD 9999 TO 9999


WEATHER ITEM   OBSERVED TIME   NORMAL DEPARTURE LAST
                VALUE   (LST)  VALUE  FROM      YEAR
                                      NORMAL
......................................................
TEMPERATURE (F)
 YESTERDAY
  MAXIMUM         38    423 PM  41     -3       30
  MINIMUM         17    436 AM  26     -9       21
  AVERAGE         28            33     -5       26

PRECIPITATION (IN)
  YESTERDAY        0.00          0.10  -0.10     0.00
  MONTH TO DATE    0.27          1.10  -0.83     0.58
  SINCE DEC 1      0.27          1.10  -0.83     0.58
  SINCE JAN 1     46.31         41.39   4.92    41.93

DEGREE DAYS
 HEATING
  YESTERDAY       37            32      5       39
  MONTH TO DATE  288           302    -14      312
  SINCE DEC 1    288           302    -14      312
  SINCE JUL 1   1181          1377   -196      998

 COOLING
  YESTERDAY        0             0      0        0
  MONTH TO DATE    0             0      0        0
  SINCE DEC 1      0             0      0        0
  SINCE JAN 1   1132           913    219     1470
......................................................


WIND (MPH)
  HIGHEST WIND SPEED    23   HIGHEST WIND DIRECTION     S (200)
  HIGHEST GUST SPEED    27   HIGHEST GUST DIRECTION    SW (220)
  AVERAGE WIND SPEED    10.8


SKY COVER
  AVERAGE SKY COVER 0.3


WEATHER CONDITIONS
 THE FOLLOWING WEATHER WAS RECORDED YESTERDAY.
  NO SIGNIFICANT WEATHER WAS OBSERVED.


RELATIVE HUMIDITY (PERCENT)
 HIGHEST    80           500 AM
 LOWEST     44           300 PM
 AVERAGE    62

..........................................................


THE SHELBYVILLE IN CLIMATE NORMALS FOR TODAY
                         NORMAL
 MAXIMUM TEMPERATURE (F)   40
 MINIMUM TEMPERATURE (F)   25


SUNRISE AND SUNSET
DECEMBER 11 2017......SUNRISE   754 AM EST   SUNSET   519 PM EST
DECEMBER 12 2017......SUNRISE   755 AM EST   SUNSET   519 PM EST


-  INDICATES NEGATIVE NUMBERS.
R  INDICATES RECORD WAS SET OR TIED.
MM INDICATES DATA IS MISSING.
T  INDICATES TRACE AMOUNT.




$$
