000
CDUS43 KFGF 220658
CLIGFK


CLIMATE REPORT
NATIONAL WEATHER SERVICE EASTERN NORTH DAKOTA/GRAND FORKS
156 AM CDT SUN OCT 22 2017


...................................

...THE GRAND FORKS INTL AP ND CLIMATE SUMMARY FOR OCTOBER 21 2017...

CLIMATE NORMAL PERIOD 1981 TO 2010
CLIMATE RECORD PERIOD 1948 TO 2017


WEATHER ITEM   OBSERVED TIME   RECORD YEAR NORMAL DEPARTURE LAST
                VALUE   (LST)  VALUE       VALUE  FROM      YEAR
                                                  NORMAL
..................................................................
TEMPERATURE (F)
 YESTERDAY
  MAXIMUM         68    130 AM  78    1953  52     16       57
  MINIMUM         50   1159 PM  14    1987  30     20       33
  AVERAGE         59                        41     18       45

PRECIPITATION (IN)
  YESTERDAY        T             0.34 1959   0.06  -0.06      T
  MONTH TO DATE    0.08                      1.43  -1.35     0.88
  SINCE SEP 1      4.53                      3.48   1.05     5.04
  SINCE JAN 1     15.58                     18.71  -3.13    23.56

SNOWFALL (IN)
  YESTERDAY        0.0           1.7  1981   0.0    0.0      0.0
  MONTH TO DATE    0.0                       0.7   -0.7      0.0
  SINCE SEP 1      0.0                       0.7   -0.7      0.0
  SINCE JUL 1      0.0                       0.7   -0.7      0.0
  SNOW DEPTH       0

DEGREE DAYS
 HEATING
  YESTERDAY        6                        24    -18       20
  MONTH TO DATE  292                       410   -118      354
  SINCE SEP 1    471                       679   -208      522
  SINCE JUL 1    490                       761   -271      550

 COOLING
  YESTERDAY        0                         0      0        0
  MONTH TO DATE    0                         0      0        4
  SINCE SEP 1     36                        26     10       30
  SINCE JAN 1    411                       378     33      434
..................................................................


WIND (MPH)
  HIGHEST WIND SPEED    25   HIGHEST WIND DIRECTION     W (270)
  HIGHEST GUST SPEED    34   HIGHEST GUST DIRECTION     W (270)
  AVERAGE WIND SPEED    16.0


SKY COVER
  POSSIBLE SUNSHINE  MM
  AVERAGE SKY COVER 0.6


WEATHER CONDITIONS
 THE FOLLOWING WEATHER WAS RECORDED YESTERDAY.
  LIGHT RAIN


RELATIVE HUMIDITY (PERCENT)
 HIGHEST    90           800 AM
 LOWEST     42           100 PM
 AVERAGE    66

..........................................................


THE GRAND FORKS INTL AP ND CLIMATE NORMALS FOR TODAY
                         NORMAL    RECORD    YEAR
 MAXIMUM TEMPERATURE (F)   51        78      1963
 MINIMUM TEMPERATURE (F)   30        13      1976


SUNRISE AND SUNSET
OCTOBER 22 2017.......SUNRISE   759 AM CDT   SUNSET   627 PM CDT
OCTOBER 23 2017.......SUNRISE   800 AM CDT   SUNSET   625 PM CDT


-  INDICATES NEGATIVE NUMBERS.
R  INDICATES RECORD WAS SET OR TIED.
MM INDICATES DATA IS MISSING.
T  INDICATES TRACE AMOUNT.




$$
