000
CDUS43 KFGF 170637
CLIGFK


CLIMATE REPORT
NATIONAL WEATHER SERVICE EASTERN NORTH DAKOTA/GRAND FORKS
137 AM CDT WED SEP 17 2014


...................................

...THE GRAND FORKS INTL AP ND CLIMATE SUMMARY FOR SEPTEMBER 16 2014...

CLIMATE NORMAL PERIOD 1981 TO 2010
CLIMATE RECORD PERIOD 1941 TO 2014


WEATHER ITEM   OBSERVED TIME   RECORD YEAR NORMAL DEPARTURE LAST
                VALUE   (LST)  VALUE       VALUE  FROM      YEAR
                                                  NORMAL
..................................................................
TEMPERATURE (F)
 YESTERDAY
  MAXIMUM         75    315 PM  92    1979  69      6       71
  MINIMUM         42    632 AM  25    1973  44     -2       36
  AVERAGE         59                        57      2       54

PRECIPITATION (IN)
  YESTERDAY        0.00          1.04 2006   0.06  -0.06     0.00
  MONTH TO DATE    0.63                      1.16  -0.53     0.57
  SINCE SEP 1      0.63                      1.16  -0.53     0.57
  SINCE JAN 1     21.31                     16.39   4.92    14.80

SNOWFALL (IN)
  YESTERDAY        0.0           0.0    MM   0.0    0.0      0.0
  MONTH TO DATE    0.0                       0.0    0.0      0.0
  SINCE SEP 1      0.0                       0.0    0.0      0.0
  SINCE JUL 1      0.0                       0.0    0.0      0.0
  SNOW DEPTH       0

DEGREE DAYS
 HEATING
  YESTERDAY        6                         9     -3       11
  MONTH TO DATE  119                       101     18       60
  SINCE SEP 1    119                       101     18       60
  SINCE JUL 1    173                       183    -10      142

 COOLING
  YESTERDAY        0                         1     -1        0
  MONTH TO DATE    5                        22    -17       30
  SINCE SEP 1      5                        22    -17       30
  SINCE JAN 1    366                       374     -8      478
..................................................................


WIND (MPH)
  HIGHEST WIND SPEED    13   HIGHEST WIND DIRECTION    SW (230)
  HIGHEST GUST SPEED    16   HIGHEST GUST DIRECTION    SW (220)
  AVERAGE WIND SPEED     7.2


SKY COVER
  POSSIBLE SUNSHINE  MM
  AVERAGE SKY COVER 0.2


WEATHER CONDITIONS
 THE FOLLOWING WEATHER WAS RECORDED YESTERDAY.
  NO SIGNIFICANT WEATHER WAS OBSERVED.


RELATIVE HUMIDITY (PERCENT)
 HIGHEST    89           100 AM
 LOWEST     31           200 PM
 AVERAGE    60

..........................................................


THE GRAND FORKS INTL AP ND CLIMATE NORMALS FOR TODAY
                         NORMAL    RECORD    YEAR
 MAXIMUM TEMPERATURE (F)   69        92      1998
 MINIMUM TEMPERATURE (F)   44        25      1959


SUNRISE AND SUNSET
SEPTEMBER 17 2014.....SUNRISE   709 AM CDT   SUNSET   737 PM CDT
SEPTEMBER 18 2014.....SUNRISE   710 AM CDT   SUNSET   735 PM CDT


-  INDICATES NEGATIVE NUMBERS.
R  INDICATES RECORD WAS SET OR TIED.
MM INDICATES DATA IS MISSING.
T  INDICATES TRACE AMOUNT.




$$
