000
CDUS43 KFGF 290642
CLIGFK


CLIMATE REPORT
NATIONAL WEATHER SERVICE EASTERN NORTH DAKOTA/GRAND FORKS
1241 AM CST MON DEC 29 2014


...................................

...THE GRAND FORKS INTL AP ND CLIMATE SUMMARY FOR DECEMBER 28 2014...

CLIMATE NORMAL PERIOD 1981 TO 2010
CLIMATE RECORD PERIOD 1941 TO 2014


WEATHER ITEM   OBSERVED TIME   RECORD YEAR NORMAL DEPARTURE LAST
                VALUE   (LST)  VALUE       VALUE  FROM      YEAR
                                                  NORMAL
..................................................................
TEMPERATURE (F)
 YESTERDAY
  MAXIMUM          8   1220 AM  42    1979  17     -9       28
  MINIMUM        -11   1033 PM -22    1988  -1    -10      -14
  AVERAGE         -1                         8     -9        7

PRECIPITATION (IN)
  YESTERDAY        0.00          0.31 1964   0.02  -0.02     0.02
  MONTH TO DATE    0.22                      0.55  -0.33     0.81
  SINCE DEC 1      0.22                      0.55  -0.33     0.81
  SINCE JAN 1     22.87                     20.75   2.12    19.64

SNOWFALL (IN)
  YESTERDAY        0.0           3.1  1964   0.4   -0.4      0.6
  MONTH TO DATE    1.8                       9.6   -7.8     22.6
  SINCE DEC 1      1.8                       9.6   -7.8     22.6
  SINCE JUL 1      5.8                      18.8  -13.0     24.2
  SNOW DEPTH       1

DEGREE DAYS
 HEATING
  YESTERDAY       66                        57      9       58
  MONTH TO DATE 1258                      1488   -230     1760
  SINCE DEC 1   1258                      1488   -230     1760
  SINCE JUL 1   3402                      3687   -285     3871

 COOLING
  YESTERDAY        0                         0      0        0
  MONTH TO DATE    0                         0      0        0
  SINCE DEC 1      0                         0      0        0
  SINCE JAN 1    395                       379     16      487
..................................................................


WIND (MPH)
  HIGHEST WIND SPEED    17   HIGHEST WIND DIRECTION     N (360)
  HIGHEST GUST SPEED    21   HIGHEST GUST DIRECTION     N (360)
  AVERAGE WIND SPEED     8.7


SKY COVER
  POSSIBLE SUNSHINE  MM
  AVERAGE SKY COVER 0.1


WEATHER CONDITIONS
 THE FOLLOWING WEATHER WAS RECORDED YESTERDAY.
  NO SIGNIFICANT WEATHER WAS OBSERVED.


RELATIVE HUMIDITY (PERCENT)
 HIGHEST    87           100 AM
 LOWEST     65           100 PM
 AVERAGE    76

..........................................................


THE GRAND FORKS INTL AP ND CLIMATE NORMALS FOR TODAY
                         NORMAL    RECORD    YEAR
 MAXIMUM TEMPERATURE (F)   17        49      1999
 MINIMUM TEMPERATURE (F)   -1       -26      2013
                                             1976


SUNRISE AND SUNSET
DECEMBER 29 2014......SUNRISE   818 AM CST   SUNSET   444 PM CST
DECEMBER 30 2014......SUNRISE   818 AM CST   SUNSET   445 PM CST


-  INDICATES NEGATIVE NUMBERS.
R  INDICATES RECORD WAS SET OR TIED.
MM INDICATES DATA IS MISSING.
T  INDICATES TRACE AMOUNT.




$$
