000
CDUS43 KFGF 300643
CLIGFK


CLIMATE REPORT
NATIONAL WEATHER SERVICE EASTERN NORTH DAKOTA/GRAND FORKS
142 AM CDT SUN APR 30 2017


...................................

...THE GRAND FORKS INTL AP ND CLIMATE SUMMARY FOR APRIL 29 2017...

CLIMATE NORMAL PERIOD 1981 TO 2010
CLIMATE RECORD PERIOD 1941 TO 2017


WEATHER ITEM   OBSERVED TIME   RECORD YEAR NORMAL DEPARTURE LAST
                VALUE   (LST)  VALUE       VALUE  FROM      YEAR
                                                  NORMAL
..................................................................
TEMPERATURE (F)
 YESTERDAY
  MAXIMUM         62        MM  90    1985  62      0       64
  MINIMUM         29        MM  12    1958  35     -6       32
  AVERAGE         46                        49     -3       48

PRECIPITATION (IN)
  YESTERDAY        0.00          0.74 2010   0.05  -0.05     0.00
  MONTH TO DATE    1.34                      0.96   0.38     1.56
  SINCE MAR 1      2.19                      1.92   0.27     2.11
  SINCE JAN 1      3.04                      2.99   0.05     2.69

SNOWFALL (IN)
  YESTERDAY        0.0           1.4  1950   0.1   -0.1      0.0
  MONTH TO DATE    5.6                       2.6    3.0      0.3
  SINCE MAR 1      5.8                       9.8   -4.0      2.5
  SINCE JUL 1     44.1                      47.0   -2.9     28.4
  SNOW DEPTH       0

DEGREE DAYS
 HEATING
  YESTERDAY       19                        17      2       17
  MONTH TO DATE  609                       679    -70      708
  SINCE MAR 1   1764                      1914   -150     1597
  SINCE JUL 1   7733                      9064  -1331     7576

 COOLING
  YESTERDAY        0                         0      0        0
  MONTH TO DATE    0                         0      0        0
  SINCE MAR 1      0                         0      0        0
  SINCE JAN 1      0                         0      0        0
..................................................................


WIND (MPH)
  HIGHEST WIND SPEED     9   HIGHEST WIND DIRECTION    SE (140)
  HIGHEST GUST SPEED    MM   HIGHEST GUST DIRECTION    MM
  AVERAGE WIND SPEED     4.1


SKY COVER
  POSSIBLE SUNSHINE  MM
  AVERAGE SKY COVER 0.3


WEATHER CONDITIONS
 THE FOLLOWING WEATHER WAS RECORDED YESTERDAY.
  NO SIGNIFICANT WEATHER WAS OBSERVED.


RELATIVE HUMIDITY (PERCENT)
 HIGHEST    85           300 AM
 LOWEST     25           200 PM
 AVERAGE    55

..........................................................


THE GRAND FORKS INTL AP ND CLIMATE NORMALS FOR TODAY
                         NORMAL    RECORD    YEAR
 MAXIMUM TEMPERATURE (F)   62        90      1992
 MINIMUM TEMPERATURE (F)   36        23      1958


SUNRISE AND SUNSET
APRIL 30 2017.........SUNRISE   612 AM CDT   SUNSET   841 PM CDT
MAY  1 2017...........SUNRISE   610 AM CDT   SUNSET   842 PM CDT


-  INDICATES NEGATIVE NUMBERS.
R  INDICATES RECORD WAS SET OR TIED.
MM INDICATES DATA IS MISSING.
T  INDICATES TRACE AMOUNT.




$$
