000
CDUS43 KFGF 170642
CLIGFK


CLIMATE REPORT
NATIONAL WEATHER SERVICE EASTERN NORTH DAKOTA/GRAND FORKS
138 AM CDT THU AUG 17 2017


...................................

...THE GRAND FORKS INTL AP ND CLIMATE SUMMARY FOR AUGUST 16 2017...

CLIMATE NORMAL PERIOD 1981 TO 2010
CLIMATE RECORD PERIOD 1948 TO 2017


WEATHER ITEM   OBSERVED TIME   RECORD YEAR NORMAL DEPARTURE LAST
                VALUE   (LST)  VALUE       VALUE  FROM      YEAR
                                                  NORMAL
..................................................................
TEMPERATURE (F)
 YESTERDAY
  MAXIMUM         70    336 PM  96    1961  81    -11       85
  MINIMUM         60   1159 PM  42    2007  54      6       61
  AVERAGE         65                        68     -3       73

PRECIPITATION (IN)
  YESTERDAY        0.36          0.69 1985   0.10   0.26     0.43
  MONTH TO DATE    0.98                      1.47  -0.49     2.85
  SINCE JUN 1      6.72                      8.10  -1.38    11.45
  SINCE JAN 1     10.87                     13.82  -2.95    17.84

SNOWFALL (IN)
  YESTERDAY        0.0          MM      MM   0.0    0.0      0.0
  MONTH TO DATE    0.0                       0.0    0.0      0.0
  SINCE JUN 1      0.0                       0.0    0.0      0.0
  SINCE JUL 1      0.0                       0.0    0.0      0.0
  SNOW DEPTH       0

DEGREE DAYS
 HEATING
  YESTERDAY        0                         1     -1        0
  MONTH TO DATE    2                        16    -14        0
  SINCE JUN 1     55                       147    -92       66
  SINCE JUL 1     10                        44    -34       12

 COOLING
  YESTERDAY        0                         4     -4        8
  MONTH TO DATE   26                        75    -49       97
  SINCE JUN 1    337                       291     46      342
  SINCE JAN 1    339                       308     31      364
..................................................................


WIND (MPH)
  HIGHEST WIND SPEED    15   HIGHEST WIND DIRECTION     N (360)
  HIGHEST GUST SPEED    20   HIGHEST GUST DIRECTION    SE (140)
  AVERAGE WIND SPEED     7.4


SKY COVER
  POSSIBLE SUNSHINE  MM
  AVERAGE SKY COVER 0.9


WEATHER CONDITIONS
 THE FOLLOWING WEATHER WAS RECORDED YESTERDAY.
  HEAVY RAIN
  RAIN
  LIGHT RAIN
  FOG


RELATIVE HUMIDITY (PERCENT)
 HIGHEST   100          1000 AM
 LOWEST     84           400 PM
 AVERAGE    92

..........................................................


THE GRAND FORKS INTL AP ND CLIMATE NORMALS FOR TODAY
                         NORMAL    RECORD    YEAR
 MAXIMUM TEMPERATURE (F)   81        96      1973
 MINIMUM TEMPERATURE (F)   54        39      1977
                                             1975
                                             1968


SUNRISE AND SUNSET
AUGUST 17 2017........SUNRISE   627 AM CDT   SUNSET   838 PM CDT
AUGUST 18 2017........SUNRISE   628 AM CDT   SUNSET   836 PM CDT


-  INDICATES NEGATIVE NUMBERS.
R  INDICATES RECORD WAS SET OR TIED.
MM INDICATES DATA IS MISSING.
T  INDICATES TRACE AMOUNT.




$$
