000
CDUS43 KFGF 130633
CLIGFK


CLIMATE REPORT
NATIONAL WEATHER SERVICE EASTERN NORTH DAKOTA/GRAND FORKS
1231 AM CST SAT FEB 13 2016


...................................

...THE GRAND FORKS INTL AP ND CLIMATE SUMMARY FOR FEBRUARY 12 2016...

CLIMATE NORMAL PERIOD 1981 TO 2010
CLIMATE RECORD PERIOD 1941 TO 2016


WEATHER ITEM   OBSERVED TIME   RECORD YEAR NORMAL DEPARTURE LAST
                VALUE   (LST)  VALUE       VALUE  FROM      YEAR
                                                  NORMAL
..................................................................
TEMPERATURE (F)
 YESTERDAY
  MAXIMUM          8   1215 AM  38    1976  21    -13       10
  MINIMUM         -8   1121 PM -26    1955   1     -9      -21
  AVERAGE          0                        11    -11       -5

PRECIPITATION (IN)
  YESTERDAY        0.00          0.10 1984   0.01  -0.01      T
  MONTH TO DATE    0.15                      0.17  -0.02     0.25
  SINCE DEC 1      1.53                      1.33   0.20     0.89
  SINCE JAN 1      0.47                      0.72  -0.25     0.67

SNOWFALL (IN)
  YESTERDAY        0.0          MM      MM   0.2   -0.2       T
  MONTH TO DATE    1.5                       2.6   -1.1      2.6
  SINCE DEC 1     22.1                      24.0   -1.9      8.2
  SINCE JUL 1     24.8                      33.2   -8.4     12.2
  SNOW DEPTH       1

DEGREE DAYS
 HEATING
  YESTERDAY       65                        54     11       70
  MONTH TO DATE  580                       668    -88      674
  SINCE DEC 1   3637                      4135   -498     3748
  SINCE JUL 1   5302                      6334  -1032     5892

 COOLING
  YESTERDAY        0                         0      0        0
  MONTH TO DATE    0                         0      0        0
  SINCE DEC 1      0                         0      0        0
  SINCE JAN 1      0                         0      0        0
..................................................................


WIND (MPH)
  HIGHEST WIND SPEED    28   HIGHEST WIND DIRECTION     N (360)
  HIGHEST GUST SPEED    32   HIGHEST GUST DIRECTION     N (350)
  AVERAGE WIND SPEED    13.0


SKY COVER
  POSSIBLE SUNSHINE  MM
  AVERAGE SKY COVER 0.2


WEATHER CONDITIONS
 THE FOLLOWING WEATHER WAS RECORDED YESTERDAY.
  NO SIGNIFICANT WEATHER WAS OBSERVED.


RELATIVE HUMIDITY (PERCENT)
 HIGHEST    75          1100 PM
 LOWEST     58           800 AM
 AVERAGE    67

..........................................................


THE GRAND FORKS INTL AP ND CLIMATE NORMALS FOR TODAY
                         NORMAL    RECORD    YEAR
 MAXIMUM TEMPERATURE (F)   21        49      1983
 MINIMUM TEMPERATURE (F)    1       -24      1979
                                             1970
                                             1951


SUNRISE AND SUNSET
FEBRUARY 13 2016......SUNRISE   739 AM CST   SUNSET   547 PM CST
FEBRUARY 14 2016......SUNRISE   737 AM CST   SUNSET   549 PM CST


-  INDICATES NEGATIVE NUMBERS.
R  INDICATES RECORD WAS SET OR TIED.
MM INDICATES DATA IS MISSING.
T  INDICATES TRACE AMOUNT.




$$
