000
CDUS43 KFGF 270636
CLIGFK


CLIMATE REPORT
NATIONAL WEATHER SERVICE EASTERN NORTH DAKOTA/GRAND FORKS
1235 AM CST TUE JAN 27 2015


...................................

...THE GRAND FORKS INTL AP ND CLIMATE SUMMARY FOR JANUARY 26 2015...

CLIMATE NORMAL PERIOD 1981 TO 2010
CLIMATE RECORD PERIOD 1941 TO 2015


WEATHER ITEM   OBSERVED TIME   RECORD YEAR NORMAL DEPARTURE LAST
                VALUE   (LST)  VALUE       VALUE  FROM      YEAR
                                                  NORMAL
..................................................................
TEMPERATURE (F)
 YESTERDAY
  MAXIMUM         40   1126 AM  46    1990  17     23       12
  MINIMUM         23   1015 PM -32    1950  -3     26      -13
  AVERAGE         32                         7     25        0

PRECIPITATION (IN)
  YESTERDAY        0.00          0.11 1958   0.02  -0.02     0.01
  MONTH TO DATE    0.42                      0.47  -0.05     0.66
  SINCE DEC 1      0.64                      1.08  -0.44     1.48
  SINCE JAN 1      0.42                      0.47  -0.05     0.66

SNOWFALL (IN)
  YESTERDAY        0.0           1.4  1998   0.3   -0.3      1.0
  MONTH TO DATE    3.8                       9.2   -5.4     15.9
  SINCE DEC 1      5.6                      19.9  -14.3     38.7
  SINCE JUL 1      9.6                      29.1  -19.5     40.3
  SNOW DEPTH       T

DEGREE DAYS
 HEATING
  YESTERDAY       33                        58    -25       65
  MONTH TO DATE 1395                      1521   -126     1626
  SINCE DEC 1   2847                      3181   -334     3634
  SINCE JUL 1   4991                      5380   -389     5745

 COOLING
  YESTERDAY        0                         0      0        0
  MONTH TO DATE    0                         0      0        0
  SINCE DEC 1      0                         0      0        0
  SINCE JAN 1      0                         0      0        0
..................................................................


WIND (MPH)
  HIGHEST WIND SPEED    25   HIGHEST WIND DIRECTION     N (350)
  HIGHEST GUST SPEED    32   HIGHEST GUST DIRECTION     N (10)
  AVERAGE WIND SPEED    11.3


SKY COVER
  POSSIBLE SUNSHINE  MM
  AVERAGE SKY COVER 0.5


WEATHER CONDITIONS
 THE FOLLOWING WEATHER WAS RECORDED YESTERDAY.
  FOG


RELATIVE HUMIDITY (PERCENT)
 HIGHEST    92           100 AM
 LOWEST     70          1000 AM
 AVERAGE    81

..........................................................


THE GRAND FORKS INTL AP ND CLIMATE NORMALS FOR TODAY
                         NORMAL    RECORD    YEAR
 MAXIMUM TEMPERATURE (F)   17        41      1990
 MINIMUM TEMPERATURE (F)   -3       -31      2004
                                             1966


SUNRISE AND SUNSET
JANUARY 27 2015.......SUNRISE   803 AM CST   SUNSET   521 PM CST
JANUARY 28 2015.......SUNRISE   801 AM CST   SUNSET   522 PM CST


-  INDICATES NEGATIVE NUMBERS.
R  INDICATES RECORD WAS SET OR TIED.
MM INDICATES DATA IS MISSING.
T  INDICATES TRACE AMOUNT.




$$
