000
CDUS43 KFGF 190646
CLIGFK


CLIMATE REPORT
NATIONAL WEATHER SERVICE EASTERN NORTH DAKOTA/GRAND FORKS
1245 AM CST FRI JAN 19 2018


...................................

...THE GRAND FORKS INTL AP ND CLIMATE SUMMARY FOR JANUARY 18 2018...

CLIMATE NORMAL PERIOD 1981 TO 2010
CLIMATE RECORD PERIOD 1948 TO 2018


WEATHER ITEM   OBSERVED TIME   RECORD YEAR NORMAL DEPARTURE LAST
                VALUE   (LST)  VALUE       VALUE  FROM      YEAR
                                                  NORMAL
..................................................................
TEMPERATURE (F)
 YESTERDAY
  MAXIMUM         36    220 AM  40    1991  16     20       33
  MINIMUM         18    842 AM -34    1970  -4     22       21
  AVERAGE         27                         6     21       27

PRECIPITATION (IN)
  YESTERDAY        0.00          0.18 1987   0.02  -0.02     0.00
  MONTH TO DATE    0.50                      0.34   0.16     0.42
  SINCE DEC 1      1.27                      0.95   0.32     2.03
  SINCE JAN 1      0.50                      0.34   0.16     0.42

SNOWFALL (IN)
  YESTERDAY        0.0           2.7  1987   0.4   -0.4      0.0
  MONTH TO DATE    9.3                       6.6    2.7      7.1
  SINCE DEC 1     17.5                      17.3    0.2     32.2
  SINCE JUL 1     27.7                      26.5    1.2     33.3
  SNOW DEPTH       9

DEGREE DAYS
 HEATING
  YESTERDAY       38                        59    -21       38
  MONTH TO DATE 1095                      1054     41     1152
  SINCE DEC 1   2750                      2714     36     2756
  SINCE JUL 1   4735                      4913   -178     4224

 COOLING
  YESTERDAY        0                         0      0        0
  MONTH TO DATE    0                         0      0        0
  SINCE DEC 1      0                         0      0        0
  SINCE JAN 1      0                         0      0        0
..................................................................


WIND (MPH)
  HIGHEST WIND SPEED    22   HIGHEST WIND DIRECTION    SW (240)
  HIGHEST GUST SPEED    28   HIGHEST GUST DIRECTION    SW (240)
  AVERAGE WIND SPEED     9.9


SKY COVER
  POSSIBLE SUNSHINE  MM
  AVERAGE SKY COVER 0.6


WEATHER CONDITIONS
 THE FOLLOWING WEATHER WAS RECORDED YESTERDAY.
  FOG
  HAZE


RELATIVE HUMIDITY (PERCENT)
 HIGHEST    88           600 PM
 LOWEST     64           100 AM
 AVERAGE    76

..........................................................


THE GRAND FORKS INTL AP ND CLIMATE NORMALS FOR TODAY
                         NORMAL    RECORD    YEAR
 MAXIMUM TEMPERATURE (F)   16        38      1991
 MINIMUM TEMPERATURE (F)   -4       -35      1970


SUNRISE AND SUNSET
JANUARY 19 2018.......SUNRISE   810 AM CST   SUNSET   509 PM CST
JANUARY 20 2018.......SUNRISE   809 AM CST   SUNSET   511 PM CST


-  INDICATES NEGATIVE NUMBERS.
R  INDICATES RECORD WAS SET OR TIED.
MM INDICATES DATA IS MISSING.
T  INDICATES TRACE AMOUNT.




$$
