000
CDUS43 KFGF 300638
CLIGFK


CLIMATE REPORT
NATIONAL WEATHER SERVICE EASTERN NORTH DAKOTA/GRAND FORKS
137 AM CDT THU JUL 30 2015


...................................

...THE GRAND FORKS INTL AP ND CLIMATE SUMMARY FOR JULY 29 2015...

CLIMATE NORMAL PERIOD 1981 TO 2010
CLIMATE RECORD PERIOD 1941 TO 2015


WEATHER ITEM   OBSERVED TIME   RECORD YEAR NORMAL DEPARTURE LAST
                VALUE   (LST)  VALUE       VALUE  FROM      YEAR
                                                  NORMAL
..................................................................
TEMPERATURE (F)
 YESTERDAY
  MAXIMUM         82    441 PM  95    1975  82      0       79
  MINIMUM         63   1158 PM  43    1985  56      7       51
  AVERAGE         73                        69      4       65

PRECIPITATION (IN)
  YESTERDAY        0.00          1.20 1951   0.09  -0.09     0.00
  MONTH TO DATE    5.10                      2.98   2.12     3.70
  SINCE JUN 1      7.61                      6.46   1.15    10.30
  SINCE JAN 1     13.92                     12.18   1.74    17.48

SNOWFALL (IN)
  YESTERDAY        0.0          MM      MM   0.0    0.0      0.0
  MONTH TO DATE    0.0                       0.0    0.0      0.0
  SINCE JUN 1      0.0                       0.0    0.0      0.0
  SINCE JUL 1      0.0                       0.0    0.0      0.0
  SNOW DEPTH       0

DEGREE DAYS
 HEATING
  YESTERDAY        0                         1     -1        0
  MONTH TO DATE   14                        30    -16       29
  SINCE JUN 1     72                       133    -61       75
  SINCE JUL 1     14                        30    -16       29

 COOLING
  YESTERDAY        8                         5      3        0
  MONTH TO DATE  186                       135     51      102
  SINCE JUN 1    251                       210     41      169
  SINCE JAN 1    257                       227     30      222
..................................................................


WIND (MPH)
  HIGHEST WIND SPEED    33   HIGHEST WIND DIRECTION     W (290)
  HIGHEST GUST SPEED    47   HIGHEST GUST DIRECTION     W (270)
  AVERAGE WIND SPEED    20.4


SKY COVER
  POSSIBLE SUNSHINE  MM
  AVERAGE SKY COVER 0.7


WEATHER CONDITIONS
 THE FOLLOWING WEATHER WAS RECORDED YESTERDAY.
  NO SIGNIFICANT WEATHER WAS OBSERVED.


RELATIVE HUMIDITY (PERCENT)
 HIGHEST    78          1000 PM
 LOWEST     39           300 PM
 AVERAGE    59

..........................................................


THE GRAND FORKS INTL AP ND CLIMATE NORMALS FOR TODAY
                         NORMAL    RECORD    YEAR
 MAXIMUM TEMPERATURE (F)   82        99      1955
 MINIMUM TEMPERATURE (F)   56        41      1971
                                             1960


SUNRISE AND SUNSET
JULY 30 2015..........SUNRISE   602 AM CDT   SUNSET   907 PM CDT
JULY 31 2015..........SUNRISE   604 AM CDT   SUNSET   906 PM CDT


-  INDICATES NEGATIVE NUMBERS.
R  INDICATES RECORD WAS SET OR TIED.
MM INDICATES DATA IS MISSING.
T  INDICATES TRACE AMOUNT.




$$
