000
CDUS43 KFGF 280715
CLIGFK


CLIMATE REPORT
NATIONAL WEATHER SERVICE EASTERN NORTH DAKOTA/GRAND FORKS
215 AM CDT WED JUN 28 2017


...................................

...THE GRAND FORKS INTL AP ND CLIMATE SUMMARY FOR JUNE 27 2017...

CLIMATE NORMAL PERIOD 1981 TO 2010
CLIMATE RECORD PERIOD 1948 TO 2017


WEATHER ITEM   OBSERVED TIME   RECORD YEAR NORMAL DEPARTURE LAST
                VALUE   (LST)  VALUE       VALUE  FROM      YEAR
                                                  NORMAL
..................................................................
TEMPERATURE (F)
 YESTERDAY
  MAXIMUM         81    345 PM  98    1961  79      2       72
  MINIMUM         46    105 AM  41    1968  55     -9       51
  AVERAGE         64                        67     -3       62

PRECIPITATION (IN)
  YESTERDAY        0.00          1.61 1995   0.12  -0.12      T
  MONTH TO DATE    1.36                      3.12  -1.76     3.30
  SINCE JUN 1      1.36                      3.12  -1.76     3.30
  SINCE JAN 1      5.51                      8.84  -3.33     9.69

SNOWFALL (IN)
  YESTERDAY        0.0          MM      MM   0.0    0.0      0.0
  MONTH TO DATE    0.0                       0.0    0.0      0.0
  SINCE JUN 1      0.0                       0.0    0.0      0.0
  SINCE JUL 1     44.1                      47.4   -3.3     28.4
  SNOW DEPTH       0

DEGREE DAYS
 HEATING
  YESTERDAY        1                         2     -1        3
  MONTH TO DATE   43                        99    -56       44
  SINCE JUN 1     43                        99    -56       44
  SINCE JUL 1   8057                      9511  -1454     7857

 COOLING
  YESTERDAY        0                         4     -4        0
  MONTH TO DATE   95                        63     32       73
  SINCE JUN 1     95                        63     32       73
  SINCE JAN 1     97                        80     17       95
..................................................................


WIND (MPH)
  HIGHEST WIND SPEED    28   HIGHEST WIND DIRECTION     S (160)
  HIGHEST GUST SPEED    35   HIGHEST GUST DIRECTION     S (160)
  AVERAGE WIND SPEED    15.4


SKY COVER
  POSSIBLE SUNSHINE  MM
  AVERAGE SKY COVER 0.5


WEATHER CONDITIONS
 THE FOLLOWING WEATHER WAS RECORDED YESTERDAY.
  NO SIGNIFICANT WEATHER WAS OBSERVED.


RELATIVE HUMIDITY (PERCENT)
 HIGHEST    86           400 AM
 LOWEST     28           300 PM
 AVERAGE    57

..........................................................


THE GRAND FORKS INTL AP ND CLIMATE NORMALS FOR TODAY
                         NORMAL    RECORD    YEAR
 MAXIMUM TEMPERATURE (F)   79       100      1970
 MINIMUM TEMPERATURE (F)   55        41      1973


SUNRISE AND SUNSET
JUNE 28 2017..........SUNRISE   532 AM CDT   SUNSET   932 PM CDT
JUNE 29 2017..........SUNRISE   533 AM CDT   SUNSET   932 PM CDT


-  INDICATES NEGATIVE NUMBERS.
R  INDICATES RECORD WAS SET OR TIED.
MM INDICATES DATA IS MISSING.
T  INDICATES TRACE AMOUNT.




$$
