000
CDUS41 KALY 290626
CLIGFL


CLIMATE REPORT
NATIONAL WEATHER SERVICE ALBANY NY
226 AM EDT MON AUG 29 2016


...................................

...THE GLENS FALLS NY CLIMATE SUMMARY FOR AUGUST 28 2016...

CLIMATE NORMAL PERIOD 1981 TO 2010
CLIMATE RECORD PERIOD 1949 TO 2016


WEATHER ITEM   OBSERVED TIME   RECORD YEAR NORMAL DEPARTURE LAST
                VALUE   (LST)  VALUE       VALUE  FROM      YEAR
                                                  NORMAL
..................................................................
TEMPERATURE (F)
 YESTERDAY
  MAXIMUM         86    402 PM  92    1977  77      9       77
  MINIMUM         59    521 AM  39    1957  53      6       50
  AVERAGE         73                        65      8       64

PRECIPITATION (IN)
  YESTERDAY        0.00          3.67 2011   0.10  -0.10     0.00
  MONTH TO DATE    2.14                      3.38  -1.24     1.77
  SINCE JUN 1      8.98                     11.02  -2.04    10.21
  SINCE JAN 1     20.60                     25.51  -4.91    17.52

DEGREE DAYS
 HEATING
  YESTERDAY        0                         2     -2        1
  MONTH TO DATE    6                        36    -30        2
  SINCE JUN 1     50                       147    -97       92
  SINCE JUL 1      6                        57    -51       13

 COOLING
  YESTERDAY        8                         2      6        0
  MONTH TO DATE  202                        98    104      167
  SINCE JUN 1    520                       306    214      410
  SINCE JAN 1    576                       318    258      486
..................................................................


WIND (MPH)
  HIGHEST WIND SPEED    16   HIGHEST WIND DIRECTION     S (160)
  HIGHEST GUST SPEED    20   HIGHEST GUST DIRECTION     S (180)
  AVERAGE WIND SPEED     5.8


SKY COVER
  AVERAGE SKY COVER 0.2



RELATIVE HUMIDITY (PERCENT)
 HIGHEST    97           200 AM
 LOWEST     55           200 PM
 AVERAGE    76

..........................................................


THE GLENS FALLS NY CLIMATE NORMALS FOR TODAY
                         NORMAL    RECORD    YEAR
 MAXIMUM TEMPERATURE (F)   77        93      1977
 MINIMUM TEMPERATURE (F)   53        31      1982


SUNRISE AND SUNSET
AUGUST 29 2016........SUNRISE   616 AM EDT   SUNSET   734 PM EDT
AUGUST 30 2016........SUNRISE   617 AM EDT   SUNSET   732 PM EDT


-  INDICATES NEGATIVE NUMBERS.
R  INDICATES RECORD WAS SET OR TIED.
MM INDICATES DATA IS MISSING.
T  INDICATES TRACE AMOUNT.




$$
