000
CDUS41 KALY 302042
CLIGFL


CLIMATE REPORT
NATIONAL WEATHER SERVICE ALBANY NY
441 PM EDT THU MAR 30 2017


...................................

...THE GLENS FALLS NY CLIMATE SUMMARY FOR MARCH 30 2017...
VALID TODAY AS OF 0400 PM LOCAL TIME.

CLIMATE NORMAL PERIOD 1981 TO 2010
CLIMATE RECORD PERIOD 1949 TO 2017


WEATHER ITEM   OBSERVED TIME   RECORD YEAR NORMAL DEPARTURE LAST
                VALUE   (LST)  VALUE       VALUE  FROM      YEAR
                                                  NORMAL
..................................................................
TEMPERATURE (F)
 TODAY
  MAXIMUM         44    340 PM  85    1998  49     -5       58
  MINIMUM         24    606 AM  10    2008  26     -2       22
  AVERAGE         34                        37     -3       40

PRECIPITATION (IN)
  TODAY            0.00          1.15 1989   0.10  -0.10     0.00
  MONTH TO DATE    1.60                      2.85  -1.25     2.28
  SINCE MAR 1      1.60                      2.85  -1.25     2.28
  SINCE JAN 1      6.29                      7.79  -1.50     7.07

DEGREE DAYS
 HEATING
  TODAY           31                        28      3       25
  MONTH TO DATE 1036                      1016     20      807
  SINCE MAR 1   1036                      1016     20      807
  SINCE JUL 1   5558                      6636  -1078     4987

 COOLING
  TODAY            0                         0      0        0
  MONTH TO DATE    0                         0      0        0
  SINCE MAR 1      0                         0      0        0
  SINCE JAN 1      0                         0      0        0
..................................................................


WIND (MPH)
  HIGHEST WIND SPEED    14   HIGHEST WIND DIRECTION     E (80)
  HIGHEST GUST SPEED    18   HIGHEST GUST DIRECTION    NE (30)
  AVERAGE WIND SPEED     4.7


SKY COVER
  AVERAGE SKY COVER 0.2



RELATIVE HUMIDITY (PERCENT)
 HIGHEST    75           100 AM
 LOWEST     37           200 PM
 AVERAGE    56

..........................................................


THE GLENS FALLS NY CLIMATE NORMALS FOR TOMORROW
                         NORMAL    RECORD    YEAR
 MAXIMUM TEMPERATURE (F)   49        86      1998
 MINIMUM TEMPERATURE (F)   27         8      1954


SUNRISE AND SUNSET
MARCH 30 2017.........SUNRISE   639 AM EDT   SUNSET   719 PM EDT
MARCH 31 2017.........SUNRISE   638 AM EDT   SUNSET   720 PM EDT


-  INDICATES NEGATIVE NUMBERS.
R  INDICATES RECORD WAS SET OR TIED.
MM INDICATES DATA IS MISSING.
T  INDICATES TRACE AMOUNT.




$$
