000
CDUS41 KALY 240631
CLIGFL


CLIMATE REPORT
NATIONAL WEATHER SERVICE ALBANY NY
230 AM EDT WED MAY 24 2017


...................................

...THE GLENS FALLS NY CLIMATE SUMMARY FOR MAY 23 2017...

CLIMATE NORMAL PERIOD 1981 TO 2010
CLIMATE RECORD PERIOD 1949 TO 2017


WEATHER ITEM   OBSERVED TIME   RECORD YEAR NORMAL DEPARTURE LAST
                VALUE   (LST)  VALUE       VALUE  FROM      YEAR
                                                  NORMAL
..................................................................
TEMPERATURE (F)
 YESTERDAY
  MAXIMUM         71    512 PM  91    1964  70      1       81
  MINIMUM         50   1152 PM  31    2015  45      5       45
  AVERAGE         61                        58      3       63

PRECIPITATION (IN)
  YESTERDAY        0.00          1.26 1986   0.13  -0.13     0.00
  MONTH TO DATE    2.95                      2.68   0.27     2.03
  SINCE MAR 1      8.79                      8.62   0.17     5.77
  SINCE JAN 1     13.48                     13.56  -0.08    10.56

DEGREE DAYS
 HEATING
  YESTERDAY        4                         8     -4        2
  MONTH TO DATE  210                       256    -46      252
  SINCE MAR 1   1722                      1912   -190     1699
  SINCE JUL 1   6244                      7532  -1288     5879

 COOLING
  YESTERDAY        0                         0      0        0
  MONTH TO DATE   15                         0     15        0
  SINCE MAR 1     21                         1     20        0
  SINCE JAN 1     21                         1     20        0
..................................................................


WIND (MPH)
  HIGHEST WIND SPEED    15   HIGHEST WIND DIRECTION    SE (140)
  HIGHEST GUST SPEED    18   HIGHEST GUST DIRECTION    SE (150)
  AVERAGE WIND SPEED    MM


SKY COVER
  AVERAGE SKY COVER  MM



RELATIVE HUMIDITY (PERCENT)
 HIGHEST    MM
 LOWEST     MM
 AVERAGE    MM

..........................................................


THE GLENS FALLS NY CLIMATE NORMALS FOR TODAY
                         NORMAL    RECORD    YEAR
 MAXIMUM TEMPERATURE (F)   70        88      2007
 MINIMUM TEMPERATURE (F)   45        30      1963


SUNRISE AND SUNSET
MAY 24 2017...........SUNRISE   522 AM EDT   SUNSET   821 PM EDT
MAY 25 2017...........SUNRISE   521 AM EDT   SUNSET   822 PM EDT


-  INDICATES NEGATIVE NUMBERS.
R  INDICATES RECORD WAS SET OR TIED.
MM INDICATES DATA IS MISSING.
T  INDICATES TRACE AMOUNT.




$$
