000
CDUS44 KSHV 110837
CLIGGG


CLIMATE REPORT
NATIONAL WEATHER SERVICE SHREVEPORT, LA
232 AM CST SUN DEC 11 2016


...................................

...THE LONGVIEW CLIMATE SUMMARY FOR DECEMBER 10 2016...

CLIMATE NORMAL PERIOD 1981 TO 2010
CLIMATE RECORD PERIOD 1902 TO 2016


WEATHER ITEM   OBSERVED TIME   RECORD YEAR NORMAL DEPARTURE LAST
                VALUE   (LST)  VALUE       VALUE  FROM      YEAR
                                                  NORMAL
..................................................................
TEMPERATURE (F)
 YESTERDAY
  MAXIMUM         50   1159 PM  83    1939  59     -9       74
  MINIMUM         32    622 AM  20    1917  38     -6       43
  AVERAGE         41                        49     -8       59

PRECIPITATION (IN)
  YESTERDAY        0.00          2.03 1967   0.16  -0.16     0.00
  MONTH TO DATE    2.70                      1.62   1.08     0.00
  SINCE DEC 1      2.70                      1.62   1.08     0.00
  SINCE JAN 1     47.32                     44.68   2.64    61.95

SNOWFALL (IN)
  YESTERDAY        0.0
  MONTH TO DATE    0.0
  SINCE DEC 1      0.0
  SINCE JUL 1      0.0
  SNOW DEPTH       0

DEGREE DAYS
 HEATING
  YESTERDAY       24                        17      7        6
  MONTH TO DATE  187                       156     31      143
  SINCE DEC 1    187                       156     31      143
  SINCE JUL 1    347                       528   -181      343

 COOLING
  YESTERDAY        0                         0      0        0
  MONTH TO DATE    0                         0      0        0
  SINCE DEC 1      0                         0      0        0
  SINCE JAN 1   2729                      2417    312     2845
..................................................................


WIND (MPH)
  HIGHEST WIND SPEED    14   HIGHEST WIND DIRECTION     S (170)
  HIGHEST GUST SPEED    17   HIGHEST GUST DIRECTION     S (180)
  AVERAGE WIND SPEED     7.7


SKY COVER
  POSSIBLE SUNSHINE  MM
  AVERAGE SKY COVER 0.9


WEATHER CONDITIONS
 THE FOLLOWING WEATHER WAS RECORDED YESTERDAY.
  NO SIGNIFICANT WEATHER WAS OBSERVED.


RELATIVE HUMIDITY (PERCENT)
 HIGHEST    82          1200 AM
 LOWEST     46           300 PM
 AVERAGE    64

..........................................................


THE LONGVIEW CLIMATE NORMALS FOR TODAY
                         NORMAL    RECORD    YEAR
 MAXIMUM TEMPERATURE (F)   59        80      2015
                                             2007
 MINIMUM TEMPERATURE (F)   38        20      1995


SUNRISE AND SUNSET
DECEMBER 11 2016......SUNRISE   710 AM CST   SUNSET   514 PM CST
DECEMBER 12 2016......SUNRISE   711 AM CST   SUNSET   515 PM CST


-  INDICATES NEGATIVE NUMBERS.
R  INDICATES RECORD WAS SET OR TIED.
MM INDICATES DATA IS MISSING.
T  INDICATES TRACE AMOUNT.




$$
