000
CDUS44 KSHV 230740
CLIGGG


CLIMATE REPORT
NATIONAL WEATHER SERVICE SHREVEPORT, LA
240 AM CDT WED JUL 23 2014


...................................

...THE LONGVIEW CLIMATE SUMMARY FOR JULY 22 2014...

CLIMATE NORMAL PERIOD 1981 TO 2010
CLIMATE RECORD PERIOD 1902 TO 2014


WEATHER ITEM   OBSERVED TIME   RECORD YEAR NORMAL DEPARTURE LAST
                VALUE   (LST)  VALUE       VALUE  FROM      YEAR
                                                  NORMAL
..................................................................
TEMPERATURE (F)
 YESTERDAY
  MAXIMUM         91    239 PM 108    1939  94     -3       96
  MINIMUM         70    601 AM  64    1915  74     -4       76
  AVERAGE         81                        84     -3       86

PRECIPITATION (IN)
  YESTERDAY        0.00          2.52 1953   0.07  -0.07     0.00
  MONTH TO DATE    1.92                      2.27  -0.35     1.11
  SINCE DEC 1     28.24                     31.50  -3.26    23.61
  SINCE JAN 1     24.09                     27.01  -2.92    19.26

SNOWFALL (IN)
  YESTERDAY        0.0
  MONTH TO DATE    0.0
  SINCE JUN 1      0.0
  SINCE JUL 1      0.0
  SNOW DEPTH       0

DEGREE DAYS
 HEATING
  YESTERDAY        0                         0      0        0
  MONTH TO DATE    0                         0      0        0
  SINCE JUN 1      0                         0      0        0
  SINCE JUL 1      0                         0      0        0

 COOLING
  YESTERDAY       16                        19     -3       21
  MONTH TO DATE  338                       405    -67      378
  SINCE JUN 1    798                       844    -46      894
  SINCE JAN 1   1152                      1223    -71     1282
..................................................................


WIND (MPH)
  HIGHEST WIND SPEED     9   HIGHEST WIND DIRECTION     E (90)
  HIGHEST GUST SPEED    14   HIGHEST GUST DIRECTION    NE (60)
  AVERAGE WIND SPEED     2.2


SKY COVER
  POSSIBLE SUNSHINE  MM
  AVERAGE SKY COVER 0.1


WEATHER CONDITIONS
 THE FOLLOWING WEATHER WAS RECORDED YESTERDAY.
  FOG


RELATIVE HUMIDITY (PERCENT)
 HIGHEST    93           300 AM
 LOWEST     50           300 PM
 AVERAGE    72

..........................................................


THE LONGVIEW CLIMATE NORMALS FOR TODAY
                         NORMAL    RECORD    YEAR
 MAXIMUM TEMPERATURE (F)   94       106      1934
 MINIMUM TEMPERATURE (F)   74        61      1915


SUNRISE AND SUNSET
JULY 23 2014..........SUNRISE   628 AM CDT   SUNSET   823 PM CDT
JULY 24 2014..........SUNRISE   628 AM CDT   SUNSET   822 PM CDT


-  INDICATES NEGATIVE NUMBERS.
R  INDICATES RECORD WAS SET OR TIED.
MM INDICATES DATA IS MISSING.
T  INDICATES TRACE AMOUNT.




$$
