000
CDUS44 KSHV 222134
CLIGGG


CLIMATE REPORT
NATIONAL WEATHER SERVICE SHREVEPORT, LA
432 PM CDT SAT JUL 22 2017


...................................

...THE LONGVIEW CLIMATE SUMMARY FOR JULY 22 2017...
VALID TODAY AS OF 0400 PM LOCAL TIME.

CLIMATE NORMAL PERIOD 1981 TO 2010
CLIMATE RECORD PERIOD 1902 TO 2017


WEATHER ITEM   OBSERVED TIME   RECORD YEAR NORMAL DEPARTURE LAST
                VALUE   (LST)  VALUE       VALUE  FROM      YEAR
                                                  NORMAL
..................................................................
TEMPERATURE (F)
 TODAY
  MAXIMUM         97    223 PM 108    1939  94      3      101
  MINIMUM         76    549 AM  64    1915  74      2       76
  AVERAGE         87                        84      3       89

PRECIPITATION (IN)
  TODAY            0.00          2.52 1953   0.07  -0.07      T
  MONTH TO DATE    1.10                      2.27  -1.17     0.06
  SINCE DEC 1     33.51                     31.50   2.01    39.13
  SINCE JAN 1     28.71                     27.01   1.70    33.07

DEGREE DAYS
 HEATING
  TODAY            0                         0      0        0
  MONTH TO DATE    0                         0      0        0
  SINCE JUN 1      0                         0      0        0
  SINCE JUL 1      0                         0      0        0

 COOLING
  TODAY           22                        19      3       24
  MONTH TO DATE  422                       405     17      459
  SINCE JUN 1    868                       844     24      941
  SINCE JAN 1   1381                      1223    158     1303
..................................................................


WIND (MPH)
  HIGHEST WIND SPEED    13   HIGHEST WIND DIRECTION     S (180)
  HIGHEST GUST SPEED    15   HIGHEST GUST DIRECTION     W (250)
  AVERAGE WIND SPEED     6.0


SKY COVER
  POSSIBLE SUNSHINE  MM
  AVERAGE SKY COVER 0.1


WEATHER CONDITIONS
 THE FOLLOWING WEATHER WAS RECORDED TODAY.
  NO SIGNIFICANT WEATHER WAS OBSERVED.


RELATIVE HUMIDITY (PERCENT)
 HIGHEST   100           500 AM
 LOWEST     46           200 PM
 AVERAGE    73

..........................................................


THE LONGVIEW CLIMATE NORMALS FOR TOMORROW
                         NORMAL    RECORD    YEAR
 MAXIMUM TEMPERATURE (F)   94       106      1934
 MINIMUM TEMPERATURE (F)   74        61      1915


SUNRISE AND SUNSET
JULY 22 2017..........SUNRISE   627 AM CDT   SUNSET   823 PM CDT
JULY 23 2017..........SUNRISE   628 AM CDT   SUNSET   823 PM CDT


-  INDICATES NEGATIVE NUMBERS.
R  INDICATES RECORD WAS SET OR TIED.
MM INDICATES DATA IS MISSING.
T  INDICATES TRACE AMOUNT.




$$
