000
CDUS45 KGGW 230016
CLIGGW


CLIMATE REPORT
NATIONAL WEATHER SERVICE GLASGOW MT
616 PM MDT FRI AUG 22 2014


...................................

...THE GLASGOW MT CLIMATE SUMMARY FOR AUGUST 22 2014...
VALID TODAY AS OF 0500 PM LOCAL TIME.

CLIMATE NORMAL PERIOD 1981 TO 2010
CLIMATE RECORD PERIOD 1893 TO 2014


WEATHER ITEM   OBSERVED TIME   RECORD YEAR NORMAL DEPARTURE LAST
                VALUE   (LST)  VALUE       VALUE  FROM      YEAR
                                                  NORMAL
..................................................................
TEMPERATURE (F)
 TODAY
  MAXIMUM         68        MM 104    1971  83    -15       88
                                      1937
  MINIMUM         58        MM  31    1896  55      3       56
  AVERAGE         63                        69     -6       72

PRECIPITATION (IN)
  TODAY            0.15          1.18 1933   0.04   0.11     0.00
  MONTH TO DATE    1.75                      0.92   0.83     0.15
  SINCE OCT 1      9.43                     10.40  -0.97    14.76
  SINCE JAN 1      7.98                      8.85  -0.87    12.56

SNOWFALL (IN)
  TODAY            0.0           0.0  2002   0.0    0.0      0.0
                                      2001
                                      2000
  MONTH TO DATE    0.0                       0.0    0.0      0.0
  SINCE JUN 1      0.0                       0.0    0.0      0.0
  SINCE JUL 1      0.0                       0.0    0.0      0.0
  SNOW DEPTH       0

DEGREE DAYS
 HEATING
  TODAY            2                         1      1        0
  MONTH TO DATE    2                        14    -12        5
  SINCE JUN 1    114                       137    -23       99
  SINCE JUL 1      6                        32    -26       15

 COOLING
  TODAY            0                         5     -5        7
  MONTH TO DATE  189                       158     31      130
  SINCE JUN 1    426                       440    -14      351
  SINCE JAN 1    460                       457      3      360
..................................................................


WIND (MPH)
  HIGHEST WIND SPEED    21   HIGHEST WIND DIRECTION     E (80)
  HIGHEST GUST SPEED    28   HIGHEST GUST DIRECTION     E (80)
  AVERAGE WIND SPEED    14.3


SKY COVER
  POSSIBLE SUNSHINE  MM
  AVERAGE SKY COVER 1.0


WEATHER CONDITIONS
 THE FOLLOWING WEATHER WAS RECORDED TODAY.
  RAIN
  LIGHT RAIN
  FOG


RELATIVE HUMIDITY (PERCENT)
 HIGHEST    90          1200 AM
 LOWEST     63           400 PM
 AVERAGE    77

..........................................................


THE GLASGOW MT CLIMATE NORMALS FOR TOMORROW
                         NORMAL    RECORD    YEAR
 MAXIMUM TEMPERATURE (F)   83       101      1969
 MINIMUM TEMPERATURE (F)   55        28      1928


SUNRISE AND SUNSET
AUGUST 22 2014........SUNRISE   611 AM MDT   SUNSET   807 PM MDT
AUGUST 23 2014........SUNRISE   612 AM MDT   SUNSET   805 PM MDT


-  INDICATES NEGATIVE NUMBERS.
R  INDICATES RECORD WAS SET OR TIED.
MM INDICATES DATA IS MISSING.
T  INDICATES TRACE AMOUNT.




$$
