000
CDUS45 KGGW 231231
CLIGGW


CLIMATE REPORT
NATIONAL WEATHER SERVICE GLASGOW MT
631 AM MDT TUE AUG 23 2016


...................................

...THE GLASGOW MT CLIMATE SUMMARY FOR AUGUST 23 2016...
VALID AS OF 0600 AM LOCAL TIME.

CLIMATE NORMAL PERIOD 1981 TO 2010
CLIMATE RECORD PERIOD 1893 TO 2016


WEATHER ITEM   OBSERVED TIME   RECORD YEAR NORMAL DEPARTURE LAST
                VALUE   (LST)  VALUE       VALUE  FROM      YEAR
                                                  NORMAL
..................................................................
TEMPERATURE (F)
 TODAY
  MINIMUM         50    530 AM  28    1928  55     -5       38

PRECIPITATION (IN)
  TODAY            0.00          2.41 2014   0.03  -0.03     0.00
  MONTH TO DATE    0.51                      0.95  -0.44     0.65
  SINCE OCT 1     18.63                     10.43   8.20    10.56
  SINCE JAN 1     15.65                      8.88   6.77     9.30

SNOWFALL (IN)
  TODAY            0.0           0.0  2002   0.0    0.0      0.0
                                      2001
                                      2000
  MONTH TO DATE    0.0                       0.0    0.0      0.0
  SINCE JUN 1      0.0                       0.0    0.0      0.0
  SINCE JUL 1      0.0                       0.0    0.0      0.0
  SNOW DEPTH       0

DEGREE DAYS
 HEATING
  TODAY            7                         1      6        9
  MONTH TO DATE   15                        15      0       43
  SINCE JUN 1     55                       138    -83       94
  SINCE JUL 1     23                        33    -10       48

 COOLING
  TODAY            0                         5     -5        0
  MONTH TO DATE  125                       163    -38      162
  SINCE JUN 1    360                       445    -85      510
  SINCE JAN 1    371                       462    -91      510
..................................................................





WEATHER CONDITIONS
 THE FOLLOWING WEATHER WAS RECORDED TODAY.
  NO SIGNIFICANT WEATHER WAS OBSERVED.


RELATIVE HUMIDITY (PERCENT)
 HIGHEST    50           400 AM

..........................................................


THE GLASGOW MT CLIMATE NORMALS FOR TOMORROW
                         NORMAL    RECORD    YEAR
 MAXIMUM TEMPERATURE (F)   82       103      1926
 MINIMUM TEMPERATURE (F)   54        31      1934


SUNRISE AND SUNSET
AUGUST 23 2016........SUNRISE   613 AM MDT   SUNSET   804 PM MDT
AUGUST 24 2016........SUNRISE   614 AM MDT   SUNSET   802 PM MDT


-  INDICATES NEGATIVE NUMBERS.
R  INDICATES RECORD WAS SET OR TIED.
MM INDICATES DATA IS MISSING.
T  INDICATES TRACE AMOUNT.




$$
