000
CDUS45 KGGW 290036
CLIGGW


CLIMATE REPORT
NATIONAL WEATHER SERVICE GLASGOW MT
535 PM MST FRI NOV 28 2014


...................................

...THE GLASGOW MT CLIMATE SUMMARY FOR NOVEMBER 28 2014...
VALID TODAY AS OF 0500 PM LOCAL TIME.

CLIMATE NORMAL PERIOD 1981 TO 2010
CLIMATE RECORD PERIOD 1893 TO 2014


WEATHER ITEM   OBSERVED TIME   RECORD YEAR NORMAL DEPARTURE LAST
                VALUE   (LST)  VALUE       VALUE  FROM      YEAR
                                                  NORMAL
..................................................................
TEMPERATURE (F)
 TODAY
  MAXIMUM         29        MM  57    2002  33     -4       25
                                      1899
  MINIMUM         18        MM -34    1896  13      5       14
  AVERAGE         24                        23      1       20

PRECIPITATION (IN)
  TODAY            0.00          0.18 1927   0.02  -0.02     0.00
  MONTH TO DATE    0.53                      0.38   0.15     0.34
  SINCE OCT 1      0.94                      1.13  -0.19     0.58
  SINCE JAN 1     14.68                     11.24   3.44    15.00

SNOWFALL (IN)
  TODAY            0.0           3.9  2006   0.3   -0.3      0.0
  MONTH TO DATE    8.2                       4.7    3.5      3.6
  SINCE SEP 1      8.2                       6.2    2.0      3.7
  SINCE JUL 1      8.2                       6.2    2.0      3.7
  SNOW DEPTH       1   (12Z/5AM MST)

DEGREE DAYS
 HEATING
  TODAY           41                        42     -1       45
  MONTH TO DATE 1168                       983    185     1038
  SINCE SEP 1   1888                      1854     34     1828
  SINCE JUL 1   1941                      1907     34     1843

 COOLING
  TODAY            0                         0      0        0
  MONTH TO DATE    0                         0      0        0
  SINCE SEP 1     23                        38    -15       86
  SINCE JAN 1    495                       533    -38      563
..................................................................


WIND (MPH)
  HIGHEST WIND SPEED    20   HIGHEST WIND DIRECTION     E (110)
  HIGHEST GUST SPEED    MM   HIGHEST GUST DIRECTION    MM
  AVERAGE WIND SPEED    13.3


SKY COVER
  POSSIBLE SUNSHINE  MM
  AVERAGE SKY COVER 0.4


WEATHER CONDITIONS
 THE FOLLOWING WEATHER WAS RECORDED TODAY.
  FOG
  HAZE


RELATIVE HUMIDITY (PERCENT)
 HIGHEST    92           100 AM
 LOWEST     81           100 PM
 AVERAGE    87

..........................................................


THE GLASGOW MT CLIMATE NORMALS FOR TOMORROW
                         NORMAL    RECORD    YEAR
 MAXIMUM TEMPERATURE (F)   32        57      1951
 MINIMUM TEMPERATURE (F)   12       -37      1896


SUNRISE AND SUNSET
NOVEMBER 28 2014......SUNRISE   732 AM MST   SUNSET   416 PM MST
NOVEMBER 29 2014......SUNRISE   734 AM MST   SUNSET   416 PM MST


-  INDICATES NEGATIVE NUMBERS.
R  INDICATES RECORD WAS SET OR TIED.
MM INDICATES DATA IS MISSING.
T  INDICATES TRACE AMOUNT.




$$
