000
CDUS45 KGGW 170742
CLIGGW


CLIMATE REPORT
NATIONAL WEATHER SERVICE GLASGOW MT
141 AM MDT TUE OCT 17 2017


...................................

...THE GLASGOW MT CLIMATE SUMMARY FOR OCTOBER 16 2017...

CLIMATE NORMAL PERIOD 1981 TO 2010
CLIMATE RECORD PERIOD 1893 TO 2017


WEATHER ITEM   OBSERVED TIME   RECORD YEAR NORMAL DEPARTURE LAST
                VALUE   (LST)  VALUE       VALUE  FROM      YEAR
                                                  NORMAL
..................................................................
TEMPERATURE (F)
 YESTERDAY
  MAXIMUM         69    148 PM  86    1991  57     12       63
  MINIMUM         39    200 AM   4    1930  33      6       41
  AVERAGE         54                        45      9       52

PRECIPITATION (IN)
  YESTERDAY        0.00          0.78 1980   0.02  -0.02     0.02
  MONTH TO DATE    0.82                      0.46   0.36     2.36
  SINCE OCT 1      0.82                      0.46   0.36     2.36
  SINCE JAN 1      5.66                     10.57  -4.91    19.69

SNOWFALL (IN)
  YESTERDAY        0.0           2.6  1980   0.0    0.0      0.0
  MONTH TO DATE    0.7                       0.5    0.2      0.4
  SINCE SEP 1      0.7                       0.7    0.0      0.4
  SINCE JUL 1      0.7                       0.7    0.0      0.4
  SNOW DEPTH       0

DEGREE DAYS
 HEATING
  YESTERDAY       11                        20     -9       13
  MONTH TO DATE  332                       272     60      312
  SINCE SEP 1    558                       513     45      536
  SINCE JUL 1    565                       566     -1      570

 COOLING
  YESTERDAY        0                         0      0        0
  MONTH TO DATE    0                         0      0        0
  SINCE SEP 1     54                        37     17       29
  SINCE JAN 1    684                       532    152      434
..................................................................


WIND (MPH)
  HIGHEST WIND SPEED    23   HIGHEST WIND DIRECTION     W (270)
  HIGHEST GUST SPEED    29   HIGHEST GUST DIRECTION     W (290)
  AVERAGE WIND SPEED     9.0


SKY COVER
  POSSIBLE SUNSHINE  MM
  AVERAGE SKY COVER 0.0


WEATHER CONDITIONS
 THE FOLLOWING WEATHER WAS RECORDED YESTERDAY.
  NO SIGNIFICANT WEATHER WAS OBSERVED.


RELATIVE HUMIDITY (PERCENT)
 HIGHEST    79           700 AM
 LOWEST     24           100 PM
 AVERAGE    52

..........................................................


THE GLASGOW MT CLIMATE NORMALS FOR TODAY
                         NORMAL    RECORD    YEAR
 MAXIMUM TEMPERATURE (F)   57        86      1927
 MINIMUM TEMPERATURE (F)   32        11      1922


SUNRISE AND SUNSET
OCTOBER 17 2017.......SUNRISE   730 AM MDT   SUNSET   613 PM MDT
OCTOBER 18 2017.......SUNRISE   731 AM MDT   SUNSET   611 PM MDT


-  INDICATES NEGATIVE NUMBERS.
R  INDICATES RECORD WAS SET OR TIED.
MM INDICATES DATA IS MISSING.
T  INDICATES TRACE AMOUNT.




$$
