000
CDUS45 KGGW 250745
CLIGGW


CLIMATE REPORT
NATIONAL WEATHER SERVICE GLASGOW MT
1244 AM MST THU DEC 25 2014


...................................

...THE GLASGOW MT CLIMATE SUMMARY FOR DECEMBER 24 2014...

CLIMATE NORMAL PERIOD 1981 TO 2010
CLIMATE RECORD PERIOD 1893 TO 2014


WEATHER ITEM   OBSERVED TIME   RECORD YEAR NORMAL DEPARTURE LAST
                VALUE   (LST)  VALUE       VALUE  FROM      YEAR
                                                  NORMAL
..................................................................
TEMPERATURE (F)
 YESTERDAY
  MAXIMUM         37    220 PM  52    1940  24     13       31
  MINIMUM         25   1159 PM -37    1983   4     21        7
  AVERAGE         31                        14     17       19

PRECIPITATION (IN)
  YESTERDAY        0.02          0.31 1949   0.02   0.00     0.00
  MONTH TO DATE    0.11                      0.30  -0.19     0.66
  SINCE OCT 1      1.26                      1.45  -0.19     1.25
  SINCE JAN 1     15.00                     11.56   3.44    15.67

SNOWFALL (IN)
  YESTERDAY        T             3.1  1949   0.3   -0.3      0.0
  MONTH TO DATE    0.1                       5.8   -5.7     10.8
  SINCE DEC 1      0.1                       5.8   -5.7     10.8
  SINCE JUL 1     11.5                      12.4   -0.9     14.5
  SNOW DEPTH       0  (12Z / 5 AM MST)

DEGREE DAYS
 HEATING
  YESTERDAY       34                        51    -17       46
  MONTH TO DATE  958                      1151   -193     1449
  SINCE DEC 1    958                      1151   -193     1449
  SINCE JUL 1   3043                      3144   -101     3360

 COOLING
  YESTERDAY        0                         0      0        0
  MONTH TO DATE    0                         0      0        0
  SINCE DEC 1      0                         0      0        0
  SINCE JAN 1    495                       533    -38      563
..................................................................


WIND (MPH)
  HIGHEST WIND SPEED    15   HIGHEST WIND DIRECTION     N (350)
  HIGHEST GUST SPEED    18   HIGHEST GUST DIRECTION     N (350)
  AVERAGE WIND SPEED     6.9


SKY COVER
  POSSIBLE SUNSHINE  MM
  AVERAGE SKY COVER 0.7


WEATHER CONDITIONS
 THE FOLLOWING WEATHER WAS RECORDED YESTERDAY.
  LIGHT RAIN
  LT FREEZING RAIN
  LIGHT SNOW


RELATIVE HUMIDITY (PERCENT)
 HIGHEST    92           800 PM
 LOWEST     70           100 PM
 AVERAGE    81

..........................................................


THE GLASGOW MT CLIMATE NORMALS FOR TODAY
                         NORMAL    RECORD    YEAR
 MAXIMUM TEMPERATURE (F)   24        52      1947
 MINIMUM TEMPERATURE (F)    4       -36      1996


SUNRISE AND SUNSET
DECEMBER 25 2014......SUNRISE   756 AM MST   SUNSET   417 PM MST
DECEMBER 26 2014......SUNRISE   756 AM MST   SUNSET   418 PM MST


-  INDICATES NEGATIVE NUMBERS.
R  INDICATES RECORD WAS SET OR TIED.
MM INDICATES DATA IS MISSING.
T  INDICATES TRACE AMOUNT.




$$
