000
CDUS45 KGGW 061231
CLIGGW


CLIMATE REPORT
NATIONAL WEATHER SERVICE GLASGOW MT
631 AM MDT FRI MAY 6 2016


...................................

...THE GLASGOW MT CLIMATE SUMMARY FOR MAY 6 2016...
VALID AS OF 0600 AM LOCAL TIME.

CLIMATE NORMAL PERIOD 1981 TO 2010
CLIMATE RECORD PERIOD 1893 TO 2016


WEATHER ITEM   OBSERVED TIME   RECORD YEAR NORMAL DEPARTURE LAST
                VALUE   (LST)  VALUE       VALUE  FROM      YEAR
                                                  NORMAL
..................................................................
TEMPERATURE (F)
 TODAY
  MINIMUM         52    530 AM  15    1929  39     13       41

PRECIPITATION (IN)
  TODAY            0.00          1.66 1979   0.05  -0.05      T
  MONTH TO DATE    0.00                      0.27  -0.27      T
  SINCE OCT 1      6.73                      3.72   3.01     4.26
  SINCE JAN 1      3.75                      2.17   1.58     3.00

SNOWFALL (IN)
  TODAY            0.0           1.2  2002   0.0    0.0      0.0
  MONTH TO DATE    0.0                       0.3   -0.3      0.0
  SINCE MAR 1      6.1                       6.9   -0.8      8.1
  SINCE JUL 1     27.6                      33.9   -6.3     43.2
  SNOW DEPTH       0

DEGREE DAYS
 HEATING
  TODAY            7                        13     -6       13
  MONTH TO DATE   31                        85    -54       56
  SINCE MAR 1   1354                      1722   -368     1397
  SINCE JUL 1   6819                      8092  -1273     7481

 COOLING
  TODAY            0                         0      0        0
  MONTH TO DATE    6                         0      6        0
  SINCE MAR 1      6                         1      5        0
  SINCE JAN 1      6                         1      5        0
..................................................................





WEATHER CONDITIONS
 THE FOLLOWING WEATHER WAS RECORDED TODAY.
  HAZE


RELATIVE HUMIDITY (PERCENT)
 HIGHEST    71           500 AM

..........................................................


THE GLASGOW MT CLIMATE NORMALS FOR TOMORROW
                         NORMAL    RECORD    YEAR
 MAXIMUM TEMPERATURE (F)   65        93      1992
 MINIMUM TEMPERATURE (F)   39        21      1929


SUNRISE AND SUNSET
MAY  6 2016...........SUNRISE   539 AM MDT   SUNSET   828 PM MDT
MAY  7 2016...........SUNRISE   537 AM MDT   SUNSET   829 PM MDT


-  INDICATES NEGATIVE NUMBERS.
R  INDICATES RECORD WAS SET OR TIED.
MM INDICATES DATA IS MISSING.
T  INDICATES TRACE AMOUNT.

$$
