000
CDUS45 KGGW 250740
CLIGGW


CLIMATE REPORT
NATIONAL WEATHER SERVICE GLASGOW MT
140 AM MDT FRI APR 25 2014


...................................

...THE GLASGOW MT CLIMATE SUMMARY FOR APRIL 24 2014...

CLIMATE NORMAL PERIOD 1981 TO 2010
CLIMATE RECORD PERIOD 1893 TO 2014


WEATHER ITEM   OBSERVED TIME   RECORD YEAR NORMAL DEPARTURE LAST
                VALUE   (LST)  VALUE       VALUE  FROM      YEAR
                                                  NORMAL
..................................................................
TEMPERATURE (F)
 YESTERDAY
  MAXIMUM         63    338 PM  87    1962  61      2       52
  MINIMUM         31    517 AM  15    1931  35     -4       28
  AVERAGE         47                        48     -1       40

PRECIPITATION (IN)
  YESTERDAY        0.00          0.67 1932   0.03  -0.03      T
  MONTH TO DATE    0.32                      0.62  -0.30     1.12
  SINCE OCT 1      2.83                      3.22  -0.39     4.98
  SINCE JAN 1      1.38                      1.67  -0.29     2.78

SNOWFALL (IN)
  YESTERDAY        0.0           5.3  1979   0.1   -0.1       T
  MONTH TO DATE    0.0                       1.7   -1.7     11.7
  SINCE MAR 1      6.6                       6.4    0.2     25.0
  SINCE JUL 1     30.4                      33.4   -3.0     62.3
  SNOW DEPTH       0    (12Z/6AM MDT)

DEGREE DAYS
 HEATING
  YESTERDAY       18                        17      1       25
  MONTH TO DATE  550                       507     43      715
  SINCE MAR 1   1704                      1541    163     1971
  SINCE JUL 1   8352                      7911    441     8178

 COOLING
  YESTERDAY        0                         0      0        0
  MONTH TO DATE    0                         0      0        0
  SINCE MAR 1      0                         0      0        0
  SINCE JAN 1      0                         0      0        0
..................................................................


WIND (MPH)
  HIGHEST WIND SPEED    22   HIGHEST WIND DIRECTION     W (290)
  HIGHEST GUST SPEED    29   HIGHEST GUST DIRECTION     W (280)
  AVERAGE WIND SPEED    10.7


SKY COVER
  POSSIBLE SUNSHINE  MM
  AVERAGE SKY COVER 0.3


WEATHER CONDITIONS
 THE FOLLOWING WEATHER WAS RECORDED YESTERDAY.
  NO SIGNIFICANT WEATHER WAS OBSERVED.


RELATIVE HUMIDITY (PERCENT)
 HIGHEST    78           500 AM
 LOWEST     19           400 PM
 AVERAGE    49

..........................................................


THE GLASGOW MT CLIMATE NORMALS FOR TODAY
                         NORMAL    RECORD    YEAR
 MAXIMUM TEMPERATURE (F)   62        91      1952
 MINIMUM TEMPERATURE (F)   35        13      2002


SUNRISE AND SUNSET
APRIL 25 2014.........SUNRISE   558 AM MDT   SUNSET   812 PM MDT
APRIL 26 2014.........SUNRISE   556 AM MDT   SUNSET   813 PM MDT


-  INDICATES NEGATIVE NUMBERS.
R  INDICATES RECORD WAS SET OR TIED.
MM INDICATES DATA IS MISSING.
T  INDICATES TRACE AMOUNT.




$$
