000
CDUS45 KGGW 260016
CLIGGW


CLIMATE REPORT
NATIONAL WEATHER SERVICE GLASGOW MT
616 PM MDT SAT OCT 25 2014


...................................

...THE GLASGOW MT CLIMATE SUMMARY FOR OCTOBER 25 2014...
VALID TODAY AS OF 0500 PM LOCAL TIME.

CLIMATE NORMAL PERIOD 1981 TO 2010
CLIMATE RECORD PERIOD 1893 TO 2014


WEATHER ITEM   OBSERVED TIME   RECORD YEAR NORMAL DEPARTURE LAST
                VALUE   (LST)  VALUE       VALUE  FROM      YEAR
                                                  NORMAL
..................................................................
TEMPERATURE (F)
 TODAY
  MAXIMUM         66        MM  80    1990  52     14       62
                                      1924
  MINIMUM         36        MM  -7    1919  29      7       31
  AVERAGE         51                        41     10       47

PRECIPITATION (IN)
  TODAY            0.00          0.48 2000   0.02  -0.02     0.00
  MONTH TO DATE    0.34                      0.66  -0.32     0.23
  SINCE OCT 1      0.34                      0.66  -0.32     0.23
  SINCE JAN 1     14.08                     10.77   3.31    14.65

SNOWFALL (IN)
  TODAY            0.0           0.2  1951   0.1   -0.1      0.0
  MONTH TO DATE    0.0                       1.0   -1.0       T
  SINCE SEP 1      0.0                       1.2   -1.2       T
  SINCE JUL 1      0.0                       1.2   -1.2       T
  SNOW DEPTH       0

DEGREE DAYS
 HEATING
  TODAY           14                        24    -10       18
  MONTH TO DATE  345                       474   -129      488
  SINCE SEP 1    576                       715   -139      611
  SINCE JUL 1    629                       768   -139      626

 COOLING
  TODAY            0                         0      0        0
  MONTH TO DATE    0                         0      0        0
  SINCE SEP 1     23                        37    -14       86
  SINCE JAN 1    495                       532    -37      563
..................................................................


WIND (MPH)
  HIGHEST WIND SPEED    22   HIGHEST WIND DIRECTION    SE (120)
  HIGHEST GUST SPEED    30   HIGHEST GUST DIRECTION    SE (120)
  AVERAGE WIND SPEED    10.2


SKY COVER
  POSSIBLE SUNSHINE  MM
  AVERAGE SKY COVER 0.2


WEATHER CONDITIONS
 THE FOLLOWING WEATHER WAS RECORDED TODAY.
  NO SIGNIFICANT WEATHER WAS OBSERVED.


RELATIVE HUMIDITY (PERCENT)
 HIGHEST    76           600 AM
 LOWEST     29           200 PM
 AVERAGE    53

..........................................................


THE GLASGOW MT CLIMATE NORMALS FOR TOMORROW
                         NORMAL    RECORD    YEAR
 MAXIMUM TEMPERATURE (F)   52        81      1922
 MINIMUM TEMPERATURE (F)   29         3      1919


SUNRISE AND SUNSET
OCTOBER 25 2014.......SUNRISE   741 AM MDT   SUNSET   559 PM MDT
OCTOBER 26 2014.......SUNRISE   743 AM MDT   SUNSET   557 PM MDT


-  INDICATES NEGATIVE NUMBERS.
R  INDICATES RECORD WAS SET OR TIED.
MM INDICATES DATA IS MISSING.
T  INDICATES TRACE AMOUNT.




$$
