000
CDUS45 KGGW 300741
CLIGGW


CLIMATE REPORT
NATIONAL WEATHER SERVICE GLASGOW MT
140 AM MDT FRI SEP 30 2016


...................................

...THE GLASGOW MT CLIMATE SUMMARY FOR SEPTEMBER 29 2016...

CLIMATE NORMAL PERIOD 1981 TO 2010
CLIMATE RECORD PERIOD 1893 TO 2016


WEATHER ITEM   OBSERVED TIME   RECORD YEAR NORMAL DEPARTURE LAST
                VALUE   (LST)  VALUE       VALUE  FROM      YEAR
                                                  NORMAL
..................................................................
TEMPERATURE (F)
 YESTERDAY
  MAXIMUM         81    328 PM  87    1967  65     16       76
  MINIMUM         53    633 AM  20    1912  39     14       41
  AVERAGE         67                        52     15       59

PRECIPITATION (IN)
  YESTERDAY        0.00          1.45 1925   0.04  -0.04     0.00
  MONTH TO DATE    1.67                      0.91   0.76     0.57
  SINCE OCT 1     20.31                     11.63   8.68    11.32
  SINCE JAN 1     17.33                     10.08   7.25    10.06

SNOWFALL (IN)
  YESTERDAY        0.0           2.1  1983   0.1   -0.1      0.0
  MONTH TO DATE    0.0                       0.2   -0.2      0.0
  SINCE SEP 1      0.0                       0.2   -0.2      0.0
  SINCE JUL 1      0.0                       0.2   -0.2      0.0
  SNOW DEPTH       0

DEGREE DAYS
 HEATING
  YESTERDAY        0                        13    -13        6
  MONTH TO DATE  224                       229     -5      154
  SINCE SEP 1    224                       229     -5      154
  SINCE JUL 1    258                       282    -24      204

 COOLING
  YESTERDAY        2                         0      2        0
  MONTH TO DATE   28                        37     -9       48
  SINCE SEP 1     28                        37     -9       48
  SINCE JAN 1    433                       532    -99      612
..................................................................


WIND (MPH)
  HIGHEST WIND SPEED    23   HIGHEST WIND DIRECTION    SE (150)
  HIGHEST GUST SPEED    29   HIGHEST GUST DIRECTION     S (160)
  AVERAGE WIND SPEED    13.4


SKY COVER
  POSSIBLE SUNSHINE  MM
  AVERAGE SKY COVER 0.0


WEATHER CONDITIONS
 THE FOLLOWING WEATHER WAS RECORDED YESTERDAY.
  NO SIGNIFICANT WEATHER WAS OBSERVED.


RELATIVE HUMIDITY (PERCENT)
 HIGHEST    83           200 AM
 LOWEST     28           200 PM
 AVERAGE    56

..........................................................


THE GLASGOW MT CLIMATE NORMALS FOR TODAY
                         NORMAL    RECORD    YEAR
 MAXIMUM TEMPERATURE (F)   65        92      1963
 MINIMUM TEMPERATURE (F)   39        15      1907


SUNRISE AND SUNSET
SEPTEMBER 30 2016.....SUNRISE   705 AM MDT   SUNSET   646 PM MDT
OCTOBER  1 2016.......SUNRISE   707 AM MDT   SUNSET   644 PM MDT


-  INDICATES NEGATIVE NUMBERS.
R  INDICATES RECORD WAS SET OR TIED.
MM INDICATES DATA IS MISSING.
T  INDICATES TRACE AMOUNT.




$$
