000
CDUS45 KGGW 240016
CLIGGW


CLIMATE REPORT
NATIONAL WEATHER SERVICE GLASGOW MT
616 PM MDT WED AUG 23 2017


...................................

...THE GLASGOW MT CLIMATE SUMMARY FOR AUGUST 23 2017...
VALID TODAY AS OF 0500 PM LOCAL TIME.

CLIMATE NORMAL PERIOD 1981 TO 2010
CLIMATE RECORD PERIOD 1893 TO 2017


WEATHER ITEM   OBSERVED TIME   RECORD YEAR NORMAL DEPARTURE LAST
                VALUE   (LST)  VALUE       VALUE  FROM      YEAR
                                                  NORMAL
..................................................................
TEMPERATURE (F)
 TODAY
  MAXIMUM         93    409 PM 101    1969  83     10       73
  MINIMUM         57    533 AM  28    1928  55      2       50
  AVERAGE         75                        69      6       62

PRECIPITATION (IN)
  TODAY            0.00          2.41 2014   0.03  -0.03     0.00
  MONTH TO DATE    0.26                      0.95  -0.69     0.51
  SINCE OCT 1      7.23                     10.43  -3.20    18.63
  SINCE JAN 1      3.70                      8.88  -5.18    15.65

SNOWFALL (IN)
  TODAY            0.0           0.0  2002   0.0    0.0      0.0
                                      2001
                                      2000
  MONTH TO DATE    0.0                       0.0    0.0      0.0
  SINCE JUN 1      0.0                       0.0    0.0      0.0
  SINCE JUL 1      0.0                       0.0    0.0      0.0
  SNOW DEPTH       0

DEGREE DAYS
 HEATING
  TODAY            0                         1     -1        3
  MONTH TO DATE    7                        15     -8       11
  SINCE JUN 1     54                       138    -84       51
  SINCE JUL 1      7                        33    -26       19

 COOLING
  TODAY           10                         5      5        0
  MONTH TO DATE   65                       163    -98      125
  SINCE JUN 1    528                       445     83      360
  SINCE JAN 1    543                       462     81      371
..................................................................


WIND (MPH)
  HIGHEST WIND SPEED    14   HIGHEST WIND DIRECTION     E (100)
  HIGHEST GUST SPEED    16   HIGHEST GUST DIRECTION     S (170)
  AVERAGE WIND SPEED     8.6


SKY COVER
  POSSIBLE SUNSHINE  MM
  AVERAGE SKY COVER 0.0


WEATHER CONDITIONS
 THE FOLLOWING WEATHER WAS RECORDED TODAY.
  NO SIGNIFICANT WEATHER WAS OBSERVED.


RELATIVE HUMIDITY (PERCENT)
 HIGHEST    51           600 AM
 LOWEST     15           200 PM
 AVERAGE    33

..........................................................


THE GLASGOW MT CLIMATE NORMALS FOR TOMORROW
                         NORMAL    RECORD    YEAR
 MAXIMUM TEMPERATURE (F)   82       103      1926
 MINIMUM TEMPERATURE (F)   54        31      1934


SUNRISE AND SUNSET
AUGUST 23 2017........SUNRISE   612 AM MDT   SUNSET   805 PM MDT
AUGUST 24 2017........SUNRISE   614 AM MDT   SUNSET   803 PM MDT


-  INDICATES NEGATIVE NUMBERS.
R  INDICATES RECORD WAS SET OR TIED.
MM INDICATES DATA IS MISSING.
T  INDICATES TRACE AMOUNT.




$$
