000
CDUS45 KGGW 010746
CLIGGW


CLIMATE REPORT
NATIONAL WEATHER SERVICE GLASGOW MT
146 AM MDT WED JUL 1 2015


...................................

...THE GLASGOW MT CLIMATE SUMMARY FOR JUNE 30 2015...

CLIMATE NORMAL PERIOD 1981 TO 2010
CLIMATE RECORD PERIOD 1893 TO 2015


WEATHER ITEM   OBSERVED TIME   RECORD YEAR NORMAL DEPARTURE LAST
                VALUE   (LST)  VALUE       VALUE  FROM      YEAR
                                                  NORMAL
..................................................................
TEMPERATURE (F)
 YESTERDAY
  MAXIMUM         94    353 PM 100    1989  81     13       72
  MINIMUM         63   1159 PM  35    1918  54      9       53
  AVERAGE         79                        68     11       63

PRECIPITATION (IN)
  YESTERDAY        0.00          2.32 1938   0.06  -0.06     0.43
  MONTH TO DATE    2.58                      2.33   0.25     2.26
  SINCE OCT 1      8.16                      7.70   0.46     7.10
  SINCE JAN 1      6.90                      6.15   0.75     5.65

SNOWFALL (IN)
  YESTERDAY        0.0           T    1953   0.0    0.0      0.0
  MONTH TO DATE    0.0                       0.0    0.0      0.0
  SINCE JUN 1      0.0                       0.0    0.0      0.0
  SINCE JUL 1     43.2                      34.8    8.4     30.4
  SNOW DEPTH       0

DEGREE DAYS
 HEATING
  YESTERDAY        0                         1     -1        2
  MONTH TO DATE   46                       106    -60      108
  SINCE JUN 1     46                       105    -59      108
  SINCE JUL 1   7816                      8436   -620     8916

 COOLING
  YESTERDAY       14                         4     10        0
  MONTH TO DATE  127                        75     52       20
  SINCE JUN 1    127                        75     52       20
  SINCE JAN 1    127                        92     35       54
..................................................................


WIND (MPH)
  HIGHEST WIND SPEED    25   HIGHEST WIND DIRECTION    NW (310)
  HIGHEST GUST SPEED    32   HIGHEST GUST DIRECTION    NW (310)
  AVERAGE WIND SPEED    10.8


SKY COVER
  POSSIBLE SUNSHINE  MM
  AVERAGE SKY COVER  MM


WEATHER CONDITIONS
 THE FOLLOWING WEATHER WAS RECORDED YESTERDAY.
  HAZE


RELATIVE HUMIDITY (PERCENT)
 HIGHEST    MM
 LOWEST     MM
 AVERAGE    MM

..........................................................


THE GLASGOW MT CLIMATE NORMALS FOR TODAY
                         NORMAL    RECORD    YEAR
 MAXIMUM TEMPERATURE (F)   82       101      1895
 MINIMUM TEMPERATURE (F)   55        39      1945
                                             1899


SUNRISE AND SUNSET
JULY  1 2015..........SUNRISE   510 AM MDT   SUNSET   910 PM MDT
JULY  2 2015..........SUNRISE   511 AM MDT   SUNSET   910 PM MDT


-  INDICATES NEGATIVE NUMBERS.
R  INDICATES RECORD WAS SET OR TIED.
MM INDICATES DATA IS MISSING.
T  INDICATES TRACE AMOUNT.

$$
