186
CDUS45 KGGW 300015
CLIGGW


CLIMATE REPORT
NATIONAL WEATHER SERVICE GLASGOW MT
615 PM MDT SAT APR 29 2017


...................................

...THE GLASGOW MT CLIMATE SUMMARY FOR APRIL 29 2017...
VALID TODAY AS OF 0500 PM LOCAL TIME.

CLIMATE NORMAL PERIOD 1981 TO 2010
CLIMATE RECORD PERIOD 1893 TO 2017


WEATHER ITEM   OBSERVED TIME   RECORD YEAR NORMAL DEPARTURE LAST
                VALUE   (LST)  VALUE       VALUE  FROM      YEAR
                                                  NORMAL
..................................................................
TEMPERATURE (F)
 TODAY
  MAXIMUM         61        MM  90    1939  63     -2       59
                                      1926
  MINIMUM         31        MM   7    1954  36     -5       36
  AVERAGE         46                        50     -4       48

PRECIPITATION (IN)
  TODAY            T             0.68 1953   0.04  -0.04     0.00
  MONTH TO DATE    0.46                      0.81  -0.35     2.61
  SINCE OCT 1      5.50                      3.41   2.09     6.73
  SINCE JAN 1      1.97                      1.86   0.11     3.75

SNOWFALL (IN)
  TODAY            0.0           3.0  1967   0.1   -0.1      0.0
  MONTH TO DATE    0.0                       1.9   -1.9      3.2
  SINCE MAR 1      6.2                       6.6   -0.4      6.1
  SINCE JUL 1     37.7                      33.6    4.1     27.6
  SNOW DEPTH       0

DEGREE DAYS
 HEATING
  TODAY           19                        15      4       17
  MONTH TO DATE  568                       587    -19      539
  SINCE MAR 1   1523                      1621    -98     1311
  SINCE JUL 1   7630                      7991   -361     6776

 COOLING
  TODAY            0                         0      0        0
  MONTH TO DATE    0                         0      0        0
  SINCE MAR 1      0                         0      0        0
  SINCE JAN 1      0                         0      0        0
..................................................................


WIND (MPH)
  HIGHEST WIND SPEED    12   HIGHEST WIND DIRECTION    SE (150)
  HIGHEST GUST SPEED    23   HIGHEST GUST DIRECTION    SE (150)
  AVERAGE WIND SPEED     4.5


SKY COVER
  POSSIBLE SUNSHINE  MM
  AVERAGE SKY COVER 0.2


WEATHER CONDITIONS
 THE FOLLOWING WEATHER WAS RECORDED TODAY.
  LIGHT RAIN


RELATIVE HUMIDITY (PERCENT)
 HIGHEST    92           500 AM
 LOWEST     32           200 PM
 AVERAGE    62

..........................................................


THE GLASGOW MT CLIMATE NORMALS FOR TOMORROW
                         NORMAL    RECORD    YEAR
 MAXIMUM TEMPERATURE (F)   63        89      1901
 MINIMUM TEMPERATURE (F)   37        13      1899


SUNRISE AND SUNSET
APRIL 29 2017.........SUNRISE   551 AM MDT   SUNSET   818 PM MDT
APRIL 30 2017.........SUNRISE   549 AM MDT   SUNSET   819 PM MDT


-  INDICATES NEGATIVE NUMBERS.
R  INDICATES RECORD WAS SET OR TIED.
MM INDICATES DATA IS MISSING.
T  INDICATES TRACE AMOUNT.




$$
