000
CDUS45 KGGW 290740
CLIGGW


CLIMATE REPORT
NATIONAL WEATHER SERVICE GLASGOW MT
140 AM MDT SAT AUG 29 2015


...................................

...THE GLASGOW MT CLIMATE SUMMARY FOR AUGUST 28 2015...

CLIMATE NORMAL PERIOD 1981 TO 2010
CLIMATE RECORD PERIOD 1893 TO 2015


WEATHER ITEM   OBSERVED TIME   RECORD YEAR NORMAL DEPARTURE LAST
                VALUE   (LST)  VALUE       VALUE  FROM      YEAR
                                                  NORMAL
..................................................................
TEMPERATURE (F)
 YESTERDAY
  MAXIMUM         88    219 PM 100    2012  81      7       89
  MINIMUM         56    601 AM  32    1911  53      3       56
  AVERAGE         72                        67      5       73

PRECIPITATION (IN)
  YESTERDAY        0.00          1.45 1997   0.04  -0.04     0.04
  MONTH TO DATE    0.65                      1.14  -0.49     6.51
  SINCE OCT 1     10.56                     10.62  -0.06    14.19
  SINCE JAN 1      9.30                      9.07   0.23    12.74

SNOWFALL (IN)
  YESTERDAY        0.0           T    1997   0.0    0.0      0.0
  MONTH TO DATE    0.0                       0.0    0.0      0.0
  SINCE JUN 1      0.0                       0.0    0.0      0.0
  SINCE JUL 1      0.0                       0.0    0.0      0.0
  SNOW DEPTH       0

DEGREE DAYS
 HEATING
  YESTERDAY        0                         2     -2        0
  MONTH TO DATE   43                        25     18       43
  SINCE JUN 1     94                       148    -54      155
  SINCE JUL 1     48                        43      5       47

 COOLING
  YESTERDAY        7                         4      3        8
  MONTH TO DATE  196                       185     11      201
  SINCE JUN 1    544                       467     77      438
  SINCE JAN 1    544                       484     60      472
..................................................................


WIND (MPH)
  HIGHEST WIND SPEED    17   HIGHEST WIND DIRECTION     W (290)
  HIGHEST GUST SPEED    21   HIGHEST GUST DIRECTION    NW (310)
  AVERAGE WIND SPEED     7.0


SKY COVER
  POSSIBLE SUNSHINE  MM
  AVERAGE SKY COVER 0.6


WEATHER CONDITIONS
 THE FOLLOWING WEATHER WAS RECORDED YESTERDAY.
  HAZE


RELATIVE HUMIDITY (PERCENT)
 HIGHEST    86           600 AM
 LOWEST     18           200 PM
 AVERAGE    52

..........................................................


THE GLASGOW MT CLIMATE NORMALS FOR TODAY
                         NORMAL    RECORD    YEAR
 MAXIMUM TEMPERATURE (F)   80        99      1938
 MINIMUM TEMPERATURE (F)   52        33      1902


SUNRISE AND SUNSET
AUGUST 29 2015........SUNRISE   620 AM MDT   SUNSET   754 PM MDT
AUGUST 30 2015........SUNRISE   621 AM MDT   SUNSET   752 PM MDT


-  INDICATES NEGATIVE NUMBERS.
R  INDICATES RECORD WAS SET OR TIED.
MM INDICATES DATA IS MISSING.
T  INDICATES TRACE AMOUNT.




$$
