529
CDUS45 KGJT 300733
CLIGJT


CLIMATE REPORT
NATIONAL WEATHER SERVICE GRAND JUNCTION CO
130 AM MDT THU MAR 30 2017


...................................

...THE GRAND JUNCTION CO CLIMATE SUMMARY FOR MARCH 29 2017...

CLIMATE NORMAL PERIOD 1981 TO 2010
CLIMATE RECORD PERIOD 1893 TO 2017


WEATHER ITEM   OBSERVED TIME   RECORD YEAR NORMAL DEPARTURE LAST
                VALUE   (LST)  VALUE       VALUE  FROM      YEAR
                                                  NORMAL
..................................................................
TEMPERATURE (F)
 YESTERDAY
  MAXIMUM         63    446 PM  77    1986  60      3       56
                                      1943
  MINIMUM         35    348 AM  14    1977  34      1       32
  AVERAGE         49                        47      2       44

PRECIPITATION (IN)
  YESTERDAY        0.00          0.60 1990   0.03  -0.03     0.18
  MONTH TO DATE    0.20                      0.85  -0.65     0.97
  SINCE MAR 1      0.20                      0.85  -0.65     0.97
  SINCE JAN 1      1.75                      1.97  -0.22     2.34

SNOWFALL (IN)
  YESTERDAY        0.0           4.0  1949   0.0    0.0       T
  MONTH TO DATE    T                         2.4   -2.4      1.1
  SINCE MAR 1      T                         2.4   -2.4      1.1
  SINCE JUL 1     13.9                      17.9   -4.0     28.5
  SNOW DEPTH       0

DEGREE DAYS
 HEATING
  YESTERDAY       16                        18     -2       21
  MONTH TO DATE  416                       617   -201      562
  SINCE MAR 1    416                       617   -201      562
  SINCE JUL 1   4063                      4996   -933     5040

 COOLING
  YESTERDAY        0                         0      0        0
  MONTH TO DATE    0                         0      0        0
  SINCE MAR 1      0                         0      0        0
  SINCE JAN 1      0                         0      0        0
..................................................................


WIND (MPH)
  HIGHEST WIND SPEED    21   HIGHEST WIND DIRECTION    NW (310)
  HIGHEST GUST SPEED    34   HIGHEST GUST DIRECTION    NW (310)
  AVERAGE WIND SPEED     6.0


SKY COVER
  POSSIBLE SUNSHINE  MM
  AVERAGE SKY COVER 0.1


WEATHER CONDITIONS
 THE FOLLOWING WEATHER WAS RECORDED YESTERDAY.
  NO SIGNIFICANT WEATHER WAS OBSERVED.


RELATIVE HUMIDITY (PERCENT)
 HIGHEST    82           400 AM
 LOWEST     20           500 PM
 AVERAGE    51

..........................................................


THE GRAND JUNCTION CO CLIMATE NORMALS FOR TODAY
                         NORMAL    RECORD    YEAR
 MAXIMUM TEMPERATURE (F)   60        79      1971
 MINIMUM TEMPERATURE (F)   34        16      1987


SUNRISE AND SUNSET
MARCH 30 2017.........SUNRISE   701 AM MDT   SUNSET   736 PM MDT
MARCH 31 2017.........SUNRISE   700 AM MDT   SUNSET   737 PM MDT


-  INDICATES NEGATIVE NUMBERS.
R  INDICATES RECORD WAS SET OR TIED.
MM INDICATES DATA IS MISSING.
T  INDICATES TRACE AMOUNT.




$$
