000
CDUS45 KGJT 180838
CLIGJT


CLIMATE REPORT
NATIONAL WEATHER SERVICE GRAND JUNCTION CO
136 AM MST WED JAN 18 2017


...................................

...THE GRAND JUNCTION CO CLIMATE SUMMARY FOR JANUARY 17 2017...

CLIMATE NORMAL PERIOD 1981 TO 2010
CLIMATE RECORD PERIOD 1893 TO 2017


WEATHER ITEM   OBSERVED TIME   RECORD YEAR NORMAL DEPARTURE LAST
                VALUE   (LST)  VALUE       VALUE  FROM      YEAR
                                                  NORMAL
..................................................................
TEMPERATURE (F)
 YESTERDAY
  MAXIMUM         45    429 PM  57    2000  37      8       36
  MINIMUM         23    801 AM -10    1925  17      6       13
  AVERAGE         34                        27      7       25

PRECIPITATION (IN)
  YESTERDAY        0.00          0.20 1927   0.02  -0.02     0.00
  MONTH TO DATE    0.73                      0.34   0.39     0.34
  SINCE DEC 1      1.46                      0.93   0.53     1.03
  SINCE JAN 1      0.73                      0.34   0.39     0.34

SNOWFALL (IN)
  YESTERDAY        0.0           3.4  1917   0.1   -0.1      0.0
  MONTH TO DATE    4.1                       3.0    1.1      4.2
  SINCE DEC 1      7.6                       7.9   -0.3     13.7
  SINCE JUL 1      8.1                      10.4   -2.3     17.1
  SNOW DEPTH       0

DEGREE DAYS
 HEATING
  YESTERDAY       31                        38     -7       40
  MONTH TO DATE  584                       650    -66      729
  SINCE DEC 1   1661                      1781   -120     1956
  SINCE JUL 1   2531                      3009   -478     3005

 COOLING
  YESTERDAY        0                         0      0        0
  MONTH TO DATE    0                         0      0        0
  SINCE DEC 1      0                         0      0        0
  SINCE JAN 1      0                         0      0        0
..................................................................


WIND (MPH)
  HIGHEST WIND SPEED     8   HIGHEST WIND DIRECTION     N (350)
  HIGHEST GUST SPEED     9   HIGHEST GUST DIRECTION     S (180)
  AVERAGE WIND SPEED     1.7


SKY COVER
  POSSIBLE SUNSHINE  MM
  AVERAGE SKY COVER 0.2


WEATHER CONDITIONS
 THE FOLLOWING WEATHER WAS RECORDED YESTERDAY.
  NO SIGNIFICANT WEATHER WAS OBSERVED.


RELATIVE HUMIDITY (PERCENT)
 HIGHEST    96           800 AM
 LOWEST     49           400 PM
 AVERAGE    73

..........................................................


THE GRAND JUNCTION CO CLIMATE NORMALS FOR TODAY
                         NORMAL    RECORD    YEAR
 MAXIMUM TEMPERATURE (F)   38        58      1921
                                             1914
 MINIMUM TEMPERATURE (F)   17       -11      1930


SUNRISE AND SUNSET
JANUARY 18 2017.......SUNRISE   730 AM MST   SUNSET   519 PM MST
JANUARY 19 2017.......SUNRISE   730 AM MST   SUNSET   521 PM MST


-  INDICATES NEGATIVE NUMBERS.
R  INDICATES RECORD WAS SET OR TIED.
MM INDICATES DATA IS MISSING.
T  INDICATES TRACE AMOUNT.




$$
