000
CDUS45 KGJT 280740
CLIGJT


CLIMATE REPORT
NATIONAL WEATHER SERVICE GRAND JUNCTION CO
130 AM MDT SAT MAY 28 2016


...................................

...THE GRAND JUNCTION CO CLIMATE SUMMARY FOR MAY 27 2016...

CLIMATE NORMAL PERIOD 1981 TO 2010
CLIMATE RECORD PERIOD 1893 TO 2016


WEATHER ITEM   OBSERVED TIME   RECORD YEAR NORMAL DEPARTURE LAST
                VALUE   (LST)  VALUE       VALUE  FROM      YEAR
                                                  NORMAL
..................................................................
TEMPERATURE (F)
 YESTERDAY
  MAXIMUM         70    413 PM  93    2003  80    -10       75
                                      1969
  MINIMUM         47    503 AM  36    1973  50     -3       45
  AVERAGE         59                        65     -6       60

PRECIPITATION (IN)
  YESTERDAY        0.06          0.73 1926   0.03   0.03     0.04
  MONTH TO DATE    0.91                      0.79   0.12     1.82
  SINCE MAR 1      3.60                      2.62   0.98     4.21
  SINCE JAN 1      4.97                      3.74   1.23     5.07

SNOWFALL (IN)
  YESTERDAY        0.0           0.0  2015   0.0    0.0      0.0
  MONTH TO DATE    T                         0.1   -0.1      0.1
  SINCE MAR 1      1.1                       3.6   -2.5      4.0
  SINCE JUL 1     28.5                      19.1    9.4     12.6
  SNOW DEPTH       0

DEGREE DAYS
 HEATING
  YESTERDAY        6                         3      3        5
  MONTH TO DATE  186                       146     40      216
  SINCE MAR 1   1230                      1201     29     1171
  SINCE JUL 1   5708                      5580    128     5156

 COOLING
  YESTERDAY        0                         3     -3        0
  MONTH TO DATE   12                        35    -23        2
  SINCE MAR 1     12                        38    -26        2
  SINCE JAN 1     12                        38    -26        2
..................................................................


WIND (MPH)
  HIGHEST WIND SPEED    26   HIGHEST WIND DIRECTION    NE (50)
  HIGHEST GUST SPEED    31   HIGHEST GUST DIRECTION    NE (50)
  AVERAGE WIND SPEED     8.9


SKY COVER
  POSSIBLE SUNSHINE  MM
  AVERAGE SKY COVER 0.4


WEATHER CONDITIONS
 THE FOLLOWING WEATHER WAS RECORDED YESTERDAY.
  THUNDERSTORM
  HEAVY RAIN
  RAIN
  LIGHT RAIN


RELATIVE HUMIDITY (PERCENT)
 HIGHEST    86          1100 PM
 LOWEST     24           400 PM
 AVERAGE    55

..........................................................


THE GRAND JUNCTION CO CLIMATE NORMALS FOR TODAY
                         NORMAL    RECORD    YEAR
 MAXIMUM TEMPERATURE (F)   81        96      2000
 MINIMUM TEMPERATURE (F)   50        35      1908


SUNRISE AND SUNSET
MAY 28 2016...........SUNRISE   552 AM MDT   SUNSET   832 PM MDT
MAY 29 2016...........SUNRISE   551 AM MDT   SUNSET   833 PM MDT


-  INDICATES NEGATIVE NUMBERS.
R  INDICATES RECORD WAS SET OR TIED.
MM INDICATES DATA IS MISSING.
T  INDICATES TRACE AMOUNT.




$$
