000
CDUS45 KGJT 200743
CLIGJT


CLIMATE REPORT
NATIONAL WEATHER SERVICE GRAND JUNCTION CO
1241 AM MST SAT DEC 20 2014


...................................

...THE GRAND JUNCTION CO CLIMATE SUMMARY FOR DECEMBER 19 2014...

CLIMATE NORMAL PERIOD 1981 TO 2010
CLIMATE RECORD PERIOD 1893 TO 2014


WEATHER ITEM   OBSERVED TIME   RECORD YEAR NORMAL DEPARTURE LAST
                VALUE   (LST)  VALUE       VALUE  FROM      YEAR
                                                  NORMAL
..................................................................
TEMPERATURE (F)
 YESTERDAY
  MAXIMUM         39    153 PM  56    1921  38      1       32
  MINIMUM         27    918 PM  -1    1919  18      9       15
  AVERAGE         33                        28      5       24

PRECIPITATION (IN)
  YESTERDAY        0.03          0.32 2012   0.02   0.01     0.00
  MONTH TO DATE    0.55                      0.37   0.18     0.93
  SINCE DEC 1      0.55                      0.37   0.18     0.93
  SINCE JAN 1     11.45                      9.20   2.25    12.40

SNOWFALL (IN)
  YESTERDAY        0.5           3.7  2012   0.2    0.3      0.0
  MONTH TO DATE    0.5                       2.6   -2.1     10.0
  SINCE DEC 1      0.5                       2.6   -2.1     10.0
  SINCE JUL 1      0.5                       5.1   -4.6     14.8
  SNOW DEPTH       0

DEGREE DAYS
 HEATING
  YESTERDAY       32                        37     -5       41
  MONTH TO DATE  525                       674   -149      974
  SINCE DEC 1    525                       674   -149      974
  SINCE JUL 1   1749                      1902   -153     2313

 COOLING
  YESTERDAY        0                         0      0        0
  MONTH TO DATE    0                         0      0        0
  SINCE DEC 1      0                         0      0        0
  SINCE JAN 1   1046                      1125    -79     1269
..................................................................


WIND (MPH)
  HIGHEST WIND SPEED     8   HIGHEST WIND DIRECTION    SE (130)
  HIGHEST GUST SPEED     9   HIGHEST GUST DIRECTION    SE (130)
  AVERAGE WIND SPEED     3.5


SKY COVER
  POSSIBLE SUNSHINE  MM
  AVERAGE SKY COVER 0.6


WEATHER CONDITIONS
 THE FOLLOWING WEATHER WAS RECORDED YESTERDAY.
  SNOW
  LIGHT SNOW
  FOG


RELATIVE HUMIDITY (PERCENT)
 HIGHEST    92          1200 AM
 LOWEST     59           200 PM
 AVERAGE    76

..........................................................


THE GRAND JUNCTION CO CLIMATE NORMALS FOR TODAY
                         NORMAL    RECORD    YEAR
 MAXIMUM TEMPERATURE (F)   37        59      1921
 MINIMUM TEMPERATURE (F)   18        -6      1908


SUNRISE AND SUNSET
DECEMBER 20 2014......SUNRISE   729 AM MST   SUNSET   454 PM MST
DECEMBER 21 2014......SUNRISE   730 AM MST   SUNSET   455 PM MST


-  INDICATES NEGATIVE NUMBERS.
R  INDICATES RECORD WAS SET OR TIED.
MM INDICATES DATA IS MISSING.
T  INDICATES TRACE AMOUNT.




$$
