000
CDUS45 KGJT 200732
CLIGJT


CLIMATE REPORT
NATIONAL WEATHER SERVICE GRAND JUNCTION CO
130 AM MDT SAT SEP 20 2014


...................................

...THE GRAND JUNCTION CO CLIMATE SUMMARY FOR SEPTEMBER 19 2014...

CLIMATE NORMAL PERIOD 1981 TO 2010
CLIMATE RECORD PERIOD 1893 TO 2014


WEATHER ITEM   OBSERVED TIME   RECORD YEAR NORMAL DEPARTURE LAST
                VALUE   (LST)  VALUE       VALUE  FROM      YEAR
                                                  NORMAL
..................................................................
TEMPERATURE (F)
 YESTERDAY
  MAXIMUM         88    353 PM  94    2010  79      9       75
                                      1935
  MINIMUM         53    449 AM  30    1971  51      2       49
  AVERAGE         71                        65      6       62

PRECIPITATION (IN)
  YESTERDAY        0.00          0.76 1950   0.04  -0.04     0.00
  MONTH TO DATE    0.44                      0.74  -0.30     2.37
  SINCE SEP 1      0.44                      0.74  -0.30     2.37
  SINCE JAN 1      8.53                      6.59   1.94     8.34

SNOWFALL (IN)
  YESTERDAY        0.0           0.0  2013   0.0    0.0      0.0
  MONTH TO DATE    0.0                       0.0    0.0      0.0
  SINCE SEP 1      0.0                       0.0    0.0      0.0
  SINCE JUL 1      0.0                       0.0    0.0      0.0
  SNOW DEPTH       0

DEGREE DAYS
 HEATING
  YESTERDAY        0                         3     -3        3
  MONTH TO DATE   10                        24    -14       14
  SINCE SEP 1     10                        24    -14       14
  SINCE JUL 1     15                        27    -12       14

 COOLING
  YESTERDAY        6                         2      4        0
  MONTH TO DATE   77                        88    -11      132
  SINCE SEP 1     77                        88    -11      132
  SINCE JAN 1   1003                      1107   -104     1258
..................................................................


WIND (MPH)
  HIGHEST WIND SPEED    15   HIGHEST WIND DIRECTION    SE (130)
  HIGHEST GUST SPEED    18   HIGHEST GUST DIRECTION    SE (130)
  AVERAGE WIND SPEED     6.3


SKY COVER
  POSSIBLE SUNSHINE  MM
  AVERAGE SKY COVER 0.0


WEATHER CONDITIONS
 THE FOLLOWING WEATHER WAS RECORDED YESTERDAY.
  NO SIGNIFICANT WEATHER WAS OBSERVED.


RELATIVE HUMIDITY (PERCENT)
 HIGHEST    66           500 AM
 LOWEST     17           400 PM
 AVERAGE    42

..........................................................


THE GRAND JUNCTION CO CLIMATE NORMALS FOR TODAY
                         NORMAL    RECORD    YEAR
 MAXIMUM TEMPERATURE (F)   78        91      1935
                                             1926
 MINIMUM TEMPERATURE (F)   50        29      1978


SUNRISE AND SUNSET
SEPTEMBER 20 2014.....SUNRISE   700 AM MDT   SUNSET   714 PM MDT
SEPTEMBER 21 2014.....SUNRISE   701 AM MDT   SUNSET   713 PM MDT


-  INDICATES NEGATIVE NUMBERS.
R  INDICATES RECORD WAS SET OR TIED.
MM INDICATES DATA IS MISSING.
T  INDICATES TRACE AMOUNT.




$$
