000
CDUS45 KGJT 302330
CLIGJT


CLIMATE REPORT
NATIONAL WEATHER SERVICE GRAND JUNCTION CO
530 PM MDT SAT AUG 30 2014


...................................

...THE GRAND JUNCTION CO CLIMATE SUMMARY FOR AUGUST 30 2014...
VALID TODAY AS OF 0500 PM LOCAL TIME.

CLIMATE NORMAL PERIOD 1981 TO 2010
CLIMATE RECORD PERIOD 1893 TO 2014


WEATHER ITEM   OBSERVED TIME   RECORD YEAR NORMAL DEPARTURE LAST
                VALUE   (LST)  VALUE       VALUE  FROM      YEAR
                                                  NORMAL
..................................................................
TEMPERATURE (F)
 TODAY
  MAXIMUM         82    344 PM  97    1919  87     -5       95
  MINIMUM         57    607 AM  50    1964  58     -1       67
                                      1910
  AVERAGE         70                        72     -2       81

PRECIPITATION (IN)
  TODAY            0.00          0.44 1901   0.03  -0.03     0.00
  MONTH TO DATE    3.16                      0.91   2.25     1.18
  SINCE JUN 1      4.31                      1.98   2.33     2.56
  SINCE JAN 1      8.09                      5.81   2.28     5.97

SNOWFALL (IN)
  TODAY            0.0           0.0  2013   0.0    0.0      0.0
  MONTH TO DATE    0.0                       0.0    0.0      0.0
  SINCE JUN 1      0.0                       0.0    0.0      0.0
  SINCE JUL 1      0.0                       0.0    0.0      0.0
  SNOW DEPTH       0

DEGREE DAYS
 HEATING
  TODAY            0                         0      0        0
  MONTH TO DATE    5                         0      5        0
  SINCE JUN 1     24                        23      1        5
  SINCE JUL 1      5                         1      4        0

 COOLING
  TODAY            5                         8     -3       16
  MONTH TO DATE  212                       320   -108      288
  SINCE JUN 1    860                       961   -101     1055
  SINCE JAN 1    919                      1012    -93     1110
..................................................................


WIND (MPH)
  HIGHEST WIND SPEED    20   HIGHEST WIND DIRECTION    SE (120)
  HIGHEST GUST SPEED    24   HIGHEST GUST DIRECTION    SE (120)
  AVERAGE WIND SPEED     8.9


SKY COVER
  POSSIBLE SUNSHINE  MM
  AVERAGE SKY COVER 0.0


WEATHER CONDITIONS
 THE FOLLOWING WEATHER WAS RECORDED TODAY.
  THUNDERSTORM


RELATIVE HUMIDITY (PERCENT)
 HIGHEST    72          1200 AM
 LOWEST     26           400 PM
 AVERAGE    49

..........................................................


THE GRAND JUNCTION CO CLIMATE NORMALS FOR TOMORROW
                         NORMAL    RECORD    YEAR
 MAXIMUM TEMPERATURE (F)   86        98      1995
 MINIMUM TEMPERATURE (F)   58        45      1943


SUNRISE AND SUNSET
AUGUST 30 2014........SUNRISE   641 AM MDT   SUNSET   748 PM MDT
AUGUST 31 2014........SUNRISE   642 AM MDT   SUNSET   746 PM MDT


-  INDICATES NEGATIVE NUMBERS.
R  INDICATES RECORD WAS SET OR TIED.
MM INDICATES DATA IS MISSING.
T  INDICATES TRACE AMOUNT.




$$
