000
CDUS45 KGJT 250738
CLIGJT


CLIMATE REPORT
NATIONAL WEATHER SERVICE GRAND JUNCTION CO
134 AM MDT TUE JUL 25 2017


...................................

...THE GRAND JUNCTION CO CLIMATE SUMMARY FOR JULY 24 2017...

CLIMATE NORMAL PERIOD 1981 TO 2010
CLIMATE RECORD PERIOD 1893 TO 2017


WEATHER ITEM   OBSERVED TIME   RECORD YEAR NORMAL DEPARTURE LAST
                VALUE   (LST)  VALUE       VALUE  FROM      YEAR
                                                  NORMAL
..................................................................
TEMPERATURE (F)
 YESTERDAY
  MAXIMUM         95    137 PM 103    1940  93      2      100
                                      1931
  MINIMUM         67    552 AM  53    1957  64      3       68
  AVERAGE         81                        79      2       84

PRECIPITATION (IN)
  YESTERDAY        0.04          0.62 1948   0.03   0.01     0.00
  MONTH TO DATE    0.63                      0.44   0.19     0.60
  SINCE JUN 1      0.66                      0.90  -0.24     0.73
  SINCE JAN 1      3.49                      4.73  -1.24     5.70

SNOWFALL (IN)
  YESTERDAY        0.0           0.0  2016   0.0    0.0      0.0
  MONTH TO DATE    0.0                       0.0    0.0      0.0
  SINCE JUN 1      0.0                       0.0    0.0      0.0
  SINCE JUL 1      0.0                       0.0    0.0      0.0
  SNOW DEPTH       0

DEGREE DAYS
 HEATING
  YESTERDAY        0                         0      0        0
  MONTH TO DATE    0                         0      0        0
  SINCE JUN 1      4                        22    -18        1
  SINCE JUL 1      0                         0      0        0

 COOLING
  YESTERDAY       16                        14      2       19
  MONTH TO DATE  405                       320     85      319
  SINCE JUN 1    778                       551    227      669
  SINCE JAN 1    824                       602    222      682
..................................................................


WIND (MPH)
  HIGHEST WIND SPEED    43   HIGHEST WIND DIRECTION    SE (140)
  HIGHEST GUST SPEED    50   HIGHEST GUST DIRECTION    SE (140)
  AVERAGE WIND SPEED    10.6


SKY COVER
  POSSIBLE SUNSHINE  MM
  AVERAGE SKY COVER 0.1


WEATHER CONDITIONS
 THE FOLLOWING WEATHER WAS RECORDED YESTERDAY.
  THUNDERSTORM
  RAIN
  LIGHT RAIN


RELATIVE HUMIDITY (PERCENT)
 HIGHEST    49           600 AM
 LOWEST     19           300 PM
 AVERAGE    34

..........................................................


THE GRAND JUNCTION CO CLIMATE NORMALS FOR TODAY
                         NORMAL    RECORD    YEAR
 MAXIMUM TEMPERATURE (F)   93       104      1931
 MINIMUM TEMPERATURE (F)   64        55      1986


SUNRISE AND SUNSET
JULY 25 2017..........SUNRISE   609 AM MDT   SUNSET   832 PM MDT
JULY 26 2017..........SUNRISE   610 AM MDT   SUNSET   831 PM MDT


-  INDICATES NEGATIVE NUMBERS.
R  INDICATES RECORD WAS SET OR TIED.
MM INDICATES DATA IS MISSING.
T  INDICATES TRACE AMOUNT.




$$
