000
CDUS45 KGJT 252349
CLIGJT


CLIMATE REPORT
NATIONAL WEATHER SERVICE GRAND JUNCTION CO
530 PM MDT MON MAY 25 2015


...................................

...THE GRAND JUNCTION CO CLIMATE SUMMARY FOR MAY 25 2015...
VALID TODAY AS OF 0500 PM LOCAL TIME.

CLIMATE NORMAL PERIOD 1981 TO 2010
CLIMATE RECORD PERIOD 1893 TO 2015


WEATHER ITEM   OBSERVED TIME   RECORD YEAR NORMAL DEPARTURE LAST
                VALUE   (LST)  VALUE       VALUE  FROM      YEAR
                                                  NORMAL
..................................................................
TEMPERATURE (F)
 TODAY
  MAXIMUM         67    359 PM  92    2006  79    -12       58
                                      2001
  MINIMUM         46    512 AM  36    2010  50     -4       47
  AVERAGE         57                        64     -7       53

PRECIPITATION (IN)
  TODAY            0.11          0.83 1997   0.03   0.08     0.42
  MONTH TO DATE    1.71                      0.74   0.97     1.48
  SINCE MAR 1      4.10                      2.57   1.53     2.39
  SINCE JAN 1      4.96                      3.69   1.27     3.77

SNOWFALL (IN)
  TODAY            0.0           0.0  2014   0.0    0.0      0.0
  MONTH TO DATE    0.1                       0.1    0.0      0.0
  SINCE MAR 1      4.0                       3.6    0.4       T
  SINCE JUL 1     12.6                      19.1   -6.5     25.7
  SNOW DEPTH       0

DEGREE DAYS
 HEATING
  TODAY            8                         3      5       12
  MONTH TO DATE  204                       140     64      196
  SINCE MAR 1   1159                      1195    -36     1304
  SINCE JUL 1   5144                      5574   -430     6242

 COOLING
  TODAY            0                         2     -2        0
  MONTH TO DATE    2                        30    -28       22
  SINCE MAR 1      2                        33    -31       22
  SINCE JAN 1      2                        33    -31       22
..................................................................


WIND (MPH)
  HIGHEST WIND SPEED    15   HIGHEST WIND DIRECTION     W (260)
  HIGHEST GUST SPEED    18   HIGHEST GUST DIRECTION     W (290)
  AVERAGE WIND SPEED     6.3


SKY COVER
  POSSIBLE SUNSHINE  MM
  AVERAGE SKY COVER 0.8


WEATHER CONDITIONS
 THE FOLLOWING WEATHER WAS RECORDED TODAY.
  RAIN
  LIGHT RAIN
  FOG


RELATIVE HUMIDITY (PERCENT)
 HIGHEST   100           100 AM
 LOWEST     42           400 PM
 AVERAGE    71

..........................................................


THE GRAND JUNCTION CO CLIMATE NORMALS FOR TOMORROW
                         NORMAL    RECORD    YEAR
 MAXIMUM TEMPERATURE (F)   80        93      1969
                                             1958
 MINIMUM TEMPERATURE (F)   50        34      1980


SUNRISE AND SUNSET
MAY 25 2015...........SUNRISE   554 AM MDT   SUNSET   829 PM MDT
MAY 26 2015...........SUNRISE   553 AM MDT   SUNSET   830 PM MDT


-  INDICATES NEGATIVE NUMBERS.
R  INDICATES RECORD WAS SET OR TIED.
MM INDICATES DATA IS MISSING.
T  INDICATES TRACE AMOUNT.




$$
