000
CDUS45 KGJT 260733
CLIGJT


CLIMATE REPORT
NATIONAL WEATHER SERVICE GRAND JUNCTION CO
130 AM MDT TUE JUL 26 2016


...................................

...THE GRAND JUNCTION CO CLIMATE SUMMARY FOR JULY 25 2016...

CLIMATE NORMAL PERIOD 1981 TO 2010
CLIMATE RECORD PERIOD 1893 TO 2016


WEATHER ITEM   OBSERVED TIME   RECORD YEAR NORMAL DEPARTURE LAST
                VALUE   (LST)  VALUE       VALUE  FROM      YEAR
                                                  NORMAL
..................................................................
TEMPERATURE (F)
 YESTERDAY
  MAXIMUM         98    234 PM 104    1931  93      5       90
  MINIMUM         67    442 AM  55    1986  64      3       57
  AVERAGE         83                        78      5       74

PRECIPITATION (IN)
  YESTERDAY        0.00          0.46 1955   0.02  -0.02     0.00
  MONTH TO DATE    0.60                      0.46   0.14     1.25
  SINCE JUN 1      0.73                      0.92  -0.19     2.44
  SINCE JAN 1      5.70                      4.75   0.95     7.54

SNOWFALL (IN)
  YESTERDAY        0.0           0.0  2015   0.0    0.0      0.0
  MONTH TO DATE    0.0                       0.0    0.0       T
  SINCE JUN 1      0.0                       0.0    0.0       T
  SINCE JUL 1      0.0                       0.0    0.0       T
  SNOW DEPTH       0

DEGREE DAYS
 HEATING
  YESTERDAY        0                         0      0        0
  MONTH TO DATE    0                         0      0        0
  SINCE JUN 1      1                        22    -21       12
  SINCE JUL 1      0                         0      0        0

 COOLING
  YESTERDAY       18                        14      4        9
  MONTH TO DATE  337                       334      3      216
  SINCE JUN 1    687                       565    122      506
  SINCE JAN 1    700                       616     84      514
..................................................................


WIND (MPH)
  HIGHEST WIND SPEED    25   HIGHEST WIND DIRECTION     S (200)
  HIGHEST GUST SPEED    33   HIGHEST GUST DIRECTION    SW (230)
  AVERAGE WIND SPEED    10.3


SKY COVER
  POSSIBLE SUNSHINE  MM
  AVERAGE SKY COVER 0.1


WEATHER CONDITIONS
 THE FOLLOWING WEATHER WAS RECORDED YESTERDAY.
  NO SIGNIFICANT WEATHER WAS OBSERVED.


RELATIVE HUMIDITY (PERCENT)
 HIGHEST    39           500 AM
 LOWEST     10           500 PM
 AVERAGE    25

..........................................................


THE GRAND JUNCTION CO CLIMATE NORMALS FOR TODAY
                         NORMAL    RECORD    YEAR
 MAXIMUM TEMPERATURE (F)   93       104      1931
 MINIMUM TEMPERATURE (F)   64        55      2005


SUNRISE AND SUNSET
JULY 26 2016..........SUNRISE   610 AM MDT   SUNSET   831 PM MDT
JULY 27 2016..........SUNRISE   611 AM MDT   SUNSET   830 PM MDT


-  INDICATES NEGATIVE NUMBERS.
R  INDICATES RECORD WAS SET OR TIED.
MM INDICATES DATA IS MISSING.
T  INDICATES TRACE AMOUNT.




$$
