000
CDUS43 KGLD 300747
CLIGLD

CLIMATE REPORT
NATIONAL WEATHER SERVICE GOODLAND
142 AM MDT TUE SEP 30 2014

...................................

...THE GOODLAND KS CLIMATE SUMMARY FOR SEPTEMBER 29 2014...

CLIMATE NORMAL PERIOD 1981 TO 2010
CLIMATE RECORD PERIOD 1895 TO 2014

WEATHER ITEM   OBSERVED TIME   RECORD YEAR NORMAL DEPARTURE LAST
                VALUE   (LST)  VALUE       VALUE  FROM      YEAR
                                                  NORMAL
..................................................................
TEMPERATURE (F)
 YESTERDAY
  MAXIMUM         83    148 PM  94    1942  73     10       79
                                      1931
  MINIMUM         54   1144 PM  25    1985  44     10       46
  AVERAGE         69                        58     11       63

PRECIPITATION (IN)
  YESTERDAY        0.35          1.39 1965   0.04   0.31     0.00
  MONTH TO DATE    2.04                      1.18   0.86     6.49
  SINCE SEP 1      2.04                      1.18   0.86     6.49
  SINCE JAN 1     15.94                     17.08  -1.14    15.28

SNOWFALL (IN)
  YESTERDAY        0.0                       0.1   -0.1      0.0
  MONTH TO DATE    T                         0.4   -0.4      0.0
  SINCE SEP 1      T                         0.4   -0.4      0.0
  SINCE JUL 1      T                         0.4   -0.4      0.0
  SNOW DEPTH       0

DEGREE DAYS
 HEATING
  YESTERDAY        0                         7     -7        2
  MONTH TO DATE   95                       104     -9       45
  SINCE SEP 1     95                       104     -9       45
  SINCE JUL 1    108                       116     -8       52

 COOLING
  YESTERDAY        4                         1      3        0
  MONTH TO DATE  117                       100     17      183
  SINCE SEP 1    117                       100     17      183
  SINCE JAN 1    919                       933    -14     1181
..................................................................

WIND (MPH)
  HIGHEST WIND SPEED    37   HIGHEST WIND DIRECTION     S (160)
  HIGHEST GUST SPEED    47   HIGHEST GUST DIRECTION     S (160)
  AVERAGE WIND SPEED    20.1

SKY COVER
  AVERAGE SKY COVER 0.4

WEATHER CONDITIONS
 THE FOLLOWING WEATHER WAS RECORDED YESTERDAY.
  THUNDERSTORM
  HEAVY RAIN
  RAIN
  LIGHT RAIN
  FOG

RELATIVE HUMIDITY (PERCENT)
 HIGHEST    93
 LOWEST     36
 AVERAGE    65

..........................................................

THE GOODLAND KS CLIMATE NORMALS FOR TODAY
                         NORMAL    RECORD    YEAR
 MAXIMUM TEMPERATURE (F)   73        94      1942
 MINIMUM TEMPERATURE (F)   44        19      1985

SUNRISE AND SUNSET
SEPTEMBER 30 2014.....SUNRISE   642 AM MDT   SUNSET   631 PM MDT
OCTOBER  1 2014.......SUNRISE   643 AM MDT   SUNSET   629 PM MDT

-  INDICATES NEGATIVE NUMBERS.
R  INDICATES RECORD WAS SET OR TIED.
MM INDICATES DATA IS MISSING.
T  INDICATES TRACE AMOUNT.

&&

THE AVERAGE SOIL TEMPERATURE AT THE FOUR INCH DEPTH... 67

$$
