808
CDUS44 KJAN 270639
CLIGLH


CLIMATE REPORT
NATIONAL WEATHER SERVICE JACKSON MS
1237 AM CST MON FEB 27 2017


...................................

...THE GREENVILLE CLIMATE SUMMARY FOR FEBRUARY 26 2017...

CLIMATE NORMAL PERIOD 1981 TO 2010
CLIMATE RECORD PERIOD 1920 TO 2017


WEATHER ITEM   OBSERVED TIME   RECORD YEAR NORMAL DEPARTURE LAST
                VALUE   (LST)  VALUE       VALUE  FROM      YEAR
                                                  NORMAL
..................................................................
TEMPERATURE (F)
 YESTERDAY
  MAXIMUM         65    537 PM  82    1977  60      5       53
  MINIMUM         34    647 AM  19    1965  40     -6       31
  AVERAGE         50                        50      0       42

PRECIPITATION (IN)
  YESTERDAY        0.02          1.74 1923   0.14  -0.12     0.00
  MONTH TO DATE    2.21                      4.74  -2.53     3.44
  SINCE DEC 1     10.18                     15.33  -5.15    10.32
  SINCE JAN 1      7.32                      9.71  -2.39     6.51

SNOWFALL (IN)
  YESTERDAY        0.0

DEGREE DAYS
 HEATING
  YESTERDAY       15                        15      0       23
  MONTH TO DATE  274                       491   -217      394
  SINCE DEC 1   1254                      1818   -564     1401
  SINCE JUL 1   1523                      2280   -757     1651

 COOLING
  YESTERDAY        0                         0      0        0
  MONTH TO DATE   12                         0     12        4
  SINCE DEC 1     35                         4     31       39
  SINCE JAN 1     23                         1     22        4
..................................................................


WIND (MPH)
  HIGHEST WIND SPEED    18   HIGHEST WIND DIRECTION    SE (130)
  HIGHEST GUST SPEED    23   HIGHEST GUST DIRECTION    SE (130)
  AVERAGE WIND SPEED     9.9


SKY COVER
  POSSIBLE SUNSHINE  MM
  AVERAGE SKY COVER 0.3


WEATHER CONDITIONS
 THE FOLLOWING WEATHER WAS RECORDED YESTERDAY.
  LIGHT RAIN


RELATIVE HUMIDITY (PERCENT)
 HIGHEST    82          1200 AM
 LOWEST     19           400 PM
 AVERAGE    51

..........................................................


THE GREENVILLE CLIMATE NORMALS FOR TODAY
                         NORMAL    RECORD    YEAR
 MAXIMUM TEMPERATURE (F)   60        83      1962
 MINIMUM TEMPERATURE (F)   40        20      1934


SUNRISE AND SUNSET
FEBRUARY 27 2017......SUNRISE   634 AM CST   SUNSET   559 PM CST
FEBRUARY 28 2017......SUNRISE   633 AM CST   SUNSET   600 PM CST


-  INDICATES NEGATIVE NUMBERS.
R  INDICATES RECORD WAS SET OR TIED.
MM INDICATES DATA IS MISSING.
T  INDICATES TRACE AMOUNT.




$$
