000
CDUS44 KJAN 312205
CLIGLH


CLIMATE REPORT
NATIONAL WEATHER SERVICE JACKSON MS
504 PM CDT TUE MAY 31 2016


...................................

...THE GREENVILLE CLIMATE SUMMARY FOR MAY 31 2016...
VALID AS OF 0500 PM LOCAL TIME.

CLIMATE NORMAL PERIOD 1981 TO 2010
CLIMATE RECORD PERIOD 1920 TO 2016


WEATHER ITEM   OBSERVED TIME   RECORD YEAR NORMAL DEPARTURE LAST
                VALUE   (LST)  VALUE       VALUE  FROM      YEAR
                                                  NORMAL
..................................................................
TEMPERATURE (F)
 TODAY
  MAXIMUM         89    308 PM 100    1977  86      3
  MINIMUM         69    512 AM  47    1984  66      3

PRECIPITATION (IN)
  TODAY            0.19          3.70 1943   0.10   0.09     0.18
  MONTH TO DATE    1.73                      4.91  -3.18     4.63
  SINCE MAR 1     22.02                     14.27   7.75    13.52
  SINCE JAN 1     28.53                     24.26   4.27    19.97

..................................................................










-  INDICATES NEGATIVE NUMBERS.
R  INDICATES RECORD WAS SET OR TIED.
MM INDICATES DATA IS MISSING.
T  INDICATES TRACE AMOUNT.




$$
