000
CDUS44 KJAN 170726
CLIGLH


CLIMATE REPORT
NATIONAL WEATHER SERVICE JACKSON MS
124 AM CST SUN DEC 17 2017


...................................

...THE GREENVILLE CLIMATE SUMMARY FOR DECEMBER 16 2017...

CLIMATE NORMAL PERIOD 1981 TO 2010
CLIMATE RECORD PERIOD 1903 TO 2017


WEATHER ITEM   OBSERVED TIME   RECORD YEAR NORMAL DEPARTURE LAST
                VALUE   (LST)  VALUE       VALUE  FROM      YEAR
                                                  NORMAL
..................................................................
TEMPERATURE (F)
 YESTERDAY
  MAXIMUM         56    153 PM  85    1924  54      2       63
  MINIMUM         26    436 AM  13    1989  36    -10       27
                                      1958
  AVERAGE         41                        45     -4       45

PRECIPITATION (IN)
  YESTERDAY        0.00          1.48 1948   0.18  -0.18      T
  MONTH TO DATE    0.61                      3.17  -2.56     1.53
  SINCE DEC 1      0.61                      3.17  -2.56     1.53
  SINCE JAN 1     34.18                     50.19 -16.01    48.79

SNOWFALL (IN)
  YESTERDAY        0.0

DEGREE DAYS
 HEATING
  YESTERDAY       24                        20      4       20
  MONTH TO DATE  298                       301     -3      325
  SINCE DEC 1    298                       301     -3      325
  SINCE JUL 1    712                       763    -51      594

 COOLING
  YESTERDAY        0                         0      0        0
  MONTH TO DATE    0                         0      0        0
  SINCE DEC 1      0                         0      0        0
  SINCE JAN 1   2244                      2186     58     2672
..................................................................


WIND (MPH)
  HIGHEST WIND SPEED    14   HIGHEST WIND DIRECTION     S (190)
  HIGHEST GUST SPEED    17   HIGHEST GUST DIRECTION     S (190)
  AVERAGE WIND SPEED     8.0


SKY COVER
  POSSIBLE SUNSHINE  MM
  AVERAGE SKY COVER 0.1


WEATHER CONDITIONS
 THE FOLLOWING WEATHER WAS RECORDED YESTERDAY.
  NO SIGNIFICANT WEATHER WAS OBSERVED.


RELATIVE HUMIDITY (PERCENT)
 HIGHEST    85          1200 AM
 LOWEST     35           200 PM
 AVERAGE    60

..........................................................


THE GREENVILLE CLIMATE NORMALS FOR TODAY
                         NORMAL    RECORD    YEAR
 MAXIMUM TEMPERATURE (F)   54        80      1924
 MINIMUM TEMPERATURE (F)   35        14      1932


SUNRISE AND SUNSET
DECEMBER 17 2017......SUNRISE   702 AM CST   SUNSET   458 PM CST
DECEMBER 18 2017......SUNRISE   703 AM CST   SUNSET   459 PM CST


-  INDICATES NEGATIVE NUMBERS.
R  INDICATES RECORD WAS SET OR TIED.
MM INDICATES DATA IS MISSING.
T  INDICATES TRACE AMOUNT.




$$
