000
CDUS44 KJAN 202223
CLIGLH


CLIMATE REPORT
NATIONAL WEATHER SERVICE JACKSON MS
415 PM CST SAT DEC 20 2014


...................................

...THE GREENVILLE CLIMATE SUMMARY FOR DECEMBER 20 2014...
VALID TODAY AS OF 0400 PM LOCAL TIME.

CLIMATE NORMAL PERIOD 1981 TO 2010
CLIMATE RECORD PERIOD 1920 TO 2014


WEATHER ITEM   OBSERVED TIME   RECORD YEAR NORMAL DEPARTURE LAST
                VALUE   (LST)  VALUE       VALUE  FROM      YEAR
                                                  NORMAL
..................................................................
TEMPERATURE (F)
 TODAY
  MAXIMUM         54    329 PM  77    1978  53      1       71
  MINIMUM         37    728 AM  15    1981  35      2       61
                                      1945
  AVERAGE         46                        44      2       66

PRECIPITATION (IN)
  TODAY            0.00          1.80 1970   0.17  -0.17     0.00
  MONTH TO DATE    1.53                      3.87  -2.34     3.49
  SINCE DEC 1      1.53                      3.87  -2.34     3.49
  SINCE JAN 1     50.45                     50.89  -0.44    51.80

SNOWFALL (IN)
  TODAY            0.0

DEGREE DAYS
 HEATING
  TODAY           19                        21     -2        0
  MONTH TO DATE  324                       384    -60      394
  SINCE DEC 1    324                       384    -60      394
  SINCE JUL 1    864                       846     18      928

 COOLING
  TODAY            0                         0      0        1
  MONTH TO DATE    0                         0      0        7
  SINCE DEC 1      0                         0      0        7
  SINCE JAN 1   2177                      2186     -9     2254
..................................................................


WIND (MPH)
  HIGHEST WIND SPEED    14   HIGHEST WIND DIRECTION    NE (40)
  HIGHEST GUST SPEED    16   HIGHEST GUST DIRECTION    NE (40)
  AVERAGE WIND SPEED     7.1


SKY COVER
  POSSIBLE SUNSHINE  MM
  AVERAGE SKY COVER 0.3


WEATHER CONDITIONS
 THE FOLLOWING WEATHER WAS RECORDED TODAY.
  FOG
  HAZE


RELATIVE HUMIDITY (PERCENT)
 HIGHEST    92           400 AM
 LOWEST     59           200 PM
 AVERAGE    76

..........................................................


THE GREENVILLE CLIMATE NORMALS FOR TOMORROW
                         NORMAL    RECORD    YEAR
 MAXIMUM TEMPERATURE (F)   53        77      2013
                                             1967
 MINIMUM TEMPERATURE (F)   35        18      1958


SUNRISE AND SUNSET
DECEMBER 20 2014......SUNRISE   704 AM CST   SUNSET   500 PM CST
DECEMBER 21 2014......SUNRISE   704 AM CST   SUNSET   500 PM CST


-  INDICATES NEGATIVE NUMBERS.
R  INDICATES RECORD WAS SET OR TIED.
MM INDICATES DATA IS MISSING.
T  INDICATES TRACE AMOUNT.




$$
