000
CDUS44 KJAN 120754
CLIGLH


CLIMATE REPORT
NATIONAL WEATHER SERVICE JACKSON MS
151 AM CST FRI FEB 12 2016


...................................

...THE GREENVILLE CLIMATE SUMMARY FOR FEBRUARY 11 2016...

CLIMATE NORMAL PERIOD 1981 TO 2010
CLIMATE RECORD PERIOD 1920 TO 2016


WEATHER ITEM   OBSERVED TIME   RECORD YEAR NORMAL DEPARTURE LAST
                VALUE   (LST)  VALUE       VALUE  FROM      YEAR
                                                  NORMAL
..................................................................
TEMPERATURE (F)
 YESTERDAY
  MAXIMUM         63   1234 PM  80    1922  56      7       64
  MINIMUM         36    656 AM  10    2011  35      1       31
  AVERAGE         50                        45      5       48

PRECIPITATION (IN)
  YESTERDAY        0.00          1.74 1965   0.20  -0.20     0.00
  MONTH TO DATE    1.43                      2.26  -0.83     0.17
  SINCE DEC 1      8.31                     12.85  -4.54     7.65
  SINCE JAN 1      4.50                      7.23  -2.73     3.54

SNOWFALL (IN)
  YESTERDAY        0.0

DEGREE DAYS
 HEATING
  YESTERDAY       15                        20     -5       17
  MONTH TO DATE  198                       230    -32      226
  SINCE DEC 1   1205                      1557   -352     1455
  SINCE JUL 1   1455                      2019   -564     1995

 COOLING
  YESTERDAY        0                         0      0        0
  MONTH TO DATE    2                         0      2        0
  SINCE DEC 1     37                         4     33        0
  SINCE JAN 1      2                         1      1        0
..................................................................


WIND (MPH)
  HIGHEST WIND SPEED    15   HIGHEST WIND DIRECTION     N (340)
  HIGHEST GUST SPEED    19   HIGHEST GUST DIRECTION    SW (210)
  AVERAGE WIND SPEED     8.6


SKY COVER
  POSSIBLE SUNSHINE  MM
  AVERAGE SKY COVER 0.0


WEATHER CONDITIONS
 THE FOLLOWING WEATHER WAS RECORDED YESTERDAY.
  NO SIGNIFICANT WEATHER WAS OBSERVED.


RELATIVE HUMIDITY (PERCENT)
 HIGHEST    82           600 AM
 LOWEST     39           200 PM
 AVERAGE    61

..........................................................


THE GREENVILLE CLIMATE NORMALS FOR TODAY
                         NORMAL    RECORD    YEAR
 MAXIMUM TEMPERATURE (F)   56        79      1922
 MINIMUM TEMPERATURE (F)   35        15      1988


SUNRISE AND SUNSET
FEBRUARY 12 2016......SUNRISE   651 AM CST   SUNSET   545 PM CST
FEBRUARY 13 2016......SUNRISE   650 AM CST   SUNSET   546 PM CST


-  INDICATES NEGATIVE NUMBERS.
R  INDICATES RECORD WAS SET OR TIED.
MM INDICATES DATA IS MISSING.
T  INDICATES TRACE AMOUNT.




$$
