000
CDUS44 KJAN 040710
CLIGLH


CLIMATE REPORT
NATIONAL WEATHER SERVICE JACKSON MS
207 AM CDT TUE AUG 4 2015


...................................

...THE GREENVILLE CLIMATE SUMMARY FOR AUGUST 3 2015...

CLIMATE NORMAL PERIOD 1981 TO 2010
CLIMATE RECORD PERIOD 1920 TO 2015


WEATHER ITEM   OBSERVED TIME   RECORD YEAR NORMAL DEPARTURE LAST
                VALUE   (LST)  VALUE       VALUE  FROM      YEAR
                                                  NORMAL
..................................................................
TEMPERATURE (F)
 YESTERDAY
  MAXIMUM         97    315 PM 106    2011  92      5       90
  MINIMUM         70    537 AM  61    1920  72     -2       71
  AVERAGE         84                        82      2       81

PRECIPITATION (IN)
  YESTERDAY        0.00          1.14 1926   0.06  -0.06     0.00
  MONTH TO DATE    0.00                      0.18  -0.18     0.12
  SINCE JUN 1      5.60                      8.02  -2.42    11.81
  SINCE JAN 1     25.57                     32.28  -6.71    35.94

SNOWFALL (IN)
  YESTERDAY        0.0

DEGREE DAYS
 HEATING
  YESTERDAY        0                         0      0        0
  MONTH TO DATE    0                         0      0        0
  SINCE JUN 1      0                         0      0        0
  SINCE JUL 1      0                         0      0        0

 COOLING
  YESTERDAY       19                        17      2       16
  MONTH TO DATE   52                        51      1       38
  SINCE JUN 1   1128                       998    130      902
  SINCE JAN 1   1509                      1320    189     1217
..................................................................


WIND (MPH)
  HIGHEST WIND SPEED    10   HIGHEST WIND DIRECTION    NE (40)
  HIGHEST GUST SPEED    13   HIGHEST GUST DIRECTION    NE (40)
  AVERAGE WIND SPEED     2.7


SKY COVER
  POSSIBLE SUNSHINE  MM
  AVERAGE SKY COVER 0.0


WEATHER CONDITIONS
 THE FOLLOWING WEATHER WAS RECORDED YESTERDAY.
  NO SIGNIFICANT WEATHER WAS OBSERVED.


RELATIVE HUMIDITY (PERCENT)
 HIGHEST    94          1100 PM
 LOWEST     43           200 PM
 AVERAGE    69

..........................................................


THE GREENVILLE CLIMATE NORMALS FOR TODAY
                         NORMAL    RECORD    YEAR
 MAXIMUM TEMPERATURE (F)   92       106      2011
 MINIMUM TEMPERATURE (F)   72        59      1986


SUNRISE AND SUNSET
AUGUST  4 2015........SUNRISE   618 AM CDT   SUNSET   801 PM CDT
AUGUST  5 2015........SUNRISE   619 AM CDT   SUNSET   800 PM CDT


-  INDICATES NEGATIVE NUMBERS.
R  INDICATES RECORD WAS SET OR TIED.
MM INDICATES DATA IS MISSING.
T  INDICATES TRACE AMOUNT.




$$
