000
CDUS44 KJAN 040633
CLIGLH


CLIMATE REPORT
NATIONAL WEATHER SERVICE JACKSON MS
131 AM CDT SAT JUL 4 2015


...................................

...THE GREENVILLE CLIMATE SUMMARY FOR JULY 3 2015...

CLIMATE NORMAL PERIOD 1981 TO 2010
CLIMATE RECORD PERIOD 1920 TO 2015


WEATHER ITEM   OBSERVED TIME   RECORD YEAR NORMAL DEPARTURE LAST
                VALUE   (LST)  VALUE       VALUE  FROM      YEAR
                                                  NORMAL
..................................................................
TEMPERATURE (F)
 YESTERDAY
  MAXIMUM         86    236 PM 104    1970  92     -6       85
  MINIMUM         71    426 PM  57    1924  72     -1       66
  AVERAGE         79                        82     -3       76

PRECIPITATION (IN)
  YESTERDAY        0.43          2.57 1951   0.16   0.27     0.00
  MONTH TO DATE    0.43                      0.46  -0.03     0.00
  SINCE JUN 1      1.95                      4.50  -2.55     6.37
  SINCE JAN 1     21.92                     28.76  -6.84    30.50

SNOWFALL (IN)
  YESTERDAY        0.0

DEGREE DAYS
 HEATING
  YESTERDAY        0                         0      0        0
  MONTH TO DATE    0                         0      0        0
  SINCE JUN 1      0                         0      0        0
  SINCE JUL 1      0                         0      0        0

 COOLING
  YESTERDAY       14                        17     -3       11
  MONTH TO DATE   50                        49      1       46
  SINCE JUN 1    526                       469     57      508
  SINCE JAN 1    907                       791    116      823
..................................................................


WIND (MPH)
  HIGHEST WIND SPEED    28   HIGHEST WIND DIRECTION    NW (300)
  HIGHEST GUST SPEED    38   HIGHEST GUST DIRECTION    NW (300)
  AVERAGE WIND SPEED     9.9


SKY COVER
  POSSIBLE SUNSHINE  MM
  AVERAGE SKY COVER 0.1


WEATHER CONDITIONS
 THE FOLLOWING WEATHER WAS RECORDED YESTERDAY.
  THUNDERSTORM
  HEAVY RAIN
  LIGHT RAIN


RELATIVE HUMIDITY (PERCENT)
 HIGHEST    93           700 PM
 LOWEST     70           200 PM
 AVERAGE    82

..........................................................


THE GREENVILLE CLIMATE NORMALS FOR TODAY
                         NORMAL    RECORD    YEAR
 MAXIMUM TEMPERATURE (F)   92       104      1970
 MINIMUM TEMPERATURE (F)   72        59      1924


SUNRISE AND SUNSET
JULY  4 2015..........SUNRISE   559 AM CDT   SUNSET   818 PM CDT
JULY  5 2015..........SUNRISE   559 AM CDT   SUNSET   817 PM CDT


-  INDICATES NEGATIVE NUMBERS.
R  INDICATES RECORD WAS SET OR TIED.
MM INDICATES DATA IS MISSING.
T  INDICATES TRACE AMOUNT.




$$
