000
CDUS44 KHGX 300721
CLIGLS


CLIMATE REPORT
NATIONAL WEATHER SERVICE HOUSTON/GALVESTON TX
219 AM CDT SUN AUG 30 2015


...................................

...THE GALVESTON CLIMATE SUMMARY FOR AUGUST 29 2015...

CLIMATE NORMAL PERIOD 1981 TO 2010
CLIMATE RECORD PERIOD 1875 TO 2015


WEATHER ITEM   OBSERVED TIME   RECORD YEAR NORMAL DEPARTURE LAST
                VALUE   (LST)  VALUE       VALUE  FROM      YEAR
                                                  NORMAL
..................................................................
TEMPERATURE (F)
 YESTERDAY
  MAXIMUM         88    304 PM  98    2011  90     -2       85
  MINIMUM         78    634 AM  70    1986  79     -1       77
                                      1980
                                      1953
  AVERAGE         83                        84     -1       81

PRECIPITATION (IN)
  YESTERDAY        0.00          4.61 1953   0.24  -0.24     0.35
  MONTH TO DATE    6.37                      4.00   2.37     4.63
  SINCE JUN 1      9.35                     13.49  -4.14     7.24
  SINCE JAN 1     31.53                     30.79   0.74    15.93

SNOWFALL (IN)
  YESTERDAY        0.0          MM      MM  MM     MM        0.0
  MONTH TO DATE    0.0                      MM     MM        0.0
  SINCE JUN 1      0.0                      MM     MM        0.0
  SINCE JUL 1      0.0                      MM     MM        0.0
  SNOW DEPTH       0

DEGREE DAYS
 HEATING
  YESTERDAY        0                         0      0        0
  MONTH TO DATE    0                         0      0        0
  SINCE JUN 1      0                         0      0        0
  SINCE JUL 1      0                         0      0        0

 COOLING
  YESTERDAY       18                        20     -2       16
  MONTH TO DATE  624                       580     44      606
  SINCE JUN 1   1852                      1719    133     1784
  SINCE JAN 1   2554                      2354    200     2292
..................................................................


WIND (MPH)
  RESULTANT WIND SPEED   5   RESULTANT WIND DIRECTION  SE (150)
  HIGHEST WIND SPEED    13   HIGHEST WIND DIRECTION    SE (140)
  HIGHEST GUST SPEED    16   HIGHEST GUST DIRECTION    SE (140)
  AVERAGE WIND SPEED     6.0


SKY COVER
  AVERAGE SKY COVER 0.1


WEATHER CONDITIONS
 THE FOLLOWING WEATHER WAS RECORDED YESTERDAY.
  NO SIGNIFICANT WEATHER WAS OBSERVED.


RELATIVE HUMIDITY (PERCENT)
 HIGHEST    67
 LOWEST     45
 AVERAGE    56

..........................................................


THE GALVESTON CLIMATE NORMALS FOR TODAY
                         NORMAL    RECORD    YEAR
 MAXIMUM TEMPERATURE (F)   90        97      2012
                                             1999
                                             1954
 MINIMUM TEMPERATURE (F)   79        70      1946
                                             1899
                                             1893


SUNRISE AND SUNSET
AUGUST 30 2015........SUNRISE   656 AM CDT   SUNSET   744 PM CDT
AUGUST 31 2015........SUNRISE   656 AM CDT   SUNSET   743 PM CDT


-  INDICATES NEGATIVE NUMBERS.
R  INDICATES RECORD WAS SET OR TIED.
MM INDICATES DATA IS MISSING.
T  INDICATES TRACE AMOUNT.




$$
