000
CDUS44 KHGX 230835
CLIGLS


CLIMATE REPORT
NATIONAL WEATHER SERVICE HOUSTON/GALVESTON TX
235 AM CST SUN NOV 23 2014


...................................

...THE GALVESTON CLIMATE SUMMARY FOR NOVEMBER 22 2014...

CLIMATE NORMAL PERIOD 1981 TO 2010
CLIMATE RECORD PERIOD 1875 TO 2014


WEATHER ITEM   OBSERVED TIME   RECORD YEAR NORMAL DEPARTURE LAST
                VALUE   (LST)  VALUE       VALUE  FROM      YEAR
                                                  NORMAL
..................................................................
TEMPERATURE (F)
 YESTERDAY
  MAXIMUM         69   1010 PM  80    2003  69      0       73
  MINIMUM         63   1159 PM  34    1898  56      7       50
  AVERAGE         66                        63      3       62

PRECIPITATION (IN)
  YESTERDAY        1.73          2.51 1884   0.14   1.59     0.21
  MONTH TO DATE    3.58                      3.34   0.24     0.52
  SINCE SEP 1     11.44                     14.89  -3.45    12.43
  SINCE JAN 1     27.69                     46.07 -18.38    36.66

SNOWFALL (IN)
  YESTERDAY        0.0           0.0  2002  MM     MM        0.0
                                      2001
  MONTH TO DATE    0.0                      MM     MM        0.0
  SINCE SEP 1      0.0                      MM     MM        0.0
  SINCE JUL 1      0.0                      MM     MM        0.0
  SNOW DEPTH       0

DEGREE DAYS
 HEATING
  YESTERDAY        0                         4     -4        3
  MONTH TO DATE  127                        52     75       48
  SINCE SEP 1    127                        61     66       48
  SINCE JUL 1    127                        61     66       48

 COOLING
  YESTERDAY        1                         2     -1        0
  MONTH TO DATE   44                        84    -40       66
  SINCE SEP 1    902                       882     20      917
  SINCE JAN 1   3229                      3276    -47     3311
..................................................................


WIND (MPH)
  RESULTANT WIND SPEED  13   RESULTANT WIND DIRECTION   E (100)
  HIGHEST WIND SPEED    30   HIGHEST WIND DIRECTION    SE (130)
  HIGHEST GUST SPEED    35   HIGHEST GUST DIRECTION    SE (130)
  AVERAGE WIND SPEED    13.8


SKY COVER
  AVERAGE SKY COVER 0.7


WEATHER CONDITIONS
 THE FOLLOWING WEATHER WAS RECORDED YESTERDAY.
  THUNDERSTORM
  HEAVY RAIN
  RAIN
  LIGHT RAIN
  FOG


RELATIVE HUMIDITY (PERCENT)
 HIGHEST   100
 LOWEST     90
 AVERAGE    95

..........................................................


THE GALVESTON CLIMATE NORMALS FOR TODAY
                         NORMAL    RECORD    YEAR
 MAXIMUM TEMPERATURE (F)   69        79      2004
                                             1995
                                             1955
 MINIMUM TEMPERATURE (F)   56        35      1929


SUNRISE AND SUNSET
NOVEMBER 23 2014......SUNRISE   650 AM CST   SUNSET   522 PM CST
NOVEMBER 24 2014......SUNRISE   651 AM CST   SUNSET   522 PM CST


-  INDICATES NEGATIVE NUMBERS.
R  INDICATES RECORD WAS SET OR TIED.
MM INDICATES DATA IS MISSING.
T  INDICATES TRACE AMOUNT.




$$
