135
CDUS44 KHGX 060817
CLIGLS


CLIMATE REPORT
NATIONAL WEATHER SERVICE HOUSTON/GALVESTON TX
216 AM CST SAT FEB 6 2016


...................................

...THE GALVESTON CLIMATE SUMMARY FOR FEBRUARY 5 2016...

CLIMATE NORMAL PERIOD 1981 TO 2010
CLIMATE RECORD PERIOD 1875 TO 2016


WEATHER ITEM   OBSERVED TIME   RECORD YEAR NORMAL DEPARTURE LAST
                VALUE   (LST)  VALUE       VALUE  FROM      YEAR
                                                  NORMAL
..................................................................
TEMPERATURE (F)
 YESTERDAY
  MAXIMUM         56    255 PM  74    1922  63     -7       54
                                      1909
                                      1890
  MINIMUM         44    216 AM  28    2011  50     -6       46
                                      1917
                                      1912
  AVERAGE         50                        56     -6       50

PRECIPITATION (IN)
  YESTERDAY        0.00          1.91 1874   0.09  -0.09      T
  MONTH TO DATE    0.01                      0.44  -0.43     0.44
  SINCE DEC 1      6.57                      8.16  -1.59     9.75
  SINCE JAN 1      3.08                      4.64  -1.56     5.88

SNOWFALL (IN)
  YESTERDAY        0.0           T    1988  MM     MM        0.0
  MONTH TO DATE    0.0                      MM     MM        0.0
  SINCE DEC 1      0.0                      MM     MM        0.0
  SINCE JUL 1      0.0                      MM     MM        0.0
  SNOW DEPTH       0

DEGREE DAYS
 HEATING
  YESTERDAY       15                         9      6       15
  MONTH TO DATE   42                        45     -3       63
  SINCE DEC 1    532                       611    -79      681
  SINCE JUL 1    585                       714   -129      832

 COOLING
  YESTERDAY        0                         0      0        0
  MONTH TO DATE    1                         0      1        0
  SINCE DEC 1     52                        24     28       21
  SINCE JAN 1      2                         5     -3        0
..................................................................


WIND (MPH)
  RESULTANT WIND SPEED   9   RESULTANT WIND DIRECTION   E (100)
  HIGHEST WIND SPEED    17   HIGHEST WIND DIRECTION    SE (120)
  HIGHEST GUST SPEED    22   HIGHEST GUST DIRECTION     E (110)
  AVERAGE WIND SPEED    10.1


SKY COVER
  AVERAGE SKY COVER 0.1


WEATHER CONDITIONS
 THE FOLLOWING WEATHER WAS RECORDED YESTERDAY.
  NO SIGNIFICANT WEATHER WAS OBSERVED.


RELATIVE HUMIDITY (PERCENT)
 HIGHEST    65
 LOWEST     35
 AVERAGE    50

..........................................................


THE GALVESTON CLIMATE NORMALS FOR TODAY
                         NORMAL    RECORD    YEAR
 MAXIMUM TEMPERATURE (F)   63        77      1969
 MINIMUM TEMPERATURE (F)   50        30      1989
                                             1923


SUNRISE AND SUNSET
FEBRUARY  6 2016......SUNRISE   706 AM CST   SUNSET   602 PM CST
FEBRUARY  7 2016......SUNRISE   705 AM CST   SUNSET   602 PM CST


-  INDICATES NEGATIVE NUMBERS.
R  INDICATES RECORD WAS SET OR TIED.
MM INDICATES DATA IS MISSING.
T  INDICATES TRACE AMOUNT.




$$
