000
CDUS44 KHGX 292117
CLIGLS


CLIMATE REPORT
NATIONAL WEATHER SERVICE HOUSTON/GALVESTON TX
417 PM CDT WED JUL 29 2015


...................................

...THE GALVESTON CLIMATE SUMMARY FOR JULY 29 2015...
VALID TODAY AS OF 400 PM LOCAL TIME.

CLIMATE NORMAL PERIOD 1981 TO 2010
CLIMATE RECORD PERIOD 1875 TO 2015


WEATHER ITEM   OBSERVED TIME   RECORD YEAR NORMAL DEPARTURE LAST
                VALUE   (LST)  VALUE       VALUE  FROM      YEAR
                                                  NORMAL
..................................................................
TEMPERATURE (F)
 TODAY
  MAXIMUM         93    204 PM  96    1875  90      3       94
  MINIMUM         81    548 AM  70    1939  80      1       80
  AVERAGE         87                        85      2       87

PRECIPITATION (IN)
  TODAY            0.00          2.39 1951   0.09  -0.09      T
  MONTH TO DATE    0.23                      3.68  -3.45     1.08
  SINCE JUN 1      2.98                      9.37  -6.39     2.61
  SINCE JAN 1     25.16                     26.67  -1.51    11.30

SNOWFALL (IN)
  TODAY            0.0          MM      MM  MM     MM        0.0
  MONTH TO DATE    0.0                      MM     MM        0.0
  SINCE JUN 1      0.0                      MM     MM        0.0
  SINCE JUL 1      0.0                      MM     MM        0.0
  SNOW DEPTH       0

DEGREE DAYS
 HEATING
  TODAY            0                         0      0        0
  MONTH TO DATE    0                         0      0        0
  SINCE JUN 1      0                         0      0        0
  SINCE JUL 1      0                         0      0        0

 COOLING
  TODAY           22                        20      2       22
  MONTH TO DATE  626                       564     62      579
  SINCE JUN 1   1177                      1099     78     1137
  SINCE JAN 1   1879                      1734    145     1645
..................................................................


WIND (MPH)
  RESULTANT WIND SPEED   5   RESULTANT WIND DIRECTION   S (170)
  HIGHEST WIND SPEED    13   HIGHEST WIND DIRECTION     S (190)
  HIGHEST GUST SPEED    17   HIGHEST GUST DIRECTION     S (170)
  AVERAGE WIND SPEED     6.4


SKY COVER
  AVERAGE SKY COVER 0.1


WEATHER CONDITIONS
 THE FOLLOWING WEATHER WAS RECORDED TODAY.
  NO SIGNIFICANT WEATHER WAS OBSERVED.


RELATIVE HUMIDITY (PERCENT)
 HIGHEST    88           300 AM
 LOWEST     59          1000 AM
 AVERAGE    74

..........................................................


THE GALVESTON CLIMATE NORMALS FOR TOMORROW
                         NORMAL    RECORD    YEAR
 MAXIMUM TEMPERATURE (F)   90        95      1991
                                             1876
                                             1875
 MINIMUM TEMPERATURE (F)   80        70      1879


SUNRISE AND SUNSET
JULY 29 2015..........SUNRISE   638 AM CDT   SUNSET   814 PM CDT
JULY 30 2015..........SUNRISE   639 AM CDT   SUNSET   813 PM CDT


-  INDICATES NEGATIVE NUMBERS.
R  INDICATES RECORD WAS SET OR TIED.
MM INDICATES DATA IS MISSING.
T  INDICATES TRACE AMOUNT.




$$
