000
CDUS44 KHGX 230718
CLIGLS


CLIMATE REPORT
NATIONAL WEATHER SERVICE HOUSTON/GALVESTON TX
218 AM CDT WED APR 23 2014


...................................

...THE GALVESTON CLIMATE SUMMARY FOR APRIL 22 2014...

CLIMATE NORMAL PERIOD 1981 TO 2010
CLIMATE RECORD PERIOD 1875 TO 2014


WEATHER ITEM   OBSERVED TIME   RECORD YEAR NORMAL DEPARTURE LAST
                VALUE   (LST)  VALUE       VALUE  FROM      YEAR
                                                  NORMAL
..................................................................
TEMPERATURE (F)
 YESTERDAY
  MAXIMUM         80    101 PM  85    2006  77      3       74
  MINIMUM         68    517 AM  48    1884  66      2       66
  AVERAGE         74                        72      2       70

PRECIPITATION (IN)
  YESTERDAY        0.00          9.22 1904   0.11  -0.11     0.00
  MONTH TO DATE    0.10                      2.40  -2.30     2.66
  SINCE MAR 1      1.92                      5.56  -3.64     3.38
  SINCE JAN 1      4.97                     12.33  -7.36    12.80

SNOWFALL (IN)
  YESTERDAY        0.0          MM      MM  MM     MM        0.0
  MONTH TO DATE    0.0                      MM     MM        0.0
  SINCE MAR 1      0.0                      MM     MM        0.0
  SINCE JUL 1      T                        MM     MM        0.0
  SNOW DEPTH       0

DEGREE DAYS
 HEATING
  YESTERDAY        0                         0      0        0
  MONTH TO DATE   20                        16      4       33
  SINCE MAR 1    186                       119     67      133
  SINCE JUL 1   1425                      1007    418      743

 COOLING
  YESTERDAY        9                         7      2        5
  MONTH TO DATE   77                       110    -33       79
  SINCE MAR 1     98                       163    -65      147
  SINCE JAN 1    105                       180    -75      183
..................................................................


WIND (MPH)
  RESULTANT WIND SPEED   6   RESULTANT WIND DIRECTION  SW (210)
  HIGHEST WIND SPEED    12   HIGHEST WIND DIRECTION     S (190)
  HIGHEST GUST SPEED    15   HIGHEST GUST DIRECTION    SW (220)
  AVERAGE WIND SPEED     7.7


SKY COVER
  AVERAGE SKY COVER 0.4


WEATHER CONDITIONS
 THE FOLLOWING WEATHER WAS RECORDED YESTERDAY.
  LIGHT RAIN
  FOG


RELATIVE HUMIDITY (PERCENT)
 HIGHEST   100
 LOWEST     69
 AVERAGE    85

..........................................................


THE GALVESTON CLIMATE NORMALS FOR TODAY
                         NORMAL    RECORD    YEAR
 MAXIMUM TEMPERATURE (F)   77        86      1971
 MINIMUM TEMPERATURE (F)   67        50      1884


SUNRISE AND SUNSET
APRIL 23 2014.........SUNRISE   645 AM CDT   SUNSET   751 PM CDT
APRIL 24 2014.........SUNRISE   644 AM CDT   SUNSET   751 PM CDT


-  INDICATES NEGATIVE NUMBERS.
R  INDICATES RECORD WAS SET OR TIED.
MM INDICATES DATA IS MISSING.
T  INDICATES TRACE AMOUNT.




$$
