000
CDUS44 KHGX 290718
CLIGLS


CLIMATE REPORT
NATIONAL WEATHER SERVICE HOUSTON/GALVESTON TX
217 AM CDT FRI APR 29 2016


...................................

...THE GALVESTON CLIMATE SUMMARY FOR APRIL 28 2016...

CLIMATE NORMAL PERIOD 1981 TO 2010
CLIMATE RECORD PERIOD 1875 TO 2016


WEATHER ITEM   OBSERVED TIME   RECORD YEAR NORMAL DEPARTURE LAST
                VALUE   (LST)  VALUE       VALUE  FROM      YEAR
                                                  NORMAL
..................................................................
TEMPERATURE (F)
 YESTERDAY
  MAXIMUM         81    249 PM  87    1987  79      2       75
  MINIMUM         72    604 AM  56    1997  68      4       61
  AVERAGE         77                        73      4       68

PRECIPITATION (IN)
  YESTERDAY        0.00          5.40 1941   0.07  -0.07      T
  MONTH TO DATE    5.75                      2.84   2.91     5.30
  SINCE MAR 1      8.91                      6.00   2.91    12.99
  SINCE JAN 1     12.87                     12.77   0.10    19.13

SNOWFALL (IN)
  YESTERDAY        0.0          MM      MM  MM     MM        0.0
  MONTH TO DATE    0.0                      MM     MM        0.0
  SINCE MAR 1      0.0                      MM     MM        0.0
  SINCE JUL 1      0.0                       0.0    0.0      0.0
  SNOW DEPTH       0

DEGREE DAYS
 HEATING
  YESTERDAY        0                         0      0        0
  MONTH TO DATE    6                        16    -10        0
  SINCE MAR 1     41                       119    -78      120
  SINCE JUL 1    745                      1007   -262     1182

 COOLING
  YESTERDAY       12                         8      4        3
  MONTH TO DATE  170                       155     15      224
  SINCE MAR 1    267                       208     59      270
  SINCE JAN 1    279                       225     54      276
..................................................................


WIND (MPH)
  RESULTANT WIND SPEED  10   RESULTANT WIND DIRECTION   E (100)
  HIGHEST WIND SPEED    20   HIGHEST WIND DIRECTION    SE (140)
  HIGHEST GUST SPEED    25   HIGHEST GUST DIRECTION    SE (140)
  AVERAGE WIND SPEED    11.0


SKY COVER
  AVERAGE SKY COVER 0.9


WEATHER CONDITIONS
 THE FOLLOWING WEATHER WAS RECORDED YESTERDAY.
  FOG


RELATIVE HUMIDITY (PERCENT)
 HIGHEST   100
 LOWEST     85
 AVERAGE    93

..........................................................


THE GALVESTON CLIMATE NORMALS FOR TODAY
                         NORMAL    RECORD    YEAR
 MAXIMUM TEMPERATURE (F)   79        88      2014
 MINIMUM TEMPERATURE (F)   68        53      1908


SUNRISE AND SUNSET
APRIL 29 2016.........SUNRISE   639 AM CDT   SUNSET   755 PM CDT
APRIL 30 2016.........SUNRISE   638 AM CDT   SUNSET   755 PM CDT


-  INDICATES NEGATIVE NUMBERS.
R  INDICATES RECORD WAS SET OR TIED.
MM INDICATES DATA IS MISSING.
T  INDICATES TRACE AMOUNT.




$$
