000
CDUS44 KHGX 050819
CLIGLS


CLIMATE REPORT
NATIONAL WEATHER SERVICE HOUSTON/GALVESTON TX
219 AM CST THU MAR 5 2015


...................................

...THE GALVESTON CLIMATE SUMMARY FOR MARCH 4 2015...

CLIMATE NORMAL PERIOD 1981 TO 2010
CLIMATE RECORD PERIOD 1875 TO 2015


WEATHER ITEM   OBSERVED TIME   RECORD YEAR NORMAL DEPARTURE LAST
                VALUE   (LST)  VALUE       VALUE  FROM      YEAR
                                                  NORMAL
..................................................................
TEMPERATURE (F)
 YESTERDAY
  MAXIMUM         74   1133 AM  79    1981  68      6       41
  MINIMUM         50   1159 PM  32    2002  54     -4       35
                                      1989
  AVERAGE         62                        61      1       38

PRECIPITATION (IN)
  YESTERDAY        T             1.30 1926   0.11  -0.11     1.02
  MONTH TO DATE    0.27                      0.47  -0.20     1.34
  SINCE MAR 1      0.27                      0.47  -0.20     1.34
  SINCE JAN 1      6.41                      7.24  -0.83     4.39

SNOWFALL (IN)
  YESTERDAY        0.0          MM      MM  MM     MM       MM
  MONTH TO DATE    0.0                      MM     MM        0.0
  SINCE MAR 1      0.0                      MM     MM        0.0
  SINCE JUL 1      0.0                      MM     MM         T
  SNOW DEPTH       0

DEGREE DAYS
 HEATING
  YESTERDAY        3                         5     -2       27
  MONTH TO DATE   20                        21     -1       60
  SINCE MAR 1     20                        21     -1       60
  SINCE JUL 1   1082                       909    173     1299

 COOLING
  YESTERDAY        0                         1     -1        0
  MONTH TO DATE    0                         4     -4        1
  SINCE MAR 1      0                         4     -4        1
  SINCE JAN 1      6                        21    -15        8
..................................................................


WIND (MPH)
  RESULTANT WIND SPEED   7   RESULTANT WIND DIRECTION  SE (150)
  HIGHEST WIND SPEED    26   HIGHEST WIND DIRECTION    NW (330)
  HIGHEST GUST SPEED    31   HIGHEST GUST DIRECTION    NW (320)
  AVERAGE WIND SPEED     9.3


SKY COVER
  AVERAGE SKY COVER 1.0


WEATHER CONDITIONS
 THE FOLLOWING WEATHER WAS RECORDED YESTERDAY.
  FOG
  HAZE


RELATIVE HUMIDITY (PERCENT)
 HIGHEST   100
 LOWEST     84
 AVERAGE    92

..........................................................


THE GALVESTON CLIMATE NORMALS FOR TODAY
                         NORMAL    RECORD    YEAR
 MAXIMUM TEMPERATURE (F)   68        77      1880
 MINIMUM TEMPERATURE (F)   54        28      1989


SUNRISE AND SUNSET
MARCH  5 2015.........SUNRISE   641 AM CST   SUNSET   622 PM CST
MARCH  6 2015.........SUNRISE   640 AM CST   SUNSET   622 PM CST


-  INDICATES NEGATIVE NUMBERS.
R  INDICATES RECORD WAS SET OR TIED.
MM INDICATES DATA IS MISSING.
T  INDICATES TRACE AMOUNT.




$$
