000
CDUS42 KJAX 020539
CLIGNV


CLIMATE REPORT
NATIONAL WEATHER SERVICE JACKSONVILLE FL
1239 AM EST FRI DEC 2 2016


...................................

...THE GAINESVILLE CLIMATE SUMMARY FOR DECEMBER 1 2016...

CLIMATE NORMAL PERIOD 1981 TO 2010
CLIMATE RECORD PERIOD 1890 TO 2016


WEATHER ITEM   OBSERVED TIME   RECORD YEAR NORMAL DEPARTURE LAST
                VALUE   (LST)  VALUE       VALUE  FROM      YEAR
                                                  NORMAL
..................................................................
TEMPERATURE (F)
 YESTERDAY
  MAXIMUM         73    518 AM  85    1931  71      2       81
                                      1927
  MINIMUM         49   1114 PM  26    1911  47      2       60
  AVERAGE         61                        59      2       71

PRECIPITATION (IN)
  YESTERDAY        0.11          2.84 1978   0.07   0.04     0.00
  MONTH TO DATE    0.11                      0.07   0.04     0.00
  SINCE DEC 1      0.11                      0.07   0.04     0.00
  SINCE JAN 1     39.47                     45.00  -5.53    45.21

SNOWFALL (IN)
  YESTERDAY        0.0           0.0    MM   0.0    0.0      0.0
  MONTH TO DATE    0.0                       0.0    0.0      0.0
  SINCE DEC 1      0.0                       0.0    0.0      0.0
  SINCE JUL 1      0.0                       0.0    0.0      0.0
  SNOW DEPTH       0

DEGREE DAYS
 HEATING
  YESTERDAY        4                         7     -3        0
  MONTH TO DATE    4                         7     -3        0
  SINCE DEC 1      4                         7     -3        0
  SINCE JUL 1    110                       168    -58       39

 COOLING
  YESTERDAY        0                         1     -1        6
  MONTH TO DATE    0                         1     -1        6
  SINCE DEC 1      0                         1     -1        6
  SINCE JAN 1   3034                      2617    417     3132
..................................................................


WIND (MPH)
  HIGHEST WIND SPEED    15   HIGHEST WIND DIRECTION     N (340)
  HIGHEST GUST SPEED    19   HIGHEST GUST DIRECTION    NW (330)
  AVERAGE WIND SPEED     6.3


SKY COVER
  POSSIBLE SUNSHINE  MM
  AVERAGE SKY COVER 0.8


WEATHER CONDITIONS
 THE FOLLOWING WEATHER WAS RECORDED YESTERDAY.
  HEAVY RAIN
  LIGHT RAIN
  FOG


RELATIVE HUMIDITY (PERCENT)
 HIGHEST    93           400 AM
 LOWEST     53           300 PM
 AVERAGE    73

..........................................................


THE GAINESVILLE CLIMATE NORMALS FOR TODAY
                         NORMAL    RECORD    YEAR
 MAXIMUM TEMPERATURE (F)   71        85      1982
 MINIMUM TEMPERATURE (F)   47        24      1999


SUNRISE AND SUNSET
DECEMBER  2 2016......SUNRISE   708 AM EST   SUNSET   529 PM EST
DECEMBER  3 2016......SUNRISE   709 AM EST   SUNSET   530 PM EST


-  INDICATES NEGATIVE NUMBERS.
R  INDICATES RECORD WAS SET OR TIED.
MM INDICATES DATA IS MISSING.
T  INDICATES TRACE AMOUNT.




$$
