000
CDUS42 KJAX 290532
CLIGNV


CLIMATE REPORT
NATIONAL WEATHER SERVICE JACKSONVILLE FL
132 AM EDT SUN MAR 29 2015


...................................

...THE GAINESVILLE CLIMATE SUMMARY FOR MARCH 28 2015...

CLIMATE NORMAL PERIOD 1981 TO 2010
CLIMATE RECORD PERIOD 1890 TO 2015


WEATHER ITEM   OBSERVED TIME   RECORD YEAR NORMAL DEPARTURE LAST
                VALUE   (LST)  VALUE       VALUE  FROM      YEAR
                                                  NORMAL
..................................................................
TEMPERATURE (F)
 YESTERDAY
  MAXIMUM         66    217 PM  90    1949  77    -11       78
                                      1920
  MINIMUM         41   1149 PM  32    2013  52    -11       57
  AVERAGE         54                        64    -10       68

PRECIPITATION (IN)
  YESTERDAY        0.00          2.54 1970   0.12  -0.12     1.08
  MONTH TO DATE    1.17                      3.95  -2.78     4.68
  SINCE MAR 1      1.17                      3.95  -2.78     4.68
  SINCE JAN 1      6.43                     10.46  -4.03    14.25

SNOWFALL (IN)
  YESTERDAY        0.0           0.0    MM   0.0    0.0      0.0
  MONTH TO DATE    0.0                       0.0    0.0      0.0
  SINCE MAR 1      0.0                       0.0    0.0      0.0
  SINCE JUL 1      0.0                       0.0    0.0      0.0
  SNOW DEPTH       0

DEGREE DAYS
 HEATING
  YESTERDAY       11                         3      8        0
  MONTH TO DATE   42                       129    -87      155
  SINCE MAR 1     42                       129    -87      155
  SINCE JUL 1   1193                      1163     30     1065

 COOLING
  YESTERDAY        0                         2     -2        3
  MONTH TO DATE  135                        50     85       21
  SINCE MAR 1    135                        50     85       21
  SINCE JAN 1    150                        82     68       58
..................................................................


WIND (MPH)
  HIGHEST WIND SPEED    20   HIGHEST WIND DIRECTION     W (290)
  HIGHEST GUST SPEED    25   HIGHEST GUST DIRECTION     W (280)
  AVERAGE WIND SPEED     8.0


SKY COVER
  POSSIBLE SUNSHINE  MM
  AVERAGE SKY COVER 0.0


WEATHER CONDITIONS
 THE FOLLOWING WEATHER WAS RECORDED YESTERDAY.
  NO SIGNIFICANT WEATHER WAS OBSERVED.


RELATIVE HUMIDITY (PERCENT)
 HIGHEST    82           700 AM
 LOWEST     26           200 PM
 AVERAGE    54

..........................................................


THE GAINESVILLE CLIMATE NORMALS FOR TODAY
                         NORMAL    RECORD    YEAR
 MAXIMUM TEMPERATURE (F)   77        94      1907
 MINIMUM TEMPERATURE (F)   52        33      1955


SUNRISE AND SUNSET
MARCH 29 2015.........SUNRISE   722 AM EDT   SUNSET   746 PM EDT
MARCH 30 2015.........SUNRISE   721 AM EDT   SUNSET   746 PM EDT


-  INDICATES NEGATIVE NUMBERS.
R  INDICATES RECORD WAS SET OR TIED.
MM INDICATES DATA IS MISSING.
T  INDICATES TRACE AMOUNT.




$$
