000
CDUS42 KJAX 122229
CLIGNV


CLIMATE REPORT
NATIONAL WEATHER SERVICE JACKSONVILLE FL
529 PM EST TUE DEC 12 2017


...................................

...THE GAINESVILLE CLIMATE SUMMARY FOR DECEMBER 12 2017...
VALID TODAY AS OF 0500 PM LOCAL TIME.

CLIMATE NORMAL PERIOD 1981 TO 2010
CLIMATE RECORD PERIOD 1890 TO 2017


WEATHER ITEM   OBSERVED TIME   RECORD YEAR NORMAL DEPARTURE LAST
                VALUE   (LST)  VALUE       VALUE  FROM      YEAR
                                                  NORMAL
..................................................................
TEMPERATURE (F)
 TODAY
  MAXIMUM         72    150 PM  85    1949  68      4       80
  MINIMUM         36    658 AM  16    1934  45     -9       58
  AVERAGE         54                        57     -3       69

PRECIPITATION (IN)
  TODAY            0.00          2.64 1997   0.08  -0.08     0.00
  MONTH TO DATE    2.62                      0.90   1.72     1.64
  SINCE DEC 1      2.62                      0.90   1.72     1.64
  SINCE JAN 1     71.28                     45.83  25.45    41.00

SNOWFALL (IN)
  TODAY            0.0           0.0    MM   0.0    0.0      0.0
  MONTH TO DATE    0.0                       0.0    0.0      0.0
  SINCE DEC 1      0.0                       0.0    0.0      0.0
  SINCE JUL 1      0.0                       0.0    0.0      0.0
  SNOW DEPTH       0

DEGREE DAYS
 HEATING
  TODAY           11                         9      2        0
  MONTH TO DATE  103                        97      6       56
  SINCE DEC 1    103                        97      6       56
  SINCE JUL 1    237                       258    -21      162

 COOLING
  TODAY            0                         1     -1        4
  MONTH TO DATE    7                        12     -5       19
  SINCE DEC 1      7                        12     -5       19
  SINCE JAN 1   2895                      2628    267     3053
..................................................................


WIND (MPH)
  HIGHEST WIND SPEED    30   HIGHEST WIND DIRECTION     W (280)
  HIGHEST GUST SPEED    39   HIGHEST GUST DIRECTION     W (270)
  AVERAGE WIND SPEED     8.6


SKY COVER
  POSSIBLE SUNSHINE  MM
  AVERAGE SKY COVER 0.1


WEATHER CONDITIONS
 THE FOLLOWING WEATHER WAS RECORDED TODAY.
  FOG
  FOG W/VISIBILITY <= 1/4 MILE


RELATIVE HUMIDITY (PERCENT)
 HIGHEST   100          1200 AM
 LOWEST     33           300 PM
 AVERAGE    67

..........................................................


THE GAINESVILLE CLIMATE NORMALS FOR TOMORROW
                         NORMAL    RECORD    YEAR
 MAXIMUM TEMPERATURE (F)   68        85      1948
 MINIMUM TEMPERATURE (F)   45        13      1962


SUNRISE AND SUNSET
DECEMBER 12 2017......SUNRISE   715 AM EST   SUNSET   531 PM EST
DECEMBER 13 2017......SUNRISE   715 AM EST   SUNSET   531 PM EST


-  INDICATES NEGATIVE NUMBERS.
R  INDICATES RECORD WAS SET OR TIED.
MM INDICATES DATA IS MISSING.
T  INDICATES TRACE AMOUNT.




$$
