000
CDUS42 KJAX 220535
CLIGNV


CLIMATE REPORT
NATIONAL WEATHER SERVICE JACKSONVILLE FL
1233 AM EST WED FEB 22 2017


...................................

...THE GAINESVILLE CLIMATE SUMMARY FOR FEBRUARY 21 2017...

CLIMATE NORMAL PERIOD 1981 TO 2010
CLIMATE RECORD PERIOD 1890 TO 2017


WEATHER ITEM   OBSERVED TIME   RECORD YEAR NORMAL DEPARTURE LAST
                VALUE   (LST)  VALUE       VALUE  FROM      YEAR
                                                  NORMAL
..................................................................
TEMPERATURE (F)
 YESTERDAY
  MAXIMUM         78    419 PM  86    1997  71      7       77
                                      1945
  MINIMUM         53    414 AM  22    1958  46      7       52
  AVERAGE         66                        58      8       65

PRECIPITATION (IN)
  YESTERDAY        0.00          1.89 1936   0.11  -0.11     0.00
  MONTH TO DATE    0.25                      2.35  -2.10     3.99
  SINCE DEC 1      4.39                      8.14  -3.75     8.69
  SINCE JAN 1      1.70                      5.66  -3.96     6.72

SNOWFALL (IN)
  YESTERDAY        0.0           0.0    MM   0.0    0.0      0.0
  MONTH TO DATE    0.0                       0.0    0.0      0.0
  SINCE DEC 1      0.0                       0.0    0.0      0.0
  SINCE JUL 1      0.0                       0.0    0.0      0.0
  SNOW DEPTH       0

DEGREE DAYS
 HEATING
  YESTERDAY        0                         7     -7        0
  MONTH TO DATE   78                       184   -106      203
  SINCE DEC 1    391                       825   -434      661
  SINCE JUL 1    497                       986   -489      700

 COOLING
  YESTERDAY        1                         1      0        0
  MONTH TO DATE   14                        17     -3       14
  SINCE DEC 1    136                        51     85      162
  SINCE JAN 1     60                        29     31       16
..................................................................


WIND (MPH)
  HIGHEST WIND SPEED    16   HIGHEST WIND DIRECTION    SE (140)
  HIGHEST GUST SPEED    21   HIGHEST GUST DIRECTION    SE (140)
  AVERAGE WIND SPEED     5.7


SKY COVER
  POSSIBLE SUNSHINE  MM
  AVERAGE SKY COVER 0.4


WEATHER CONDITIONS
 THE FOLLOWING WEATHER WAS RECORDED YESTERDAY.
  FOG
  FOG W/VISIBILITY <= 1/4 MILE


RELATIVE HUMIDITY (PERCENT)
 HIGHEST   100           300 AM
 LOWEST     45           400 PM
 AVERAGE    73

..........................................................


THE GAINESVILLE CLIMATE NORMALS FOR TODAY
                         NORMAL    RECORD    YEAR
 MAXIMUM TEMPERATURE (F)   71        86      2013
                                             1953
                                             1945
 MINIMUM TEMPERATURE (F)   46        28      1977
                                             1958


SUNRISE AND SUNSET
FEBRUARY 22 2017......SUNRISE   702 AM EST   SUNSET   624 PM EST
FEBRUARY 23 2017......SUNRISE   701 AM EST   SUNSET   624 PM EST


-  INDICATES NEGATIVE NUMBERS.
R  INDICATES RECORD WAS SET OR TIED.
MM INDICATES DATA IS MISSING.
T  INDICATES TRACE AMOUNT.




$$
