000
CDUS42 KJAX 240527
CLIGNV


CLIMATE REPORT
NATIONAL WEATHER SERVICE JACKSONVILLE FL
1227 AM EST SAT FEB 24 2018


...................................

...THE GAINESVILLE CLIMATE SUMMARY FOR FEBRUARY 23 2018...

CLIMATE NORMAL PERIOD 1981 TO 2010
CLIMATE RECORD PERIOD 1890 TO 2018


WEATHER ITEM   OBSERVED TIME   RECORD YEAR NORMAL DEPARTURE LAST
                VALUE   (LST)  VALUE       VALUE  FROM      YEAR
                                                  NORMAL
..................................................................
TEMPERATURE (F)
 YESTERDAY
  MAXIMUM         84    409 PM  87    1962  71     13       79
  MINIMUM         57    640 AM  24    1978  47     10       62
  AVERAGE         71                        59     12       71

PRECIPITATION (IN)
  YESTERDAY        0.00          1.64 1965   0.12  -0.12     0.02
  MONTH TO DATE    1.55                      2.59  -1.04     0.39
  SINCE DEC 1      8.52                      8.38   0.14     4.53
  SINCE JAN 1      5.87                      5.90  -0.03     1.84

SNOWFALL (IN)
  YESTERDAY        0.0           0.0    MM   0.0    0.0      0.0
  MONTH TO DATE    0.0                       0.0    0.0      0.0
  SINCE DEC 1      0.0                       0.0    0.0      0.0
  SINCE JUL 1      0.0                       0.0    0.0      0.0
  SNOW DEPTH       0

DEGREE DAYS
 HEATING
  YESTERDAY        0                         7     -7        0
  MONTH TO DATE   58                       198   -140       78
  SINCE DEC 1    769                       839    -70      391
  SINCE JUL 1    903                      1000    -97      497

 COOLING
  YESTERDAY        6                         1      5        6
  MONTH TO DATE   93                        19     74       20
  SINCE DEC 1    134                        53     81      142
  SINCE JAN 1    101                        31     70       66
..................................................................


WIND (MPH)
  HIGHEST WIND SPEED    14   HIGHEST WIND DIRECTION    SE (130)
  HIGHEST GUST SPEED    19   HIGHEST GUST DIRECTION     E (90)
  AVERAGE WIND SPEED     5.3


SKY COVER
  POSSIBLE SUNSHINE  MM
  AVERAGE SKY COVER 0.3


WEATHER CONDITIONS
 THE FOLLOWING WEATHER WAS RECORDED YESTERDAY.
  FOG
  FOG W/VISIBILITY <= 1/4 MILE


RELATIVE HUMIDITY (PERCENT)
 HIGHEST   100           100 AM
 LOWEST     44           400 PM
 AVERAGE    72

..........................................................


THE GAINESVILLE CLIMATE NORMALS FOR TODAY
                         NORMAL    RECORD    YEAR
 MAXIMUM TEMPERATURE (F)   71        88      1962
 MINIMUM TEMPERATURE (F)   47        25      1989
                                             1901


SUNRISE AND SUNSET
FEBRUARY 24 2018......SUNRISE   700 AM EST   SUNSET   625 PM EST
FEBRUARY 25 2018......SUNRISE   659 AM EST   SUNSET   626 PM EST


-  INDICATES NEGATIVE NUMBERS.
R  INDICATES RECORD WAS SET OR TIED.
MM INDICATES DATA IS MISSING.
T  INDICATES TRACE AMOUNT.




$$
