000
CDUS45 KMSO 242359
CLIGPI


CLIMATE REPORT
NATIONAL WEATHER SERVICE MISSOULA, MT
432 PM MST MON NOV 24 2014


...................................

...THE KALISPELL MT CLIMATE SUMMARY FOR NOVEMBER 24 2014...
VALID TODAY AS OF 0400 PM LOCAL TIME.

CLIMATE NORMAL PERIOD 1981 TO 2010
CLIMATE RECORD PERIOD 1894 TO 2014


WEATHER ITEM   OBSERVED TIME   RECORD YEAR NORMAL DEPARTURE LAST
                VALUE   (LST)  VALUE       VALUE  FROM      YEAR
                                                  NORMAL
..................................................................
TEMPERATURE (F)
 TODAY
  MAXIMUM         39   1226 PM  56    1933  36      3       32
  MINIMUM         29    747 AM -14    1993  22      7       13
  AVERAGE         34                        29      5       23

PRECIPITATION (IN)
  TODAY            0.00          0.71 1958   0.05  -0.05     0.00
  MONTH TO DATE    1.78                      1.14   0.64     2.40
  SINCE OCT 1      2.97                      2.15   0.82     2.73
  SINCE JAN 1     18.45                     15.14   3.31    15.76

SNOWFALL (IN)
  TODAY            0.0
  MONTH TO DATE    1.1
  SINCE JAN 1     39.3
  SINCE JUL 1      1.1
  SNOW DEPTH       T

DEGREE DAYS
 HEATING
  TODAY           31                        36     -5       42
  MONTH TO DATE  878                       772    106      778
  SINCE SEP 1   1705                      1810   -105     1803
  SINCE JUL 1   1782                      1980   -198     1844

 COOLING
  TODAY            0                         0      0        0
  MONTH TO DATE    0                         0      0        0
  SINCE SEP 1      2                         4     -2       29
  SINCE JAN 1    217                       147     70      264
..................................................................


WIND (MPH)
  HIGHEST WIND SPEED    14   HIGHEST WIND DIRECTION     S (200)
  HIGHEST GUST SPEED    17   HIGHEST GUST DIRECTION    SW (230)
  AVERAGE WIND SPEED     5.7


SKY COVER
  POSSIBLE SUNSHINE  MM
  AVERAGE SKY COVER 0.9


WEATHER CONDITIONS
 THE FOLLOWING WEATHER WAS RECORDED TODAY.
  NO SIGNIFICANT WEATHER WAS OBSERVED.


RELATIVE HUMIDITY (PERCENT)
 HIGHEST    96          1200 AM
 LOWEST     64           200 PM
 AVERAGE    80

..........................................................


THE KALISPELL MT CLIMATE NORMALS FOR TOMORROW
                         NORMAL    RECORD    YEAR
 MAXIMUM TEMPERATURE (F)   35        56      1949
 MINIMUM TEMPERATURE (F)   22       -14      1993


SUNRISE AND SUNSET
NOVEMBER 24 2014......SUNRISE   758 AM MST   SUNSET   450 PM MST
NOVEMBER 25 2014......SUNRISE   759 AM MST   SUNSET   449 PM MST


-  INDICATES NEGATIVE NUMBERS.
R  INDICATES RECORD WAS SET OR TIED.
MM INDICATES DATA IS MISSING.
T  INDICATES TRACE AMOUNT.




$$
