797
CDUS45 KMSO 212354
CLIGPI


CLIMATE REPORT
NATIONAL WEATHER SERVICE MISSOULA, MT
453 PM MST TUE NOV 21 2017


...................................

...THE KALISPELL MT CLIMATE SUMMARY FOR NOVEMBER 21 2017...
VALID TODAY AS OF 0400 PM LOCAL TIME.

CLIMATE NORMAL PERIOD 1981 TO 2010
CLIMATE RECORD PERIOD 1894 TO 2017


WEATHER ITEM   OBSERVED TIME   RECORD YEAR NORMAL DEPARTURE LAST
                VALUE   (LST)  VALUE       VALUE  FROM      YEAR
                                                  NORMAL
..................................................................
TEMPERATURE (F)
 TODAY
  MAXIMUM         43    213 PM  62    1917  37      6       47
  MINIMUM         30    834 AM -17    1977  23      7       34
  AVERAGE         37                        30      7       41

PRECIPITATION (IN)
  TODAY            T             0.47 1993   0.05  -0.05     0.11
  MONTH TO DATE    1.04                      1.00   0.04     0.56
  SINCE OCT 1      2.27                      2.01   0.26     5.42
  SINCE JAN 1     14.12                     15.00  -0.88    18.51

SNOWFALL (IN)
  TODAY            0.0
  MONTH TO DATE    8.3
  SINCE JAN 1     62.8
  SINCE JUL 1      8.3
  SNOW DEPTH       0

DEGREE DAYS
 HEATING
  TODAY           28                        35     -7       24
  MONTH TO DATE  709                       665     44      514
  SINCE SEP 1   1735                      1703     32     1523
  SINCE JUL 1   1784                      1873    -89     1670

 COOLING
  TODAY            0                         0      0        0
  MONTH TO DATE    0                         0      0        0
  SINCE SEP 1      4                         4      0        1
  SINCE JAN 1    228                       147     81      157
..................................................................


WIND (MPH)
  HIGHEST WIND SPEED     7   HIGHEST WIND DIRECTION    SW (230)
  HIGHEST GUST SPEED     8   HIGHEST GUST DIRECTION    SW (230)
  AVERAGE WIND SPEED     1.2


SKY COVER
  POSSIBLE SUNSHINE  MM
  AVERAGE SKY COVER 0.7


WEATHER CONDITIONS
 THE FOLLOWING WEATHER WAS RECORDED TODAY.
  LIGHT RAIN
  FOG


RELATIVE HUMIDITY (PERCENT)
 HIGHEST   100          1200 AM
 LOWEST     76           300 PM
 AVERAGE    88

..........................................................


THE KALISPELL MT CLIMATE NORMALS FOR TOMORROW
                         NORMAL    RECORD    YEAR
 MAXIMUM TEMPERATURE (F)   37        59      1917
 MINIMUM TEMPERATURE (F)   23       -15      1985


SUNRISE AND SUNSET
NOVEMBER 21 2017......SUNRISE   754 AM MST   SUNSET   452 PM MST
NOVEMBER 22 2017......SUNRISE   755 AM MST   SUNSET   451 PM MST


-  INDICATES NEGATIVE NUMBERS.
R  INDICATES RECORD WAS SET OR TIED.
MM INDICATES DATA IS MISSING.
T  INDICATES TRACE AMOUNT.




$$
