000
CDUS45 KMSO 250738
CLIGPI


CLIMATE REPORT
NATIONAL WEATHER SERVICE MISSOULA, MT
138 AM MDT THU MAY 25 2017


...................................

...THE KALISPELL MT CLIMATE SUMMARY FOR MAY 24 2017...

CLIMATE NORMAL PERIOD 1981 TO 2010
CLIMATE RECORD PERIOD 1894 TO 2017


WEATHER ITEM   OBSERVED TIME   RECORD YEAR NORMAL DEPARTURE LAST
                VALUE   (LST)  VALUE       VALUE  FROM      YEAR
                                                  NORMAL
..................................................................
TEMPERATURE (F)
 YESTERDAY
  MAXIMUM         68    219 AM  89    2001  67      1       62
                                      1934
  MINIMUM         46   1159 PM  28    2005  41      5       40
                                      1964
  AVERAGE         57                        54      3       51

PRECIPITATION (IN)
  YESTERDAY        T             0.84 2007   0.07  -0.07     0.05
  MONTH TO DATE    0.74                      1.40  -0.66     2.83
  SINCE OCT 1     16.79                     10.03   6.76    12.05
  SINCE JAN 1      9.56                      6.03   3.53     8.00

SNOWFALL (IN)
  YESTERDAY        0.0
  MONTH TO DATE    0.0
  SINCE JAN 1     54.5
  SINCE JUL 1     89.8
  SNOW DEPTH       0

DEGREE DAYS
 HEATING
  YESTERDAY        8                        11     -3       14
  MONTH TO DATE  325                       341    -16      273
  SINCE MAR 1   1889                      1900    -11     1566
  SINCE JUL 1   8089                      7752    337     6868

 COOLING
  YESTERDAY        0                         0      0        0
  MONTH TO DATE    0                         0      0        0
  SINCE MAR 1      0                         0      0        0
  SINCE JAN 1      0                         0      0        0
..................................................................


WIND (MPH)
  HIGHEST WIND SPEED    33   HIGHEST WIND DIRECTION    SW (230)
  HIGHEST GUST SPEED    44   HIGHEST GUST DIRECTION     W (270)
  AVERAGE WIND SPEED    17.0


SKY COVER
  POSSIBLE SUNSHINE  MM
  AVERAGE SKY COVER 0.5


WEATHER CONDITIONS
 THE FOLLOWING WEATHER WAS RECORDED YESTERDAY.
  LIGHT RAIN


RELATIVE HUMIDITY (PERCENT)
 HIGHEST    76          1100 PM
 LOWEST     23           900 AM
 AVERAGE    50

..........................................................


THE KALISPELL MT CLIMATE NORMALS FOR TODAY
                         NORMAL    RECORD    YEAR
 MAXIMUM TEMPERATURE (F)   67        87      1961
 MINIMUM TEMPERATURE (F)   41        24      1964


SUNRISE AND SUNSET
MAY 25 2017...........SUNRISE   546 AM MDT   SUNSET   923 PM MDT
MAY 26 2017...........SUNRISE   545 AM MDT   SUNSET   924 PM MDT


-  INDICATES NEGATIVE NUMBERS.
R  INDICATES RECORD WAS SET OR TIED.
MM INDICATES DATA IS MISSING.
T  INDICATES TRACE AMOUNT.




$$
