000
CDUS45 KMSO 272231
CLIGPI


CLIMATE REPORT
NATIONAL WEATHER SERVICE MISSOULA, MT
430 PM MDT SAT AUG 27 2016


...................................

...THE KALISPELL MT CLIMATE SUMMARY FOR AUGUST 27 2016...
VALID TODAY AS OF 0400 PM LOCAL TIME.

CLIMATE NORMAL PERIOD 1981 TO 2010
CLIMATE RECORD PERIOD 1894 TO 2016


WEATHER ITEM   OBSERVED TIME   RECORD YEAR NORMAL DEPARTURE LAST
                VALUE   (LST)  VALUE       VALUE  FROM      YEAR
                                                  NORMAL
..................................................................
TEMPERATURE (F)
 TODAY
  MAXIMUM         85    146 PM  95    1971  78      7       87
  MINIMUM         53    632 AM  33    1995  44      9       48
  AVERAGE         69                        61      8       68

PRECIPITATION (IN)
  TODAY            0.00          0.49 1946   0.04  -0.04     0.00
  MONTH TO DATE    1.08                      0.84   0.24     0.07
  SINCE OCT 1     16.27                     15.46   0.81    12.87
  SINCE JAN 1     12.22                     11.46   0.76     6.79

SNOWFALL (IN)
  TODAY            0.0
  MONTH TO DATE    0.0
  SINCE JAN 1     14.6
  SINCE JUL 1      0.0
  SNOW DEPTH       0

DEGREE DAYS
 HEATING
  TODAY            0                         5     -5        0
  MONTH TO DATE   68                        75     -7       60
  SINCE JUN 1    326                       368    -42      201
  SINCE JUL 1    147                       152     -5      120

 COOLING
  TODAY            4                         1      3        3
  MONTH TO DATE   48                        58    -10       81
  SINCE JUN 1    149                       138     11      246
  SINCE JAN 1    149                       141      8      246
..................................................................


WIND (MPH)
  HIGHEST WIND SPEED    23   HIGHEST WIND DIRECTION    SW (220)
  HIGHEST GUST SPEED    29   HIGHEST GUST DIRECTION    SW (230)
  AVERAGE WIND SPEED     9.5


SKY COVER
  POSSIBLE SUNSHINE  MM
  AVERAGE SKY COVER 0.3


WEATHER CONDITIONS
 THE FOLLOWING WEATHER WAS RECORDED TODAY.
  NO SIGNIFICANT WEATHER WAS OBSERVED.


RELATIVE HUMIDITY (PERCENT)
 HIGHEST    83           600 AM
 LOWEST     20           200 PM
 AVERAGE    52

..........................................................


THE KALISPELL MT CLIMATE NORMALS FOR TOMORROW
                         NORMAL    RECORD    YEAR
 MAXIMUM TEMPERATURE (F)   78        93      1986
 MINIMUM TEMPERATURE (F)   44        30      2000


SUNRISE AND SUNSET
AUGUST 27 2016........SUNRISE   649 AM MDT   SUNSET   827 PM MDT
AUGUST 28 2016........SUNRISE   650 AM MDT   SUNSET   825 PM MDT


-  INDICATES NEGATIVE NUMBERS.
R  INDICATES RECORD WAS SET OR TIED.
MM INDICATES DATA IS MISSING.
T  INDICATES TRACE AMOUNT.




$$
