000
CDUS45 KMSO 270738
CLIGPI


CLIMATE REPORT
NATIONAL WEATHER SERVICE MISSOULA, MT
137 AM MDT WED AUG 27 2014


...................................

...THE KALISPELL MT CLIMATE SUMMARY FOR AUGUST 26 2014...

CLIMATE NORMAL PERIOD 1981 TO 2010
CLIMATE RECORD PERIOD 1894 TO 2014


WEATHER ITEM   OBSERVED TIME   RECORD YEAR NORMAL DEPARTURE LAST
                VALUE   (LST)  VALUE       VALUE  FROM      YEAR
                                                  NORMAL
..................................................................
TEMPERATURE (F)
 YESTERDAY
  MAXIMUM         79    455 PM  98    1981  79      0       81
  MINIMUM         40    613 AM  32    1991  45     -5       52
  AVERAGE         60                        62     -2       67

PRECIPITATION (IN)
  YESTERDAY        0.00          0.80 1956   0.04  -0.04     0.01
  MONTH TO DATE    1.15                      0.80   0.35     0.95
  SINCE OCT 1     18.48                     15.42   3.06    15.65
  SINCE JAN 1     14.03                     11.42   2.61    10.27

SNOWFALL (IN)
  YESTERDAY        0.0
  MONTH TO DATE    0.0
  SINCE JAN 1     38.2
  SINCE JUL 1      0.0
  SNOW DEPTH       0

DEGREE DAYS
 HEATING
  YESTERDAY        5                         4      1        0
  MONTH TO DATE   48                        70    -22       17
  SINCE JUN 1    315                       363    -48      222
  SINCE JUL 1     62                       147    -85       36

 COOLING
  YESTERDAY        0                         1     -1        2
  MONTH TO DATE   85                        57     28       91
  SINCE JUN 1    215                       137     78      232
  SINCE JAN 1    215                       140     75      232
..................................................................


WIND (MPH)
  HIGHEST WIND SPEED    14   HIGHEST WIND DIRECTION     S (170)
  HIGHEST GUST SPEED    20   HIGHEST GUST DIRECTION     S (160)
  AVERAGE WIND SPEED     4.1


SKY COVER
  POSSIBLE SUNSHINE  MM
  AVERAGE SKY COVER 0.0


WEATHER CONDITIONS
 THE FOLLOWING WEATHER WAS RECORDED YESTERDAY.
  NO SIGNIFICANT WEATHER WAS OBSERVED.


RELATIVE HUMIDITY (PERCENT)
 HIGHEST   100           600 AM
 LOWEST     30           400 PM
 AVERAGE    65

..........................................................


THE KALISPELL MT CLIMATE NORMALS FOR TODAY
                         NORMAL    RECORD    YEAR
 MAXIMUM TEMPERATURE (F)   78        95      1971
 MINIMUM TEMPERATURE (F)   44        33      1995


SUNRISE AND SUNSET
AUGUST 27 2014........SUNRISE   648 AM MDT   SUNSET   828 PM MDT
AUGUST 28 2014........SUNRISE   649 AM MDT   SUNSET   826 PM MDT


-  INDICATES NEGATIVE NUMBERS.
R  INDICATES RECORD WAS SET OR TIED.
MM INDICATES DATA IS MISSING.
T  INDICATES TRACE AMOUNT.




$$
