000
CDUS45 KMSO 020739
CLIGPI


CLIMATE REPORT
NATIONAL WEATHER SERVICE MISSOULA, MT
137 AM MDT TUE SEP 2 2014


...................................

...THE KALISPELL MT CLIMATE SUMMARY FOR SEPTEMBER 1 2014...

CLIMATE NORMAL PERIOD 1981 TO 2010
CLIMATE RECORD PERIOD 1894 TO 2014


WEATHER ITEM   OBSERVED TIME   RECORD YEAR NORMAL DEPARTURE LAST
                VALUE   (LST)  VALUE       VALUE  FROM      YEAR
                                                  NORMAL
..................................................................
TEMPERATURE (F)
 YESTERDAY
  MAXIMUM         70    328 PM  99    1967  76     -6       91
  MINIMUM         49    637 AM  32    2006  43      6       43
                                      1999
  AVERAGE         60                        60      0       67

PRECIPITATION (IN)
  YESTERDAY        0.01          0.93 1964   0.04  -0.03     0.00
  MONTH TO DATE    0.01                      0.04  -0.03     0.00
  SINCE OCT 1     18.80                     15.65   3.15    16.00
  SINCE JAN 1     14.35                     11.65   2.70    10.62

SNOWFALL (IN)
  YESTERDAY        0.0
  MONTH TO DATE    0.0
  SINCE JAN 1     38.2
  SINCE JUL 1      0.0
  SNOW DEPTH       0

DEGREE DAYS
 HEATING
  YESTERDAY        5                         6     -1        0
  MONTH TO DATE    5                         6     -1        0
  SINCE SEP 1      5                         6     -1        0
  SINCE JUL 1     82                       176    -94       41

 COOLING
  YESTERDAY        0                         1     -1        2
  MONTH TO DATE    0                         1     -1        2
  SINCE SEP 1      0                         1     -1        2
  SINCE JAN 1    215                       144     71      237
..................................................................


WIND (MPH)
  HIGHEST WIND SPEED    15   HIGHEST WIND DIRECTION    SE (140)
  HIGHEST GUST SPEED    22   HIGHEST GUST DIRECTION    SE (140)
  AVERAGE WIND SPEED     5.1


SKY COVER
  POSSIBLE SUNSHINE  MM
  AVERAGE SKY COVER 0.9


WEATHER CONDITIONS
 THE FOLLOWING WEATHER WAS RECORDED YESTERDAY.
  LIGHT RAIN


RELATIVE HUMIDITY (PERCENT)
 HIGHEST    96           900 AM
 LOWEST     37           400 PM
 AVERAGE    67

..........................................................


THE KALISPELL MT CLIMATE NORMALS FOR TODAY
                         NORMAL    RECORD    YEAR
 MAXIMUM TEMPERATURE (F)   76        96      1998
 MINIMUM TEMPERATURE (F)   43        29      1959


SUNRISE AND SUNSET
SEPTEMBER  2 2014.....SUNRISE   656 AM MDT   SUNSET   816 PM MDT
SEPTEMBER  3 2014.....SUNRISE   657 AM MDT   SUNSET   814 PM MDT


-  INDICATES NEGATIVE NUMBERS.
R  INDICATES RECORD WAS SET OR TIED.
MM INDICATES DATA IS MISSING.
T  INDICATES TRACE AMOUNT.




$$
