000
CDUS45 KMSO 232231
CLIGPI


CLIMATE REPORT
NATIONAL WEATHER SERVICE MISSOULA, MT
431 PM MDT SUN APR 23 2017


...................................

...THE KALISPELL MT CLIMATE SUMMARY FOR APRIL 23 2017...
VALID TODAY AS OF 0400 PM LOCAL TIME.

CLIMATE NORMAL PERIOD 1981 TO 2010
CLIMATE RECORD PERIOD 1894 TO 2017


WEATHER ITEM   OBSERVED TIME   RECORD YEAR NORMAL DEPARTURE LAST
                VALUE   (LST)  VALUE       VALUE  FROM      YEAR
                                                  NORMAL
..................................................................
TEMPERATURE (F)
 TODAY
  MAXIMUM         55    109 PM  82    1977  58     -3       64
  MINIMUM         39    600 AM  20    1972  32      7       43
  AVERAGE         47                        45      2       54

PRECIPITATION (IN)
  TODAY            0.02          0.74 1969   0.05  -0.03     0.47
  MONTH TO DATE    1.34                      0.94   0.40     1.19
  SINCE OCT 1     15.03                      8.33   6.70     8.83
  SINCE JAN 1      7.80                      4.33   3.47     4.78

SNOWFALL (IN)
  TODAY            0.0
  MONTH TO DATE    T
  SINCE JAN 1     54.5
  SINCE JUL 1     89.8
  SNOW DEPTH       0

DEGREE DAYS
 HEATING
  TODAY           18                        20     -2       11
  MONTH TO DATE  539                       510     29      349
  SINCE MAR 1   1419                      1429    -10     1179
  SINCE JUL 1   7619                      7281    338     6481

 COOLING
  TODAY            0                         0      0        0
  MONTH TO DATE    0                         0      0        0
  SINCE MAR 1      0                         0      0        0
  SINCE JAN 1      0                         0      0        0
..................................................................


WIND (MPH)
  HIGHEST WIND SPEED    16   HIGHEST WIND DIRECTION     S (170)
  HIGHEST GUST SPEED    20   HIGHEST GUST DIRECTION     S (180)
  AVERAGE WIND SPEED     5.4


SKY COVER
  POSSIBLE SUNSHINE  MM
  AVERAGE SKY COVER 0.5


WEATHER CONDITIONS
 THE FOLLOWING WEATHER WAS RECORDED TODAY.
  LIGHT RAIN
  FOG


RELATIVE HUMIDITY (PERCENT)
 HIGHEST    92           600 AM
 LOWEST     59          1200 PM
 AVERAGE    76

..........................................................


THE KALISPELL MT CLIMATE NORMALS FOR TOMORROW
                         NORMAL    RECORD    YEAR
 MAXIMUM TEMPERATURE (F)   59        84      1977
 MINIMUM TEMPERATURE (F)   32        20      2002


SUNRISE AND SUNSET
APRIL 23 2017.........SUNRISE   631 AM MDT   SUNSET   840 PM MDT
APRIL 24 2017.........SUNRISE   630 AM MDT   SUNSET   842 PM MDT


-  INDICATES NEGATIVE NUMBERS.
R  INDICATES RECORD WAS SET OR TIED.
MM INDICATES DATA IS MISSING.
T  INDICATES TRACE AMOUNT.




$$
