000
CDUS43 KGRB 290726
CLIGRB


CLIMATE REPORT
NATIONAL WEATHER SERVICE GREEN BAY
224 AM CDT MON MAY 29 2017


...................................

...THE GREEN BAY WI CLIMATE SUMMARY FOR MAY 28 2017...

CLIMATE NORMAL PERIOD 1981 TO 2010
CLIMATE RECORD PERIOD 1886 TO 2017


WEATHER ITEM   OBSERVED TIME   RECORD YEAR NORMAL DEPARTURE LAST
                VALUE   (LST)  VALUE       VALUE  FROM      YEAR
                                                  NORMAL
..................................................................
TEMPERATURE (F)
 YESTERDAY
  MAXIMUM         74    504 PM  89    1991  70      4       81
  MINIMUM         55   1158 PM  31    1949  48      7       64
                                      1889
  AVERAGE         65                        59      6       73

PRECIPITATION (IN)
  YESTERDAY        0.37          1.56 2006   0.11   0.26     0.14
  MONTH TO DATE    2.92                      2.58   0.34     3.26
  SINCE MAR 1      9.70                      7.06   2.64     8.60
  SINCE JAN 1     12.95                      9.30   3.65    11.08

SNOWFALL (IN)
  YESTERDAY        0.0           3.0  1947   0.0    0.0      0.0
  MONTH TO DATE    0.0                       0.2   -0.2       T
  SINCE MAR 1      9.0                      11.2   -2.2     16.2
  SINCE JUL 1     53.2                      51.4    1.8     50.0
  SNOW DEPTH       0

DEGREE DAYS
 HEATING
  YESTERDAY        0                         7     -7        0
  MONTH TO DATE  288                       306    -18      247
  SINCE MAR 1   1799                      2003   -204     1784
  SINCE JUL 1   6372                      7843  -1471     6595

 COOLING
  YESTERDAY        0                         1     -1        8
  MONTH TO DATE    8                        11     -3       24
  SINCE MAR 1      8                        13     -5       24
  SINCE JAN 1      8                        13     -5       24
..................................................................


WIND (MPH)
  HIGHEST WIND SPEED    24   HIGHEST WIND DIRECTION     W (270)
  HIGHEST GUST SPEED    31   HIGHEST GUST DIRECTION     W (270)
  AVERAGE WIND SPEED     7.7


SKY COVER
  POSSIBLE SUNSHINE  MM
  AVERAGE SKY COVER 0.6


WEATHER CONDITIONS
 THE FOLLOWING WEATHER WAS RECORDED YESTERDAY.
  HEAVY RAIN
  RAIN
  LIGHT RAIN
  FOG


RELATIVE HUMIDITY (PERCENT)
 HIGHEST   100           700 AM
 LOWEST     51           600 PM
 AVERAGE    76

..........................................................


THE GREEN BAY WI CLIMATE NORMALS FOR TODAY
                         NORMAL    RECORD    YEAR
 MAXIMUM TEMPERATURE (F)   70        91      1895
 MINIMUM TEMPERATURE (F)   48        32      1965


SUNRISE AND SUNSET
MAY 29 2017...........SUNRISE   513 AM CDT   SUNSET   828 PM CDT
MAY 30 2017...........SUNRISE   512 AM CDT   SUNSET   829 PM CDT


-  INDICATES NEGATIVE NUMBERS.
R  INDICATES RECORD WAS SET OR TIED.
MM INDICATES DATA IS MISSING.
T  INDICATES TRACE AMOUNT.

$$
