000
CDUS43 KGRB 170730
CLIGRB


CLIMATE REPORT
NATIONAL WEATHER SERVICE GREEN BAY
130 AM CST TUE JAN 17 2017


...................................

...THE GREEN BAY WI CLIMATE SUMMARY FOR JANUARY 16 2017...

CLIMATE NORMAL PERIOD 1981 TO 2010
CLIMATE RECORD PERIOD 1886 TO 2017


WEATHER ITEM   OBSERVED TIME   RECORD YEAR NORMAL DEPARTURE LAST
                VALUE   (LST)  VALUE       VALUE  FROM      YEAR
                                                  NORMAL
..................................................................
TEMPERATURE (F)
 YESTERDAY
  MAXIMUM         35   1130 PM  45    1913  24     11       23
  MINIMUM         16    503 AM -28    1888   9      7       -4
  AVERAGE         26                        16     10       10

PRECIPITATION (IN)
  YESTERDAY        0.47          0.94 1980   0.03   0.44      T
  MONTH TO DATE    1.50                      0.61   0.89     0.81
  SINCE DEC 1      3.75                      2.12   1.63     6.52
  SINCE JAN 1      1.50                      0.61   0.89     0.81

SNOWFALL (IN)
  YESTERDAY       MM             7.5  1887   0.4   MM         T
  MONTH TO DATE    6.2                       6.5   -0.3      3.3
  SINCE DEC 1     29.3                      19.6    9.7     17.0
  SINCE JUL 1     30.2                      23.8    6.4     17.2
  SNOW DEPTH       0

DEGREE DAYS
 HEATING
  YESTERDAY       39                        49    -10       55
  MONTH TO DATE  791                       774     17      732
  SINCE DEC 1   2042                      2124    -82     1670
  SINCE JUL 1   3104                      3864   -760     2942

 COOLING
  YESTERDAY        0                         0      0        0
  MONTH TO DATE    0                         0      0        0
  SINCE DEC 1      0                         0      0        0
  SINCE JAN 1      0                         0      0        0
..................................................................


WIND (MPH)
  HIGHEST WIND SPEED    13   HIGHEST WIND DIRECTION    NE (50)
  HIGHEST GUST SPEED    15   HIGHEST GUST DIRECTION    NE (50)
  AVERAGE WIND SPEED     5.0


SKY COVER
  POSSIBLE SUNSHINE  MM
  AVERAGE SKY COVER 0.5


WEATHER CONDITIONS
 THE FOLLOWING WEATHER WAS RECORDED YESTERDAY.
  RAIN
  LIGHT RAIN
  FREEZING RAIN
  FOG
  HAZE


RELATIVE HUMIDITY (PERCENT)
 HIGHEST   100           900 PM
 LOWEST     63           100 PM
 AVERAGE    82

..........................................................


THE GREEN BAY WI CLIMATE NORMALS FOR TODAY
                         NORMAL    RECORD    YEAR
 MAXIMUM TEMPERATURE (F)   24        47      1913
 MINIMUM TEMPERATURE (F)    9       -28      1982


SUNRISE AND SUNSET
JANUARY 17 2017.......SUNRISE   724 AM CST   SUNSET   442 PM CST
JANUARY 18 2017.......SUNRISE   724 AM CST   SUNSET   443 PM CST


-  INDICATES NEGATIVE NUMBERS.
R  INDICATES RECORD WAS SET OR TIED.
MM INDICATES DATA IS MISSING.
T  INDICATES TRACE AMOUNT.




$$
