000
CDUS43 KGRB 012147
CLIGRB


CLIMATE REPORT
NATIONAL WEATHER SERVICE GREEN BAY
447 PM CDT MON SEP 1 2014


...................................

...THE GREEN BAY WI CLIMATE SUMMARY FOR SEPTEMBER 1 2014...
VALID TODAY AS OF 0400 PM LOCAL TIME.

CLIMATE NORMAL PERIOD 1981 TO 2010
CLIMATE RECORD PERIOD 1886 TO 2014


WEATHER ITEM   OBSERVED TIME   RECORD YEAR NORMAL DEPARTURE LAST
                VALUE   (LST)  VALUE       VALUE  FROM      YEAR
                                                  NORMAL
..................................................................
TEMPERATURE (F)
 TODAY
  MAXIMUM         74    259 PM  95    1953  75     -1       82
  MINIMUM         66    947 AM  38    1888  54     12       60
  AVERAGE         70                        65      5       71

PRECIPITATION (IN)
  TODAY            0.27          1.57 1984   0.10   0.17      T
  MONTH TO DATE    0.27                      0.10   0.17      T
  SINCE SEP 1      0.27                      0.10   0.17      T
  SINCE JAN 1     20.99                     20.50   0.49    23.99

SNOWFALL (IN)
  TODAY            0.0           0.0    MM   0.0    0.0      0.0
  MONTH TO DATE    0.0                       0.0    0.0      0.0
  SINCE SEP 1      0.0                       0.0    0.0      0.0
  SINCE JUL 1      0.0                       0.0    0.0      0.0
  SNOW DEPTH       0

DEGREE DAYS
 HEATING
  TODAY            0                         3     -3        0
  MONTH TO DATE    0                         3     -3        0
  SINCE SEP 1      0                         3     -3        0
  SINCE JUL 1     29                        66    -37       40

 COOLING
  TODAY            5                         2      3        6
  MONTH TO DATE    5                         2      3        6
  SINCE SEP 1      5                         2      3        6
  SINCE JAN 1    348                       364    -16      484
..................................................................


WIND (MPH)
  HIGHEST WIND SPEED    16   HIGHEST WIND DIRECTION    SW (240)
  HIGHEST GUST SPEED    23   HIGHEST GUST DIRECTION    SW (210)
  AVERAGE WIND SPEED     8.0


SKY COVER
  POSSIBLE SUNSHINE  MM
  AVERAGE SKY COVER 0.5


WEATHER CONDITIONS
 THE FOLLOWING WEATHER WAS RECORDED TODAY.
  HEAVY RAIN
  RAIN
  LIGHT RAIN
  FOG


RELATIVE HUMIDITY (PERCENT)
 HIGHEST    97           200 AM
 LOWEST     79           300 PM
 AVERAGE    88

..........................................................


THE GREEN BAY WI CLIMATE NORMALS FOR TOMORROW
                         NORMAL    RECORD    YEAR
 MAXIMUM TEMPERATURE (F)   75        94      1953
                                             1937
                                             1913
 MINIMUM TEMPERATURE (F)   54        38      1976


SUNRISE AND SUNSET
SEPTEMBER  1 2014.....SUNRISE   615 AM CDT   SUNSET   729 PM CDT
SEPTEMBER  2 2014.....SUNRISE   616 AM CDT   SUNSET   727 PM CDT


-  INDICATES NEGATIVE NUMBERS.
R  INDICATES RECORD WAS SET OR TIED.
MM INDICATES DATA IS MISSING.
T  INDICATES TRACE AMOUNT.




$$
