000
CDUS43 KGID 292221
CLIGRI


CLIMATE REPORT
NATIONAL WEATHER SERVICE HASTINGS NE
521 PM CDT MON MAY 29 2017


...................................

...THE GRAND ISLAND NE CLIMATE SUMMARY FOR MAY 29 2017...
VALID TODAY AS OF 0500 PM LOCAL TIME.

CLIMATE NORMAL PERIOD 1981 TO 2010
CLIMATE RECORD PERIOD 1895 TO 2017


WEATHER ITEM   OBSERVED TIME   RECORD YEAR NORMAL DEPARTURE LAST
                VALUE   (LST)  VALUE       VALUE  FROM      YEAR
                                                  NORMAL
..................................................................
TEMPERATURE (F)
 TODAY
  MAXIMUM         76    143 PM 104    1934  77     -1       83
  MINIMUM         51    530 AM  26    1947  54     -3       54
  AVERAGE         64                        66     -2       69

PRECIPITATION (IN)
  TODAY            0.00          3.29 2007   0.16  -0.16     0.02
  MONTH TO DATE    5.28                      4.11   1.17     6.63
  SINCE MAR 1      8.73                      8.44   0.29    12.29
  SINCE JAN 1     10.05                      9.65   0.40    14.47

SNOWFALL (IN)
  TODAY            0.0                       0.0    0.0      0.0
  MONTH TO DATE    0.3                       0.1    0.2      0.0
  SINCE MAR 1      1.5                       7.0   -5.5      2.6
  SINCE JUL 1      9.2                      29.1  -19.9     33.8
  SNOW DEPTH       0

DEGREE DAYS
 HEATING
  TODAY            1                         3     -2        0
  MONTH TO DATE  177                       168      9      176
  SINCE MAR 1   1287                      1409   -122     1133
  SINCE JUL 1   5353                      6170   -817     5131

 COOLING
  TODAY            0                         3     -3        4
  MONTH TO DATE   45                        48     -3       25
  SINCE MAR 1     50                        59     -9       25
  SINCE JAN 1     50                        59     -9       25
..................................................................


WIND (MPH)
  HIGHEST WIND SPEED    24   HIGHEST WIND DIRECTION    NW (320)
  HIGHEST GUST SPEED    32   HIGHEST GUST DIRECTION    NW (320)
  AVERAGE WIND SPEED    12.3


SKY COVER
  POSSIBLE SUNSHINE  MM
  AVERAGE SKY COVER 0.1


WEATHER CONDITIONS
 THE FOLLOWING WEATHER WAS RECORDED TODAY.
  NO SIGNIFICANT WEATHER WAS OBSERVED.


RELATIVE HUMIDITY (PERCENT)
 HIGHEST    83           400 AM
 LOWEST     25           300 PM
 AVERAGE    54

..........................................................


THE GRAND ISLAND NE CLIMATE NORMALS FOR TOMORROW
                         NORMAL    RECORD    YEAR
 MAXIMUM TEMPERATURE (F)   77       103      1934
 MINIMUM TEMPERATURE (F)   54        36      1947


SUNRISE AND SUNSET
MAY 29 2017...........SUNRISE   605 AM CDT   SUNSET   857 PM CDT
MAY 30 2017...........SUNRISE   604 AM CDT   SUNSET   858 PM CDT


-  INDICATES NEGATIVE NUMBERS.
R  INDICATES RECORD WAS SET OR TIED.
MM INDICATES DATA IS MISSING.
T  INDICATES TRACE AMOUNT.




$$
