000
CDUS43 KGID 240624
CLIGRI


CLIMATE REPORT
NATIONAL WEATHER SERVICE HASTINGS NE
123 AM CDT FRI MAR 24 2017


...................................

...THE GRAND ISLAND NE CLIMATE SUMMARY FOR MARCH 23 2017...

CLIMATE NORMAL PERIOD 1981 TO 2010
CLIMATE RECORD PERIOD 1895 TO 2017


WEATHER ITEM   OBSERVED TIME   RECORD YEAR NORMAL DEPARTURE LAST
                VALUE   (LST)  VALUE       VALUE  FROM      YEAR
                                                  NORMAL
..................................................................
TEMPERATURE (F)
 YESTERDAY
  MAXIMUM         74    529 PM  90    1910  54     20       51
  MINIMUM         46    421 AM   0    1896  30     16       28
  AVERAGE         60                        42     18       40

PRECIPITATION (IN)
  YESTERDAY        0.04          1.13 1987   0.06  -0.02     0.04
  MONTH TO DATE    0.13                      1.22  -1.09     0.23
  SINCE MAR 1      0.13                      1.22  -1.09     0.23
  SINCE JAN 1      1.45                      2.43  -0.98     2.41

SNOWFALL (IN)
  YESTERDAY        0.0           7.7  1987   0.2   -0.2      0.1
  MONTH TO DATE    1.2                       4.2   -3.0      0.1
  SINCE MAR 1      1.2                       4.2   -3.0      0.1
  SINCE JUL 1      8.9                      26.3  -17.4     31.3
  SNOW DEPTH       0

DEGREE DAYS
 HEATING
  YESTERDAY        5                        23    -18       25
  MONTH TO DATE  523                       624   -101      423
  SINCE MAR 1    523                       624   -101      423
  SINCE JUL 1   4589                      5385   -796     4421

 COOLING
  YESTERDAY        0                         0      0        0
  MONTH TO DATE    0                         0      0        0
  SINCE MAR 1      0                         0      0        0
  SINCE JAN 1      0                         0      0        0
..................................................................


WIND (MPH)
  HIGHEST WIND SPEED    56   HIGHEST WIND DIRECTION     S (200)
  HIGHEST GUST SPEED    70   HIGHEST GUST DIRECTION    SW (210)
  AVERAGE WIND SPEED    17.3


SKY COVER
  AVERAGE SKY COVER 0.6


WEATHER CONDITIONS
 THE FOLLOWING WEATHER WAS RECORDED YESTERDAY.
  THUNDERSTORM
  RAIN
  LIGHT RAIN
  FOG
  HAZE


RELATIVE HUMIDITY (PERCENT)
 HIGHEST   100           800 AM
 LOWEST     42          1200 AM
 AVERAGE    71

..........................................................


THE GRAND ISLAND NE CLIMATE NORMALS FOR TODAY
                         NORMAL    RECORD    YEAR
 MAXIMUM TEMPERATURE (F)   55        90      1910
 MINIMUM TEMPERATURE (F)   30         4      1965


SUNRISE AND SUNSET
MARCH 24 2017.........SUNRISE   729 AM CDT   SUNSET   750 PM CDT
MARCH 25 2017.........SUNRISE   728 AM CDT   SUNSET   751 PM CDT


-  INDICATES NEGATIVE NUMBERS.
R  INDICATES RECORD WAS SET OR TIED.
MM INDICATES DATA IS MISSING.
T  INDICATES TRACE AMOUNT.




$$
