118
CDUS43 KGID 172326
CLIGRI


CLIMATE REPORT
NATIONAL WEATHER SERVICE HASTINGS NE
526 PM CST WED JAN 17 2018


...................................

...THE GRAND ISLAND NE CLIMATE SUMMARY FOR JANUARY 17 2018...
VALID TODAY AS OF 0500 PM LOCAL TIME.

CLIMATE NORMAL PERIOD 1981 TO 2010
CLIMATE RECORD PERIOD 1895 TO 2018


WEATHER ITEM   OBSERVED TIME   RECORD YEAR NORMAL DEPARTURE LAST
                VALUE   (LST)  VALUE       VALUE  FROM      YEAR
                                                  NORMAL
..................................................................
TEMPERATURE (F)
 TODAY
  MAXIMUM         32    345 PM  60    1986  36     -4       39
                                      1972
  MINIMUM          6    343 AM -20    1930  14     -8       20
  AVERAGE         19                        25     -6       30

PRECIPITATION (IN)
  TODAY            0.00          0.52 1996   0.02  -0.02     0.00
  MONTH TO DATE    0.19                      0.27  -0.08     1.00
  SINCE DEC 1      0.64                      0.90  -0.26     1.81
  SINCE JAN 1      0.19                      0.27  -0.08     1.00

SNOWFALL (IN)
  TODAY            0.0           4.0  1936   0.2   -0.2      0.0
                                      1930
  MONTH TO DATE    2.8                       3.2   -0.4      1.7
  SINCE DEC 1     10.0                       8.3    1.7      3.1
  SINCE JUL 1     11.1                      12.5   -1.4      3.5
  SNOW DEPTH       1

DEGREE DAYS
 HEATING
  TODAY           46                        40      6       35
  MONTH TO DATE  808                       680    128      767
  SINCE DEC 1   1993                      1869    124     1968
  SINCE JUL 1   3142                      3199    -57     2888

 COOLING
  TODAY            0                         0      0        0
  MONTH TO DATE    0                         0      0        0
  SINCE DEC 1      0                         0      0        0
  SINCE JAN 1      0                         0      0        0
..................................................................


WIND (MPH)
  HIGHEST WIND SPEED    21   HIGHEST WIND DIRECTION    SW (220)
  HIGHEST GUST SPEED    24   HIGHEST GUST DIRECTION    SW (210)
  AVERAGE WIND SPEED    12.5


SKY COVER
  POSSIBLE SUNSHINE  MM
  AVERAGE SKY COVER 0.0


WEATHER CONDITIONS
 THE FOLLOWING WEATHER WAS RECORDED TODAY.
  NO SIGNIFICANT WEATHER WAS OBSERVED.


RELATIVE HUMIDITY (PERCENT)
 HIGHEST    80          1200 AM
 LOWEST     50          1200 PM
 AVERAGE    65

..........................................................


THE GRAND ISLAND NE CLIMATE NORMALS FOR TOMORROW
                         NORMAL    RECORD    YEAR
 MAXIMUM TEMPERATURE (F)   36        65      1951
 MINIMUM TEMPERATURE (F)   14       -22      1943


SUNRISE AND SUNSET
JANUARY 17 2018.......SUNRISE   755 AM CST   SUNSET   532 PM CST
JANUARY 18 2018.......SUNRISE   754 AM CST   SUNSET   533 PM CST


-  INDICATES NEGATIVE NUMBERS.
R  INDICATES RECORD WAS SET OR TIED.
MM INDICATES DATA IS MISSING.
T  INDICATES TRACE AMOUNT.




$$
