000
CDUS43 KGID 130631
CLIGRI


CLIMATE REPORT
NATIONAL WEATHER SERVICE HASTINGS NE
131 AM CDT SUN JUL 13 2014


...................................

...THE GRAND ISLAND NE CLIMATE SUMMARY FOR JULY 12 2014...

CLIMATE NORMAL PERIOD 1981 TO 2010
CLIMATE RECORD PERIOD 1895 TO 2014


WEATHER ITEM   OBSERVED TIME   RECORD YEAR NORMAL DEPARTURE LAST
                VALUE   (LST)  VALUE       VALUE  FROM      YEAR
                                                  NORMAL
..................................................................
TEMPERATURE (F)
 YESTERDAY
  MAXIMUM         84   1054 AM 111    1939  88     -4       98
  MINIMUM         68   1159 PM  50    1922  65      3       69
  AVERAGE         76                        76      0       84

PRECIPITATION (IN)
  YESTERDAY        0.00          0.96 2007   0.11  -0.11     0.00
  MONTH TO DATE    1.37                      1.37   0.00     0.10
  SINCE JUN 1     11.02                      5.67   5.35     1.73
  SINCE JAN 1     15.51                     15.62  -0.11    15.10

SNOWFALL (IN)
  YESTERDAY        0.0                       0.0    0.0      0.0
  MONTH TO DATE    0.0                       0.0    0.0      0.0
  SINCE JUN 1      0.0                       0.0    0.0      0.0
  SINCE JUL 1      0.0                       0.0    0.0      0.0
  SNOW DEPTH       0

DEGREE DAYS
 HEATING
  YESTERDAY        0                         0      0        0
  MONTH TO DATE    1                         0      1        0
  SINCE JUN 1     11                        24    -13       21
  SINCE JUL 1      1                         0      1        0

 COOLING
  YESTERDAY       11                        12     -1       19
  MONTH TO DATE  107                       133    -26      164
  SINCE JUN 1    357                       346     11      423
  SINCE JAN 1    476                       411     65      518
..................................................................


WIND (MPH)
  HIGHEST WIND SPEED    16   HIGHEST WIND DIRECTION     N (20)
  HIGHEST GUST SPEED    20   HIGHEST GUST DIRECTION     N (360)
  AVERAGE WIND SPEED     8.0


SKY COVER
  AVERAGE SKY COVER 0.2


WEATHER CONDITIONS
 THE FOLLOWING WEATHER WAS RECORDED YESTERDAY.
  FOG


RELATIVE HUMIDITY (PERCENT)
 HIGHEST    93           500 AM
 LOWEST     59          1100 AM
 AVERAGE    76

..........................................................


THE GRAND ISLAND NE CLIMATE NORMALS FOR TODAY
                         NORMAL    RECORD    YEAR
 MAXIMUM TEMPERATURE (F)   88       111      1934
 MINIMUM TEMPERATURE (F)   65        47      1950


SUNRISE AND SUNSET
JULY 13 2014..........SUNRISE   613 AM CDT   SUNSET   905 PM CDT
JULY 14 2014..........SUNRISE   613 AM CDT   SUNSET   904 PM CDT


-  INDICATES NEGATIVE NUMBERS.
R  INDICATES RECORD WAS SET OR TIED.
MM INDICATES DATA IS MISSING.
T  INDICATES TRACE AMOUNT.




$$
