000
CDUS43 KGID 250634
CLIGRI


CLIMATE REPORT
NATIONAL WEATHER SERVICE HASTINGS NE
125 AM CDT MON SEP 25 2017


...................................

...THE GRAND ISLAND NE CLIMATE SUMMARY FOR SEPTEMBER 24 2017...

CLIMATE NORMAL PERIOD 1981 TO 2010
CLIMATE RECORD PERIOD 1895 TO 2017


WEATHER ITEM   OBSERVED TIME   RECORD YEAR NORMAL DEPARTURE LAST
                VALUE   (LST)  VALUE       VALUE  FROM      YEAR
                                                  NORMAL
..................................................................
TEMPERATURE (F)
 YESTERDAY
  MAXIMUM         77   1123 AM  95    1921  75      2       75
  MINIMUM         55   1159 PM  27    1942  48      7       59
  AVERAGE         66                        62      4       67

PRECIPITATION (IN)
  YESTERDAY        0.20          0.84 1960   0.07   0.13     0.21
  MONTH TO DATE    1.01                      1.82  -0.81     2.53
  SINCE SEP 1      1.01                      1.82  -0.81     2.53
  SINCE JAN 1     22.40                     22.59  -0.19    21.93

SNOWFALL (IN)
  YESTERDAY        0.0                       0.0    0.0      0.0
  MONTH TO DATE    0.0                       0.0    0.0      0.0
  SINCE SEP 1      0.0                       0.0    0.0      0.0
  SINCE JUL 1      0.0                       0.0    0.0      0.0
  SNOW DEPTH       0

DEGREE DAYS
 HEATING
  YESTERDAY        0                         5     -5        0
  MONTH TO DATE   28                        66    -38       23
  SINCE SEP 1     28                        66    -38       23
  SINCE JUL 1     32                        76    -44       30

 COOLING
  YESTERDAY        1                         2     -1        2
  MONTH TO DATE  144                       100     44      127
  SINCE SEP 1    144                       100     44      127
  SINCE JAN 1   1055                      1014     41     1141
..................................................................


WIND (MPH)
  HIGHEST WIND SPEED    22   HIGHEST WIND DIRECTION    SW (220)
  HIGHEST GUST SPEED    27   HIGHEST GUST DIRECTION    SW (210)
  AVERAGE WIND SPEED    11.2


SKY COVER
  AVERAGE SKY COVER 0.6


WEATHER CONDITIONS
 THE FOLLOWING WEATHER WAS RECORDED YESTERDAY.
  THUNDERSTORM
  LIGHT RAIN
  FOG


RELATIVE HUMIDITY (PERCENT)
 HIGHEST   100          1000 PM
 LOWEST     64          1200 PM
 AVERAGE    82

..........................................................


THE GRAND ISLAND NE CLIMATE NORMALS FOR TODAY
                         NORMAL    RECORD    YEAR
 MAXIMUM TEMPERATURE (F)   74       100      1998
 MINIMUM TEMPERATURE (F)   48        26      1926


SUNRISE AND SUNSET
SEPTEMBER 25 2017.....SUNRISE   724 AM CDT   SUNSET   725 PM CDT
SEPTEMBER 26 2017.....SUNRISE   725 AM CDT   SUNSET   723 PM CDT


-  INDICATES NEGATIVE NUMBERS.
R  INDICATES RECORD WAS SET OR TIED.
MM INDICATES DATA IS MISSING.
T  INDICATES TRACE AMOUNT.




$$
