000
CDUS43 KGID 190653
CLIGRI


CLIMATE REPORT
NATIONAL WEATHER SERVICE HASTINGS NE
1252 AM CST THU JAN 19 2017


...................................

...THE GRAND ISLAND NE CLIMATE SUMMARY FOR JANUARY 18 2017...

CLIMATE NORMAL PERIOD 1981 TO 2010
CLIMATE RECORD PERIOD 1895 TO 2017


WEATHER ITEM   OBSERVED TIME   RECORD YEAR NORMAL DEPARTURE LAST
                VALUE   (LST)  VALUE       VALUE  FROM      YEAR
                                                  NORMAL
..................................................................
TEMPERATURE (F)
 YESTERDAY
  MAXIMUM         48    348 PM  65    1951  36     12       29
  MINIMUM         29    740 AM -22    1943  14     15       -2
  AVERAGE         39                        25     14       14

PRECIPITATION (IN)
  YESTERDAY        0.00          0.41 1931   0.02  -0.02      T
  MONTH TO DATE    1.00                      0.29   0.71     0.13
  SINCE DEC 1      1.81                      0.92   0.89     2.01
  SINCE JAN 1      1.00                      0.29   0.71     0.13

SNOWFALL (IN)
  YESTERDAY        0.0           4.1  1931   0.3   -0.3       T
  MONTH TO DATE    1.7                       3.5   -1.8      1.8
  SINCE DEC 1      3.1                       8.6   -5.5      4.2
  SINCE JUL 1      3.5                      12.8   -9.3      9.8
  SNOW DEPTH       0

DEGREE DAYS
 HEATING
  YESTERDAY       26                        40    -14       51
  MONTH TO DATE  759                       720     39      734
  SINCE DEC 1   1960                      1909     51     1742
  SINCE JUL 1   2880                      3239   -359     2708

 COOLING
  YESTERDAY        0                         0      0        0
  MONTH TO DATE    0                         0      0        0
  SINCE DEC 1      0                         0      0        0
  SINCE JAN 1      0                         0      0        0
..................................................................


WIND (MPH)
  HIGHEST WIND SPEED    22   HIGHEST WIND DIRECTION     S (200)
  HIGHEST GUST SPEED    28   HIGHEST GUST DIRECTION    SW (210)
  AVERAGE WIND SPEED    11.7


SKY COVER
  AVERAGE SKY COVER 0.0


WEATHER CONDITIONS
 THE FOLLOWING WEATHER WAS RECORDED YESTERDAY.
  NO SIGNIFICANT WEATHER WAS OBSERVED.


RELATIVE HUMIDITY (PERCENT)
 HIGHEST   100           800 PM
 LOWEST     76           100 PM
 AVERAGE    88

..........................................................


THE GRAND ISLAND NE CLIMATE NORMALS FOR TODAY
                         NORMAL    RECORD    YEAR
 MAXIMUM TEMPERATURE (F)   36        68      2014
 MINIMUM TEMPERATURE (F)   14       -22      1943


SUNRISE AND SUNSET
JANUARY 19 2017.......SUNRISE   754 AM CST   SUNSET   535 PM CST
JANUARY 20 2017.......SUNRISE   753 AM CST   SUNSET   536 PM CST


-  INDICATES NEGATIVE NUMBERS.
R  INDICATES RECORD WAS SET OR TIED.
MM INDICATES DATA IS MISSING.
T  INDICATES TRACE AMOUNT.




$$
