000
CDUS43 KGID 280630
CLIGRI


CLIMATE REPORT
NATIONAL WEATHER SERVICE HASTINGS NE
1229 AM CST SUN DEC 28 2014


...................................

...THE GRAND ISLAND NE CLIMATE SUMMARY FOR DECEMBER 27 2014...

CLIMATE NORMAL PERIOD 1981 TO 2010
CLIMATE RECORD PERIOD 1895 TO 2014


WEATHER ITEM   OBSERVED TIME   RECORD YEAR NORMAL DEPARTURE LAST
                VALUE   (LST)  VALUE       VALUE  FROM      YEAR
                                                  NORMAL
..................................................................
TEMPERATURE (F)
 YESTERDAY
  MAXIMUM         26    237 PM  64    1937  35     -9       60
  MINIMUM          4    643 AM  -8    1904  15    -11       23
  AVERAGE         15                        25    -10       42

PRECIPITATION (IN)
  YESTERDAY        T             0.59 1982   0.02  -0.02     0.00
  MONTH TO DATE    0.67                      0.57   0.10     0.11
  SINCE DEC 1      0.67                      0.57   0.10     0.11
  SINCE JAN 1     27.47                     26.60   0.87    26.92

SNOWFALL (IN)
  YESTERDAY        0.5           8.6  1982   0.2    0.3      0.0
  MONTH TO DATE    4.5                       4.4    0.1      2.2
  SINCE DEC 1      4.5                       4.4    0.1      2.2
  SINCE JUL 1      6.7                       8.6   -1.9      2.4
  SNOW DEPTH       3

DEGREE DAYS
 HEATING
  YESTERDAY       50                        40     10       23
  MONTH TO DATE  875                      1029   -154     1087
  SINCE DEC 1    875                      1029   -154     1087
  SINCE JUL 1   2208                      2359   -151     2315

 COOLING
  YESTERDAY        0                         0      0        0
  MONTH TO DATE    0                         0      0        0
  SINCE DEC 1      0                         0      0        0
  SINCE JAN 1   1031                      1034     -3     1265
..................................................................


WIND (MPH)
  HIGHEST WIND SPEED    17   HIGHEST WIND DIRECTION    NW (320)
  HIGHEST GUST SPEED    21   HIGHEST GUST DIRECTION    NW (330)
  AVERAGE WIND SPEED     9.2


SKY COVER
  AVERAGE SKY COVER 0.1


WEATHER CONDITIONS
 THE FOLLOWING WEATHER WAS RECORDED YESTERDAY.
  LIGHT SNOW
  FOG


RELATIVE HUMIDITY (PERCENT)
 HIGHEST    92           300 AM
 LOWEST     68           100 PM
 AVERAGE    80

..........................................................


THE GRAND ISLAND NE CLIMATE NORMALS FOR TODAY
                         NORMAL    RECORD    YEAR
 MAXIMUM TEMPERATURE (F)   35        64      2002
 MINIMUM TEMPERATURE (F)   15       -18      1924


SUNRISE AND SUNSET
DECEMBER 28 2014......SUNRISE   757 AM CST   SUNSET   513 PM CST
DECEMBER 29 2014......SUNRISE   758 AM CST   SUNSET   513 PM CST


-  INDICATES NEGATIVE NUMBERS.
R  INDICATES RECORD WAS SET OR TIED.
MM INDICATES DATA IS MISSING.
T  INDICATES TRACE AMOUNT.




$$
