000
CDUS43 KGID 050645
CLIGRI


CLIMATE REPORT
NATIONAL WEATHER SERVICE HASTINGS NE
140 AM CDT SAT SEP 5 2015


...................................

...THE GRAND ISLAND NE CLIMATE SUMMARY FOR SEPTEMBER 4 2015...

CLIMATE NORMAL PERIOD 1981 TO 2010
CLIMATE RECORD PERIOD 1895 TO 2015


WEATHER ITEM   OBSERVED TIME   RECORD YEAR NORMAL DEPARTURE LAST
                VALUE   (LST)  VALUE       VALUE  FROM      YEAR
                                                  NORMAL
..................................................................
TEMPERATURE (F)
 YESTERDAY
  MAXIMUM         95    411 PM 103    2012  82     13       83
                                      1945
  MINIMUM         71    608 AM  38    1902  58     13       61
  AVERAGE         83                        70     13       72

PRECIPITATION (IN)
  YESTERDAY        0.40          1.29 1985   0.08   0.32     0.01
  MONTH TO DATE    0.40                      0.33   0.07     0.01
  SINCE SEP 1      0.40                      0.33   0.07     0.01
  SINCE JAN 1     17.05                     21.10  -4.05    22.21

SNOWFALL (IN)
  YESTERDAY        0.0                       0.0    0.0      0.0
  MONTH TO DATE    0.0                       0.0    0.0      0.0
  SINCE SEP 1      0.0                       0.0    0.0      0.0
  SINCE JUL 1      0.0                       0.0    0.0      0.0
  SNOW DEPTH       0

DEGREE DAYS
 HEATING
  YESTERDAY        0                         1     -1        0
  MONTH TO DATE    0                         4     -4        0
  SINCE SEP 1      0                         4     -4        0
  SINCE JUL 1     13                        14     -1        4

 COOLING
  YESTERDAY       18                         6     12        7
  MONTH TO DATE   67                        25     42       25
  SINCE SEP 1     67                        25     42       25
  SINCE JAN 1    889                       939    -50      955
..................................................................


WIND (MPH)
  HIGHEST WIND SPEED    26   HIGHEST WIND DIRECTION     S (170)
  HIGHEST GUST SPEED    37   HIGHEST GUST DIRECTION     S (190)
  AVERAGE WIND SPEED    17.0


SKY COVER
  AVERAGE SKY COVER 0.0


WEATHER CONDITIONS
 THE FOLLOWING WEATHER WAS RECORDED YESTERDAY.
  THUNDERSTORM
  HEAVY RAIN
  LIGHT RAIN


RELATIVE HUMIDITY (PERCENT)
 HIGHEST    84           600 AM
 LOWEST     36           400 PM
 AVERAGE    60

..........................................................


THE GRAND ISLAND NE CLIMATE NORMALS FOR TODAY
                         NORMAL    RECORD    YEAR
 MAXIMUM TEMPERATURE (F)   82       107      1931
 MINIMUM TEMPERATURE (F)   57        34      1962


SUNRISE AND SUNSET
SEPTEMBER  5 2015.....SUNRISE   704 AM CDT   SUNSET   759 PM CDT
SEPTEMBER  6 2015.....SUNRISE   705 AM CDT   SUNSET   758 PM CDT


-  INDICATES NEGATIVE NUMBERS.
R  INDICATES RECORD WAS SET OR TIED.
MM INDICATES DATA IS MISSING.
T  INDICATES TRACE AMOUNT.




$$
