000
CDUS43 KGID 060729
CLIGRI


CLIMATE REPORT
NATIONAL WEATHER SERVICE HASTINGS NE
228 AM CDT FRI MAY 6 2016


...................................

...THE GRAND ISLAND NE CLIMATE SUMMARY FOR MAY 5 2016...

CLIMATE NORMAL PERIOD 1981 TO 2010
CLIMATE RECORD PERIOD 1895 TO 2016


WEATHER ITEM   OBSERVED TIME   RECORD YEAR NORMAL DEPARTURE LAST
                VALUE   (LST)  VALUE       VALUE  FROM      YEAR
                                                  NORMAL
..................................................................
TEMPERATURE (F)
 YESTERDAY
  MAXIMUM         81    516 PM  95    2012  69     12       75
  MINIMUM         41    542 AM  29    1944  46     -5       54
  AVERAGE         61                        58      3       65

PRECIPITATION (IN)
  YESTERDAY        0.00          1.93 1960   0.13  -0.13      T
  MONTH TO DATE    0.08                      0.61  -0.53     1.70
  SINCE MAR 1      5.74                      4.94   0.80     4.00
  SINCE JAN 1      7.92                      6.15   1.77     5.17

SNOWFALL (IN)
  YESTERDAY        0.0           T    1950   0.1   -0.1      0.0
  MONTH TO DATE    0.0                       0.1   -0.1      0.0
  SINCE MAR 1      2.6                       7.0   -4.4      1.4
  SINCE JUL 1     33.8                      29.1    4.7     24.3
  SNOW DEPTH       0

DEGREE DAYS
 HEATING
  YESTERDAY        4                         8     -4        0
  MONTH TO DATE   59                        45     14        9
  SINCE MAR 1   1016                      1286   -270     1035
  SINCE JUL 1   5014                      6047  -1033     5772

 COOLING
  YESTERDAY        0                         1     -1        0
  MONTH TO DATE    0                         5     -5       14
  SINCE MAR 1      0                        16    -16       18
  SINCE JAN 1      0                        16    -16       18
..................................................................


WIND (MPH)
  HIGHEST WIND SPEED    13   HIGHEST WIND DIRECTION     S (190)
  HIGHEST GUST SPEED    17   HIGHEST GUST DIRECTION     S (190)
  AVERAGE WIND SPEED     6.2


SKY COVER
  AVERAGE SKY COVER 0.0


WEATHER CONDITIONS
 THE FOLLOWING WEATHER WAS RECORDED YESTERDAY.
  NO SIGNIFICANT WEATHER WAS OBSERVED.


RELATIVE HUMIDITY (PERCENT)
 HIGHEST    86           500 AM
 LOWEST     23           300 PM
 AVERAGE    55

..........................................................


THE GRAND ISLAND NE CLIMATE NORMALS FOR TODAY
                         NORMAL    RECORD    YEAR
 MAXIMUM TEMPERATURE (F)   70        95      1934
                                             1909
 MINIMUM TEMPERATURE (F)   46        28      1989
                                             1944


SUNRISE AND SUNSET
MAY  6 2016...........SUNRISE   625 AM CDT   SUNSET   836 PM CDT
MAY  7 2016...........SUNRISE   623 AM CDT   SUNSET   837 PM CDT


-  INDICATES NEGATIVE NUMBERS.
R  INDICATES RECORD WAS SET OR TIED.
MM INDICATES DATA IS MISSING.
T  INDICATES TRACE AMOUNT.




$$
