706
CDUS43 KGID 260855
CLIGRI


CLIMATE REPORT
NATIONAL WEATHER SERVICE HASTINGS NE
254 AM CST SUN FEB 26 2017


...................................

...THE GRAND ISLAND NE CLIMATE SUMMARY FOR FEBRUARY 25 2017...

CLIMATE NORMAL PERIOD 1981 TO 2010
CLIMATE RECORD PERIOD 1895 TO 2017


WEATHER ITEM   OBSERVED TIME   RECORD YEAR NORMAL DEPARTURE LAST
                VALUE   (LST)  VALUE       VALUE  FROM      YEAR
                                                  NORMAL
..................................................................
TEMPERATURE (F)
 YESTERDAY
  MAXIMUM         39    510 PM  80    1995  43     -4       41
  MINIMUM         10    726 AM  -9    1960  22    -12       26
  AVERAGE         25                        32     -7       34

PRECIPITATION (IN)
  YESTERDAY        0.00          0.50 1929   0.03  -0.03     0.00
  MONTH TO DATE    0.25                      0.59  -0.34     1.86
  SINCE DEC 1      2.13                      1.75   0.38     4.06
  SINCE JAN 1      1.32                      1.12   0.20     2.18

SNOWFALL (IN)
  YESTERDAY        0.0           5.0  1929   0.2   -0.2      0.0
  MONTH TO DATE    3.5                       5.7   -2.2     18.6
  SINCE DEC 1      7.3                      17.3   RRRR     25.6
  SINCE JUL 1      7.7                      21.5  -13.8     31.2
  SNOW DEPTH       2

DEGREE DAYS
 HEATING
  YESTERDAY       40                        33      7       31
  MONTH TO DATE  670                       910   -240      782
  SINCE DEC 1   3062                      3336   -274     2960
  SINCE JUL 1   3982                      4666   -684     3926

 COOLING
  YESTERDAY        0                         0      0        0
  MONTH TO DATE    0                         0      0        0
  SINCE DEC 1      0                         0      0        0
  SINCE JAN 1      0                         0      0        0
..................................................................


WIND (MPH)
  HIGHEST WIND SPEED    24   HIGHEST WIND DIRECTION    SW (220)
  HIGHEST GUST SPEED    29   HIGHEST GUST DIRECTION    SW (210)
  AVERAGE WIND SPEED     9.5


SKY COVER
  AVERAGE SKY COVER 0.1


WEATHER CONDITIONS
 THE FOLLOWING WEATHER WAS RECORDED YESTERDAY.
  NO SIGNIFICANT WEATHER WAS OBSERVED.


RELATIVE HUMIDITY (PERCENT)
 HIGHEST    92           800 AM
 LOWEST     63          1100 AM
 AVERAGE    78

..........................................................


THE GRAND ISLAND NE CLIMATE NORMALS FOR TODAY
                         NORMAL    RECORD    YEAR
 MAXIMUM TEMPERATURE (F)   43        75      1896
 MINIMUM TEMPERATURE (F)   22       -15      1934


SUNRISE AND SUNSET
FEBRUARY 26 2017......SUNRISE   711 AM CST   SUNSET   621 PM CST
FEBRUARY 27 2017......SUNRISE   710 AM CST   SUNSET   622 PM CST


-  INDICATES NEGATIVE NUMBERS.
R  INDICATES RECORD WAS SET OR TIED.
MM INDICATES DATA IS MISSING.
T  INDICATES TRACE AMOUNT.




$$
