000
CDUS43 KGID 280637
CLIGRI


CLIMATE REPORT
NATIONAL WEATHER SERVICE HASTINGS NE
134 AM CDT FRI JUL 28 2017


...................................

...THE GRAND ISLAND NE CLIMATE SUMMARY FOR JULY 27 2017...

CLIMATE NORMAL PERIOD 1981 TO 2010
CLIMATE RECORD PERIOD 1895 TO 2017


WEATHER ITEM   OBSERVED TIME   RECORD YEAR NORMAL DEPARTURE LAST
                VALUE   (LST)  VALUE       VALUE  FROM      YEAR
                                                  NORMAL
..................................................................
TEMPERATURE (F)
 YESTERDAY
  MAXIMUM         82    453 PM 106    1935  87     -5       89
                                      1930
  MINIMUM         64    607 AM  49    2005  65     -1       64
  AVERAGE         73                        76     -3       77

PRECIPITATION (IN)
  YESTERDAY        0.00          1.14 1993   0.10  -0.10     0.06
  MONTH TO DATE    2.85                      2.97  -0.12     2.26
  SINCE JUN 1      4.95                      7.27  -2.32     2.31
  SINCE JAN 1     15.00                     17.22  -2.22    16.99

SNOWFALL (IN)
  YESTERDAY        0.0                       0.0    0.0      0.0
  MONTH TO DATE    0.0                       0.0    0.0      0.0
  SINCE JUN 1      0.0                       0.0    0.0      0.0
  SINCE JUL 1      0.0                       0.0    0.0      0.0
  SNOW DEPTH       0

DEGREE DAYS
 HEATING
  YESTERDAY        0                         0      0        0
  MONTH TO DATE    0                         0      0        6
  SINCE JUN 1      3                        24    -21        6
  SINCE JUL 1      0                         0      0        6

 COOLING
  YESTERDAY        8                        11     -3       12
  MONTH TO DATE  374                       306     68      322
  SINCE JUN 1    666                       519    147      671
  SINCE JAN 1    716                       584    132      705
..................................................................


WIND (MPH)
  HIGHEST WIND SPEED    14   HIGHEST WIND DIRECTION     N (20)
  HIGHEST GUST SPEED    17   HIGHEST GUST DIRECTION     N (20)
  AVERAGE WIND SPEED     7.3


SKY COVER
  AVERAGE SKY COVER 0.0


WEATHER CONDITIONS
 THE FOLLOWING WEATHER WAS RECORDED YESTERDAY.
  FOG


RELATIVE HUMIDITY (PERCENT)
 HIGHEST   100          1200 AM
 LOWEST     51           100 PM
 AVERAGE    76

..........................................................


THE GRAND ISLAND NE CLIMATE NORMALS FOR TODAY
                         NORMAL    RECORD    YEAR
 MAXIMUM TEMPERATURE (F)   87       106      1917
 MINIMUM TEMPERATURE (F)   65        50      1994


SUNRISE AND SUNSET
JULY 28 2017..........SUNRISE   626 AM CDT   SUNSET   853 PM CDT
JULY 29 2017..........SUNRISE   627 AM CDT   SUNSET   852 PM CDT


-  INDICATES NEGATIVE NUMBERS.
R  INDICATES RECORD WAS SET OR TIED.
MM INDICATES DATA IS MISSING.
T  INDICATES TRACE AMOUNT.




$$
