168
CDUS43 KGRR 230528
CLIGRR


CLIMATE REPORT
NATIONAL WEATHER SERVICE GRAND RAPIDS, MI
1228 AM EST MON JAN 23 2017


...................................

...THE GRAND RAPIDS MI CLIMATE SUMMARY FOR JANUARY 22 2017...

CLIMATE NORMAL PERIOD 1981 TO 2010
CLIMATE RECORD PERIOD 1892 TO 2017


WEATHER ITEM   OBSERVED TIME   RECORD YEAR NORMAL DEPARTURE LAST
                VALUE   (LST)  VALUE       VALUE  FROM      YEAR
                                                  NORMAL
..................................................................
TEMPERATURE (F)
 YESTERDAY
  MAXIMUM         43    315 PM  68    1894  30     13       31
  MINIMUM         32    447 AM  -6    1970  18     14       16
  AVERAGE         38                        24     14       24

PRECIPITATION (IN)
  YESTERDAY        T             1.70 1898   0.06  -0.06      T
  MONTH TO DATE    2.71                      1.57   1.14     1.53
  SINCE DEC 1      5.67                      4.07   1.60     4.86
  SINCE JAN 1      2.71                      1.57   1.14     1.53

SNOWFALL (IN)
  YESTERDAY        0.0          12.3  2005   0.7   -0.7       T
  MONTH TO DATE    7.8                      15.2   -7.4     17.0
  SINCE DEC 1     44.8                      37.1    7.7     19.5
  SINCE JUL 1     45.6                      44.4    1.2     23.0
  SNOW DEPTH       0

DEGREE DAYS
 HEATING
  YESTERDAY       27                        41    -14       41
  MONTH TO DATE  809                       893    -84      892
  SINCE DEC 1   1965                      2004    -39     1689
  SINCE JUL 1   2913                      3342   -429     2747

 COOLING
  YESTERDAY        0                         0      0        0
  MONTH TO DATE    0                         0      0        0
  SINCE DEC 1      0                         0      0        0
  SINCE JAN 1      0                         0      0        0
..................................................................


WIND (MPH)
  RESULTANT WIND SPEED   3   RESULTANT WIND DIRECTION  NE (30)
  HIGHEST WIND SPEED    10   HIGHEST WIND DIRECTION     N (360)
  HIGHEST GUST SPEED    12   HIGHEST GUST DIRECTION     N (20)
  AVERAGE WIND SPEED     3.7


SKY COVER
  POSSIBLE SUNSHINE   0 PERCENT
  AVERAGE SKY COVER 1.0


WEATHER CONDITIONS
 THE FOLLOWING WEATHER WAS RECORDED YESTERDAY.
  FOG
  FOG W/VISIBILITY <= 1/4 MILE


RELATIVE HUMIDITY (PERCENT)
 HIGHEST   100           900 AM
 LOWEST     89           500 AM
 AVERAGE    95

..........................................................


THE GRAND RAPIDS MI CLIMATE NORMALS FOR TODAY
                         NORMAL    RECORD    YEAR
 MAXIMUM TEMPERATURE (F)   31        56      1909
 MINIMUM TEMPERATURE (F)   18       -19      1948


SUNRISE AND SUNSET
JANUARY 23 2017.......SUNRISE   805 AM EST   SUNSET   544 PM EST
JANUARY 24 2017.......SUNRISE   804 AM EST   SUNSET   545 PM EST


-  INDICATES NEGATIVE NUMBERS.
R  INDICATES RECORD WAS SET OR TIED.
MM INDICATES DATA IS MISSING.
T  INDICATES TRACE AMOUNT.




$$
