000
CDUS43 KGRR 080515
CLIGRR


CLIMATE REPORT
NATIONAL WEATHER SERVICE GRAND RAPIDS, MI
115 AM EDT WED JUL 8 2015


...................................

...THE GRAND RAPIDS MI CLIMATE SUMMARY FOR JULY 7 2015...

CLIMATE NORMAL PERIOD 1981 TO 2010
CLIMATE RECORD PERIOD 1892 TO 2015


WEATHER ITEM   OBSERVED TIME   RECORD YEAR NORMAL DEPARTURE LAST
                VALUE   (LST)  VALUE       VALUE  FROM      YEAR
                                                  NORMAL
..................................................................
TEMPERATURE (F)
 YESTERDAY
  MAXIMUM         78   1246 AM  99    2012  83     -5       83
  MINIMUM         56   1159 PM  45    1894  62     -6       68
  AVERAGE         67                        72     -5       76

PRECIPITATION (IN)
  YESTERDAY        0.27          1.66 1994   0.12   0.15     0.15
  MONTH TO DATE    0.27                      0.83  -0.56     2.25
  SINCE JUN 1      4.30                      4.60  -0.30     7.40
  SINCE JAN 1     15.93                     18.18  -2.25    20.67

SNOWFALL (IN)
  YESTERDAY        0.0           0.0  2006   0.0    0.0      0.0
                                      2005
                                      2004
  MONTH TO DATE    0.0                       0.0    0.0      0.0
  SINCE JUN 1      0.0                       0.0    0.0      0.0
  SINCE JUL 1      0.0                       0.0    0.0      0.0
  SNOW DEPTH       0

DEGREE DAYS
 HEATING
  YESTERDAY        0                         0      0        0
  MONTH TO DATE    6                         0      6        1
  SINCE JUN 1     36                        45     -9       14
  SINCE JUL 1      6                         0      6        1

 COOLING
  YESTERDAY        2                         8     -6       11
  MONTH TO DATE   18                        53    -35       32
  SINCE JUN 1    107                       198    -91      211
  SINCE JAN 1    159                       245    -86      264
..................................................................


WIND (MPH)
  RESULTANT WIND SPEED   7   RESULTANT WIND DIRECTION   N (340)
  HIGHEST WIND SPEED    20   HIGHEST WIND DIRECTION     N (350)
  HIGHEST GUST SPEED    24   HIGHEST GUST DIRECTION     N (360)
  AVERAGE WIND SPEED     9.7


SKY COVER
  POSSIBLE SUNSHINE  49 PERCENT
  AVERAGE SKY COVER 0.6


WEATHER CONDITIONS
 THE FOLLOWING WEATHER WAS RECORDED YESTERDAY.
  THUNDERSTORM
  RAIN
  LIGHT RAIN
  FOG
  HAZE


RELATIVE HUMIDITY (PERCENT)
 HIGHEST   100           400 AM
 LOWEST     53           400 PM
 AVERAGE    77

..........................................................


THE GRAND RAPIDS MI CLIMATE NORMALS FOR TODAY
                         NORMAL    RECORD    YEAR
 MAXIMUM TEMPERATURE (F)   83       101      1936
 MINIMUM TEMPERATURE (F)   62        46      1984


SUNRISE AND SUNSET
JULY  8 2015..........SUNRISE   611 AM EDT   SUNSET   923 PM EDT
JULY  9 2015..........SUNRISE   612 AM EDT   SUNSET   922 PM EDT


-  INDICATES NEGATIVE NUMBERS.
R  INDICATES RECORD WAS SET OR TIED.
MM INDICATES DATA IS MISSING.
T  INDICATES TRACE AMOUNT.




$$
