000
CDUS42 KRAH 300726
CLIGSO


CLIMATE REPORT
NATIONAL WEATHER SERVICE RALEIGH NC
325 AM EDT SUN AUG 30 2015


...................................

...THE PIEDMONT TRIAD INTL AIRPORT NC CLIMATE SUMMARY FOR AUGUST 29 2015...

CLIMATE NORMAL PERIOD 1981 TO 2010
CLIMATE RECORD PERIOD 1903 TO 2015


WEATHER ITEM   OBSERVED TIME   RECORD YEAR NORMAL DEPARTURE LAST
                VALUE   (LST)  VALUE       VALUE  FROM      YEAR
                                                  NORMAL
..................................................................
TEMPERATURE (F)
 YESTERDAY
  MAXIMUM         85    426 PM 100    1948  85      0       80
  MINIMUM         63    630 AM  47    1986  66     -3       70
  AVERAGE         74                        76     -2       75

PRECIPITATION (IN)
  YESTERDAY        T             1.84 1988   0.12  -0.12     0.00
  MONTH TO DATE    6.66                      3.63   3.03     2.66
  SINCE JUN 1     12.06                     11.84   0.22     8.39
  SINCE JAN 1     25.02                     28.54  -3.52    25.88

DEGREE DAYS
 HEATING
  YESTERDAY        0                         0      0        0
  MONTH TO DATE    0                         0      0        0
  SINCE JUN 1      3                         6     -3        0
  SINCE JUL 1      0                         0      0        0

 COOLING
  YESTERDAY        9                        11     -2       10
  MONTH TO DATE  372                       357     15      282
  SINCE JUN 1   1259                      1083    176     1023
  SINCE JAN 1   1493                      1242    251     1220
..................................................................


WIND (MPH)
  HIGHEST WIND SPEED     8   HIGHEST WIND DIRECTION    SW (220)
  HIGHEST GUST SPEED    10   HIGHEST GUST DIRECTION    SE (130)
  AVERAGE WIND SPEED     2.1


SKY COVER
  POSSIBLE SUNSHINE  MM
  AVERAGE SKY COVER 0.8


WEATHER CONDITIONS
 THE FOLLOWING WEATHER WAS RECORDED YESTERDAY.
  NO SIGNIFICANT WEATHER WAS OBSERVED.


RELATIVE HUMIDITY (PERCENT)
 HIGHEST    90           600 AM
 LOWEST     39           600 PM
 AVERAGE    65

..........................................................


THE PIEDMONT TRIAD INTL AIRPORT NC CLIMATE NORMALS FOR TODAY
                         NORMAL    RECORD    YEAR
 MAXIMUM TEMPERATURE (F)   85       100      1932
 MINIMUM TEMPERATURE (F)   66        45      1986


SUNRISE AND SUNSET
AUGUST 30 2015........SUNRISE   650 AM EDT   SUNSET   751 PM EDT
AUGUST 31 2015........SUNRISE   650 AM EDT   SUNSET   749 PM EDT


-  INDICATES NEGATIVE NUMBERS.
R  INDICATES RECORD WAS SET OR TIED.
MM INDICATES DATA IS MISSING.
T  INDICATES TRACE AMOUNT.




$$
