000
CDUS42 KRAH 220806
CLIGSO


CLIMATE REPORT
NATIONAL WEATHER SERVICE RALEIGH NC
404 AM EDT WED OCT 22 2014


...................................

...THE PIEDMONT TRIAD INTL AIRPORT NC CLIMATE SUMMARY FOR OCTOBER 21 2014...

CLIMATE NORMAL PERIOD 1981 TO 2010
CLIMATE RECORD PERIOD 1903 TO 2014


WEATHER ITEM   OBSERVED TIME   RECORD YEAR NORMAL DEPARTURE LAST
                VALUE   (LST)  VALUE       VALUE  FROM      YEAR
                                                  NORMAL
..................................................................
TEMPERATURE (F)
 YESTERDAY
  MAXIMUM         72    200 PM  85    1947  69      3       68
                                      1910
  MINIMUM         48   1155 PM  26    1972  47      1       37
  AVERAGE         60                        58      2       53

PRECIPITATION (IN)
  YESTERDAY        0.00          0.95 1988   0.11  -0.11     0.00
  MONTH TO DATE    1.58                      2.11  -0.53     1.11
  SINCE SEP 1      4.51                      6.30  -1.79     3.24
  SINCE JAN 1     30.39                     35.09  -4.70    41.63

DEGREE DAYS
 HEATING
  YESTERDAY        5                         8     -3       12
  MONTH TO DATE   78                       111    -33       58
  SINCE SEP 1     95                       141    -46       72
  SINCE JUL 1     95                       142    -47       74

 COOLING
  YESTERDAY        0                         1     -1        0
  MONTH TO DATE   45                        30     15       49
  SINCE SEP 1    244                       215     29      221
  SINCE JAN 1   1497                      1477     20     1380
..................................................................


WIND (MPH)
  HIGHEST WIND SPEED    18   HIGHEST WIND DIRECTION    NW (320)
  HIGHEST GUST SPEED    24   HIGHEST GUST DIRECTION    NW (320)
  AVERAGE WIND SPEED     8.1


SKY COVER
  POSSIBLE SUNSHINE  MM
  AVERAGE SKY COVER 0.4


WEATHER CONDITIONS
 THE FOLLOWING WEATHER WAS RECORDED YESTERDAY.
  NO SIGNIFICANT WEATHER WAS OBSERVED.


RELATIVE HUMIDITY (PERCENT)
 HIGHEST    93           600 AM
 LOWEST     37           300 PM
 AVERAGE    65

..........................................................


THE PIEDMONT TRIAD INTL AIRPORT NC CLIMATE NORMALS FOR TODAY
                         NORMAL    RECORD    YEAR
 MAXIMUM TEMPERATURE (F)   69        88      1910
 MINIMUM TEMPERATURE (F)   47        25      1952


SUNRISE AND SUNSET
OCTOBER 22 2014.......SUNRISE   733 AM EDT   SUNSET   635 PM EDT
OCTOBER 23 2014.......SUNRISE   734 AM EDT   SUNSET   634 PM EDT


-  INDICATES NEGATIVE NUMBERS.
R  INDICATES RECORD WAS SET OR TIED.
MM INDICATES DATA IS MISSING.
T  INDICATES TRACE AMOUNT.




$$
