000
CDUS42 KRAH 210748
CLIGSO

CLIMATE REPORT
NATIONAL WEATHER SERVICE RALEIGH NC
248 AM EST FRI NOV 21 2014

...................................

...THE PIEDMONT TRIAD INTL AIRPORT NC CLIMATE SUMMARY FOR NOVEMBER 20 2014...

CLIMATE NORMAL PERIOD 1981 TO 2010
CLIMATE RECORD PERIOD 1903 TO 2014


WEATHER ITEM   OBSERVED TIME   RECORD YEAR NORMAL DEPARTURE LAST
                VALUE   (LST)  VALUE       VALUE  FROM      YEAR
                                                  NORMAL
..................................................................
TEMPERATURE (F)
 YESTERDAY
  MAXIMUM         57    259 PM  81    1906  59     -2       51
  MINIMUM         29    705 AM  12    1951  38     -9       35
  AVERAGE         43                        49     -6       43

PRECIPITATION (IN)
  YESTERDAY        0.00          1.85 1921   0.10  -0.10     0.00
  MONTH TO DATE    1.39                      2.08  -0.69     0.71
  SINCE SEP 1      6.33                      9.40  -3.07     3.95
  SINCE JAN 1     32.21                     38.19  -5.98    42.34

DEGREE DAYS
 HEATING
  YESTERDAY       22                        16      6       22
  MONTH TO DATE  388                       265    123      304
  SINCE SEP 1    556                       497     59      478
  SINCE JUL 1    556                       498     58      480

 COOLING
  YESTERDAY        0                         0      0        0
  MONTH TO DATE    0                         0      0        0
  SINCE SEP 1    246                       218     28      222
  SINCE JAN 1   1499                      1480     19     1381
..................................................................


WIND (MPH)
  HIGHEST WIND SPEED    26   HIGHEST WIND DIRECTION     W (250)
  HIGHEST GUST SPEED    33   HIGHEST GUST DIRECTION    SW (240)
  AVERAGE WIND SPEED     9.6


SKY COVER
  POSSIBLE SUNSHINE  MM
  AVERAGE SKY COVER 0.1


WEATHER CONDITIONS
 THE FOLLOWING WEATHER WAS RECORDED YESTERDAY.
  NO SIGNIFICANT WEATHER WAS OBSERVED.


RELATIVE HUMIDITY (PERCENT)
 HIGHEST    63           700 AM
 LOWEST     30           200 PM
 AVERAGE    47

..........................................................


THE PIEDMONT TRIAD INTL AIRPORT NC CLIMATE NORMALS FOR TODAY
                         NORMAL    RECORD    YEAR
 MAXIMUM TEMPERATURE (F)   59        79      1942
 MINIMUM TEMPERATURE (F)   38        12      1914


SUNRISE AND SUNSET
NOVEMBER 21 2014......SUNRISE   702 AM EST   SUNSET   509 PM EST
NOVEMBER 22 2014......SUNRISE   703 AM EST   SUNSET   508 PM EST


-  INDICATES NEGATIVE NUMBERS.
R  INDICATES RECORD WAS SET OR TIED.
MM INDICATES DATA IS MISSING.
T  INDICATES TRACE AMOUNT.

$$

DJF
