000
CDUS42 KRAH 220634
CLIGSO


CLIMATE REPORT
NATIONAL WEATHER SERVICE RALEIGH NC
130 AM EST SUN JAN 22 2017


...................................

...THE PIEDMONT TRIAD INTL AIRPORT NC CLIMATE SUMMARY FOR JANUARY 21 2017...

CLIMATE NORMAL PERIOD 1981 TO 2010
CLIMATE RECORD PERIOD 1903 TO 2017


WEATHER ITEM   OBSERVED TIME   RECORD YEAR NORMAL DEPARTURE LAST
                VALUE   (LST)  VALUE       VALUE  FROM      YEAR
                                                  NORMAL
..................................................................
TEMPERATURE (F)
 YESTERDAY
  MAXIMUM         55    338 PM  73    1927  48      7       42
  MINIMUM         51    605 AM  -8    1985  29     22       23
  AVERAGE         53                        39     14       33

PRECIPITATION (IN)
  YESTERDAY        1.09          1.70 1903   0.10   0.99     0.00
  MONTH TO DATE    3.69                      2.11   1.58     1.01
  SINCE DEC 1      5.39                      5.09   0.30     7.66
  SINCE JAN 1      3.69                      2.11   1.58     1.01

SNOWFALL (IN)
  YESTERDAY        0.0           0.4  2014   0.1   -0.1      0.0
                                      1983
  MONTH TO DATE    8.0                       2.3    5.7      0.5
  SINCE DEC 1      8.0                       3.1    4.9      0.5
  SINCE JUL 1      8.0                       3.2    4.8      0.5
  SNOW DEPTH       0

DEGREE DAYS
 HEATING
  YESTERDAY       12                        26    -14       32
  MONTH TO DATE  450                       546    -96      592
  SINCE DEC 1   1135                      1280   -145      956
  SINCE JUL 1   1585                      1960   -375     1470

 COOLING
  YESTERDAY        0                         0      0        0
  MONTH TO DATE    0                         0      0        0
  SINCE DEC 1      0                         1     -1       15
  SINCE JAN 1      0                         0      0        0
..................................................................


WIND (MPH)
  HIGHEST WIND SPEED    12   HIGHEST WIND DIRECTION     E (80)
  HIGHEST GUST SPEED    14   HIGHEST GUST DIRECTION    NE (40)
  AVERAGE WIND SPEED     3.8


SKY COVER
  POSSIBLE SUNSHINE  MM
  AVERAGE SKY COVER 1.0


WEATHER CONDITIONS
 THE FOLLOWING WEATHER WAS RECORDED YESTERDAY.
  HEAVY RAIN
  RAIN
  LIGHT RAIN
  FOG
  FOG W/VISIBILITY <= 1/4 MILE


RELATIVE HUMIDITY (PERCENT)
 HIGHEST   100          1200 AM
 LOWEST     93           300 PM
 AVERAGE    97

..........................................................


THE PIEDMONT TRIAD INTL AIRPORT NC CLIMATE NORMALS FOR TODAY
                         NORMAL    RECORD    YEAR
 MAXIMUM TEMPERATURE (F)   49        72      1967
                                             1932
 MINIMUM TEMPERATURE (F)   30         4      1985


SUNRISE AND SUNSET
JANUARY 22 2017.......SUNRISE   727 AM EST   SUNSET   536 PM EST
JANUARY 23 2017.......SUNRISE   726 AM EST   SUNSET   537 PM EST


-  INDICATES NEGATIVE NUMBERS.
R  INDICATES RECORD WAS SET OR TIED.
MM INDICATES DATA IS MISSING.
T  INDICATES TRACE AMOUNT.




$$
