000
CDUS42 KRAH 312057
CLIGSO


CLIMATE REPORT
NATIONAL WEATHER SERVICE RALEIGH NC
455 PM EDT FRI OCT 31 2014


...................................

...THE PIEDMONT TRIAD INTL AIRPORT NC CLIMATE SUMMARY FOR OCTOBER 31 2014...
VALID TODAY AS OF 0400 PM LOCAL TIME.

CLIMATE NORMAL PERIOD 1981 TO 2010
CLIMATE RECORD PERIOD 1903 TO 2014


WEATHER ITEM   OBSERVED TIME   RECORD YEAR NORMAL DEPARTURE LAST
                VALUE   (LST)  VALUE       VALUE  FROM      YEAR
                                                  NORMAL
..................................................................
TEMPERATURE (F)
 TODAY
  MAXIMUM         57    251 PM  85    1961  66     -9       71
  MINIMUM         40    617 AM  27    1917  44     -4       56
  AVERAGE         49                        55     -6       64

PRECIPITATION (IN)
  TODAY            0.00          1.26 1988   0.11  -0.11      T
  MONTH TO DATE    1.71                      3.13  -1.42     1.11
  SINCE SEP 1      4.64                      7.32  -2.68     3.24
  SINCE JAN 1     30.52                     36.11  -5.59    41.63

DEGREE DAYS
 HEATING
  TODAY           16                        10      6        1
  MONTH TO DATE  151                       202    -51      160
  SINCE SEP 1    168                       232    -64      174
  SINCE JUL 1    168                       233    -65      176

 COOLING
  TODAY            0                         0      0        0
  MONTH TO DATE   47                        33     14       50
  SINCE SEP 1    246                       218     28      222
  SINCE JAN 1   1499                      1480     19     1381
..................................................................


WIND (MPH)
  HIGHEST WIND SPEED     9   HIGHEST WIND DIRECTION     E (80)
  HIGHEST GUST SPEED    12   HIGHEST GUST DIRECTION    SE (140)
  AVERAGE WIND SPEED     5.0


SKY COVER
  POSSIBLE SUNSHINE  MM
  AVERAGE SKY COVER 0.6


WEATHER CONDITIONS
 THE FOLLOWING WEATHER WAS RECORDED TODAY.
  NO SIGNIFICANT WEATHER WAS OBSERVED.


RELATIVE HUMIDITY (PERCENT)
 HIGHEST    86           400 AM
 LOWEST     59          1200 PM
 AVERAGE    73

..........................................................


THE PIEDMONT TRIAD INTL AIRPORT NC CLIMATE NORMALS FOR TOMORROW
                         NORMAL    RECORD    YEAR
 MAXIMUM TEMPERATURE (F)   66        88      1904
 MINIMUM TEMPERATURE (F)   44        25      1930


SUNRISE AND SUNSET
OCTOBER 31 2014.......SUNRISE   741 AM EDT   SUNSET   625 PM EDT
NOVEMBER  1 2014......SUNRISE   742 AM EDT   SUNSET   624 PM EDT


-  INDICATES NEGATIVE NUMBERS.
R  INDICATES RECORD WAS SET OR TIED.
MM INDICATES DATA IS MISSING.
T  INDICATES TRACE AMOUNT.




$$
