000
CDUS42 KRAH 310040
CLIGSO


CLIMATE REPORT
NATIONAL WEATHER SERVICE RALEIGH NC
839 PM EDT WED JUL 30 2014


...................................

...THE PIEDMONT TRIAD INTL AIRPORT NC CLIMATE SUMMARY FOR JULY 30 2014...
VALID AS OF 0839 PM LOCAL TIME.

CLIMATE NORMAL PERIOD 1981 TO 2010
CLIMATE RECORD PERIOD 1903 TO 2014


WEATHER ITEM   OBSERVED TIME   RECORD YEAR NORMAL DEPARTURE LAST
                VALUE   (LST)  VALUE       VALUE  FROM      YEAR
                                                  NORMAL
..................................................................
TEMPERATURE (F)
 TODAY
  MAXIMUM         82    438 PM 100    1915  88     -6       83
  MINIMUM         60    543 AM  56    1946  69     -9       64
  AVERAGE         71                        78     -7       74

PRECIPITATION (IN)
  TODAY            0.00          2.73 1936   0.16  -0.16     0.00
  MONTH TO DATE    2.25                      4.32  -2.07     5.67
  SINCE JUN 1      5.25                      8.05  -2.80    14.04
  SINCE JAN 1     22.74                     24.75  -2.01    32.39

DEGREE DAYS
 HEATING
  TODAY            0                         0      0        0
  MONTH TO DATE    0                         0      0        0
  SINCE JUN 1      0                         6     -6        0
  SINCE JUL 1      0                         0      0        0

 COOLING
  TODAY            6                        13     -7        9
  MONTH TO DATE  378                       409    -31      390
  SINCE JUN 1    735                       716     19      689
  SINCE JAN 1    932                       875     57      839
..................................................................


WIND (MPH)
  RESULTANT WIND SPEED   4   RESULTANT WIND DIRECTION  NE (40)
  HIGHEST WIND SPEED    23   HIGHEST WIND DIRECTION     S (180)
  HIGHEST GUST SPEED    28   HIGHEST GUST DIRECTION     S (190)
  AVERAGE WIND SPEED     4.7


SKY COVER
  POSSIBLE SUNSHINE  MM
  AVERAGE SKY COVER 0.5


WEATHER CONDITIONS
 THE FOLLOWING WEATHER WAS RECORDED TODAY.
  NO SIGNIFICANT WEATHER WAS OBSERVED.


RELATIVE HUMIDITY (PERCENT)
 HIGHEST    84           500 AM
 LOWEST     51           400 PM
 AVERAGE    68

..........................................................


THE PIEDMONT TRIAD INTL AIRPORT NC CLIMATE NORMALS FOR TOMORROW
                         NORMAL    RECORD    YEAR
 MAXIMUM TEMPERATURE (F)   88       103      1915
 MINIMUM TEMPERATURE (F)   69        53      1914


SUNRISE AND SUNSET
JULY 30 2014..........SUNRISE   625 AM EDT   SUNSET   827 PM EDT
JULY 31 2014..........SUNRISE   626 AM EDT   SUNSET   826 PM EDT


-  INDICATES NEGATIVE NUMBERS.
R  INDICATES RECORD WAS SET OR TIED.
MM INDICATES DATA IS MISSING.
T  INDICATES TRACE AMOUNT.




$$
