000
CDUS42 KRAH 192153
CLIGSO


CLIMATE REPORT
NATIONAL WEATHER SERVICE RALEIGH NC
451 PM EST FRI DEC 19 2014


...................................

...THE PIEDMONT TRIAD INTL AIRPORT NC CLIMATE SUMMARY FOR DECEMBER 19 2014...
VALID TODAY AS OF 0451 PM LOCAL TIME.

CLIMATE NORMAL PERIOD 1981 TO 2010
CLIMATE RECORD PERIOD 1903 TO 2014


WEATHER ITEM   OBSERVED TIME   RECORD YEAR NORMAL DEPARTURE LAST
                VALUE   (LST)  VALUE       VALUE  FROM      YEAR
                                                  NORMAL
..................................................................
TEMPERATURE (F)
 TODAY
  MAXIMUM         52    313 PM  77    1924  50      2       62
  MINIMUM         37    740 AM   9    1973  31      6       28
                                      1950
  AVERAGE         45                        40      5       45

PRECIPITATION (IN)
  TODAY            0.00          0.85 1934   0.09  -0.09     0.00
  MONTH TO DATE    0.53                      1.85  -1.32     2.30
  SINCE DEC 1      0.53                      1.85  -1.32     2.30
  SINCE JAN 1     34.68                     41.07  -6.39    47.54

SNOWFALL (IN)
  TODAY            0.0           2.5  1916   0.1   -0.1      0.0
  MONTH TO DATE    0.0                       0.3   -0.3      0.0
  SINCE DEC 1      0.0                       0.3   -0.3      0.0
  SINCE JUL 1      0.0                       0.4   -0.4       T
  SNOW DEPTH       0

DEGREE DAYS
 HEATING
  TODAY           20                        25     -5       20
  MONTH TO DATE  385                       428    -43      397
  SINCE DEC 1    385                       428    -43      397
  SINCE JUL 1   1135                      1108     27     1131

 COOLING
  TODAY            0                         0      0        0
  MONTH TO DATE    0                         0      0        6
  SINCE DEC 1      0                         0      0        6
  SINCE JAN 1   1499                      1483     16     1387
..................................................................


WIND (MPH)
  HIGHEST WIND SPEED    13   HIGHEST WIND DIRECTION    NW (320)
  HIGHEST GUST SPEED    20   HIGHEST GUST DIRECTION    NW (310)
  AVERAGE WIND SPEED     4.4


SKY COVER
  POSSIBLE SUNSHINE  MM
  AVERAGE SKY COVER 0.7


WEATHER CONDITIONS
 THE FOLLOWING WEATHER WAS RECORDED TODAY.
  NO SIGNIFICANT WEATHER WAS OBSERVED.


RELATIVE HUMIDITY (PERCENT)
 HIGHEST    60           200 AM
 LOWEST     30           100 PM
 AVERAGE    45

..........................................................


THE PIEDMONT TRIAD INTL AIRPORT NC CLIMATE NORMALS FOR TOMORROW
                         NORMAL    RECORD    YEAR
 MAXIMUM TEMPERATURE (F)   49        77      1931
 MINIMUM TEMPERATURE (F)   31         9      2004


SUNRISE AND SUNSET
DECEMBER 19 2014......SUNRISE   726 AM EST   SUNSET   508 PM EST
DECEMBER 20 2014......SUNRISE   726 AM EST   SUNSET   509 PM EST


-  INDICATES NEGATIVE NUMBERS.
R  INDICATES RECORD WAS SET OR TIED.
MM INDICATES DATA IS MISSING.
T  INDICATES TRACE AMOUNT.




$$
