000
CDUS42 KRAH 250741
CLIGSO

CLIMATE REPORT
NATIONAL WEATHER SERVICE RALEIGH NC
338 AM EDT THU MAY 25 2017
...................................

...THE PIEDMONT TRIAD INTL AIRPORT NC CLIMATE SUMMARY FOR MAY 24 2017...

CLIMATE NORMAL PERIOD 1981 TO 2010
CLIMATE RECORD PERIOD 1903 TO 2017


WEATHER ITEM   OBSERVED TIME   RECORD YEAR NORMAL DEPARTURE LAST
                VALUE   (LST)  VALUE       VALUE  FROM      YEAR
                                                  NORMAL
..................................................................
TEMPERATURE (F)
 YESTERDAY
  MAXIMUM         70    422 PM  93    1915  79     -9       81
  MINIMUM         60   1149 PM  38    1931  59      1       52
  AVERAGE         65                        69     -4       67

PRECIPITATION (IN)
  YESTERDAY        0.88          3.65 1916   0.11   0.77     0.00
  MONTH TO DATE    6.52                      2.53   3.99     8.49
  SINCE MAR 1     14.82                      9.83   4.99    12.65
  SINCE JAN 1     20.43                     15.85   4.58    18.79

DEGREE DAYS
 HEATING
  YESTERDAY        0                         1     -1        0
  MONTH TO DATE   51                        60     -9       67
  SINCE MAR 1    603                       751   -148      520
  SINCE JUL 1   2773                      3606   -833     2906

 COOLING
  YESTERDAY        0                         5     -5        2
  MONTH TO DATE   89                        79     10       62
  SINCE MAR 1    185                       117     68      139
  SINCE JAN 1    189                       117     72      139
..................................................................


WIND (MPH)
  HIGHEST WIND SPEED    22   HIGHEST WIND DIRECTION     W (250)
  HIGHEST GUST SPEED    26   HIGHEST GUST DIRECTION     S (160)
  AVERAGE WIND SPEED     8.1


SKY COVER
  POSSIBLE SUNSHINE  MM
  AVERAGE SKY COVER 1.0


WEATHER CONDITIONS
 THE FOLLOWING WEATHER WAS RECORDED YESTERDAY.
  THUNDERSTORM
  HEAVY RAIN
  RAIN
  LIGHT RAIN
  FOG


RELATIVE HUMIDITY (PERCENT)
 HIGHEST   100          1200 AM
 LOWEST     87          1100 AM
 AVERAGE    94

..........................................................


THE PIEDMONT TRIAD INTL AIRPORT NC CLIMATE NORMALS FOR TODAY
                         NORMAL    RECORD    YEAR
 MAXIMUM TEMPERATURE (F)   80        96      1926
 MINIMUM TEMPERATURE (F)   59        43      2013
                                             1956
                                             1935


SUNRISE AND SUNSET
MAY 25 2017...........SUNRISE   607 AM EDT   SUNSET   827 PM EDT
MAY 26 2017...........SUNRISE   607 AM EDT   SUNSET   828 PM EDT


-  INDICATES NEGATIVE NUMBERS.
R  INDICATES RECORD WAS SET OR TIED.
MM INDICATES DATA IS MISSING.
T  INDICATES TRACE AMOUNT.


$$
