000
CDUS42 KRAH 042157
CLIGSO


CLIMATE REPORT
NATIONAL WEATHER SERVICE RALEIGH NC
454 PM EST WED MAR 4 2015


...................................

...THE PIEDMONT TRIAD INTL AIRPORT NC CLIMATE SUMMARY FOR MARCH 4 2015...
VALID TODAY AS OF 0454 PM LOCAL TIME.

CLIMATE NORMAL PERIOD 1981 TO 2010
CLIMATE RECORD PERIOD 1903 TO 2015


WEATHER ITEM   OBSERVED TIME   RECORD YEAR NORMAL DEPARTURE LAST
                VALUE   (LST)  VALUE       VALUE  FROM      YEAR
                                                  NORMAL
..................................................................
TEMPERATURE (F)
 TODAY
  MAXIMUM         73    305 PM  84    1976  57     16       33
  MINIMUM         38   1209 AM  10    1943  36      2       13
  AVERAGE         56                        46     10       23

PRECIPITATION (IN)
  TODAY            T             1.74 1993   0.11  -0.11     0.00
  MONTH TO DATE    0.29                      0.46  -0.17     0.42
  SINCE MAR 1      0.29                      0.46  -0.17     0.42
  SINCE JAN 1      4.97                      6.48  -1.51     6.64

SNOWFALL (IN)
  TODAY            0.0           4.0  1912   0.0    0.0      0.0
  MONTH TO DATE    0.0                       0.2   -0.2      1.2
  SINCE MAR 1      0.0                       0.2   -0.2      1.2
  SINCE JUL 1      9.6                       6.9    2.7     11.8
  SNOW DEPTH       0

DEGREE DAYS
 HEATING
  TODAY            9                        19    -10       42
  MONTH TO DATE   83                        76      7      105
  SINCE MAR 1     83                        76      7      105
  SINCE JUL 1   3168                      2931    237     3082

 COOLING
  TODAY            0                         0      0        0
  MONTH TO DATE    0                         0      0        0
  SINCE MAR 1      0                         0      0        0
  SINCE JAN 1      0                         0      0        0
..................................................................


WIND (MPH)
  HIGHEST WIND SPEED    28   HIGHEST WIND DIRECTION    SW (210)
  HIGHEST GUST SPEED    38   HIGHEST GUST DIRECTION    SW (220)
  AVERAGE WIND SPEED    15.8


SKY COVER
  POSSIBLE SUNSHINE  MM
  AVERAGE SKY COVER 0.7


WEATHER CONDITIONS
 THE FOLLOWING WEATHER WAS RECORDED TODAY.
  LIGHT RAIN
  FOG
  FOG W/VISIBILITY <= 1/4 MILE


RELATIVE HUMIDITY (PERCENT)
 HIGHEST   100           400 AM
 LOWEST     61           200 PM
 AVERAGE    81

..........................................................


THE PIEDMONT TRIAD INTL AIRPORT NC CLIMATE NORMALS FOR TOMORROW
                         NORMAL    RECORD    YEAR
 MAXIMUM TEMPERATURE (F)   57        81      1967
 MINIMUM TEMPERATURE (F)   36        12      1960


SUNRISE AND SUNSET
MARCH  4 2015.........SUNRISE   646 AM EST   SUNSET   617 PM EST
MARCH  5 2015.........SUNRISE   645 AM EST   SUNSET   618 PM EST


-  INDICATES NEGATIVE NUMBERS.
R  INDICATES RECORD WAS SET OR TIED.
MM INDICATES DATA IS MISSING.
T  INDICATES TRACE AMOUNT.




$$
