000
CDUS42 KRAH 182044
CLIGSO

CLIMATE REPORT
NATIONAL WEATHER SERVICE RALEIGH NC
444 PM EDT FRI APR 18 2014

...................................

...THE PIEDMONT TRIAD INTL AIRPORT NC CLIMATE SUMMARY FOR APRIL 18 2014...
VALID TODAY AS OF 0430 PM LOCAL TIME.

CLIMATE NORMAL PERIOD 1981 TO 2010
CLIMATE RECORD PERIOD 1903 TO 2014


WEATHER ITEM   OBSERVED TIME   RECORD YEAR NORMAL DEPARTURE LAST
                VALUE   (LST)  VALUE       VALUE  FROM      YEAR
                                                  NORMAL
..................................................................
TEMPERATURE (F)
 TODAY
  MAXIMUM         57    328 PM  90    1976  71    -14       79
  MINIMUM         40    655 AM  30    1956  48     -8       64
                                      1905
  AVERAGE         49                        60    -11       72

PRECIPITATION (IN)
  TODAY            0.00          0.76 1969   0.12  -0.12     0.00
  MONTH TO DATE    3.56                      2.16   1.40     1.72
  SINCE MAR 1      7.92                      5.89   2.03     4.57
  SINCE JAN 1     14.14                     11.91   2.23    13.24

SNOWFALL (IN)
  TODAY            0.0           T    1983   0.0    0.0      0.0
  MONTH TO DATE    0.0                       0.1   -0.1       T
  SINCE MAR 1      4.7                       0.9    3.8       T
  SINCE JUL 1     15.3                       7.6    7.7      3.6
  SNOW DEPTH       0

DEGREE DAYS
 HEATING
  TODAY           16                         7      9        0
  MONTH TO DATE  128                       157    -29      110
  SINCE MAR 1    755                       627    128      751
  SINCE JUL 1   3732                      3482    250     3455

 COOLING
  TODAY            0                         1     -1        7
  MONTH TO DATE   15                        17     -2       36
  SINCE MAR 1     15                        22     -7       36
  SINCE JAN 1     15                        22     -7       36
..................................................................


WIND (MPH)
  HIGHEST WIND SPEED    15   HIGHEST WIND DIRECTION    NE (60)
  HIGHEST GUST SPEED    16   HIGHEST GUST DIRECTION    NE (60)
  AVERAGE WIND SPEED     7.8


SKY COVER
  POSSIBLE SUNSHINE  MM
  AVERAGE SKY COVER 0.7


WEATHER CONDITIONS
 THE FOLLOWING WEATHER WAS RECORDED TODAY.
  NO SIGNIFICANT WEATHER WAS OBSERVED.


RELATIVE HUMIDITY (PERCENT)
 HIGHEST    85           500 AM
 LOWEST     47           300 PM
 AVERAGE    66

..........................................................


THE PIEDMONT TRIAD INTL AIRPORT NC CLIMATE NORMALS FOR TOMORROW
                         NORMAL    RECORD    YEAR
 MAXIMUM TEMPERATURE (F)   71        92      1917
 MINIMUM TEMPERATURE (F)   48        26      1983


SUNRISE AND SUNSET
APRIL 18 2014.........SUNRISE   643 AM EDT   SUNSET   756 PM EDT
APRIL 19 2014.........SUNRISE   641 AM EDT   SUNSET   757 PM EDT


-  INDICATES NEGATIVE NUMBERS.
R  INDICATES RECORD WAS SET OR TIED.
MM INDICATES DATA IS MISSING.
T  INDICATES TRACE AMOUNT.

$$

DJF
