000
CDUS42 KRAH 200759
CLIGSO


CLIMATE REPORT
NATIONAL WEATHER SERVICE RALEIGH NC
358 AM EDT THU JUL 20 2017


...................................

...THE PIEDMONT TRIAD INTL AIRPORT NC CLIMATE SUMMARY FOR JULY 19 2017...

CLIMATE NORMAL PERIOD 1981 TO 2010
CLIMATE RECORD PERIOD 1903 TO 2017


WEATHER ITEM   OBSERVED TIME   RECORD YEAR NORMAL DEPARTURE LAST
                VALUE   (LST)  VALUE       VALUE  FROM      YEAR
                                                  NORMAL
..................................................................
TEMPERATURE (F)
 YESTERDAY
  MAXIMUM         93    339 PM  98    1977  88      5       93
                                      1969
  MINIMUM         68    528 AM  58    1946  69     -1       75
                                      1925
  AVERAGE         81                        79      2       84

PRECIPITATION (IN)
  YESTERDAY        0.00          2.06 1919   0.14  -0.14      T
  MONTH TO DATE    0.10                      2.66  -2.56     4.31
  SINCE JUN 1     10.04                      6.39   3.65     6.09
  SINCE JAN 1     31.07                     23.09   7.98    25.06

DEGREE DAYS
 HEATING
  YESTERDAY        0                         0      0        0
  MONTH TO DATE    0                         0      0        0
  SINCE JUN 1      1                         6     -5        0
  SINCE JUL 1      0                         0      0        0

 COOLING
  YESTERDAY       16                        14      2       19
  MONTH TO DATE  293                       260     33      292
  SINCE JUN 1    585                       567     18      659
  SINCE JAN 1    819                       726     93      859
..................................................................


WIND (MPH)
  HIGHEST WIND SPEED    12   HIGHEST WIND DIRECTION    NE (30)
  HIGHEST GUST SPEED    17   HIGHEST GUST DIRECTION    NE (30)
  AVERAGE WIND SPEED     3.8


SKY COVER
  POSSIBLE SUNSHINE  MM
  AVERAGE SKY COVER 0.4


WEATHER CONDITIONS
 THE FOLLOWING WEATHER WAS RECORDED YESTERDAY.
  NO SIGNIFICANT WEATHER WAS OBSERVED.


RELATIVE HUMIDITY (PERCENT)
 HIGHEST    93          1200 AM
 LOWEST     41           200 PM
 AVERAGE    67

..........................................................


THE PIEDMONT TRIAD INTL AIRPORT NC CLIMATE NORMALS FOR TODAY
                         NORMAL    RECORD    YEAR
 MAXIMUM TEMPERATURE (F)   88       100      1977
                                             1926
 MINIMUM TEMPERATURE (F)   69        56      1909


SUNRISE AND SUNSET
JULY 20 2017..........SUNRISE   618 AM EDT   SUNSET   834 PM EDT
JULY 21 2017..........SUNRISE   619 AM EDT   SUNSET   833 PM EDT


-  INDICATES NEGATIVE NUMBERS.
R  INDICATES RECORD WAS SET OR TIED.
MM INDICATES DATA IS MISSING.
T  INDICATES TRACE AMOUNT.




$$
