000
CDUS42 KRAH 290036
CLIGSO


CLIMATE REPORT
NATIONAL WEATHER SERVICE RALEIGH NC
833 PM EDT TUE JUL 28 2015


...................................

...THE PIEDMONT TRIAD INTL AIRPORT NC CLIMATE SUMMARY FOR JULY 28 2015...
VALID AS OF 0800 PM LOCAL TIME.

CLIMATE NORMAL PERIOD 1981 TO 2010
CLIMATE RECORD PERIOD 1903 TO 2015


WEATHER ITEM   OBSERVED TIME   RECORD YEAR NORMAL DEPARTURE LAST
                VALUE   (LST)  VALUE       VALUE  FROM      YEAR
                                                  NORMAL
..................................................................
TEMPERATURE (F)
 TODAY
  MAXIMUM         89   1251 PM 100    1952  88      1       87
  MINIMUM         71    601 AM  54    1962  69      2       66
                                      1920
  AVERAGE         80                        78      2       77

PRECIPITATION (IN)
  TODAY            0.07          2.52 1984   0.15  -0.08     0.01
  MONTH TO DATE    2.71                      4.00  -1.29     2.25
  SINCE JUN 1      4.77                      7.73  -2.96     5.25
  SINCE JAN 1     17.73                     24.43  -6.70    22.74

DEGREE DAYS
 HEATING
  TODAY            0                         0      0        0
  MONTH TO DATE    0                         0      0        0
  SINCE JUN 1      3                         6     -3        0
  SINCE JUL 1      0                         0      0        0

 COOLING
  TODAY           15                        13      2       12
  MONTH TO DATE  419                       383     36      365
  SINCE JUN 1    838                       690    148      722
  SINCE JAN 1   1072                       849    223      919
..................................................................


WIND (MPH)
  RESULTANT WIND SPEED   4   RESULTANT WIND DIRECTION   S (190)
  HIGHEST WIND SPEED    16   HIGHEST WIND DIRECTION     S (170)
  HIGHEST GUST SPEED    23   HIGHEST GUST DIRECTION     S (170)
  AVERAGE WIND SPEED     4.0


SKY COVER
  POSSIBLE SUNSHINE  MM
  AVERAGE SKY COVER 0.7


WEATHER CONDITIONS
 THE FOLLOWING WEATHER WAS RECORDED TODAY.
  RAIN
  LIGHT RAIN
  FOG


RELATIVE HUMIDITY (PERCENT)
 HIGHEST   100           500 AM
 LOWEST     59           100 PM
 AVERAGE    80

..........................................................


THE PIEDMONT TRIAD INTL AIRPORT NC CLIMATE NORMALS FOR TOMORROW
                         NORMAL    RECORD    YEAR
 MAXIMUM TEMPERATURE (F)   88       101      1952
 MINIMUM TEMPERATURE (F)   69        55      1946
                                             1920


SUNRISE AND SUNSET
JULY 28 2015..........SUNRISE   624 AM EDT   SUNSET   828 PM EDT
JULY 29 2015..........SUNRISE   624 AM EDT   SUNSET   828 PM EDT


-  INDICATES NEGATIVE NUMBERS.
R  INDICATES RECORD WAS SET OR TIED.
MM INDICATES DATA IS MISSING.
T  INDICATES TRACE AMOUNT.




$$
