000
CDUS42 KRAH 172144
CLIGSO


CLIMATE REPORT
NATIONAL WEATHER SERVICE RALEIGH NC
442 PM EST FRI NOV 17 2017


...................................

...THE PIEDMONT TRIAD INTL AIRPORT NC CLIMATE SUMMARY FOR NOVEMBER 17 2017...
VALID TODAY AS OF 0440 PM LOCAL TIME.

CLIMATE NORMAL PERIOD 1981 TO 2010
CLIMATE RECORD PERIOD 1903 TO 2017


WEATHER ITEM   OBSERVED TIME   RECORD YEAR NORMAL DEPARTURE LAST
                VALUE   (LST)  VALUE       VALUE  FROM      YEAR
                                                  NORMAL
..................................................................
TEMPERATURE (F)
 TODAY
  MAXIMUM         59    349 PM  77    1964  60     -1       71
  MINIMUM         35    719 AM  15    1933  39     -4       39
  AVERAGE         47                        50     -3       55

PRECIPITATION (IN)
  TODAY            0.00          1.59 1920   0.10  -0.10     0.00
  MONTH TO DATE    0.85                      1.77  -0.92     0.01
  SINCE SEP 1      6.68                      9.09  -2.41     6.14
  SINCE JAN 1     41.13                     37.88   3.25    36.94

DEGREE DAYS
 HEATING
  TODAY           18                        15      3       10
  MONTH TO DATE  240                       217     23      181
  SINCE SEP 1    402                       449    -47      270
  SINCE JUL 1    402                       450    -48      270

 COOLING
  TODAY            0                         0      0        0
  MONTH TO DATE    1                         0      1        9
  SINCE SEP 1    258                       218     40      404
  SINCE JAN 1   1612                      1480    132     1971
..................................................................


WIND (MPH)
  HIGHEST WIND SPEED     9   HIGHEST WIND DIRECTION    NE (40)
  HIGHEST GUST SPEED    14   HIGHEST GUST DIRECTION     N (20)
  AVERAGE WIND SPEED     4.1


SKY COVER
  POSSIBLE SUNSHINE  MM
  AVERAGE SKY COVER 0.4


WEATHER CONDITIONS
 THE FOLLOWING WEATHER WAS RECORDED TODAY.
  NO SIGNIFICANT WEATHER WAS OBSERVED.


RELATIVE HUMIDITY (PERCENT)
 HIGHEST    82           700 AM
 LOWEST     30           400 PM
 AVERAGE    56

..........................................................


THE PIEDMONT TRIAD INTL AIRPORT NC CLIMATE NORMALS FOR TOMORROW
                         NORMAL    RECORD    YEAR
 MAXIMUM TEMPERATURE (F)   60        79      2016
 MINIMUM TEMPERATURE (F)   39        21      2014
                                             1997
                                             1959


SUNRISE AND SUNSET
NOVEMBER 17 2017......SUNRISE   659 AM EST   SUNSET   511 PM EST
NOVEMBER 18 2017......SUNRISE   700 AM EST   SUNSET   510 PM EST


-  INDICATES NEGATIVE NUMBERS.
R  INDICATES RECORD WAS SET OR TIED.
MM INDICATES DATA IS MISSING.
T  INDICATES TRACE AMOUNT.




$$
