000
CDUS42 KGSP 240635
CLIGSP

CLIMATE REPORT
NATIONAL WEATHER SERVICE GREENVILLE-SPARTANBURG SC
233 AM EDT FRI MAR 24 2017


...................................

...THE GREENVILLE-SPARTANBURG SC CLIMATE SUMMARY FOR MARCH 23 2017...

CLIMATE NORMAL PERIOD 1981 TO 2010
CLIMATE RECORD PERIOD 1884 TO 2017


WEATHER ITEM   OBSERVED TIME   RECORD YEAR NORMAL DEPARTURE LAST
                VALUE   (LST)  VALUE       VALUE  FROM      YEAR
                                                  NORMAL
..................................................................
TEMPERATURE (F)
 YESTERDAY
  MAXIMUM         61    519 PM  91    1907  67     -6       73
  MINIMUM         40    713 AM  22    1915  43     -3       47
  AVERAGE         51                        55     -4       60

PRECIPITATION (IN)
  YESTERDAY        0.00          2.08 1989   0.14  -0.14     0.00
  MONTH TO DATE    5.91                      3.38   2.53     1.29
  SINCE MAR 1      5.91                      3.38   2.53     1.29
  SINCE JAN 1     11.63                     11.17   0.46     9.55

SNOWFALL (IN)
  YESTERDAY        0.0           0.0    MM   0.1   -0.1      0.0
  MONTH TO DATE    0.5                       0.8   -0.3       T
  SINCE MAR 1      0.5                       0.8   -0.3       T
  SINCE JUL 1      3.6                       4.6   -1.0      2.6
  SNOW DEPTH       0

DEGREE DAYS
 HEATING
  YESTERDAY       14                        11      3        5
  MONTH TO DATE  340                       308     32      189
  SINCE MAR 1    340                       308     32      189
  SINCE JUL 1   2066                      2757   -691     2286

 COOLING
  YESTERDAY        0                         0      0        0
  MONTH TO DATE    5                         0      5       23
  SINCE MAR 1      5                         0      5       23
  SINCE JAN 1     11                         0     11       23
..................................................................


WIND (MPH)
  HIGHEST WIND SPEED    21   HIGHEST WIND DIRECTION     E (80)
  HIGHEST GUST SPEED    25   HIGHEST GUST DIRECTION     E (90)
  AVERAGE WIND SPEED     7.0


SKY COVER
  POSSIBLE SUNSHINE  MM
  AVERAGE SKY COVER 0.2


WEATHER CONDITIONS
 THE FOLLOWING WEATHER WAS RECORDED YESTERDAY.
  NO SIGNIFICANT WEATHER WAS OBSERVED.


RELATIVE HUMIDITY (PERCENT)
 HIGHEST    54          1000 PM
 LOWEST     26           400 PM
 AVERAGE    40

..........................................................


THE GREENVILLE-SPARTANBURG SC CLIMATE NORMALS FOR TODAY
                         NORMAL    RECORD    YEAR
 MAXIMUM TEMPERATURE (F)   67        90      1907
 MINIMUM TEMPERATURE (F)   43        24      1968


SUNRISE AND SUNSET
MARCH 24 2017.........SUNRISE   727 AM EDT   SUNSET   744 PM EDT
MARCH 25 2017.........SUNRISE   725 AM EDT   SUNSET   745 PM EDT


-  INDICATES NEGATIVE NUMBERS.
R  INDICATES RECORD WAS SET OR TIED.
MM INDICATES DATA IS MISSING.
T  INDICATES TRACE AMOUNT.




$$
