931
CDUS42 KGSP 140639
CLIGSP

CLIMATE REPORT
NATIONAL WEATHER SERVICE GREENVILLE-SPARTANBURG SC
139 AM EST THU DEC 14 2017


...................................

...THE GREENVILLE-SPARTANBURG SC CLIMATE SUMMARY FOR DECEMBER 13 2017...

CLIMATE NORMAL PERIOD 1981 TO 2010
CLIMATE RECORD PERIOD 1884 TO 2017


WEATHER ITEM   OBSERVED TIME   RECORD YEAR NORMAL DEPARTURE LAST
                VALUE   (LST)  VALUE       VALUE  FROM      YEAR
                                                  NORMAL
..................................................................
TEMPERATURE (F)
 YESTERDAY
  MAXIMUM         46    337 PM  75    2007  54     -8       49
  MINIMUM         26    730 AM   6    1962  34     -8       39
  AVERAGE         36                        44     -8       44

PRECIPITATION (IN)
  YESTERDAY        0.00          1.83 1926   0.14  -0.14     0.01
  MONTH TO DATE    1.34                      1.83  -0.49     1.44
  SINCE DEC 1      1.34                      1.83  -0.49     1.44
  SINCE JAN 1     51.54                     44.91   6.63    33.18

SNOWFALL (IN)
  YESTERDAY        0.0           0.5  1914   0.0    0.0      0.0
                                      1966
  MONTH TO DATE    1.6                       0.1    1.5      0.0
  SINCE DEC 1      1.6                       0.1    1.5      0.0
  SINCE JUL 1      1.6                       0.2    1.4      0.0
  SNOW DEPTH       0

DEGREE DAYS
 HEATING
  YESTERDAY       29                        21      8       21
  MONTH TO DATE  242                       252    -10      269
  SINCE DEC 1    242                       252    -10      269
  SINCE JUL 1    736                       805    -69      595

 COOLING
  YESTERDAY        0                         0      0        0
  MONTH TO DATE    0                         0      0        0
  SINCE DEC 1      0                         0      0        0
  SINCE JAN 1   1802                      1715     87     2188
..................................................................


WIND (MPH)
  HIGHEST WIND SPEED    20   HIGHEST WIND DIRECTION    SW (220)
  HIGHEST GUST SPEED    25   HIGHEST GUST DIRECTION    SW (230)
  AVERAGE WIND SPEED     8.9


SKY COVER
  POSSIBLE SUNSHINE  MM
  AVERAGE SKY COVER 0.0


WEATHER CONDITIONS
 THE FOLLOWING WEATHER WAS RECORDED YESTERDAY.
  NO SIGNIFICANT WEATHER WAS OBSERVED.


RELATIVE HUMIDITY (PERCENT)
 HIGHEST    46           600 AM
 LOWEST     25           200 PM
 AVERAGE    36

..........................................................


THE GREENVILLE-SPARTANBURG SC CLIMATE NORMALS FOR TODAY
                         NORMAL    RECORD    YEAR
 MAXIMUM TEMPERATURE (F)   54        74      1948
 MINIMUM TEMPERATURE (F)   34        11      2010
                                             1917


SUNRISE AND SUNSET
DECEMBER 14 2017......SUNRISE   729 AM EST   SUNSET   519 PM EST
DECEMBER 15 2017......SUNRISE   729 AM EST   SUNSET   519 PM EST


-  INDICATES NEGATIVE NUMBERS.
R  INDICATES RECORD WAS SET OR TIED.
MM INDICATES DATA IS MISSING.
T  INDICATES TRACE AMOUNT.

$$

OUTLAW
