000
CDUS42 KGSP 270633
CLIGSP

CLIMATE REPORT
NATIONAL WEATHER SERVICE GREENVILLE-SPARTANBURG SC
228 AM EDT TUE SEP 27 2016

...THE GREENVILLE-SPARTANBURG SC CLIMATE SUMMARY FOR SEPTEMBER 26 2016...

CLIMATE NORMAL PERIOD 1981 TO 2010
CLIMATE RECORD PERIOD 1884 TO 2016


WEATHER ITEM   OBSERVED TIME   RECORD YEAR NORMAL DEPARTURE LAST
                VALUE   (LST)  VALUE       VALUE  FROM      YEAR
                                                  NORMAL
..................................................................
TEMPERATURE (F)
 YESTERDAY
  MAXIMUM         87    343 PM  95    1933  79      8       66
  MINIMUM         68   1159 PM  41    1907  58     10       62
  AVERAGE         78                        68     10       64

PRECIPITATION (IN)
  YESTERDAY        0.26          5.19 1929   0.11   0.15     0.76
  MONTH TO DATE    0.99                      2.96  -1.97     5.12
  SINCE SEP 1      0.99                      2.96  -1.97     5.12
  SINCE JAN 1     29.22                     35.47  -6.25    30.66

SNOWFALL (IN)
  YESTERDAY        0.0           0.0    MM   0.0    0.0      0.0
  MONTH TO DATE    0.0                       0.0    0.0      0.0
  SINCE SEP 1      0.0                       0.0    0.0      0.0
  SINCE JUL 1      0.0                       0.0    0.0      0.0
  SNOW DEPTH       0

DEGREE DAYS
 HEATING
  YESTERDAY        0                         1     -1        1
  MONTH TO DATE    0                         9     -9        5
  SINCE SEP 1      0                         9     -9        5
  SINCE JUL 1      0                         9     -9        5

 COOLING
  YESTERDAY       13                         5      8        0
  MONTH TO DATE  344                       211    133      218
  SINCE SEP 1    344                       211    133      218
  SINCE JAN 1   2063                      1646    417     1890
..................................................................


WIND (MPH)
  HIGHEST WIND SPEED    16   HIGHEST WIND DIRECTION    NW (330)
  HIGHEST GUST SPEED    22   HIGHEST GUST DIRECTION    NW (330)
  AVERAGE WIND SPEED     6.7


SKY COVER
  POSSIBLE SUNSHINE  MM
  AVERAGE SKY COVER 0.6


WEATHER CONDITIONS
 THE FOLLOWING WEATHER WAS RECORDED YESTERDAY.
  THUNDERSTORM
  HEAVY RAIN
  RAIN
  LIGHT RAIN
  FOG


RELATIVE HUMIDITY (PERCENT)
 HIGHEST    93          1000 PM
 LOWEST     45           300 PM
 AVERAGE    69

..........................................................


THE GREENVILLE-SPARTANBURG SC CLIMATE NORMALS FOR TODAY
                         NORMAL    RECORD    YEAR
 MAXIMUM TEMPERATURE (F)   79        93      1986
                                             1933
 MINIMUM TEMPERATURE (F)   57        38      1899


SUNRISE AND SUNSET
SEPTEMBER 27 2016.....SUNRISE   721 AM EDT   SUNSET   718 PM EDT
SEPTEMBER 28 2016.....SUNRISE   722 AM EDT   SUNSET   716 PM EDT


-  INDICATES NEGATIVE NUMBERS.
R  INDICATES RECORD WAS SET OR TIED.
MM INDICATES DATA IS MISSING.
T  INDICATES TRACE AMOUNT.

$$
