000
CDUS42 KGSP 300637
CLIGSP

CLIMATE REPORT
NATIONAL WEATHER SERVICE GREENVILLE-SPARTANBURG SC
137 AM EST FRI JAN 30 2015


...................................

...THE GREENVILLE-SPARTANBURG SC CLIMATE SUMMARY FOR JANUARY 29 2015...

CLIMATE NORMAL PERIOD 1981 TO 2010
CLIMATE RECORD PERIOD 1884 TO 2015


WEATHER ITEM   OBSERVED TIME   RECORD YEAR NORMAL DEPARTURE LAST
                VALUE   (LST)  VALUE       VALUE  FROM      YEAR
                                                  NORMAL
..................................................................
TEMPERATURE (F)
 YESTERDAY
  MAXIMUM         54    323 PM  78    2002  54      0       33
  MINIMUM         28    511 AM   6    1897  33     -5       18
  AVERAGE         41                        43     -2       26

PRECIPITATION (IN)
  YESTERDAY        T             1.00 1890   0.12  -0.12     0.00
  MONTH TO DATE    3.86                      3.57   0.29     3.16
  SINCE DEC 1      7.49                      7.68  -0.19     9.83
  SINCE JAN 1      3.86                      3.57   0.29     3.16

SNOWFALL (IN)
  YESTERDAY        0.0           5.0  1930   0.1   -0.1      0.0
  MONTH TO DATE    0.0                       2.2   -2.2      0.8
  SINCE DEC 1      0.0                       2.6   -2.6      0.8
  SINCE JUL 1      T                         2.7   -2.7      0.9
  SNOW DEPTH       0

DEGREE DAYS
 HEATING
  YESTERDAY       24                        22      2       39
  MONTH TO DATE  670                       661      9      824
  SINCE DEC 1   1193                      1311   -118     1383
  SINCE JUL 1   1830                      1864    -34     1987

 COOLING
  YESTERDAY        0                         0      0        0
  MONTH TO DATE    0                         0      0        0
  SINCE DEC 1      0                         1     -1        6
  SINCE JAN 1      0                         0      0        0
..................................................................


WIND (MPH)
  HIGHEST WIND SPEED    21   HIGHEST WIND DIRECTION    SW (240)
  HIGHEST GUST SPEED    26   HIGHEST GUST DIRECTION    SW (220)
  AVERAGE WIND SPEED     9.3


SKY COVER
  POSSIBLE SUNSHINE  MM
  AVERAGE SKY COVER 0.1


WEATHER CONDITIONS
 THE FOLLOWING WEATHER WAS RECORDED YESTERDAY.
  RAIN


RELATIVE HUMIDITY (PERCENT)
 HIGHEST    69           400 AM
 LOWEST     32           200 PM
 AVERAGE    51

..........................................................


THE GREENVILLE-SPARTANBURG SC CLIMATE NORMALS FOR TODAY
                         NORMAL    RECORD    YEAR
 MAXIMUM TEMPERATURE (F)   54        76      1975
 MINIMUM TEMPERATURE (F)   33        -6      1966


SUNRISE AND SUNSET
JANUARY 30 2015.......SUNRISE   729 AM EST   SUNSET   556 PM EST
JANUARY 31 2015.......SUNRISE   728 AM EST   SUNSET   557 PM EST


-  INDICATES NEGATIVE NUMBERS.
R  INDICATES RECORD WAS SET OR TIED.
MM INDICATES DATA IS MISSING.
T  INDICATES TRACE AMOUNT.

$$
