000
CDUS42 KGSP 160644
CLIGSP

CLIMATE REPORT
NATIONAL WEATHER SERVICE GREENVILLE-SPARTANBURG SC
143 AM EST MON JAN 16 2017


...................................

...THE GREENVILLE-SPARTANBURG SC CLIMATE SUMMARY FOR JANUARY 15 2017...

CLIMATE NORMAL PERIOD 1981 TO 2010
CLIMATE RECORD PERIOD 1884 TO 2017


WEATHER ITEM   OBSERVED TIME   RECORD YEAR NORMAL DEPARTURE LAST
                VALUE   (LST)  VALUE       VALUE  FROM      YEAR
                                                  NORMAL
..................................................................
TEMPERATURE (F)
 YESTERDAY
  MAXIMUM         76    358 PM  78    1911  52     24       48
  MINIMUM         51   1203 AM   4    1893  32     19       35
  AVERAGE         64                        42     22       42

PRECIPITATION (IN)
  YESTERDAY        0.00          1.54 1966   0.12  -0.12     1.45
  MONTH TO DATE    2.60                      1.86   0.74     1.95
  SINCE DEC 1      5.29                      5.97  -0.68    12.03
  SINCE JAN 1      2.60                      1.86   0.74     1.95

SNOWFALL (IN)
  YESTERDAY        0.0           2.1  1893   0.1   -0.1      0.0
  MONTH TO DATE    3.1                       1.1    2.0      0.0
  SINCE DEC 1      3.1                       1.5    1.6      0.0
  SINCE JUL 1      3.1                       1.6    1.5      0.0
  SNOW DEPTH       0

DEGREE DAYS
 HEATING
  YESTERDAY        1                        23    -22       23
  MONTH TO DATE  294                       345    -51      355
  SINCE DEC 1    890                       995   -105      664
  SINCE JUL 1   1216                      1548   -332     1109

 COOLING
  YESTERDAY        0                         0      0        0
  MONTH TO DATE    0                         0      0        0
  SINCE DEC 1      0                         1     -1       11
  SINCE JAN 1      0                         0      0        0
..................................................................


WIND (MPH)
  HIGHEST WIND SPEED    13   HIGHEST WIND DIRECTION     S (200)
  HIGHEST GUST SPEED    15   HIGHEST GUST DIRECTION     S (200)
  AVERAGE WIND SPEED     5.1


SKY COVER
  POSSIBLE SUNSHINE  MM
  AVERAGE SKY COVER 0.7


WEATHER CONDITIONS
 THE FOLLOWING WEATHER WAS RECORDED YESTERDAY.
  FOG


RELATIVE HUMIDITY (PERCENT)
 HIGHEST    96           800 AM
 LOWEST     43           400 PM
 AVERAGE    70

..........................................................


THE GREENVILLE-SPARTANBURG SC CLIMATE NORMALS FOR TODAY
                         NORMAL    RECORD    YEAR
 MAXIMUM TEMPERATURE (F)   52        77      1974
 MINIMUM TEMPERATURE (F)   32        -5      1893


SUNRISE AND SUNSET
JANUARY 16 2017.......SUNRISE   736 AM EST   SUNSET   542 PM EST
JANUARY 17 2017.......SUNRISE   735 AM EST   SUNSET   543 PM EST


-  INDICATES NEGATIVE NUMBERS.
R  INDICATES RECORD WAS SET OR TIED.
MM INDICATES DATA IS MISSING.
T  INDICATES TRACE AMOUNT.




$$
