000
CDUS45 KTFX 010831
CLIGTF


CLIMATE REPORT
NATIONAL WEATHER SERVICE GREAT FALLS MT
229 AM MDT TUE SEP 1 2015


...................................

...THE GREAT FALLS MT CLIMATE SUMMARY FOR AUGUST 31 2015...

CLIMATE NORMAL PERIOD 1981 TO 2010
CLIMATE RECORD PERIOD 1886 TO 2015


WEATHER ITEM   OBSERVED TIME   RECORD YEAR NORMAL DEPARTURE LAST
                VALUE   (LST)  VALUE       VALUE  FROM      YEAR
                                                  NORMAL
..................................................................
TEMPERATURE (F)
 YESTERDAY
  MAXIMUM         77    342 PM  98    1991  77      0       70
                                      1940
  MINIMUM         51    222 AM  34    1930  47      4       47
  AVERAGE         64                        62      2       59

PRECIPITATION (IN)
  YESTERDAY        0.00          0.90 2008   0.05  -0.05     0.00
  MONTH TO DATE    0.38                      1.57  -1.19     4.39
  SINCE OCT 1     11.00                     13.33  -2.33    18.51
  SINCE JAN 1      8.05                     11.33  -3.28    16.46

SNOWFALL (IN)
  YESTERDAY        0.0           0.0  2002   0.0    0.0      0.0
  MONTH TO DATE    0.0                       0.3   -0.3      0.0
  SINCE JUN 1      0.0                       0.6   -0.6      0.0
  SINCE JUL 1      0.0                       0.3   -0.3      0.0
  SNOW DEPTH       0

DEGREE DAYS
 HEATING
  YESTERDAY        1                         5     -4        6
  MONTH TO DATE   49                        72    -23       65
  SINCE JUN 1    178                       312   -134      293
  SINCE JUL 1     96                       121    -25       70

 COOLING
  YESTERDAY        0                         2     -2        0
  MONTH TO DATE  167                       113     54      145
  SINCE JUN 1    391                       269    122      324
  SINCE JAN 1    391                       276    115      324
..................................................................


WIND (MPH)
  HIGHEST WIND SPEED    33   HIGHEST WIND DIRECTION    SW (220)
  HIGHEST GUST SPEED    41   HIGHEST GUST DIRECTION    SW (220)
  AVERAGE WIND SPEED    17.3


SKY COVER
  AVERAGE SKY COVER 0.0


WEATHER CONDITIONS
 THE FOLLOWING WEATHER WAS RECORDED YESTERDAY.
  NO SIGNIFICANT WEATHER WAS OBSERVED.


RELATIVE HUMIDITY (PERCENT)
 HIGHEST    50           300 AM
 LOWEST     21           200 PM
 AVERAGE    36

..........................................................


THE GREAT FALLS MT CLIMATE NORMALS FOR TODAY
                         NORMAL    RECORD    YEAR
 MAXIMUM TEMPERATURE (F)   77        97      1967
 MINIMUM TEMPERATURE (F)   47        34      1930


SUNRISE AND SUNSET
SEPTEMBER  1 2015.....SUNRISE   644 AM MDT   SUNSET   806 PM MDT
SEPTEMBER  2 2015.....SUNRISE   645 AM MDT   SUNSET   804 PM MDT


-  INDICATES NEGATIVE NUMBERS.
R  INDICATES RECORD WAS SET OR TIED.
MM INDICATES DATA IS MISSING.
T  INDICATES TRACE AMOUNT.




$$
