000
CDUS45 KTFX 062245
CLIGTF


CLIMATE REPORT
NATIONAL WEATHER SERVICE GREAT FALLS MT
444 PM MDT MON JUL 6 2015


...................................

...THE GREAT FALLS MT CLIMATE SUMMARY FOR JULY 6 2015...
VALID TODAY AS OF 0400 PM LOCAL TIME.

CLIMATE NORMAL PERIOD 1981 TO 2010
CLIMATE RECORD PERIOD 1886 TO 2015


WEATHER ITEM   OBSERVED TIME   RECORD YEAR NORMAL DEPARTURE LAST
                VALUE   (LST)  VALUE       VALUE  FROM      YEAR
                                                  NORMAL
..................................................................
TEMPERATURE (F)
 TODAY
  MAXIMUM         73    259 PM 104    2007  81     -8       90
  MINIMUM         46    459 AM  39    2003  50     -4       54
                                      1999
  AVERAGE         60                        65     -5       72

PRECIPITATION (IN)
  TODAY            0.00          0.91 1909   0.05  -0.05     0.00
  MONTH TO DATE    0.39                      0.35   0.04     0.00
  SINCE OCT 1      9.58                     10.61  -1.03    13.34
  SINCE JAN 1      6.63                      8.61  -1.98    11.29

SNOWFALL (IN)
  TODAY            0.0           T    1993   0.0    0.0      0.0
  MONTH TO DATE    0.0                       0.0    0.0      0.0
  SINCE JUN 1      0.0                       0.3   -0.3      0.0
  SINCE JUL 1      0.0                       0.0    0.0      0.0
  SNOW DEPTH       0

DEGREE DAYS
 HEATING
  TODAY            5                         2      3        0
  MONTH TO DATE   16                        17     -1        3
  SINCE JUN 1     98                       208   -110      226
  SINCE JUL 1     16                        17     -1        3

 COOLING
  TODAY            0                         3     -3        7
  MONTH TO DATE   34                        15     19       36
  SINCE JUN 1    128                        47     81       36
  SINCE JAN 1    128                        54     74       36
..................................................................


WIND (MPH)
  HIGHEST WIND SPEED    10   HIGHEST WIND DIRECTION     E (110)
  HIGHEST GUST SPEED    14   HIGHEST GUST DIRECTION    SE (120)
  AVERAGE WIND SPEED     4.9


SKY COVER
  AVERAGE SKY COVER 0.4


WEATHER CONDITIONS
 THE FOLLOWING WEATHER WAS RECORDED TODAY.
  FOG


RELATIVE HUMIDITY (PERCENT)
 HIGHEST   100           200 AM
 LOWEST     41           300 PM
 AVERAGE    71

..........................................................


THE GREAT FALLS MT CLIMATE NORMALS FOR TOMORROW
                         NORMAL    RECORD    YEAR
 MAXIMUM TEMPERATURE (F)   81        97      1989
                                             1985
                                             1954
 MINIMUM TEMPERATURE (F)   50        41      1993
                                             1931
                                             1920


SUNRISE AND SUNSET
JULY  6 2015..........SUNRISE   536 AM MDT   SUNSET   924 PM MDT
JULY  7 2015..........SUNRISE   536 AM MDT   SUNSET   924 PM MDT


-  INDICATES NEGATIVE NUMBERS.
R  INDICATES RECORD WAS SET OR TIED.
MM INDICATES DATA IS MISSING.
T  INDICATES TRACE AMOUNT.




$$
