000
CDUS45 KTFX 210959
CLIGTF


CLIMATE REPORT
NATIONAL WEATHER SERVICE GREAT FALLS MT
358 AM MDT SUN SEP 21 2014


...................................

...THE GREAT FALLS MT CLIMATE SUMMARY FOR SEPTEMBER 20 2014...

CLIMATE NORMAL PERIOD 1981 TO 2010
CLIMATE RECORD PERIOD 1886 TO 2014


WEATHER ITEM   OBSERVED TIME   RECORD YEAR NORMAL DEPARTURE LAST
                VALUE   (LST)  VALUE       VALUE  FROM      YEAR
                                                  NORMAL
..................................................................
TEMPERATURE (F)
 YESTERDAY
  MAXIMUM         74    341 PM  93    1917  68      6       80
  MINIMUM         47    711 AM  24    1995  41      6       45
  AVERAGE         61                        54      7       63

PRECIPITATION (IN)
  YESTERDAY        0.00          0.72 1968   0.04  -0.04     0.00
  MONTH TO DATE    0.30                      0.99  -0.69     0.44
  SINCE OCT 1     18.81                     14.32   4.49    12.67
  SINCE JAN 1     16.76                     12.32   4.44     9.33

SNOWFALL (IN)
  YESTERDAY        0.0           1.3  1968   0.1   -0.1      0.0
  MONTH TO DATE    T                         0.6   -0.6      0.0
  SINCE SEP 1      T                         0.6   -0.6      0.0
  SINCE JUL 1      T                         0.9   -0.9      0.0
  SNOW DEPTH       0

DEGREE DAYS
 HEATING
  YESTERDAY        4                        11     -7        2
  MONTH TO DATE  195                       158     37       40
  SINCE SEP 1    195                       158     37       40
  SINCE JUL 1    265                       279    -14       64

 COOLING
  YESTERDAY        0                         0      0        0
  MONTH TO DATE    6                        20    -14       74
  SINCE SEP 1      6                        20    -14       74
  SINCE JAN 1    330                       296     34      443
..................................................................


WIND (MPH)
  HIGHEST WIND SPEED    15   HIGHEST WIND DIRECTION    NE (60)
  HIGHEST GUST SPEED    21   HIGHEST GUST DIRECTION     N (10)
  AVERAGE WIND SPEED     8.0


SKY COVER
  AVERAGE SKY COVER 0.0


WEATHER CONDITIONS
 THE FOLLOWING WEATHER WAS RECORDED YESTERDAY.
  NO SIGNIFICANT WEATHER WAS OBSERVED.


RELATIVE HUMIDITY (PERCENT)
 HIGHEST    77           300 AM
 LOWEST     31           400 PM
 AVERAGE    54

..........................................................


THE GREAT FALLS MT CLIMATE NORMALS FOR TODAY
                         NORMAL    RECORD    YEAR
 MAXIMUM TEMPERATURE (F)   68        90      1917
 MINIMUM TEMPERATURE (F)   40        20      1995


SUNRISE AND SUNSET
SEPTEMBER 21 2014.....SUNRISE   711 AM MDT   SUNSET   725 PM MDT
SEPTEMBER 22 2014.....SUNRISE   712 AM MDT   SUNSET   723 PM MDT


-  INDICATES NEGATIVE NUMBERS.
R  INDICATES RECORD WAS SET OR TIED.
MM INDICATES DATA IS MISSING.
T  INDICATES TRACE AMOUNT.




$$
