000
CDUS45 KTFX 291011
CLIGTF


CLIMATE REPORT
NATIONAL WEATHER SERVICE GREAT FALLS MT
408 AM MDT FRI JUL 29 2016


...................................

...THE GREAT FALLS MT CLIMATE SUMMARY FOR JULY 28 2016...

CLIMATE NORMAL PERIOD 1981 TO 2010
CLIMATE RECORD PERIOD 1886 TO 2016


WEATHER ITEM   OBSERVED TIME   RECORD YEAR NORMAL DEPARTURE LAST
                VALUE   (LST)  VALUE       VALUE  FROM      YEAR
                                                  NORMAL
..................................................................
TEMPERATURE (F)
 YESTERDAY
  MAXIMUM         86    524 PM 100    2007  86      0       76
                                      2006
                                      1975
  MINIMUM         54    543 AM  40    1894  53      1       50
  AVERAGE         70                        69      1       63

PRECIPITATION (IN)
  YESTERDAY        T             0.51 1909   0.04  -0.04     0.03
  MONTH TO DATE    1.20                      1.39  -0.19     1.43
  SINCE OCT 1     13.28                     11.65   1.63    10.62
  SINCE JAN 1      8.18                      9.65  -1.47     7.67

SNOWFALL (IN)
  YESTERDAY        0.0           0.0  2002   0.0    0.0      0.0
  MONTH TO DATE    T                         0.0    0.0      0.0
  SINCE JUN 1      T                         0.3   -0.3      0.0
  SINCE JUL 1      T                         0.0    0.0      0.0
  SNOW DEPTH       0

DEGREE DAYS
 HEATING
  YESTERDAY        0                         1     -1        2
  MONTH TO DATE   44                        47     -3       47
  SINCE JUN 1    152                       238    -86      129
  SINCE JUL 1     44                        47     -3       47

 COOLING
  YESTERDAY        5                         5      0        0
  MONTH TO DATE   98                       110    -12      118
  SINCE JUN 1    141                       142     -1      212
  SINCE JAN 1    141                       149     -8      212
..................................................................


WIND (MPH)
  HIGHEST WIND SPEED    18   HIGHEST WIND DIRECTION     N (10)
  HIGHEST GUST SPEED    25   HIGHEST GUST DIRECTION     N (350)
  AVERAGE WIND SPEED     6.1


SKY COVER
  AVERAGE SKY COVER 0.1


WEATHER CONDITIONS
 THE FOLLOWING WEATHER WAS RECORDED YESTERDAY.
  THUNDERSTORM
  LIGHT RAIN


RELATIVE HUMIDITY (PERCENT)
 HIGHEST    80           400 AM
 LOWEST     21           400 PM
 AVERAGE    51

..........................................................


THE GREAT FALLS MT CLIMATE NORMALS FOR TODAY
                         NORMAL    RECORD    YEAR
 MAXIMUM TEMPERATURE (F)   86       102      1934
 MINIMUM TEMPERATURE (F)   53        45      1971
                                             1924
                                             1896


SUNRISE AND SUNSET
JULY 29 2016..........SUNRISE   600 AM MDT   SUNSET   903 PM MDT
JULY 30 2016..........SUNRISE   602 AM MDT   SUNSET   901 PM MDT


-  INDICATES NEGATIVE NUMBERS.
R  INDICATES RECORD WAS SET OR TIED.
MM INDICATES DATA IS MISSING.
T  INDICATES TRACE AMOUNT.




$$
