000
CDUS45 KTFX 061146
CLIGTF


CLIMATE REPORT
NATIONAL WEATHER SERVICE GREAT FALLS MT
545 AM MDT FRI MAY 6 2016


...................................

...THE GREAT FALLS MT CLIMATE SUMMARY FOR MAY 5 2016...

CLIMATE NORMAL PERIOD 1981 TO 2010
CLIMATE RECORD PERIOD 1886 TO 2016


WEATHER ITEM   OBSERVED TIME   RECORD YEAR NORMAL DEPARTURE LAST
                VALUE   (LST)  VALUE       VALUE  FROM      YEAR
                                                  NORMAL
..................................................................
TEMPERATURE (F)
 YESTERDAY
  MAXIMUM         80    423 PM  88    1911  62     18       73
                                      1897
  MINIMUM         42    521 AM  26    1996  35      7       41
                                      1967
                                      1917
  AVERAGE         61                        49     12       57

PRECIPITATION (IN)
  YESTERDAY        0.00          0.57 1971   0.05  -0.05      T
  MONTH TO DATE    0.00                      0.26  -0.26      T
  SINCE OCT 1      9.08                      5.57   3.51     5.33
  SINCE JAN 1      3.98                      3.57   0.41     2.38

SNOWFALL (IN)
  YESTERDAY        0.0           2.4  2010   0.1   -0.1      0.0
  MONTH TO DATE    0.0                       0.7   -0.7      0.0
  SINCE MAR 1      9.0                      21.2  -12.2      1.6
  SINCE JUL 1     46.9                      61.2  -14.3     57.9
  SNOW DEPTH       0

DEGREE DAYS
 HEATING
  YESTERDAY        4                        17    -13        8
  MONTH TO DATE   44                        86    -42       51
  SINCE MAR 1   1375                      1698   -323     1324
  SINCE JUL 1   6313                      7203   -890     6462

 COOLING
  YESTERDAY        0                         0      0        0
  MONTH TO DATE    0                         0      0        0
  SINCE MAR 1      0                         1     -1        0
  SINCE JAN 1      0                         1     -1        0
..................................................................


WIND (MPH)
  HIGHEST WIND SPEED    25   HIGHEST WIND DIRECTION     N (360)
  HIGHEST GUST SPEED    35   HIGHEST GUST DIRECTION     N (350)
  AVERAGE WIND SPEED     8.8


SKY COVER
  AVERAGE SKY COVER 0.1


WEATHER CONDITIONS
 THE FOLLOWING WEATHER WAS RECORDED YESTERDAY.
  NO SIGNIFICANT WEATHER WAS OBSERVED.


RELATIVE HUMIDITY (PERCENT)
 HIGHEST    83           400 AM
 LOWEST     25           100 PM
 AVERAGE    54

..........................................................


THE GREAT FALLS MT CLIMATE NORMALS FOR TODAY
                         NORMAL    RECORD    YEAR
 MAXIMUM TEMPERATURE (F)   62        88      1928
 MINIMUM TEMPERATURE (F)   36        23      1919


SUNRISE AND SUNSET
MAY  6 2016...........SUNRISE   600 AM MDT   SUNSET   845 PM MDT
MAY  7 2016...........SUNRISE   559 AM MDT   SUNSET   846 PM MDT


-  INDICATES NEGATIVE NUMBERS.
R  INDICATES RECORD WAS SET OR TIED.
MM INDICATES DATA IS MISSING.
T  INDICATES TRACE AMOUNT.




$$
