000
CDUS45 KTFX 281055
CLIGTF


CLIMATE REPORT
NATIONAL WEATHER SERVICE GREAT FALLS MT
454 AM MDT WED SEP 28 2016


...................................

...THE GREAT FALLS MT CLIMATE SUMMARY FOR SEPTEMBER 27 2016...

CLIMATE NORMAL PERIOD 1981 TO 2010
CLIMATE RECORD PERIOD 1886 TO 2016


WEATHER ITEM   OBSERVED TIME   RECORD YEAR NORMAL DEPARTURE LAST
                VALUE   (LST)  VALUE       VALUE  FROM      YEAR
                                                  NORMAL
..................................................................
TEMPERATURE (F)
 YESTERDAY
  MAXIMUM         84    348 PM  91    1963  66     18       71
  MINIMUM         45   1159 PM  23    1984  38      7       41
  AVERAGE         65                        52     13       56

PRECIPITATION (IN)
  YESTERDAY        0.00          1.56 1982   0.05  -0.05     0.00
  MONTH TO DATE    2.22                      1.30   0.92     2.54
  SINCE OCT 1     16.62                     14.63   1.99    13.54
  SINCE JAN 1     11.52                     12.63  -1.11    10.59

SNOWFALL (IN)
  YESTERDAY        0.0           1.3  1965   0.1   -0.1      0.0
  MONTH TO DATE    0.0                       1.0   -1.0      0.0
  SINCE SEP 1      0.0                       1.0   -1.0      0.0
  SINCE JUL 1      T                         1.3   -1.3      0.0
  SNOW DEPTH       0

DEGREE DAYS
 HEATING
  YESTERDAY        0                        13    -13        9
  MONTH TO DATE  260                       244     16      187
  SINCE SEP 1    260                       244     16      187
  SINCE JUL 1    361                       365     -4      283

 COOLING
  YESTERDAY        0                         0      0        0
  MONTH TO DATE   10                        20    -10       15
  SINCE SEP 1     10                        20    -10       15
  SINCE JAN 1    252                       296    -44      406
..................................................................


WIND (MPH)
  HIGHEST WIND SPEED    23   HIGHEST WIND DIRECTION    SW (220)
  HIGHEST GUST SPEED    28   HIGHEST GUST DIRECTION     W (250)
  AVERAGE WIND SPEED    12.8


SKY COVER
  AVERAGE SKY COVER 0.1


WEATHER CONDITIONS
 THE FOLLOWING WEATHER WAS RECORDED YESTERDAY.
  NO SIGNIFICANT WEATHER WAS OBSERVED.


RELATIVE HUMIDITY (PERCENT)
 HIGHEST    71          1000 PM
 LOWEST     20           400 PM
 AVERAGE    46

..........................................................


THE GREAT FALLS MT CLIMATE NORMALS FOR TODAY
                         NORMAL    RECORD    YEAR
 MAXIMUM TEMPERATURE (F)   65        89      1967
 MINIMUM TEMPERATURE (F)   38        25      1985
                                             1984


SUNRISE AND SUNSET
SEPTEMBER 28 2016.....SUNRISE   721 AM MDT   SUNSET   710 PM MDT
SEPTEMBER 29 2016.....SUNRISE   722 AM MDT   SUNSET   708 PM MDT


-  INDICATES NEGATIVE NUMBERS.
R  INDICATES RECORD WAS SET OR TIED.
MM INDICATES DATA IS MISSING.
T  INDICATES TRACE AMOUNT.




$$
