000
CDUS45 KTFX 221042
CLIGTF


CLIMATE REPORT
NATIONAL WEATHER SERVICE GREAT FALLS MT
442 AM MDT TUE JUL 22 2014


...................................

...THE GREAT FALLS MT CLIMATE SUMMARY FOR JULY 21 2014...

CLIMATE NORMAL PERIOD 1981 TO 2010
CLIMATE RECORD PERIOD 1886 TO 2014


WEATHER ITEM   OBSERVED TIME   RECORD YEAR NORMAL DEPARTURE LAST
                VALUE   (LST)  VALUE       VALUE  FROM      YEAR
                                                  NORMAL
..................................................................
TEMPERATURE (F)
 YESTERDAY
  MAXIMUM         84    338 PM 103    1931  85     -1       89
  MINIMUM         56   1159 PM  40    1926  52      4       52
  AVERAGE         70                        69      1       71

PRECIPITATION (IN)
  YESTERDAY        0.01          0.61 1907   0.04  -0.03     0.00
  MONTH TO DATE    0.66                      1.12  -0.46     0.22
  SINCE OCT 1     14.00                     11.38   2.62    11.00
  SINCE JAN 1     11.95                      9.38   2.57     7.66

SNOWFALL (IN)
  YESTERDAY        0.0           0.0  2002   0.0    0.0      0.0
  MONTH TO DATE    0.0                       0.0    0.0      0.0
  SINCE JUN 1      0.0                       0.3   -0.3      0.0
  SINCE JUL 1      0.0                       0.0    0.0      0.0
  SNOW DEPTH       0

DEGREE DAYS
 HEATING
  YESTERDAY        0                         1     -1        0
  MONTH TO DATE    3                        40    -37        9
  SINCE JUN 1    226                       231     -5      181
  SINCE JUL 1      3                        40    -37        9

 COOLING
  YESTERDAY        5                         5      0        6
  MONTH TO DATE  115                        75     40      133
  SINCE JUN 1    115                       107      8      160
  SINCE JAN 1    115                       114      1      163
..................................................................


WIND (MPH)
  HIGHEST WIND SPEED    21   HIGHEST WIND DIRECTION     W (250)
  HIGHEST GUST SPEED    26   HIGHEST GUST DIRECTION     W (250)
  AVERAGE WIND SPEED     6.7


SKY COVER
  AVERAGE SKY COVER 0.4


WEATHER CONDITIONS
 THE FOLLOWING WEATHER WAS RECORDED YESTERDAY.
  LIGHT RAIN


RELATIVE HUMIDITY (PERCENT)
 HIGHEST    72           400 AM
 LOWEST     23           400 PM
 AVERAGE    48

..........................................................


THE GREAT FALLS MT CLIMATE NORMALS FOR TODAY
                         NORMAL    RECORD    YEAR
 MAXIMUM TEMPERATURE (F)   85       102      1960
                                             1936
 MINIMUM TEMPERATURE (F)   52        43      1990
                                             1914


SUNRISE AND SUNSET
JULY 22 2014..........SUNRISE   551 AM MDT   SUNSET   912 PM MDT
JULY 23 2014..........SUNRISE   552 AM MDT   SUNSET   911 PM MDT


-  INDICATES NEGATIVE NUMBERS.
R  INDICATES RECORD WAS SET OR TIED.
MM INDICATES DATA IS MISSING.
T  INDICATES TRACE AMOUNT.




$$
