000
CDUS45 KTFX 252232
CLIGTF


CLIMATE REPORT
NATIONAL WEATHER SERVICE GREAT FALLS MT
430 PM MDT THU AUG 25 2016


...................................

...THE GREAT FALLS MT CLIMATE SUMMARY FOR AUGUST 25 2016...
VALID TODAY AS OF 0400 PM LOCAL TIME.

CLIMATE NORMAL PERIOD 1981 TO 2010
CLIMATE RECORD PERIOD 1886 TO 2016


WEATHER ITEM   OBSERVED TIME   RECORD YEAR NORMAL DEPARTURE LAST
                VALUE   (LST)  VALUE       VALUE  FROM      YEAR
                                                  NORMAL
..................................................................
TEMPERATURE (F)
 TODAY
  MAXIMUM         70    238 PM 100    1970  80    -10       91
                                      1926
  MINIMUM         37    344 AM  31    1992  49    -12       51
  AVERAGE         54                        64    -10       71

PRECIPITATION (IN)
  TODAY            0.00          1.89 1989   0.06  -0.06     0.00
  MONTH TO DATE    1.12                      1.24  -0.12     0.36
  SINCE OCT 1     14.40                     13.00   1.40    10.98
  SINCE JAN 1      9.30                     11.00  -1.70     8.03

SNOWFALL (IN)
  TODAY            0.0           0.0  2002   0.0    0.0      0.0
  MONTH TO DATE    T                         0.2   -0.2      0.0
  SINCE JUN 1      T                         0.5   -0.5      0.0
  SINCE JUL 1      T                         0.2   -0.2      0.0

DEGREE DAYS
 HEATING
  TODAY           11                         3      8        0
  MONTH TO DATE   51                        46      5       48
  SINCE JUN 1    203                       287    -84      177
  SINCE JUL 1     95                        96     -1       95

 COOLING
  TODAY            0                         2     -2        6
  MONTH TO DATE   54                       101    -47      129
  SINCE JUN 1    218                       257    -39      353
  SINCE JAN 1    218                       264    -46      353
..................................................................


WIND (MPH)
  HIGHEST WIND SPEED    12   HIGHEST WIND DIRECTION    SW (230)
  HIGHEST GUST SPEED    13   HIGHEST GUST DIRECTION    NE (30)
  AVERAGE WIND SPEED     5.8


SKY COVER
  AVERAGE SKY COVER 0.2


WEATHER CONDITIONS
 THE FOLLOWING WEATHER WAS RECORDED TODAY.
  NO SIGNIFICANT WEATHER WAS OBSERVED.


RELATIVE HUMIDITY (PERCENT)
 HIGHEST    92           500 AM
 LOWEST     30           300 PM
 AVERAGE    61

..........................................................


THE GREAT FALLS MT CLIMATE NORMALS FOR TOMORROW
                         NORMAL    RECORD    YEAR
 MAXIMUM TEMPERATURE (F)   79        96      2010
                                             1894
 MINIMUM TEMPERATURE (F)   48        35      1892


SUNRISE AND SUNSET
AUGUST 25 2016........SUNRISE   636 AM MDT   SUNSET   818 PM MDT
AUGUST 26 2016........SUNRISE   637 AM MDT   SUNSET   816 PM MDT


-  INDICATES NEGATIVE NUMBERS.
R  INDICATES RECORD WAS SET OR TIED.
MM INDICATES DATA IS MISSING.
T  INDICATES TRACE AMOUNT.




$$
