000
CDUS45 KTFX 030910
CLIGTF


CLIMATE REPORT
NATIONAL WEATHER SERVICE GREAT FALLS MT
309 AM MDT MON AUG 3 2015


...................................

...THE GREAT FALLS MT CLIMATE SUMMARY FOR AUGUST 2 2015...

CLIMATE NORMAL PERIOD 1981 TO 2010
CLIMATE RECORD PERIOD 1886 TO 2015


WEATHER ITEM   OBSERVED TIME   RECORD YEAR NORMAL DEPARTURE LAST
                VALUE   (LST)  VALUE       VALUE  FROM      YEAR
                                                  NORMAL
..................................................................
TEMPERATURE (F)
 YESTERDAY
  MAXIMUM         88    433 PM  99    1893  86      2       87
  MINIMUM         52    507 AM  41    2002  53     -1       60
  AVERAGE         70                        69      1       74

PRECIPITATION (IN)
  YESTERDAY        0.00          0.71 1970   0.04  -0.04     0.00
  MONTH TO DATE    0.00                      0.08  -0.08     0.00
  SINCE OCT 1     10.62                     11.84  -1.22    14.12
  SINCE JAN 1      7.67                      9.84  -2.17    12.07

SNOWFALL (IN)
  YESTERDAY        0.0           0.0  2002   0.0    0.0      0.0
  MONTH TO DATE    0.0                       0.0    0.0      0.0
  SINCE JUN 1      0.0                       0.3   -0.3      0.0
  SINCE JUL 1      0.0                       0.0    0.0      0.0
  SNOW DEPTH       0

DEGREE DAYS
 HEATING
  YESTERDAY        0                         1     -1        0
  MONTH TO DATE    0                         2     -2        0
  SINCE JUN 1    129                       243   -114      228
  SINCE JUL 1     47                        52     -5        5

 COOLING
  YESTERDAY        5                         5      0        9
  MONTH TO DATE   14                        10      4       16
  SINCE JUN 1    237                       166     71      195
  SINCE JAN 1    237                       173     64      195
..................................................................


WIND (MPH)
  HIGHEST WIND SPEED    14   HIGHEST WIND DIRECTION     W (290)
  HIGHEST GUST SPEED    17   HIGHEST GUST DIRECTION    NW (300)
  AVERAGE WIND SPEED     7.9


SKY COVER
  AVERAGE SKY COVER 0.0


WEATHER CONDITIONS
 THE FOLLOWING WEATHER WAS RECORDED YESTERDAY.
  NO SIGNIFICANT WEATHER WAS OBSERVED.


RELATIVE HUMIDITY (PERCENT)
 HIGHEST    83           600 AM
 LOWEST     15           600 PM
 AVERAGE    49

..........................................................


THE GREAT FALLS MT CLIMATE NORMALS FOR TODAY
                         NORMAL    RECORD    YEAR
 MAXIMUM TEMPERATURE (F)   86       100      2001
                                             1961
 MINIMUM TEMPERATURE (F)   53        40      2002


SUNRISE AND SUNSET
AUGUST  3 2015........SUNRISE   606 AM MDT   SUNSET   857 PM MDT
AUGUST  4 2015........SUNRISE   607 AM MDT   SUNSET   855 PM MDT


-  INDICATES NEGATIVE NUMBERS.
R  INDICATES RECORD WAS SET OR TIED.
MM INDICATES DATA IS MISSING.
T  INDICATES TRACE AMOUNT.




$$
