000
CDUS45 KTFX 191014
CLIGTF


CLIMATE REPORT
NATIONAL WEATHER SERVICE GREAT FALLS MT
414 AM MDT SAT APR 19 2014


...................................

...THE GREAT FALLS MT CLIMATE SUMMARY FOR APRIL 18 2014...

CLIMATE NORMAL PERIOD 1981 TO 2010
CLIMATE RECORD PERIOD 1886 TO 2014


WEATHER ITEM   OBSERVED TIME   RECORD YEAR NORMAL DEPARTURE LAST
                VALUE   (LST)  VALUE       VALUE  FROM      YEAR
                                                  NORMAL
..................................................................
TEMPERATURE (F)
 YESTERDAY
  MAXIMUM         56   1122 AM  86    1936  56      0       56
  MINIMUM         34   1149 PM   6    1951  31      3       25
  AVERAGE         45                        44      1       41

PRECIPITATION (IN)
  YESTERDAY        0.04          1.22 1993   0.04   0.00     0.00
  MONTH TO DATE    0.56                      0.80  -0.24     0.55
  SINCE OCT 1      6.34                      4.69   1.65     5.17
  SINCE JAN 1      4.29                      2.69   1.60     1.83

SNOWFALL (IN)
  YESTERDAY        0.0           2.5  2007   0.3   -0.3      0.0
  MONTH TO DATE    2.4                       5.6   -3.2      8.2
  SINCE MAR 1     15.2                      17.5   -2.3     12.2
  SINCE JUL 1     72.7                      57.5   15.2     68.0
  SNOW DEPTH       0

DEGREE DAYS
 HEATING
  YESTERDAY       20                        21     -1       24
  MONTH TO DATE  417                       425     -8      493
  SINCE MAR 1   1501                      1378    123     1385
  SINCE JUL 1   7155                      6883    272     6198

 COOLING
  YESTERDAY        0                         0      0        0
  MONTH TO DATE    0                         0      0        0
  SINCE MAR 1      0                         0      0        0
  SINCE JAN 1      0                         0      0        0
..................................................................


WIND (MPH)
  HIGHEST WIND SPEED    38   HIGHEST WIND DIRECTION     W (250)
  HIGHEST GUST SPEED    47   HIGHEST GUST DIRECTION     W (260)
  AVERAGE WIND SPEED    19.3


SKY COVER
  AVERAGE SKY COVER 0.5


WEATHER CONDITIONS
 THE FOLLOWING WEATHER WAS RECORDED YESTERDAY.
  LIGHT RAIN
  FOG


RELATIVE HUMIDITY (PERCENT)
 HIGHEST    92          1200 AM
 LOWEST     19           200 PM
 AVERAGE    56

..........................................................


THE GREAT FALLS MT CLIMATE NORMALS FOR TODAY
                         NORMAL    RECORD    YEAR
 MAXIMUM TEMPERATURE (F)   57        83      1962
 MINIMUM TEMPERATURE (F)   31         6      1951


SUNRISE AND SUNSET
APRIL 19 2014.........SUNRISE   629 AM MDT   SUNSET   821 PM MDT
APRIL 20 2014.........SUNRISE   628 AM MDT   SUNSET   822 PM MDT


-  INDICATES NEGATIVE NUMBERS.
R  INDICATES RECORD WAS SET OR TIED.
MM INDICATES DATA IS MISSING.
T  INDICATES TRACE AMOUNT.




$$
