000
CDGM40 PGUM 181837
CLIGUM


CLIMATE REPORT
NATIONAL WEATHER SERVICE TIYAN, GUAM
427 AM CHST SAT AUG 19 2017


...................................

...THE GUAM INTERNATIONAL AIRPORT GU CLIMATE SUMMARY FOR AUGUST 18 2017...

CLIMATE NORMAL PERIOD 1981 TO 2010
CLIMATE RECORD PERIOD 1945 TO 2017


WEATHER ITEM   OBSERVED TIME   RECORD YEAR NORMAL DEPARTURE LAST
                VALUE   (LST)  VALUE       VALUE  FROM      YEAR
                                                  NORMAL
..................................................................
TEMPERATURE (F)
 YESTERDAY
  MAXIMUM         84    532 PM  92    1992  87     -3       86
  MINIMUM         76   1101 AM  71    1990  76      0       78
  AVERAGE         80                        81     -1       82

PRECIPITATION (IN)
  YESTERDAY        0.62          2.97 1997   0.55   0.07     0.80
  MONTH TO DATE    3.99                      9.51  -5.52    16.00
  SINCE JUN 1     22.25                     28.74  -6.49    30.50
  SINCE JAN 1     49.32                     48.88   0.44    41.49

SNOWFALL (IN)
  YESTERDAY        0.0
  MONTH TO DATE    0.0
  SINCE JUN 1      0.0
  SINCE JUL 1      0.0
  SNOW DEPTH       0

DEGREE DAYS
 HEATING
  YESTERDAY        0                         0      0        0
  MONTH TO DATE    0                         0      0        0
  SINCE JUN 1      0                         0      0        0
  SINCE JUL 1      0                         0      0        0

 COOLING
  YESTERDAY       15                        16     -1       17
  MONTH TO DATE  335                       288     47      303
  SINCE JUN 1   1489                      1339    150     1525
  SINCE JAN 1   4162                      3767    395     4211
..................................................................


WIND (MPH)
  RESULTANT WIND SPEED   4   RESULTANT WIND DIRECTION   E (90)
  HIGHEST WIND SPEED    22   HIGHEST WIND DIRECTION     E (100)
  HIGHEST GUST SPEED    33   HIGHEST GUST DIRECTION    SE (120)
  AVERAGE WIND SPEED     6.1


SKY COVER
  POSSIBLE SUNSHINE  MM
  AVERAGE SKY COVER 0.5


WEATHER CONDITIONS
 THE FOLLOWING WEATHER WAS RECORDED YESTERDAY.
  HEAVY RAIN
  RAIN
  LIGHT RAIN
  FOG


RELATIVE HUMIDITY (PERCENT)
 HIGHEST   100           100 AM
 LOWEST     74           500 PM
 AVERAGE    87

..........................................................


THE GUAM INTERNATIONAL AIRPORT GU CLIMATE NORMALS FOR TODAY
                         NORMAL    RECORD    YEAR
 MAXIMUM TEMPERATURE (F)   87        91      1988
                                             1969
 MINIMUM TEMPERATURE (F)   76        71      1964


SUNRISE AND SUNSET
AUGUST 19 2017........SUNRISE   608 AM CHST  SUNSET   640 PM CHST
AUGUST 20 2017........SUNRISE   609 AM CHST  SUNSET   640 PM CHST


-  INDICATES NEGATIVE NUMBERS.
R  INDICATES RECORD WAS SET OR TIED.
MM INDICATES DATA IS MISSING.
T  INDICATES TRACE AMOUNT.




$$
