000
CDGM40 PGUM 061845
CLIGUM


CLIMATE REPORT
NATIONAL WEATHER SERVICE TIYAN, GUAM
445 AM CHST SUN FEB 7 2016


...................................

...THE GUAM INTERNATIONAL AIRPORT GU CLIMATE SUMMARY FOR FEBRUARY 6 2016...

CLIMATE NORMAL PERIOD 1981 TO 2010
CLIMATE RECORD PERIOD 1945 TO 2016


WEATHER ITEM   OBSERVED TIME   RECORD YEAR NORMAL DEPARTURE LAST
                VALUE   (LST)  VALUE       VALUE  FROM      YEAR
                                                  NORMAL
..................................................................
TEMPERATURE (F)
 YESTERDAY
  MAXIMUM         86    333 PM  90    1984  85      1       89
  MINIMUM         75    534 AM  68    1983  75      0       72
  AVERAGE         81                        80      1       81

PRECIPITATION (IN)
  YESTERDAY        0.02          1.54 2000   0.16  -0.14     0.00
  MONTH TO DATE    0.20                      0.92  -0.72     0.04
  SINCE DEC 1      6.59                     11.86  -5.27    12.47
  SINCE JAN 1      2.82                      5.88  -3.06     8.60

SNOWFALL (IN)
  YESTERDAY        0.0
  MONTH TO DATE    0.0
  SINCE DEC 1      0.0
  SINCE JUL 1      0.0
  SNOW DEPTH       0

DEGREE DAYS
 HEATING
  YESTERDAY        0                         0      0        0
  MONTH TO DATE    0                         0      0        0
  SINCE DEC 1      0                         0      0        0
  SINCE JUL 1      0                         0      0        0

 COOLING
  YESTERDAY       16                        15      1       16
  MONTH TO DATE  101                        90     11       91
  SINCE DEC 1   1166                      1063    103     1186
  SINCE JAN 1    608                       561     47      608
..................................................................


WIND (MPH)
  RESULTANT WIND SPEED  12   RESULTANT WIND DIRECTION   E (90)
  HIGHEST WIND SPEED    23   HIGHEST WIND DIRECTION     E (110)
  HIGHEST GUST SPEED    33   HIGHEST GUST DIRECTION     E (90)
  AVERAGE WIND SPEED    12.5


SKY COVER
  POSSIBLE SUNSHINE  MM
  AVERAGE SKY COVER 0.5


WEATHER CONDITIONS
 THE FOLLOWING WEATHER WAS RECORDED YESTERDAY.
  LIGHT RAIN
  FOG


RELATIVE HUMIDITY (PERCENT)
 HIGHEST    87           600 AM
 LOWEST     65           200 PM
 AVERAGE    76

..........................................................


THE GUAM INTERNATIONAL AIRPORT GU CLIMATE NORMALS FOR TODAY
                         NORMAL    RECORD    YEAR
 MAXIMUM TEMPERATURE (F)   85        89      1989
                                             1986
                                             1985
 MINIMUM TEMPERATURE (F)   75        70      1973
                                             1968


SUNRISE AND SUNSET
FEBRUARY  7 2016......SUNRISE   647 AM CHST  SUNSET   623 PM CHST
FEBRUARY  8 2016......SUNRISE   646 AM CHST  SUNSET   624 PM CHST


-  INDICATES NEGATIVE NUMBERS.
R  INDICATES RECORD WAS SET OR TIED.
MM INDICATES DATA IS MISSING.
T  INDICATES TRACE AMOUNT.




$$
