000
CDGM40 PGUM 231845
CLIGUM


CLIMATE REPORT
NATIONAL WEATHER SERVICE TIYAN, GUAM
445 AM CHST FRI OCT 24 2014


...................................

...THE GUAM INTERNATIONAL AIRPORT GU CLIMATE SUMMARY FOR OCTOBER 23 2014...

CLIMATE NORMAL PERIOD 1981 TO 2010
CLIMATE RECORD PERIOD 1945 TO 2014


WEATHER ITEM   OBSERVED TIME   RECORD YEAR NORMAL DEPARTURE LAST
                VALUE   (LST)  VALUE       VALUE  FROM      YEAR
                                                  NORMAL
..................................................................
TEMPERATURE (F)
 YESTERDAY
  MAXIMUM         88    126 PM  92    1966  87      1       86
  MINIMUM         75    611 PM  73    1972  77     -2       77
                                      1968
                                      1964
  AVERAGE         82                        82      0       82

PRECIPITATION (IN)
  YESTERDAY        2.42          2.85 1961   0.36   2.06     0.02
  MONTH TO DATE   14.91                      9.03   5.88    20.23
  SINCE SEP 1     29.63                     23.20   6.43    52.48
  SINCE JAN 1    105.22                     79.72  25.50    91.70

SNOWFALL (IN)
  YESTERDAY        0.0
  MONTH TO DATE    0.0
  SINCE SEP 1      0.0
  SINCE JUL 1      0.0
  SNOW DEPTH       0

DEGREE DAYS
 HEATING
  YESTERDAY        0                         0      0        0
  MONTH TO DATE    0                         0      0        0
  SINCE SEP 1      0                         0      0        0
  SINCE JUL 1      0                         0      0        0

 COOLING
  YESTERDAY       17                        17      0       17
  MONTH TO DATE  402                       391     11      380
  SINCE SEP 1    933                       884     49      890
  SINCE JAN 1   5233                      4871    362     5403
..................................................................


WIND (MPH)
  RESULTANT WIND SPEED   6   RESULTANT WIND DIRECTION  NE (50)
  HIGHEST WIND SPEED    25   HIGHEST WIND DIRECTION     E (70)
  HIGHEST GUST SPEED    30   HIGHEST GUST DIRECTION     E (70)
  AVERAGE WIND SPEED     6.4


SKY COVER
  POSSIBLE SUNSHINE  MM
  AVERAGE SKY COVER 0.7


WEATHER CONDITIONS
 THE FOLLOWING WEATHER WAS RECORDED YESTERDAY.
  THUNDERSTORM
  HEAVY RAIN
  RAIN
  LIGHT RAIN
  FOG


RELATIVE HUMIDITY (PERCENT)
 HIGHEST   100           600 PM
 LOWEST     68          1100 AM
 AVERAGE    84

..........................................................


THE GUAM INTERNATIONAL AIRPORT GU CLIMATE NORMALS FOR TODAY
                         NORMAL    RECORD    YEAR
 MAXIMUM TEMPERATURE (F)   87        91      1990
                                             1981
                                             1969
 MINIMUM TEMPERATURE (F)   77        71      1991


SUNRISE AND SUNSET
OCTOBER 24 2014.......SUNRISE   613 AM CHST  SUNSET   557 PM CHST
OCTOBER 25 2014.......SUNRISE   613 AM CHST  SUNSET   557 PM CHST


-  INDICATES NEGATIVE NUMBERS.
R  INDICATES RECORD WAS SET OR TIED.
MM INDICATES DATA IS MISSING.
T  INDICATES TRACE AMOUNT.




$$
