000
CDUS44 KAMA 190627
CLIGUY


CLIMATE REPORT
NATIONAL WEATHER SERVICE AMARILLO TX
127 AM CDT FRI SEP 19 2014


...................................

...THE GUYMON CLIMATE SUMMARY FOR SEPTEMBER 18 2014...

CLIMATE NORMAL PERIOD 1981 TO 2010
CLIMATE RECORD PERIOD 1998 TO 2014


WEATHER ITEM   OBSERVED TIME   NORMAL DEPARTURE LAST
                VALUE   (LST)  VALUE  FROM      YEAR
                                      NORMAL
......................................................
TEMPERATURE (F)
 YESTERDAY
  MAXIMUM         87    340 PM  84      3       91
  MINIMUM         60    634 AM  55      5       68
  AVERAGE         74            70      4       80

PRECIPITATION (IN)
  YESTERDAY        0.00          0.06  -0.06     0.00
  MONTH TO DATE    1.70          1.11   0.59     2.10
  SINCE SEP 1      1.70          1.11   0.59     2.10
  SINCE JAN 1     10.14         15.88  -5.74    12.65

SNOWFALL (IN)
  YESTERDAY        0.0                           0.0
  MONTH TO DATE    0.0                           0.0
  SINCE SEP 1      0.0                           0.0
  SINCE JUL 1      0.0                           0.0
  SNOW DEPTH       0

DEGREE DAYS
 HEATING
  YESTERDAY        0             1     -1        0
  MONTH TO DATE   26             8     18        0
  SINCE SEP 1     26             8     18        0
  SINCE JUL 1     30             9     21        0

 COOLING
  YESTERDAY        9             6      3       15
  MONTH TO DATE  141           154    -13      217
  SINCE SEP 1    141           154    -13      217
  SINCE JAN 1   1587          1403    184     1768
......................................................


WIND (MPH)
  RESULTANT WIND SPEED   9   RESULTANT WIND DIRECTION   S (190)
  HIGHEST WIND SPEED    20   HIGHEST WIND DIRECTION     S (170)
  HIGHEST GUST SPEED    27   HIGHEST GUST DIRECTION     S (160)
  AVERAGE WIND SPEED     9.2


SKY COVER
  AVERAGE SKY COVER 0.0


WEATHER CONDITIONS
 THE FOLLOWING WEATHER WAS RECORDED YESTERDAY.
  NO SIGNIFICANT WEATHER WAS OBSERVED.


RELATIVE HUMIDITY (PERCENT)
 HIGHEST    93           300 AM
 LOWEST     35           400 PM
 AVERAGE    64

..........................................................


THE GUYMON CLIMATE NORMALS FOR TODAY
                         NORMAL
 MAXIMUM TEMPERATURE (F)   84
 MINIMUM TEMPERATURE (F)   55


SUNRISE AND SUNSET
SEPTEMBER 19 2014.....SUNRISE   731 AM CDT   SUNSET   747 PM CDT
SEPTEMBER 20 2014.....SUNRISE   732 AM CDT   SUNSET   746 PM CDT


-  INDICATES NEGATIVE NUMBERS.
R  INDICATES RECORD WAS SET OR TIED.
MM INDICATES DATA IS MISSING.
T  INDICATES TRACE AMOUNT.




$$
