000
CDUS44 KAMA 201513
CLIGUY


CLIMATE REPORT
NATIONAL WEATHER SERVICE AMARILLO TX
912 AM CST MON NOV 20 2017


...................................

...THE GUYMON CLIMATE SUMMARY FOR NOVEMBER 20 2017...
VALID AS OF 0900 AM LOCAL TIME.

CLIMATE NORMAL PERIOD 1981 TO 2010
CLIMATE RECORD PERIOD 1998 TO 2017


WEATHER ITEM   OBSERVED TIME   RECORD YEAR NORMAL DEPARTURE LAST
                VALUE   (LST)  VALUE       VALUE  FROM      YEAR
                                                  NORMAL
..................................................................
TEMPERATURE (F)
 TODAY
  MINIMUM         25    746 AM  20    2006  29     -4       30

PRECIPITATION (IN)
  TODAY            0.00          0.84 2004   0.02  -0.02     0.00
  MONTH TO DATE    T                         0.39  -0.39      T
  SINCE SEP 1      6.13                      3.75   2.38     0.66
  SINCE JAN 1     21.69                     18.52   3.17    15.10

SNOWFALL (IN)
  TODAY            0.0          MM      MM  MM     MM        0.0
  MONTH TO DATE    0.0                      MM     MM        0.0
  SINCE SEP 1      0.0                      MM     MM        0.0
  SINCE JUL 1      0.0                      MM     MM        0.0
  SNOW DEPTH       0

..................................................................


WIND (MPH)
  RESULTANT WIND SPEED   9   RESULTANT WIND DIRECTION  SW (210)
  HIGHEST WIND SPEED    14   HIGHEST WIND DIRECTION     S (200)
  HIGHEST GUST SPEED    16   HIGHEST GUST DIRECTION    SW (210)
  AVERAGE WIND SPEED     9.5


SKY COVER
  AVERAGE SKY COVER 0.0


WEATHER CONDITIONS
 THE FOLLOWING WEATHER WAS RECORDED TODAY.
  NO SIGNIFICANT WEATHER WAS OBSERVED.


RELATIVE HUMIDITY (PERCENT)
 HIGHEST    68           700 AM
 LOWEST     47           300 AM
 AVERAGE    58

..........................................................


THE GUYMON CLIMATE NORMALS FOR TOMORROW
                         NORMAL    RECORD    YEAR
 MAXIMUM TEMPERATURE (F)   58        75      2012
                                             2006
 MINIMUM TEMPERATURE (F)   29        19      2007


SUNRISE AND SUNSET
NOVEMBER 20 2017......SUNRISE   729 AM CST   SUNSET   534 PM CST
NOVEMBER 21 2017......SUNRISE   730 AM CST   SUNSET   533 PM CST


-  INDICATES NEGATIVE NUMBERS.
R  INDICATES RECORD WAS SET OR TIED.
MM INDICATES DATA IS MISSING.
T  INDICATES TRACE AMOUNT.




$$
