000
CDUS44 KAMA 272134
CLIGUY


CLIMATE REPORT
NATIONAL WEATHER SERVICE AMARILLO TX
431 PM CDT FRI MAR 27 2015


...................................

...THE GUYMON CLIMATE SUMMARY FOR MARCH 27 2015...
VALID TODAY AS OF 0400 PM LOCAL TIME.

CLIMATE NORMAL PERIOD 1981 TO 2010
CLIMATE RECORD PERIOD 1998 TO 2015


WEATHER ITEM   OBSERVED TIME   RECORD YEAR NORMAL DEPARTURE LAST
                VALUE   (LST)  VALUE       VALUE  FROM      YEAR
                                                  NORMAL
..................................................................
TEMPERATURE (F)
 TODAY
  MAXIMUM         66    259 PM  MM      MM  64      2       69
  MINIMUM         37    722 AM  MM      MM  35      2       41
  AVERAGE         52                        50      2       55

PRECIPITATION (IN)
  TODAY            0.00         MM      MM   0.06  -0.06     0.00
  MONTH TO DATE    1.01                      1.23  -0.22     0.21
  SINCE MAR 1      1.01                      1.23  -0.22     0.21
  SINCE JAN 1      2.96                      2.10   0.86     0.55

SNOWFALL (IN)
  TODAY            0.0          MM      MM  MM     MM        0.0
  MONTH TO DATE    2.0                      MM     MM        1.5
  SINCE MAR 1      2.0                      MM     MM        1.5
  SINCE JUL 1     23.3                      MM     MM       14.2
  SNOW DEPTH       0

DEGREE DAYS
 HEATING
  TODAY           13                        16     -3       10
  MONTH TO DATE  446                       522    -76      570
  SINCE MAR 1    446                       522    -76      570
  SINCE JUL 1   3663                      3989   -326     4136

 COOLING
  TODAY            0                         0      0        0
  MONTH TO DATE    1                         0      1        0
  SINCE MAR 1      1                         0      1        0
  SINCE JAN 1      1                         0      1        0
..................................................................


WIND (MPH)
  RESULTANT WIND SPEED   2   RESULTANT WIND DIRECTION   E (70)
  HIGHEST WIND SPEED    16   HIGHEST WIND DIRECTION    NE (50)
  HIGHEST GUST SPEED    20   HIGHEST GUST DIRECTION     S (200)
  AVERAGE WIND SPEED     5.7


SKY COVER
  AVERAGE SKY COVER 0.2


WEATHER CONDITIONS
 THE FOLLOWING WEATHER WAS RECORDED TODAY.
  NO SIGNIFICANT WEATHER WAS OBSERVED.


RELATIVE HUMIDITY (PERCENT)
 HIGHEST    76           700 AM
 LOWEST     31           300 PM
 AVERAGE    54

..........................................................


THE GUYMON CLIMATE NORMALS FOR TOMORROW
                         NORMAL    RECORD    YEAR
 MAXIMUM TEMPERATURE (F)   65        MM        MM
 MINIMUM TEMPERATURE (F)   35        MM        MM


SUNRISE AND SUNSET
MARCH 27 2015.........SUNRISE   740 AM CDT   SUNSET   804 PM CDT
MARCH 28 2015.........SUNRISE   738 AM CDT   SUNSET   805 PM CDT


-  INDICATES NEGATIVE NUMBERS.
R  INDICATES RECORD WAS SET OR TIED.
MM INDICATES DATA IS MISSING.
T  INDICATES TRACE AMOUNT.




$$
