000
CDUS44 KAMA 281413
CLIGUY


CLIMATE REPORT
NATIONAL WEATHER SERVICE AMARILLO TX
911 AM CDT FRI APR 28 2017


...................................

...THE GUYMON CLIMATE SUMMARY FOR APRIL 28 2017...
VALID AS OF 0900 AM LOCAL TIME.

CLIMATE NORMAL PERIOD 1981 TO 2010
CLIMATE RECORD PERIOD 1998 TO 2017


WEATHER ITEM   OBSERVED TIME   RECORD YEAR NORMAL DEPARTURE LAST
                VALUE   (LST)  VALUE       VALUE  FROM      YEAR
                                                  NORMAL
..................................................................
TEMPERATURE (F)
 TODAY
  MINIMUM         43    613 AM  MM      MM  44     -1       41

PRECIPITATION (IN)
  TODAY            0.00         MM      MM   0.06  -0.06     0.04
  MONTH TO DATE    1.96                      1.41   0.55     3.77
  SINCE MAR 1      3.91                      2.84   1.07     4.03
  SINCE JAN 1      5.93                      3.71   2.22     4.46

SNOWFALL (IN)
  TODAY            0.0          MM      MM  MM     MM        0.0
  MONTH TO DATE    2.0                      MM     MM        0.0
  SINCE MAR 1      2.0                      MM     MM        0.0
  SINCE JUL 1      2.8                      MM     MM        0.0
  SNOW DEPTH       0

..................................................................


WIND (MPH)
  RESULTANT WIND SPEED  10   RESULTANT WIND DIRECTION  NW (310)
  HIGHEST WIND SPEED    17   HIGHEST WIND DIRECTION    NW (320)
  HIGHEST GUST SPEED    22   HIGHEST GUST DIRECTION    NW (310)
  AVERAGE WIND SPEED    10.6


SKY COVER
  AVERAGE SKY COVER 0.2


WEATHER CONDITIONS
 THE FOLLOWING WEATHER WAS RECORDED TODAY.
  NO SIGNIFICANT WEATHER WAS OBSERVED.


RELATIVE HUMIDITY (PERCENT)
 HIGHEST    92           500 AM
 LOWEST     74          1200 AM
 AVERAGE    83

..........................................................


THE GUYMON CLIMATE NORMALS FOR TOMORROW
                         NORMAL    RECORD    YEAR
 MAXIMUM TEMPERATURE (F)   75        MM        MM
 MINIMUM TEMPERATURE (F)   45        MM        MM


SUNRISE AND SUNSET
APRIL 28 2017.........SUNRISE   655 AM CDT   SUNSET   832 PM CDT
APRIL 29 2017.........SUNRISE   654 AM CDT   SUNSET   833 PM CDT


-  INDICATES NEGATIVE NUMBERS.
R  INDICATES RECORD WAS SET OR TIED.
MM INDICATES DATA IS MISSING.
T  INDICATES TRACE AMOUNT.




$$
