000
CDUS42 KFFC 230820
CLIGVL


CLIMATE REPORT
NATIONAL WEATHER SERVICE PEACHTREE CITY GA
419 AM EDT WED APR 23 2014


...................................

...THE GAINESVILLE   CLIMATE SUMMARY FOR APRIL 22 2014...

CLIMATE NORMAL PERIOD 1981 TO 2010
CLIMATE RECORD PERIOD 9999 TO 9999


WEATHER ITEM   OBSERVED TIME   RECORD YEAR NORMAL DEPARTURE LAST
                VALUE   (LST)  VALUE       VALUE  FROM      YEAR
                                                  NORMAL
..................................................................
TEMPERATURE (F)
 YESTERDAY
  MAXIMUM         69    530 PM  MM      MM  73     -4       67
  MINIMUM         55    425 AM  MM      MM  51      4       47
  AVERAGE         62                        62      0       57

PRECIPITATION (IN)
  YESTERDAY        0.10         MM      MM   0.14  -0.04     0.00
  MONTH TO DATE    5.50                      2.57   2.93     3.17
  SINCE MAR 1      8.75                      7.99   0.76     3.88
  SINCE JAN 1     14.74                     17.89  -3.15     3.88

SNOWFALL (IN)
  YESTERDAY       MM            MM      MM  MM     MM       MM
  MONTH TO DATE    0.0                      MM     MM        0.0
  SINCE MAR 1      0.0                      MM     MM        0.0
  SINCE JUL 1      T                        MM     MM        0.0
  SNOW DEPTH      MM

DEGREE DAYS
 HEATING
  YESTERDAY        3                         4     -1        8
  MONTH TO DATE  141                       146     -5      128
  SINCE MAR 1    598                       534     64      154
  SINCE JUL 1   3267                      2998    269      154

 COOLING
  YESTERDAY        0                         1     -1        0
  MONTH TO DATE   12                        20     -8       31
  SINCE MAR 1     12                        25    -13       31
  SINCE JAN 1     12                        25    -13       31
..................................................................


WIND (MPH)
  RESULTANT WIND SPEED   8   RESULTANT WIND DIRECTION   W (260)
  HIGHEST WIND SPEED    16   HIGHEST WIND DIRECTION     W (260)
  HIGHEST GUST SPEED    20   HIGHEST GUST DIRECTION     W (260)
  AVERAGE WIND SPEED     8.3


SKY COVER
  AVERAGE SKY COVER 0.4


WEATHER CONDITIONS
 THE FOLLOWING WEATHER WAS RECORDED YESTERDAY.
  RAIN
  LIGHT RAIN
  FOG


RELATIVE HUMIDITY (PERCENT)
 HIGHEST    97          1000 PM
 LOWEST     56          1200 AM
 AVERAGE    77

..........................................................


THE GAINESVILLE   CLIMATE NORMALS FOR TODAY
                         NORMAL    RECORD    YEAR
 MAXIMUM TEMPERATURE (F)   73        MM        MM
 MINIMUM TEMPERATURE (F)   52        MM        MM


SUNRISE AND SUNSET
APRIL 23 2014.........SUNRISE   655 AM EDT   SUNSET   813 PM EDT
APRIL 24 2014.........SUNRISE   653 AM EDT   SUNSET   814 PM EDT


-  INDICATES NEGATIVE NUMBERS.
R  INDICATES RECORD WAS SET OR TIED.
MM INDICATES DATA IS MISSING.
T  INDICATES TRACE AMOUNT.




$$
