000
CDUS42 KFFC 170819
CLIGVL


CLIMATE REPORT
NATIONAL WEATHER SERVICE PEACHTREE CITY GA
419 AM EDT WED SEP 17 2014


...................................

...THE GAINESVILLE   CLIMATE SUMMARY FOR SEPTEMBER 16 2014...

CLIMATE NORMAL PERIOD 1981 TO 2010
CLIMATE RECORD PERIOD 9999 TO 9999


WEATHER ITEM   OBSERVED TIME   RECORD YEAR NORMAL DEPARTURE LAST
                VALUE   (LST)  VALUE       VALUE  FROM      YEAR
                                                  NORMAL
..................................................................
TEMPERATURE (F)
 YESTERDAY
  MAXIMUM         85    200 PM  MM      MM  81      4       85
  MINIMUM         69   1256 AM  MM      MM  63      6       66
  AVERAGE         77                        72      5       76

PRECIPITATION (IN)
  YESTERDAY        0.25         MM      MM   0.16   0.09     0.00
  MONTH TO DATE    4.12                      2.48   1.64     0.02
  SINCE SEP 1      4.12                      2.48   1.64     0.02
  SINCE JAN 1     32.91                     38.73  -5.82    41.92

DEGREE DAYS
 HEATING
  YESTERDAY        0                         0      0        0
  MONTH TO DATE    0                         0      0        0
  SINCE SEP 1      0                         0      0        0
  SINCE JUL 1      0                         0      0        2

 COOLING
  YESTERDAY       12                         7      5       11
  MONTH TO DATE  193                       147     46      176
  SINCE SEP 1    193                       147     46      176
  SINCE JAN 1   1540                      1473     67     1328
..................................................................


WIND (MPH)
  RESULTANT WIND SPEED   4   RESULTANT WIND DIRECTION  NW (300)
  HIGHEST WIND SPEED    15   HIGHEST WIND DIRECTION    NW (330)
  HIGHEST GUST SPEED    21   HIGHEST GUST DIRECTION     N (360)
  AVERAGE WIND SPEED     5.2


SKY COVER
  AVERAGE SKY COVER 0.5


WEATHER CONDITIONS
 THE FOLLOWING WEATHER WAS RECORDED YESTERDAY.
  HEAVY RAIN
  RAIN
  LIGHT RAIN
  FOG
  HAZE


RELATIVE HUMIDITY (PERCENT)
 HIGHEST   100           600 AM
 LOWEST     55           200 PM
 AVERAGE    78

..........................................................


THE GAINESVILLE   CLIMATE NORMALS FOR TODAY
                         NORMAL    RECORD    YEAR
 MAXIMUM TEMPERATURE (F)   80        MM        MM
 MINIMUM TEMPERATURE (F)   63        MM        MM


SUNRISE AND SUNSET
SEPTEMBER 17 2014.....SUNRISE   720 AM EDT   SUNSET   739 PM EDT
SEPTEMBER 18 2014.....SUNRISE   721 AM EDT   SUNSET   738 PM EDT


-  INDICATES NEGATIVE NUMBERS.
R  INDICATES RECORD WAS SET OR TIED.
MM INDICATES DATA IS MISSING.
T  INDICATES TRACE AMOUNT.




$$
