000
CDUS42 KFFC 300817
CLIGVL


CLIMATE REPORT
NATIONAL WEATHER SERVICE PEACHTREE CITY GA
416 AM EDT SAT JUL 30 2016


...................................

...THE GAINESVILLE   CLIMATE SUMMARY FOR JULY 29 2016...

CLIMATE NORMAL PERIOD 1981 TO 2010
CLIMATE RECORD PERIOD 9999 TO 9999


WEATHER ITEM   OBSERVED TIME   RECORD YEAR NORMAL DEPARTURE LAST
                VALUE   (LST)  VALUE       VALUE  FROM      YEAR
                                                  NORMAL
..................................................................
TEMPERATURE (F)
 YESTERDAY
  MAXIMUM         89    140 PM  MM      MM  88      1       91
  MINIMUM         72    603 AM  MM      MM  70      2       75
  AVERAGE         81                        79      2       83

PRECIPITATION (IN)
  YESTERDAY        0.22         MM      MM   0.15   0.07      T
  MONTH TO DATE    2.03                      4.20  -2.17     4.34
  SINCE JUN 1      5.47                      8.59  -3.12     7.81
  SINCE JAN 1     22.72                     31.51  -8.79    25.13

DEGREE DAYS
 COOLING
  YESTERDAY       16                        14      2       18
  MONTH TO DATE  490                       402     88      444
  SINCE JUN 1    921                       723    198      840
  SINCE JAN 1   1152                       898    254     1093
..................................................................


WIND (MPH)
  RESULTANT WIND SPEED   8   RESULTANT WIND DIRECTION   W (260)
  HIGHEST WIND SPEED    23   HIGHEST WIND DIRECTION     W (270)
  HIGHEST GUST SPEED    30   HIGHEST GUST DIRECTION     W (260)
  AVERAGE WIND SPEED     8.2


SKY COVER
  AVERAGE SKY COVER 0.4


WEATHER CONDITIONS
 THE FOLLOWING WEATHER WAS RECORDED YESTERDAY.
  THUNDERSTORM
  HEAVY RAIN
  LIGHT RAIN
  FOG


RELATIVE HUMIDITY (PERCENT)
 HIGHEST    93          1200 AM
 LOWEST     50           200 PM
 AVERAGE    72

..........................................................


THE GAINESVILLE   CLIMATE NORMALS FOR TODAY
                         NORMAL    RECORD    YEAR
 MAXIMUM TEMPERATURE (F)   88        MM        MM
 MINIMUM TEMPERATURE (F)   70        MM        MM


SUNRISE AND SUNSET
JULY 30 2016..........SUNRISE   645 AM EDT   SUNSET   838 PM EDT
JULY 31 2016..........SUNRISE   646 AM EDT   SUNSET   837 PM EDT


-  INDICATES NEGATIVE NUMBERS.
R  INDICATES RECORD WAS SET OR TIED.
MM INDICATES DATA IS MISSING.
T  INDICATES TRACE AMOUNT.




$$
