000
CDUS44 KJAN 232222
CLIGWO


CLIMATE REPORT
NATIONAL WEATHER SERVICE JACKSON MS
421 PM CST THU NOV 23 2017


...................................

...THE GREENWOOD CLIMATE SUMMARY FOR NOVEMBER 23 2017...
VALID TODAY AS OF 0400 PM LOCAL TIME.

CLIMATE NORMAL PERIOD 1981 TO 2010
CLIMATE RECORD PERIOD 1948 TO 2017


WEATHER ITEM   OBSERVED TIME   RECORD YEAR NORMAL DEPARTURE LAST
                VALUE   (LST)  VALUE       VALUE  FROM      YEAR
                                                  NORMAL
..................................................................
TEMPERATURE (F)
 TODAY
  MAXIMUM         58    244 PM  79    2010  63     -5       68
                                      1973
  MINIMUM         23    628 AM  22    1976  40    -17       49
  AVERAGE         41                        52    -11       59

PRECIPITATION (IN)
  TODAY            0.00          2.70 1986   0.16  -0.16     0.26
  MONTH TO DATE    1.83                      3.26  -1.43     1.04
  SINCE SEP 1      4.96                     10.79  -5.83     3.74
  SINCE JAN 1     40.82                     44.86  -4.04    40.24

SNOWFALL (IN)
  TODAY            0.0

DEGREE DAYS
 HEATING
  TODAY           24                        13     11        6
  MONTH TO DATE  210                       234    -24      169
  SINCE SEP 1    332                       365    -33      197
  SINCE JUL 1    332                       365    -33      197

 COOLING
  TODAY            0                         0      0        0
  MONTH TO DATE   43                        14     29       24
  SINCE SEP 1    506                       414     92      612
  SINCE JAN 1   2341                      2156    185     2559
..................................................................


WIND (MPH)
  HIGHEST WIND SPEED     9   HIGHEST WIND DIRECTION     N (360)
  HIGHEST GUST SPEED    13   HIGHEST GUST DIRECTION     N (360)
  AVERAGE WIND SPEED     2.8


SKY COVER
  POSSIBLE SUNSHINE  MM
  AVERAGE SKY COVER 0.0


WEATHER CONDITIONS
 THE FOLLOWING WEATHER WAS RECORDED TODAY.
  FOG


RELATIVE HUMIDITY (PERCENT)
 HIGHEST    92          1200 AM
 LOWEST     27           100 PM
 AVERAGE    60

..........................................................


THE GREENWOOD CLIMATE NORMALS FOR TOMORROW
                         NORMAL    RECORD    YEAR
 MAXIMUM TEMPERATURE (F)   63        81      2010
 MINIMUM TEMPERATURE (F)   40        20      1970


SUNRISE AND SUNSET
NOVEMBER 23 2017......SUNRISE   639 AM CST   SUNSET   454 PM CST
NOVEMBER 24 2017......SUNRISE   640 AM CST   SUNSET   454 PM CST


-  INDICATES NEGATIVE NUMBERS.
R  INDICATES RECORD WAS SET OR TIED.
MM INDICATES DATA IS MISSING.
T  INDICATES TRACE AMOUNT.




$$
