000
CDUS44 KJAN 210645
CLIGWO


CLIMATE REPORT
NATIONAL WEATHER SERVICE JACKSON MS
140 AM CDT MON APR 21 2014


...................................

...THE GREENWOOD CLIMATE SUMMARY FOR APRIL 20 2014...

CLIMATE NORMAL PERIOD 1981 TO 2010
CLIMATE RECORD PERIOD 1948 TO 2014


WEATHER ITEM   OBSERVED TIME   RECORD YEAR NORMAL DEPARTURE LAST
                VALUE   (LST)  VALUE       VALUE  FROM      YEAR
                                                  NORMAL
..................................................................
TEMPERATURE (F)
 YESTERDAY
  MAXIMUM         81    319 PM  92    1987  76      5       68
  MINIMUM         48    542 AM  37    2013  53     -5       37
  AVERAGE         65                        65      0       53

PRECIPITATION (IN)
  YESTERDAY        0.00          3.46 1995   0.17  -0.17     0.00
  MONTH TO DATE    6.59                      3.45   3.14     5.20
  SINCE MAR 1     10.67                      7.76   2.91    11.02
  SINCE JAN 1     16.95                     16.70   0.25    23.48

SNOWFALL (IN)
  YESTERDAY        0.0

DEGREE DAYS
 HEATING
  YESTERDAY        0                         3     -3       12
  MONTH TO DATE  135                       100     35      115
  SINCE MAR 1    573                       416    157      603
  SINCE JUL 1   3227                      2647    580     2683

 COOLING
  YESTERDAY        0                         3     -3        0
  MONTH TO DATE   30                        42    -12       58
  SINCE MAR 1     34                        63    -29       58
  SINCE JAN 1     34                        68    -34       70
..................................................................


WIND (MPH)
  HIGHEST WIND SPEED    13   HIGHEST WIND DIRECTION    SE (150)
  HIGHEST GUST SPEED    18   HIGHEST GUST DIRECTION    SE (140)
  AVERAGE WIND SPEED     4.4


SKY COVER
  POSSIBLE SUNSHINE  MM
  AVERAGE SKY COVER 0.0


WEATHER CONDITIONS
 THE FOLLOWING WEATHER WAS RECORDED YESTERDAY.
  FOG


RELATIVE HUMIDITY (PERCENT)
 HIGHEST    93           300 AM
 LOWEST     32           400 PM
 AVERAGE    63

..........................................................


THE GREENWOOD CLIMATE NORMALS FOR TODAY
                         NORMAL    RECORD    YEAR
 MAXIMUM TEMPERATURE (F)   77        94      1987
 MINIMUM TEMPERATURE (F)   53        33      1953


SUNRISE AND SUNSET
APRIL 21 2014.........SUNRISE   623 AM CDT   SUNSET   736 PM CDT
APRIL 22 2014.........SUNRISE   622 AM CDT   SUNSET   736 PM CDT


-  INDICATES NEGATIVE NUMBERS.
R  INDICATES RECORD WAS SET OR TIED.
MM INDICATES DATA IS MISSING.
T  INDICATES TRACE AMOUNT.




$$
