000
CDUS44 KJAN 260755
CLIGWO


CLIMATE REPORT
NATIONAL WEATHER SERVICE JACKSON MS
253 AM CDT THU MAY 26 2016


...................................

...THE GREENWOOD CLIMATE SUMMARY FOR MAY 25 2016...

CLIMATE NORMAL PERIOD 1981 TO 2010
CLIMATE RECORD PERIOD 1948 TO 2016


WEATHER ITEM   OBSERVED TIME   RECORD YEAR NORMAL DEPARTURE LAST
                VALUE   (LST)  VALUE       VALUE  FROM      YEAR
                                                  NORMAL
..................................................................
TEMPERATURE (F)
 YESTERDAY
  MAXIMUM         88    329 PM  97    1996  85      3       86
  MINIMUM         66    238 AM  50    1979  63      3       66
  AVERAGE         77                        74      3       76

PRECIPITATION (IN)
  YESTERDAY        0.00          2.90 1981   0.15  -0.15     0.97
  MONTH TO DATE    1.34                      4.08  -2.74     4.79
  SINCE MAR 1     18.19                     13.52   4.67    16.33
  SINCE JAN 1     25.64                     22.46   3.18    25.72

SNOWFALL (IN)
  YESTERDAY        0.0

DEGREE DAYS
 HEATING
  YESTERDAY        0                         0      0        0
  MONTH TO DATE   16                        15      1       14
  SINCE MAR 1    268                       455   -187      348
  SINCE JUL 1   1929                      2686   -757     2869

 COOLING
  YESTERDAY       12                         9      3       11
  MONTH TO DATE  115                       166    -51      194
  SINCE MAR 1    238                       263    -25      305
  SINCE JAN 1    246                       268    -22      305
..................................................................


WIND (MPH)
  HIGHEST WIND SPEED    16   HIGHEST WIND DIRECTION     S (190)
  HIGHEST GUST SPEED    20   HIGHEST GUST DIRECTION     S (170)
  AVERAGE WIND SPEED     9.4


SKY COVER
  POSSIBLE SUNSHINE  MM
  AVERAGE SKY COVER 0.2


WEATHER CONDITIONS
 THE FOLLOWING WEATHER WAS RECORDED YESTERDAY.
  NO SIGNIFICANT WEATHER WAS OBSERVED.


RELATIVE HUMIDITY (PERCENT)
 HIGHEST    81           500 AM
 LOWEST     46           300 PM
 AVERAGE    64

..........................................................


THE GREENWOOD CLIMATE NORMALS FOR TODAY
                         NORMAL    RECORD    YEAR
 MAXIMUM TEMPERATURE (F)   85        96      1953
 MINIMUM TEMPERATURE (F)   64        48      1988


SUNRISE AND SUNSET
MAY 26 2016...........SUNRISE   553 AM CDT   SUNSET   802 PM CDT
MAY 27 2016...........SUNRISE   553 AM CDT   SUNSET   802 PM CDT


-  INDICATES NEGATIVE NUMBERS.
R  INDICATES RECORD WAS SET OR TIED.
MM INDICATES DATA IS MISSING.
T  INDICATES TRACE AMOUNT.




$$
