000
CDUS44 KJAN 232116
CLIGWO


CLIMATE REPORT
NATIONAL WEATHER SERVICE JACKSON MS
415 PM CDT SUN JUL 23 2017


...................................

...THE GREENWOOD CLIMATE SUMMARY FOR JULY 23 2017...
VALID TODAY AS OF 0400 PM LOCAL TIME.

CLIMATE NORMAL PERIOD 1981 TO 2010
CLIMATE RECORD PERIOD 1948 TO 2017


WEATHER ITEM   OBSERVED TIME   RECORD YEAR NORMAL DEPARTURE LAST
                VALUE   (LST)  VALUE       VALUE  FROM      YEAR
                                                  NORMAL
..................................................................
TEMPERATURE (F)
 TODAY
  MAXIMUM         93    259 PM 103    1952  92      1       91
  MINIMUM         72    240 AM  60    2007  71      1       74
                                      1988
  AVERAGE         83                        81      2       83

PRECIPITATION (IN)
  TODAY            0.00          1.25 1951   0.11  -0.11     0.00
  MONTH TO DATE    1.94                      2.79  -0.85     1.56
  SINCE JUN 1      7.67                      7.10   0.57     4.93
  SINCE JAN 1     29.11                     30.43  -1.32    30.72

DEGREE DAYS
 HEATING
  TODAY            0                         0      0        0
  MONTH TO DATE    0                         0      0        0
  SINCE JUN 1      0                         0      0        0
  SINCE JUL 1      0                         0      0        0

 COOLING
  TODAY           18                        16      2       18
  MONTH TO DATE  406                       368     38      429
  SINCE JUN 1    788                       781      7      902
  SINCE JAN 1   1232                      1111    121     1231
..................................................................


WIND (MPH)
  HIGHEST WIND SPEED     9   HIGHEST WIND DIRECTION     S (190)
  HIGHEST GUST SPEED    12   HIGHEST GUST DIRECTION     S (190)
  AVERAGE WIND SPEED     4.8


SKY COVER
  POSSIBLE SUNSHINE  MM
  AVERAGE SKY COVER 0.4


WEATHER CONDITIONS
 THE FOLLOWING WEATHER WAS RECORDED TODAY.
  FOG


RELATIVE HUMIDITY (PERCENT)
 HIGHEST   100           400 AM
 LOWEST     60           200 PM
 AVERAGE    80

..........................................................


THE GREENWOOD CLIMATE NORMALS FOR TOMORROW
                         NORMAL    RECORD    YEAR
 MAXIMUM TEMPERATURE (F)   92       102      1952
 MINIMUM TEMPERATURE (F)   71        59      2000


SUNRISE AND SUNSET
JULY 23 2017..........SUNRISE   607 AM CDT   SUNSET   807 PM CDT
JULY 24 2017..........SUNRISE   607 AM CDT   SUNSET   806 PM CDT


-  INDICATES NEGATIVE NUMBERS.
R  INDICATES RECORD WAS SET OR TIED.
MM INDICATES DATA IS MISSING.
T  INDICATES TRACE AMOUNT.




$$
