000
CDUS44 KJAN 020951
CLIGWO


CLIMATE REPORT
NATIONAL WEATHER SERVICE JACKSON MS
450 AM CDT SUN AUG 2 2015


...................................

...THE GREENWOOD CLIMATE SUMMARY FOR AUGUST 1 2015...

CLIMATE NORMAL PERIOD 1981 TO 2010
CLIMATE RECORD PERIOD 1948 TO 2015


WEATHER ITEM   OBSERVED TIME   RECORD YEAR NORMAL DEPARTURE LAST
                VALUE   (LST)  VALUE       VALUE  FROM      YEAR
                                                  NORMAL
..................................................................
TEMPERATURE (F)
 YESTERDAY
  MAXIMUM         95    342 PM 101    2010  92      3       81
  MINIMUM         64R   439 AM  65    1949  71     -7       68
                                      1948
  AVERAGE         80                        82     -2       75

PRECIPITATION (IN)
  YESTERDAY        0.00          2.39 1975   0.08  -0.08     0.03
  MONTH TO DATE    0.00                      0.08  -0.08     0.03
  SINCE JUN 1      4.37                      7.99  -3.62    14.65
  SINCE JAN 1     32.30                     31.32   0.98    37.77

SNOWFALL (IN)
  YESTERDAY        0.0

DEGREE DAYS
 HEATING
  YESTERDAY        0                         0      0        0
  MONTH TO DATE    0                         0      0        0
  SINCE JUN 1      0                         0      0        0
  SINCE JUL 1      0                         0      0        0

 COOLING
  YESTERDAY       15                        16     -1       10
  MONTH TO DATE   15                        16     -1       10
  SINCE JUN 1   1017                       934     83      806
  SINCE JAN 1   1381                      1264    117     1100
..................................................................


WIND (MPH)
  HIGHEST WIND SPEED    16   HIGHEST WIND DIRECTION    NE (40)
  HIGHEST GUST SPEED    25   HIGHEST GUST DIRECTION    NE (50)
  AVERAGE WIND SPEED     6.2


SKY COVER
  POSSIBLE SUNSHINE  MM
  AVERAGE SKY COVER 0.0


WEATHER CONDITIONS
 THE FOLLOWING WEATHER WAS RECORDED YESTERDAY.
  FOG


RELATIVE HUMIDITY (PERCENT)
 HIGHEST    93           400 AM
 LOWEST     28           100 PM
 AVERAGE    61

..........................................................


THE GREENWOOD CLIMATE NORMALS FOR TODAY
                         NORMAL    RECORD    YEAR
 MAXIMUM TEMPERATURE (F)   92       103      2010
 MINIMUM TEMPERATURE (F)   71        62      1973


SUNRISE AND SUNSET
AUGUST  2 2015........SUNRISE   613 AM CDT   SUNSET   759 PM CDT
AUGUST  3 2015........SUNRISE   614 AM CDT   SUNSET   759 PM CDT


-  INDICATES NEGATIVE NUMBERS.
R  INDICATES RECORD WAS SET OR TIED.
MM INDICATES DATA IS MISSING.
T  INDICATES TRACE AMOUNT.




$$
