000
CDUS44 KJAN 170759
CLIGWO


CLIMATE REPORT
NATIONAL WEATHER SERVICE JACKSON MS
155 AM CST SAT FEB 17 2018


...................................

...THE GREENWOOD CLIMATE SUMMARY FOR FEBRUARY 16 2018...

CLIMATE NORMAL PERIOD 1981 TO 2010
CLIMATE RECORD PERIOD 1948 TO 2018


WEATHER ITEM   OBSERVED TIME   RECORD YEAR NORMAL DEPARTURE LAST
                VALUE   (LST)  VALUE       VALUE  FROM      YEAR
                                                  NORMAL
..................................................................
TEMPERATURE (F)
 YESTERDAY
  MAXIMUM         67   1104 AM  80    1961  59      8       62
  MINIMUM         48   1159 PM  17    1977  37     11       29
  AVERAGE         58                        48     10       46

PRECIPITATION (IN)
  YESTERDAY        0.01          1.73 1995   0.17  -0.16     0.00
  MONTH TO DATE    5.57                      2.53   3.04     2.15
  SINCE DEC 1     13.66                     12.70   0.96    11.07
  SINCE JAN 1      8.38                      7.05   1.33     6.38

SNOWFALL (IN)
  YESTERDAY        0.0

DEGREE DAYS
 HEATING
  YESTERDAY        7                        17    -10       19
  MONTH TO DATE  241                       306    -65      177
  SINCE DEC 1   1592                      1577     15     1117
  SINCE JUL 1   2006                      2045    -39     1409

 COOLING
  YESTERDAY        0                         0      0        0
  MONTH TO DATE    8                         0      8        9
  SINCE DEC 1     13                         7      6       32
  SINCE JAN 1      8                         2      6       19
..................................................................


WIND (MPH)
  HIGHEST WIND SPEED    21   HIGHEST WIND DIRECTION     N (20)
  HIGHEST GUST SPEED    26   HIGHEST GUST DIRECTION     N (350)
  AVERAGE WIND SPEED    11.4


SKY COVER
  POSSIBLE SUNSHINE  MM
  AVERAGE SKY COVER 0.8


WEATHER CONDITIONS
 THE FOLLOWING WEATHER WAS RECORDED YESTERDAY.
  RAIN
  LIGHT RAIN
  FOG


RELATIVE HUMIDITY (PERCENT)
 HIGHEST    93           500 AM
 LOWEST     71           700 PM
 AVERAGE    82

..........................................................


THE GREENWOOD CLIMATE NORMALS FOR TODAY
                         NORMAL    RECORD    YEAR
 MAXIMUM TEMPERATURE (F)   59        77      1986
 MINIMUM TEMPERATURE (F)   37        18      1958


SUNRISE AND SUNSET
FEBRUARY 17 2018......SUNRISE   642 AM CST   SUNSET   547 PM CST
FEBRUARY 18 2018......SUNRISE   641 AM CST   SUNSET   548 PM CST


-  INDICATES NEGATIVE NUMBERS.
R  INDICATES RECORD WAS SET OR TIED.
MM INDICATES DATA IS MISSING.
T  INDICATES TRACE AMOUNT.




$$
