000
CDUS44 KJAN 290738
CLIGWO


CLIMATE REPORT
NATIONAL WEATHER SERVICE JACKSON MS
234 AM CDT WED MAR 29 2017


...................................

...THE GREENWOOD CLIMATE SUMMARY FOR MARCH 28 2017...

CLIMATE NORMAL PERIOD 1981 TO 2010
CLIMATE RECORD PERIOD 1948 TO 2017


WEATHER ITEM   OBSERVED TIME   RECORD YEAR NORMAL DEPARTURE LAST
                VALUE   (LST)  VALUE       VALUE  FROM      YEAR
                                                  NORMAL
..................................................................
TEMPERATURE (F)
 YESTERDAY
  MAXIMUM         83    426 PM  84    1989  71     12       68
  MINIMUM         66    530 AM  32    2013  47     19       45
  AVERAGE         75                        59     16       57

PRECIPITATION (IN)
  YESTERDAY        0.00          2.52 1951   0.14  -0.14     0.00
  MONTH TO DATE    3.54                      3.85  -0.31     7.19
  SINCE MAR 1      3.54                      3.85  -0.31     7.19
  SINCE JAN 1     11.82                     12.79  -0.97    14.64

SNOWFALL (IN)
  YESTERDAY        0.0

DEGREE DAYS
 HEATING
  YESTERDAY        0                         7     -7        8
  MONTH TO DATE  226                       295    -69      186
  SINCE MAR 1    226                       295    -69      186
  SINCE JUL 1   1709                      2526   -817     1847

 COOLING
  YESTERDAY       10                         1      9        0
  MONTH TO DATE   53                        22     31       28
  SINCE MAR 1     53                        22     31       28
  SINCE JAN 1     87                        27     60       36
..................................................................


WIND (MPH)
  HIGHEST WIND SPEED    12   HIGHEST WIND DIRECTION     S (200)
  HIGHEST GUST SPEED    13   HIGHEST GUST DIRECTION     S (200)
  AVERAGE WIND SPEED     4.1


SKY COVER
  POSSIBLE SUNSHINE  MM
  AVERAGE SKY COVER 0.6


WEATHER CONDITIONS
 THE FOLLOWING WEATHER WAS RECORDED YESTERDAY.
  NO SIGNIFICANT WEATHER WAS OBSERVED.


RELATIVE HUMIDITY (PERCENT)
 HIGHEST    93           300 AM
 LOWEST     51           400 PM
 AVERAGE    72

..........................................................


THE GREENWOOD CLIMATE NORMALS FOR TODAY
                         NORMAL    RECORD    YEAR
 MAXIMUM TEMPERATURE (F)   71        87      2007
 MINIMUM TEMPERATURE (F)   47        31      1955


SUNRISE AND SUNSET
MARCH 29 2017.........SUNRISE   652 AM CDT   SUNSET   719 PM CDT
MARCH 30 2017.........SUNRISE   650 AM CDT   SUNSET   720 PM CDT


-  INDICATES NEGATIVE NUMBERS.
R  INDICATES RECORD WAS SET OR TIED.
MM INDICATES DATA IS MISSING.
T  INDICATES TRACE AMOUNT.




$$
