000
CDUS44 KJAN 250748
CLIGWO


CLIMATE REPORT
NATIONAL WEATHER SERVICE JACKSON MS
145 AM CST THU DEC 25 2014


...................................

...THE GREENWOOD CLIMATE SUMMARY FOR DECEMBER 24 2014...

CLIMATE NORMAL PERIOD 1981 TO 2010
CLIMATE RECORD PERIOD 1948 TO 2014


WEATHER ITEM   OBSERVED TIME   RECORD YEAR NORMAL DEPARTURE LAST
                VALUE   (LST)  VALUE       VALUE  FROM      YEAR
                                                  NORMAL
..................................................................
TEMPERATURE (F)
 YESTERDAY
  MAXIMUM         48    137 PM  80    1955  54     -6       44
  MINIMUM         41   1139 PM   5    1989  34      7       22
  AVERAGE         45                        44      1       33

PRECIPITATION (IN)
  YESTERDAY        0.01          3.65 1973   0.18  -0.17     0.00
  MONTH TO DATE    3.95                      4.53  -0.58     4.40
  SINCE DEC 1      3.95                      4.53  -0.58     4.40
  SINCE JAN 1     54.55                     50.65   3.90    58.10

SNOWFALL (IN)
  YESTERDAY        0.0

DEGREE DAYS
 HEATING
  YESTERDAY       20                        21     -1       32
  MONTH TO DATE  373                       450    -77      474
  SINCE DEC 1    373                       450    -77      474
  SINCE JUL 1    961                       918     43     1041

 COOLING
  YESTERDAY        0                         0      0        0
  MONTH TO DATE    1                         0      1       11
  SINCE DEC 1      1                         0      1       11
  SINCE JAN 1   2044                      2159   -115     2109
..................................................................


WIND (MPH)
  HIGHEST WIND SPEED    14   HIGHEST WIND DIRECTION     W (250)
  HIGHEST GUST SPEED    20   HIGHEST GUST DIRECTION     W (270)
  AVERAGE WIND SPEED     6.4


SKY COVER
  POSSIBLE SUNSHINE  MM
  AVERAGE SKY COVER 0.8


WEATHER CONDITIONS
 THE FOLLOWING WEATHER WAS RECORDED YESTERDAY.
  LIGHT RAIN


RELATIVE HUMIDITY (PERCENT)
 HIGHEST    92           700 AM
 LOWEST     65           300 PM
 AVERAGE    79

..........................................................


THE GREENWOOD CLIMATE NORMALS FOR TODAY
                         NORMAL    RECORD    YEAR
 MAXIMUM TEMPERATURE (F)   54        79      1982
 MINIMUM TEMPERATURE (F)   34         5      1983


SUNRISE AND SUNSET
DECEMBER 25 2014......SUNRISE   702 AM CST   SUNSET   459 PM CST
DECEMBER 26 2014......SUNRISE   703 AM CST   SUNSET   459 PM CST


-  INDICATES NEGATIVE NUMBERS.
R  INDICATES RECORD WAS SET OR TIED.
MM INDICATES DATA IS MISSING.
T  INDICATES TRACE AMOUNT.




$$
