000
CDUS41 KGYX 260934
CLIGYX


CLIMATE REPORT
NATIONAL WEATHER SERVICE GRAY ME
434 AM EST THU FEB 26 2015


...................................

...THE GRAY ME CLIMATE SUMMARY FOR FEBRUARY 25 2015...

CLIMATE NORMAL PERIOD 1981 TO 2010
CLIMATE RECORD PERIOD 1995 TO 2015


WEATHER ITEM   OBSERVED TIME   RECORD YEAR NORMAL DEPARTURE LAST
                VALUE   (LST)  VALUE       VALUE  FROM      YEAR
                                                  NORMAL
..................................................................
TEMPERATURE (F)
 YESTERDAY
  MAXIMUM         33        MM  MM      MM  36     -3       21
  MINIMUM         11        MM  MM      MM  19     -8        8
  AVERAGE         22                        28     -6       15

PRECIPITATION (IN)
  YESTERDAY        T            MM      MM   0.13  -0.13     0.00
  MONTH TO DATE    2.04                      2.91  -0.87     3.49
  SINCE DEC 1     12.17                     10.50   1.67    10.67
  SINCE JAN 1      5.97                      6.44  -0.47     6.99

SNOWFALL (IN)
  YESTERDAY        0.2          MM      MM   0.6   -0.4      0.0
  MONTH TO DATE   31.8                      14.5   17.3     33.2
  SINCE DEC 1     84.1                      54.0   30.1     73.0
  SINCE JUL 1     99.1                      57.1   42.0     74.1
  SNOW DEPTH      26

DEGREE DAYS
 HEATING
  YESTERDAY       43                        37      6       50
  MONTH TO DATE 1330                      1018    312     1065
  SINCE DEC 1   3879                      3551    328     3786
  SINCE JUL 1   5329                      5048    281     5257

 COOLING
  YESTERDAY        0                         0      0        0
  MONTH TO DATE    0                         0      0        0
  SINCE DEC 1      0                         0      0        0
  SINCE JAN 1      0                         0      0        0
..................................................................







THE GRAY ME CLIMATE NORMALS FOR TODAY
                         NORMAL
 MAXIMUM TEMPERATURE (F)   37
 MINIMUM TEMPERATURE (F)   19


SUNRISE AND SUNSET
FEBRUARY 26 2015......SUNRISE   623 AM EST   SUNSET   525 PM EST
FEBRUARY 27 2015......SUNRISE   622 AM EST   SUNSET   527 PM EST


-  INDICATES NEGATIVE NUMBERS.
R  INDICATES RECORD WAS SET OR TIED.
MM INDICATES DATA IS MISSING.
T  INDICATES TRACE AMOUNT.




$$
