000
CDUS41 KGYX 270803
CLIGYX


CLIMATE REPORT
NATIONAL WEATHER SERVICE GRAY ME
403 AM EDT WED AUG 27 2014


...................................

...THE GRAY ME CLIMATE SUMMARY FOR AUGUST 26 2014...

CLIMATE NORMAL PERIOD 1981 TO 2010
CLIMATE RECORD PERIOD 1995 TO 2014


WEATHER ITEM   OBSERVED NORMAL DEPARTURE LAST
                VALUE   VALUE  FROM      YEAR
                               NORMAL
...............................................
TEMPERATURE (F)
 YESTERDAY
  MAXIMUM         83     77      6       80
  MINIMUM         60     58      2       60
  AVERAGE         72     67      5       70

PRECIPITATION (IN)
  YESTERDAY        0.00   0.13  -0.13     0.17
  MONTH TO DATE    6.73   2.99   3.74     3.06
  SINCE JUN 1     16.71  11.59   5.12    12.84
  SINCE JAN 1     35.06  30.88   4.18    27.13

SNOWFALL (IN)
  YESTERDAY        0.0    0.0    0.0      0.0
  MONTH TO DATE    0.0    0.0    0.0      0.0
  SINCE JUN 1      0.0    0.0    0.0      0.0
  SINCE JUL 1      0.0    0.0    0.0      0.0
  SNOW DEPTH       0

DEGREE DAYS
 HEATING
  YESTERDAY        0      1     -1        0
  MONTH TO DATE   11     14     -3        1
  SINCE JUN 1     85    122    -37       81
  SINCE JUL 1     11     28    -17       10

 COOLING
  YESTERDAY        7      3      4        5
  MONTH TO DATE   68    119    -51       87
  SINCE JUN 1    295    334    -39      400
  SINCE JAN 1    296    345    -49      417
...............................................





WEATHER CONDITIONS
 THE FOLLOWING WEATHER WAS RECORDED YESTERDAY.
  NO SIGNIFICANT WEATHER WAS OBSERVED.


..........................................................


THE GRAY ME CLIMATE NORMALS FOR TODAY
                         NORMAL
 MAXIMUM TEMPERATURE (F)   77
 MINIMUM TEMPERATURE (F)   57


SUNRISE AND SUNSET
AUGUST 27 2014........SUNRISE   559 AM EDT   SUNSET   726 PM EDT
AUGUST 28 2014........SUNRISE   600 AM EDT   SUNSET   724 PM EDT


-  INDICATES NEGATIVE NUMBERS.
R  INDICATES RECORD WAS SET OR TIED.
MM INDICATES DATA IS MISSING.
T  INDICATES TRACE AMOUNT.




$$
