000
CDUS41 KGYX 190814
CLIGYX


CLIMATE REPORT
NATIONAL WEATHER SERVICE GRAY ME
414 AM EDT TUE SEP 19 2017


...................................

...THE GRAY ME CLIMATE SUMMARY FOR SEPTEMBER 18 2017...

CLIMATE NORMAL PERIOD 1981 TO 2010
CLIMATE RECORD PERIOD 1995 TO 2017


WEATHER ITEM   OBSERVED TIME   RECORD YEAR NORMAL DEPARTURE LAST
                VALUE   (LST)  VALUE       VALUE  FROM      YEAR
                                                  NORMAL
..................................................................
TEMPERATURE (F)
 YESTERDAY
  MAXIMUM         67        MM  MM      MM  69     -2       77
  MINIMUM         59        MM  MM      MM  50      9       62
  AVERAGE         63                        59      4       70

PRECIPITATION (IN)
  YESTERDAY        0.01         MM      MM   0.15  -0.14     0.16
  MONTH TO DATE    2.54                      2.40   0.14     0.51
  SINCE SEP 1      2.54                      2.40   0.14     0.51
  SINCE JAN 1     30.47                     33.88  -3.41    29.68

SNOWFALL (IN)
  YESTERDAY        0.0          MM      MM   0.0    0.0      0.0
  MONTH TO DATE    0.0                       0.0    0.0      0.0
  SINCE SEP 1      0.0                       0.0    0.0      0.0
  SINCE JUL 1      0.0                       0.0    0.0      0.0
  SNOW DEPTH       0

DEGREE DAYS
 HEATING
  YESTERDAY        2                         6     -4        0
  MONTH TO DATE   35                        66    -31       17
  SINCE SEP 1     35                        66    -31       17
  SINCE JUL 1     66                       102    -36       36

 COOLING
  YESTERDAY        0                         0      0        5
  MONTH TO DATE   32                        25      7       59
  SINCE SEP 1     32                        25      7       59
  SINCE JAN 1    470                       384     86      586
..................................................................







THE GRAY ME CLIMATE NORMALS FOR TODAY
                         NORMAL
 MAXIMUM TEMPERATURE (F)   69
 MINIMUM TEMPERATURE (F)   49


SUNRISE AND SUNSET
SEPTEMBER 19 2017.....SUNRISE   625 AM EDT   SUNSET   644 PM EDT
SEPTEMBER 20 2017.....SUNRISE   626 AM EDT   SUNSET   642 PM EDT


-  INDICATES NEGATIVE NUMBERS.
R  INDICATES RECORD WAS SET OR TIED.
MM INDICATES DATA IS MISSING.
T  INDICATES TRACE AMOUNT.




$$
