000
CDUS41 KGYX 200934
CLIGYX


CLIMATE REPORT
NATIONAL WEATHER SERVICE GRAY ME
434 AM EST MON NOV 20 2017


...................................

...THE GRAY ME CLIMATE SUMMARY FOR NOVEMBER 19 2017...

CLIMATE NORMAL PERIOD 1981 TO 2010
CLIMATE RECORD PERIOD 1995 TO 2017


WEATHER ITEM   OBSERVED TIME   RECORD YEAR NORMAL DEPARTURE LAST
                VALUE   (LST)  VALUE       VALUE  FROM      YEAR
                                                  NORMAL
..................................................................
TEMPERATURE (F)
 YESTERDAY
  MAXIMUM         55        MM  MM      MM  44     11       57
  MINIMUM         30        MM  MM      MM  30      0       39
  AVERAGE         43                        37      6       48

PRECIPITATION (IN)
  YESTERDAY        0.40         MM      MM   0.18   0.22     0.02
  MONTH TO DATE    1.91                      3.46  -1.55     2.39
  SINCE SEP 1     10.14                     12.79  -2.65    11.27
  SINCE JAN 1     38.07                     44.27  -6.20    40.44

SNOWFALL (IN)
  YESTERDAY        0.0          MM      MM   0.1   -0.1      0.0
  MONTH TO DATE    1.2                       1.1    0.1       T
  SINCE SEP 1      1.2                       1.2    0.0       T
  SINCE JUL 1      1.2                       1.2    0.0       T
  SNOW DEPTH       0

DEGREE DAYS
 HEATING
  YESTERDAY       22                        28     -6       17
  MONTH TO DATE  469                       464      5      395
  SINCE SEP 1    789                      1128   -339      918
  SINCE JUL 1    820                      1164   -344      937

 COOLING
  YESTERDAY        0                         0      0        0
  MONTH TO DATE    0                         0      0        0
  SINCE SEP 1     93                        30     63       80
  SINCE JAN 1    531                       389    142      607
..................................................................







THE GRAY ME CLIMATE NORMALS FOR TODAY
                         NORMAL
 MAXIMUM TEMPERATURE (F)   44
 MINIMUM TEMPERATURE (F)   30


SUNRISE AND SUNSET
NOVEMBER 20 2017......SUNRISE   642 AM EST   SUNSET   411 PM EST
NOVEMBER 21 2017......SUNRISE   644 AM EST   SUNSET   410 PM EST


-  INDICATES NEGATIVE NUMBERS.
R  INDICATES RECORD WAS SET OR TIED.
MM INDICATES DATA IS MISSING.
T  INDICATES TRACE AMOUNT.




$$
