747
CDUS41 KGYX 240802
CLIGYX


CLIMATE REPORT
NATIONAL WEATHER SERVICE GRAY ME
401 AM EDT MON APR 24 2017


...................................

...THE GRAY ME CLIMATE SUMMARY FOR APRIL 23 2017...

CLIMATE NORMAL PERIOD 1981 TO 2010
CLIMATE RECORD PERIOD 1995 TO 2017


WEATHER ITEM   OBSERVED TIME   RECORD YEAR NORMAL DEPARTURE LAST
                VALUE   (LST)  VALUE       VALUE  FROM      YEAR
                                                  NORMAL
..................................................................
TEMPERATURE (F)
 YESTERDAY
  MAXIMUM         63        MM  MM      MM  57      6       60
  MINIMUM         35        MM  MM      MM  38     -3       37
  AVERAGE         49                        47      2       49

PRECIPITATION (IN)
  YESTERDAY        0.00         MM      MM   0.14  -0.14      T
  MONTH TO DATE    3.42                      3.36   0.06     2.21
  SINCE MAR 1      6.24                      7.53  -1.29     6.75
  SINCE JAN 1     12.92                     14.37  -1.45    15.01

SNOWFALL (IN)
  YESTERDAY       MM            MM      MM   0.1   MM        0.0
  MONTH TO DATE   11.0                       4.5    6.5      1.0
  SINCE MAR 1     34.1                      24.4    9.7     10.3
  SINCE JUL 1    123.9                      83.5   40.4     47.6
  SNOW DEPTH       0

DEGREE DAYS
 HEATING
  YESTERDAY       16                        18     -2       16
  MONTH TO DATE  457                       510    -53      514
  SINCE MAR 1   1620                      1503    117     1406
  SINCE JUL 1   6314                      6661   -347     5926

 COOLING
  YESTERDAY        0                         0      0        0
  MONTH TO DATE    2                         0      2        0
  SINCE MAR 1      2                         0      2        0
  SINCE JAN 1      2                         0      2        0
..................................................................







THE GRAY ME CLIMATE NORMALS FOR TODAY
                         NORMAL
 MAXIMUM TEMPERATURE (F)   57
 MINIMUM TEMPERATURE (F)   38


SUNRISE AND SUNSET
APRIL 24 2017.........SUNRISE   543 AM EDT   SUNSET   736 PM EDT
APRIL 25 2017.........SUNRISE   541 AM EDT   SUNSET   737 PM EDT


-  INDICATES NEGATIVE NUMBERS.
R  INDICATES RECORD WAS SET OR TIED.
MM INDICATES DATA IS MISSING.
T  INDICATES TRACE AMOUNT.




$$
