000
CDUS41 KGYX 160816
CLIGYX


CLIMATE REPORT
NATIONAL WEATHER SERVICE GRAY ME
416 AM EDT WED APR 16 2014


...................................

...THE GRAY ME CLIMATE SUMMARY FOR APRIL 15 2014...

CLIMATE NORMAL PERIOD 1981 TO 2010
CLIMATE RECORD PERIOD 1995 TO 2014


WEATHER ITEM   OBSERVED NORMAL DEPARTURE LAST
                VALUE   VALUE  FROM      YEAR
                               NORMAL
...............................................
TEMPERATURE (F)
 YESTERDAY
  MAXIMUM         59     53      6       53
  MINIMUM         36     35      1       34
  AVERAGE         48     44      4       44

PRECIPITATION (IN)
  YESTERDAY        0.32   0.15   0.17     0.00
  MONTH TO DATE    2.14   2.24  -0.10     1.48
  SINCE MAR 1      6.02   6.41  -0.39     3.58
  SINCE JAN 1     13.01  13.25  -0.24     8.88

SNOWFALL (IN)
  YESTERDAY        0.0    0.2   -0.2      0.0
  MONTH TO DATE    T      3.5   -3.5      0.6
  SINCE MAR 1      7.7   23.4  -15.7     13.1
  SINCE JUL 1     81.8   82.5   -0.7     92.9
  SNOW DEPTH       0

DEGREE DAYS
 HEATING
  YESTERDAY       17     21     -4       21
  MONTH TO DATE  328    358    -30      372
  SINCE MAR 1   1554   1351    203     1327
  SINCE JUL 1   6964   6509    455     6248

 COOLING
  YESTERDAY        0      0      0        0
  MONTH TO DATE    0      0      0        0
  SINCE MAR 1      0      0      0        0
  SINCE JAN 1      0      0      0        0
...............................................





WEATHER CONDITIONS
 THE FOLLOWING WEATHER WAS RECORDED YESTERDAY.
  LIGHT RAIN


..........................................................


THE GRAY ME CLIMATE NORMALS FOR TODAY
                         NORMAL
 MAXIMUM TEMPERATURE (F)   54
 MINIMUM TEMPERATURE (F)   35


SUNRISE AND SUNSET
APRIL 16 2014.........SUNRISE   556 AM EDT   SUNSET   726 PM EDT
APRIL 17 2014.........SUNRISE   555 AM EDT   SUNSET   727 PM EDT


-  INDICATES NEGATIVE NUMBERS.
R  INDICATES RECORD WAS SET OR TIED.
MM INDICATES DATA IS MISSING.
T  INDICATES TRACE AMOUNT.




$$
