000
CDUS41 KGYX 020801
CLIGYX


CLIMATE REPORT
NATIONAL WEATHER SERVICE GRAY ME
401 AM EDT THU JUL 2 2015


...................................

...THE GRAY ME CLIMATE SUMMARY FOR JULY 1 2015...

CLIMATE NORMAL PERIOD 1981 TO 2010
CLIMATE RECORD PERIOD 1995 TO 2015


WEATHER ITEM   OBSERVED TIME   RECORD YEAR NORMAL DEPARTURE LAST
                VALUE   (LST)  VALUE       VALUE  FROM      YEAR
                                                  NORMAL
..................................................................
TEMPERATURE (F)
 YESTERDAY
  MAXIMUM         64        MM  MM      MM  78    -14       85
  MINIMUM         58        MM  MM      MM  59     -1       67
  AVERAGE         61                        68     -7       76

PRECIPITATION (IN)
  YESTERDAY        0.37         MM      MM   0.15   0.22     0.00
  MONTH TO DATE    0.37                      0.15   0.22     0.00
  SINCE JUN 1      6.44                      4.45   1.99     3.00
  SINCE JAN 1     19.49                     23.74  -4.25    21.35

SNOWFALL (IN)
  YESTERDAY        0.0          MM      MM   0.0    0.0      0.0
  MONTH TO DATE    0.0                       0.0    0.0      0.0
  SINCE JUN 1      0.0                       0.0    0.0      0.0
  SINCE JUL 1      0.0                       0.0    0.0      0.0
  SNOW DEPTH       0

DEGREE DAYS
 HEATING
  YESTERDAY        4                         1      3        0
  MONTH TO DATE    4                         1      3        0
  SINCE JUN 1    161                        95     66       74
  SINCE JUL 1      4                         1      3        0

 COOLING
  YESTERDAY        0                         4     -4       11
  MONTH TO DATE    0                         4     -4       11
  SINCE JUN 1     35                        69    -34       76
  SINCE JAN 1     75                        80     -5       77
..................................................................







THE GRAY ME CLIMATE NORMALS FOR TODAY
                         NORMAL
 MAXIMUM TEMPERATURE (F)   78
 MINIMUM TEMPERATURE (F)   59


SUNRISE AND SUNSET
JULY  2 2015..........SUNRISE   503 AM EDT   SUNSET   827 PM EDT
JULY  3 2015..........SUNRISE   503 AM EDT   SUNSET   827 PM EDT


-  INDICATES NEGATIVE NUMBERS.
R  INDICATES RECORD WAS SET OR TIED.
MM INDICATES DATA IS MISSING.
T  INDICATES TRACE AMOUNT.




$$
