000
CDUS41 KGYX 070904
CLIGYX


CLIMATE REPORT
NATIONAL WEATHER SERVICE GRAY ME
403 AM EST SUN FEB 7 2016


...................................

...THE GRAY ME CLIMATE SUMMARY FOR FEBRUARY 6 2016...

CLIMATE NORMAL PERIOD 1981 TO 2010
CLIMATE RECORD PERIOD 1995 TO 2016


WEATHER ITEM   OBSERVED TIME   RECORD YEAR NORMAL DEPARTURE LAST
                VALUE   (LST)  VALUE       VALUE  FROM      YEAR
                                                  NORMAL
..................................................................
TEMPERATURE (F)
 YESTERDAY
  MAXIMUM         36        MM  MM      MM  31      5       16
  MINIMUM         16        MM  MM      MM  14      2       -3
  AVERAGE         26                        22      4        7

PRECIPITATION (IN)
  YESTERDAY        0.00         MM      MM   0.11  -0.11     0.00
  MONTH TO DATE    1.44                      0.63   0.81     0.92
  SINCE DEC 1      9.73                      8.22   1.51    11.05
  SINCE JAN 1      5.17                      4.16   1.01     4.85

SNOWFALL (IN)
  YESTERDAY        0.0          MM      MM   0.5   -0.5      0.0
  MONTH TO DATE    6.6                       3.3    3.3     11.8
  SINCE DEC 1     27.7                      42.8  -15.1     64.1
  SINCE JUL 1     27.9                      45.9  -18.0     79.1
  SNOW DEPTH       7

DEGREE DAYS
 HEATING
  YESTERDAY       39                        43     -4       58
  MONTH TO DATE  172                       259    -87      329
  SINCE DEC 1   2299                      2792   -493     2878
  SINCE JUL 1   3598                      4289   -691     4328

 COOLING
  YESTERDAY        0                         0      0        0
  MONTH TO DATE    0                         0      0        0
  SINCE DEC 1      0                         0      0        0
  SINCE JAN 1      0                         0      0        0
..................................................................







THE GRAY ME CLIMATE NORMALS FOR TODAY
                         NORMAL
 MAXIMUM TEMPERATURE (F)   31
 MINIMUM TEMPERATURE (F)   14


SUNRISE AND SUNSET
FEBRUARY  7 2016......SUNRISE   652 AM EST   SUNSET   459 PM EST
FEBRUARY  8 2016......SUNRISE   650 AM EST   SUNSET   501 PM EST


-  INDICATES NEGATIVE NUMBERS.
R  INDICATES RECORD WAS SET OR TIED.
MM INDICATES DATA IS MISSING.
T  INDICATES TRACE AMOUNT.




$$
