000
CDUS44 KJAN 280712
CLIHBG


CLIMATE REPORT
NATIONAL WEATHER SERVICE JACKSON MS
109 AM CST SAT FEB 28 2015


...................................

...THE HATTIESBURG CLIMATE SUMMARY FOR FEBRUARY 27 2015...

CLIMATE NORMAL PERIOD 1981 TO 2010
CLIMATE RECORD PERIOD 1948 TO 2015


WEATHER ITEM   OBSERVED TIME   RECORD YEAR NORMAL DEPARTURE LAST
                VALUE   (LST)  VALUE       VALUE  FROM      YEAR
                                                  NORMAL
..................................................................
TEMPERATURE (F)
 YESTERDAY
  MAXIMUM         51    514 PM  84    2011  67    -16       55
                                      1951
  MINIMUM         32    233 AM  22    1974  43    -11       28
  AVERAGE         42                        55    -13       42

PRECIPITATION (IN)
  YESTERDAY        0.00          2.47 1984   0.19  -0.19     0.00
  MONTH TO DATE    2.48                      5.19  -2.71     7.23
  SINCE DEC 1     14.03                     15.84  -1.81    13.82
  SINCE JAN 1      7.83                     10.93  -3.10     9.90

SNOWFALL (IN)
  YESTERDAY        0.0

DEGREE DAYS
 HEATING
  YESTERDAY       23                        10     13       23
  MONTH TO DATE  474                       368    106      370
  SINCE DEC 1   1348                      1339      9     1537
  SINCE JUL 1   1764                      1667     97     1904

 COOLING
  YESTERDAY        0                         1     -1        0
  MONTH TO DATE    0                         2     -2       17
  SINCE DEC 1     13                        21     -8       51
  SINCE JAN 1      6                         8     -2       17
..................................................................


WIND (MPH)
  HIGHEST WIND SPEED    15   HIGHEST WIND DIRECTION    NE (30)
  HIGHEST GUST SPEED    20   HIGHEST GUST DIRECTION     N (360)
  AVERAGE WIND SPEED     6.9


SKY COVER
  POSSIBLE SUNSHINE  MM
  AVERAGE SKY COVER 0.4


WEATHER CONDITIONS
 THE FOLLOWING WEATHER WAS RECORDED YESTERDAY.
  NO SIGNIFICANT WEATHER WAS OBSERVED.


RELATIVE HUMIDITY (PERCENT)
 HIGHEST    89           400 AM
 LOWEST     41           400 PM
 AVERAGE    65

..........................................................


THE HATTIESBURG CLIMATE NORMALS FOR TODAY
                         NORMAL    RECORD    YEAR
 MAXIMUM TEMPERATURE (F)   67        85      1948
 MINIMUM TEMPERATURE (F)   44        21      2002


SUNRISE AND SUNSET
FEBRUARY 28 2015......SUNRISE   625 AM CST   SUNSET   554 PM CST
MARCH  1 2015.........SUNRISE   624 AM CST   SUNSET   555 PM CST


-  INDICATES NEGATIVE NUMBERS.
R  INDICATES RECORD WAS SET OR TIED.
MM INDICATES DATA IS MISSING.
T  INDICATES TRACE AMOUNT.




$$
