000
CDUS44 KJAN 300653
CLIHBG


CLIMATE REPORT
NATIONAL WEATHER SERVICE JACKSON MS
146 AM CDT SAT MAY 30 2015


...................................

...THE HATTIESBURG CLIMATE SUMMARY FOR MAY 29 2015...

CLIMATE NORMAL PERIOD 1981 TO 2010
CLIMATE RECORD PERIOD 1948 TO 2015


WEATHER ITEM   OBSERVED TIME   RECORD YEAR NORMAL DEPARTURE LAST
                VALUE   (LST)  VALUE       VALUE  FROM      YEAR
                                                  NORMAL
..................................................................
TEMPERATURE (F)
 YESTERDAY
  MAXIMUM         84    147 PM  98    1951  88     -4       81
  MINIMUM         68    539 AM  53    1961  65      3       69
  AVERAGE         76                        77     -1       75

PRECIPITATION (IN)
  YESTERDAY        0.31          1.80 1952   0.17   0.14     0.59
  MONTH TO DATE    6.21                      4.65   1.56     5.28
  SINCE MAR 1     15.29                     15.08   0.21    17.89
  SINCE JAN 1     23.12                     26.21  -3.09    27.79

SNOWFALL (IN)
  YESTERDAY        0.0

DEGREE DAYS
 HEATING
  YESTERDAY        0                         0      0        0
  MONTH TO DATE    1                         5     -4       11
  SINCE MAR 1    131                       305   -174      353
  SINCE JUL 1   1912                      1983    -71     2276

 COOLING
  YESTERDAY       11                        12     -1       10
  MONTH TO DATE  273                       251     22      228
  SINCE MAR 1    546                       376    170      336
  SINCE JAN 1    552                       391    161      353
..................................................................


WIND (MPH)
  HIGHEST WIND SPEED    22   HIGHEST WIND DIRECTION    SE (140)
  HIGHEST GUST SPEED    27   HIGHEST GUST DIRECTION    SE (150)
  AVERAGE WIND SPEED     3.5


SKY COVER
  POSSIBLE SUNSHINE  MM
  AVERAGE SKY COVER 0.4


WEATHER CONDITIONS
 THE FOLLOWING WEATHER WAS RECORDED YESTERDAY.
  THUNDERSTORM
  HEAVY RAIN
  LIGHT RAIN
  FOG
  FOG W/VISIBILITY <= 1/4 MILE


RELATIVE HUMIDITY (PERCENT)
 HIGHEST   100           800 AM
 LOWEST     74           100 PM
 AVERAGE    87

..........................................................


THE HATTIESBURG CLIMATE NORMALS FOR TODAY
                         NORMAL    RECORD    YEAR
 MAXIMUM TEMPERATURE (F)   88       103      1951
 MINIMUM TEMPERATURE (F)   65        49      1971


SUNRISE AND SUNSET
MAY 30 2015...........SUNRISE   554 AM CDT   SUNSET   755 PM CDT
MAY 31 2015...........SUNRISE   554 AM CDT   SUNSET   756 PM CDT


-  INDICATES NEGATIVE NUMBERS.
R  INDICATES RECORD WAS SET OR TIED.
MM INDICATES DATA IS MISSING.
T  INDICATES TRACE AMOUNT.




$$
