000
CDUS44 KJAN 282208
CLIHBG


CLIMATE REPORT
NATIONAL WEATHER SERVICE JACKSON MS
406 PM CST FRI NOV 28 2014


...................................

...THE HATTIESBURG CLIMATE SUMMARY FOR NOVEMBER 28 2014...
VALID TODAY AS OF 0400 PM LOCAL TIME.

CLIMATE NORMAL PERIOD 1981 TO 2010
CLIMATE RECORD PERIOD 1948 TO 2014


WEATHER ITEM   OBSERVED TIME   RECORD YEAR NORMAL DEPARTURE LAST
                VALUE   (LST)  VALUE       VALUE  FROM      YEAR
                                                  NORMAL
..................................................................
TEMPERATURE (F)
 TODAY
  MAXIMUM         61    329 PM  82    1973  66     -5       51
                                      1960
  MINIMUM         29    429 AM  22    1950  42    -13       25
  AVERAGE         45                        54     -9       38

PRECIPITATION (IN)
  TODAY            0.00          2.93 2008   0.17  -0.17     0.00
  MONTH TO DATE    1.68                      3.90  -2.22     3.58
  SINCE SEP 1      8.83                     11.73  -2.90     9.91
  SINCE JAN 1     46.11                     53.89  -7.78    62.08

SNOWFALL (IN)
  TODAY            0.0

DEGREE DAYS
 HEATING
  TODAY           20                        12      8       27
  MONTH TO DATE  359                       228    131      282
  SINCE SEP 1    404                       303    101      327
  SINCE JUL 1    404                       303    101      327

 COOLING
  TODAY            0                         1     -1        0
  MONTH TO DATE    2                        32    -30       18
  SINCE SEP 1    585                       523     62      629
  SINCE JAN 1   2464                      2394     70     2408
..................................................................


WIND (MPH)
  HIGHEST WIND SPEED     8   HIGHEST WIND DIRECTION    SE (140)
  HIGHEST GUST SPEED    12   HIGHEST GUST DIRECTION     E (90)
  AVERAGE WIND SPEED     2.2


SKY COVER
  POSSIBLE SUNSHINE  MM
  AVERAGE SKY COVER 0.0


WEATHER CONDITIONS
 THE FOLLOWING WEATHER WAS RECORDED TODAY.
  NO SIGNIFICANT WEATHER WAS OBSERVED.


RELATIVE HUMIDITY (PERCENT)
 HIGHEST   100           300 AM
 LOWEST     27           300 PM
 AVERAGE    64

..........................................................


THE HATTIESBURG CLIMATE NORMALS FOR TOMORROW
                         NORMAL    RECORD    YEAR
 MAXIMUM TEMPERATURE (F)   65        85      1949
 MINIMUM TEMPERATURE (F)   42        22      1959
                                             1950


SUNRISE AND SUNSET
NOVEMBER 28 2014......SUNRISE   635 AM CST   SUNSET   454 PM CST
NOVEMBER 29 2014......SUNRISE   636 AM CST   SUNSET   454 PM CST


-  INDICATES NEGATIVE NUMBERS.
R  INDICATES RECORD WAS SET OR TIED.
MM INDICATES DATA IS MISSING.
T  INDICATES TRACE AMOUNT.




$$
