000
CDUS44 KJAN 250738
CLIHBG


CLIMATE REPORT
NATIONAL WEATHER SERVICE JACKSON MS
233 AM CDT TUE APR 25 2017


...................................

...THE HATTIESBURG CLIMATE SUMMARY FOR APRIL 24 2017...

CLIMATE NORMAL PERIOD 1981 TO 2010
CLIMATE RECORD PERIOD 1948 TO 2017


WEATHER ITEM   OBSERVED TIME   RECORD YEAR NORMAL DEPARTURE LAST
                VALUE   (LST)  VALUE       VALUE  FROM      YEAR
                                                  NORMAL
..................................................................
TEMPERATURE (F)
 YESTERDAY
  MAXIMUM         76    321 PM  90    1958  80     -4       84
                                      1955
  MINIMUM         51    122 AM  39    2012  55     -4       52
  AVERAGE         64                        68     -4       68

PRECIPITATION (IN)
  YESTERDAY        0.00          2.15 1979   0.16  -0.16     0.00
  MONTH TO DATE    4.28                      4.15   0.13     4.88
  SINCE MAR 1      7.42                      9.65  -2.23    18.20
  SINCE JAN 1     19.02                     20.78  -1.76    27.57

SNOWFALL (IN)
  YESTERDAY        0.0

DEGREE DAYS
 HEATING
  YESTERDAY        1                         1      0        0
  MONTH TO DATE   33                        77    -44       28
  SINCE MAR 1    176                       294   -118      141
  SINCE JUL 1   1143                      1972   -829     1379

 COOLING
  YESTERDAY        0                         4     -4        3
  MONTH TO DATE   95                        65     30       54
  SINCE MAR 1    183                        98     85      120
  SINCE JAN 1    252                       113    139      145
..................................................................


WIND (MPH)
  HIGHEST WIND SPEED    22   HIGHEST WIND DIRECTION    NW (310)
  HIGHEST GUST SPEED    27   HIGHEST GUST DIRECTION    NW (320)
  AVERAGE WIND SPEED     6.8


SKY COVER
  POSSIBLE SUNSHINE  MM
  AVERAGE SKY COVER 0.1


WEATHER CONDITIONS
 THE FOLLOWING WEATHER WAS RECORDED YESTERDAY.
  NO SIGNIFICANT WEATHER WAS OBSERVED.


RELATIVE HUMIDITY (PERCENT)
 HIGHEST    93          1000 PM
 LOWEST     43           200 PM
 AVERAGE    68

..........................................................


THE HATTIESBURG CLIMATE NORMALS FOR TODAY
                         NORMAL    RECORD    YEAR
 MAXIMUM TEMPERATURE (F)   80        92      1999
 MINIMUM TEMPERATURE (F)   55        40      1969


SUNRISE AND SUNSET
APRIL 25 2017.........SUNRISE   618 AM CDT   SUNSET   732 PM CDT
APRIL 26 2017.........SUNRISE   617 AM CDT   SUNSET   733 PM CDT


-  INDICATES NEGATIVE NUMBERS.
R  INDICATES RECORD WAS SET OR TIED.
MM INDICATES DATA IS MISSING.
T  INDICATES TRACE AMOUNT.




$$
