000
CDUS44 KJAN 222108
CLIHBG


CLIMATE REPORT
NATIONAL WEATHER SERVICE JACKSON MS
407 PM CDT SAT JUL 22 2017


...................................

...THE HATTIESBURG CLIMATE SUMMARY FOR JULY 22 2017...
VALID TODAY AS OF 0400 PM LOCAL TIME.

CLIMATE NORMAL PERIOD 1981 TO 2010
CLIMATE RECORD PERIOD 1948 TO 2017


WEATHER ITEM   OBSERVED TIME   RECORD YEAR NORMAL DEPARTURE LAST
                VALUE   (LST)  VALUE       VALUE  FROM      YEAR
                                                  NORMAL
..................................................................
TEMPERATURE (F)
 TODAY
  MAXIMUM         93    226 PM 100    2000  92      1       92
                                      1948
  MINIMUM         72    547 AM  64    1971  72      0       73
  AVERAGE         83                        82      1       83

PRECIPITATION (IN)
  TODAY            0.02          2.09 1968   0.15  -0.13     0.20
  MONTH TO DATE    1.92                      4.05  -2.13     4.65
  SINCE JUN 1     13.32                      9.55   3.77    12.78
  SINCE JAN 1     43.75                     36.09   7.66    43.94

SNOWFALL (IN)
  TODAY            0.0

DEGREE DAYS
 HEATING
  TODAY            0                         0      0        0
  MONTH TO DATE    0                         0      0        0
  SINCE JUN 1      0                         0      0        0
  SINCE JUL 1      0                         0      0        0

 COOLING
  TODAY           18                        17      1       18
  MONTH TO DATE  396                       369     27      411
  SINCE JUN 1    780                       792    -12      918
  SINCE JAN 1   1301                      1207     94     1382
..................................................................


WIND (MPH)
  HIGHEST WIND SPEED    24   HIGHEST WIND DIRECTION     S (170)
  HIGHEST GUST SPEED    30   HIGHEST GUST DIRECTION    SE (150)
  AVERAGE WIND SPEED     2.6


SKY COVER
  POSSIBLE SUNSHINE  MM
  AVERAGE SKY COVER 0.1


WEATHER CONDITIONS
 THE FOLLOWING WEATHER WAS RECORDED TODAY.
  THUNDERSTORM
  LIGHT RAIN
  FOG


RELATIVE HUMIDITY (PERCENT)
 HIGHEST   100          1200 AM
 LOWEST     52           100 PM
 AVERAGE    76

..........................................................


THE HATTIESBURG CLIMATE NORMALS FOR TOMORROW
                         NORMAL    RECORD    YEAR
 MAXIMUM TEMPERATURE (F)   92       102      1948
 MINIMUM TEMPERATURE (F)   72        65      1950


SUNRISE AND SUNSET
JULY 22 2017..........SUNRISE   608 AM CDT   SUNSET   759 PM CDT
JULY 23 2017..........SUNRISE   608 AM CDT   SUNSET   758 PM CDT


-  INDICATES NEGATIVE NUMBERS.
R  INDICATES RECORD WAS SET OR TIED.
MM INDICATES DATA IS MISSING.
T  INDICATES TRACE AMOUNT.




$$
