000
CDUS44 KJAN 240630
CLIHBG


CLIMATE REPORT
NATIONAL WEATHER SERVICE JACKSON MS
127 AM CDT SUN SEP 24 2017


...................................

...THE HATTIESBURG CLIMATE SUMMARY FOR SEPTEMBER 23 2017...

CLIMATE NORMAL PERIOD 1981 TO 2010
CLIMATE RECORD PERIOD 1948 TO 2017


WEATHER ITEM   OBSERVED TIME   RECORD YEAR NORMAL DEPARTURE LAST
                VALUE   (LST)  VALUE       VALUE  FROM      YEAR
                                                  NORMAL
..................................................................
TEMPERATURE (F)
 YESTERDAY
  MAXIMUM         91    433 PM  95    1997  86      5       94
  MINIMUM         68   1153 PM  44    1982  64      4       72
  AVERAGE         80                        75      5       83

PRECIPITATION (IN)
  YESTERDAY        0.16          4.94 1958   0.12   0.04     0.00
  MONTH TO DATE    2.15                      3.22  -1.07     3.48
  SINCE SEP 1      2.15                      3.22  -1.07     3.48
  SINCE JAN 1     58.57                     45.38  13.19    54.49

SNOWFALL (IN)
  YESTERDAY        0.0

DEGREE DAYS
 HEATING
  YESTERDAY        0                         0      0        0
  MONTH TO DATE    0                         0      0        0
  SINCE SEP 1      0                         0      0        0
  SINCE JUL 1      0                         0      0        0

 COOLING
  YESTERDAY       15                        10      5       18
  MONTH TO DATE  259                       295    -36      388
  SINCE SEP 1    259                       295    -36      388
  SINCE JAN 1   2204                      2166     38     2502
..................................................................


WIND (MPH)
  HIGHEST WIND SPEED    24   HIGHEST WIND DIRECTION     E (70)
  HIGHEST GUST SPEED    36   HIGHEST GUST DIRECTION     E (80)
  AVERAGE WIND SPEED     3.4


SKY COVER
  POSSIBLE SUNSHINE  MM
  AVERAGE SKY COVER 0.1


WEATHER CONDITIONS
 THE FOLLOWING WEATHER WAS RECORDED YESTERDAY.
  THUNDERSTORM
  HEAVY RAIN
  RAIN
  LIGHT RAIN
  FOG
  HAZE


RELATIVE HUMIDITY (PERCENT)
 HIGHEST    59          1000 AM
 LOWEST     50          1200 PM
 AVERAGE    55

..........................................................


THE HATTIESBURG CLIMATE NORMALS FOR TODAY
                         NORMAL    RECORD    YEAR
 MAXIMUM TEMPERATURE (F)   86        97      1965
 MINIMUM TEMPERATURE (F)   63        46      1982


SUNRISE AND SUNSET
SEPTEMBER 24 2017.....SUNRISE   647 AM CDT   SUNSET   651 PM CDT
SEPTEMBER 25 2017.....SUNRISE   647 AM CDT   SUNSET   649 PM CDT


-  INDICATES NEGATIVE NUMBERS.
R  INDICATES RECORD WAS SET OR TIED.
MM INDICATES DATA IS MISSING.
T  INDICATES TRACE AMOUNT.




$$
