000
CDUS44 KJAN 162114
CLIHBG


CLIMATE REPORT
NATIONAL WEATHER SERVICE JACKSON MS
411 PM CDT WED APR 16 2014


...................................

...THE HATTIESBURG CLIMATE SUMMARY FOR APRIL 16 2014...
VALID TODAY AS OF 0400 PM LOCAL TIME.

CLIMATE NORMAL PERIOD 1981 TO 2010
CLIMATE RECORD PERIOD 1948 TO 2014


WEATHER ITEM   OBSERVED TIME   RECORD YEAR NORMAL DEPARTURE LAST
                VALUE   (LST)  VALUE       VALUE  FROM      YEAR
                                                  NORMAL
..................................................................
TEMPERATURE (F)
 TODAY
  MAXIMUM         67    258 PM  87    2002  78    -11       86
  MINIMUM         35    447 AM  34    1950  53    -18       71
  AVERAGE         51                        65    -14       79

PRECIPITATION (IN)
  TODAY            0.00          5.29 1954   0.15  -0.15     0.00
  MONTH TO DATE    3.98                      2.83   1.15     5.91
  SINCE MAR 1     10.35                      8.33   2.02     8.06
  SINCE JAN 1     20.25                     19.46   0.79    26.49

SNOWFALL (IN)
  TODAY            0.0

DEGREE DAYS
 HEATING
  TODAY           14                         3     11        0
  MONTH TO DATE   56                        63     -7       51
  SINCE MAR 1    328                       280     48      400
  SINCE JUL 1   2251                      1958    293     1793

 COOLING
  TODAY            0                         3     -3       14
  MONTH TO DATE   30                        38     -8       44
  SINCE MAR 1     39                        71    -32       53
  SINCE JAN 1     56                        86    -30       81
..................................................................


WIND (MPH)
  HIGHEST WIND SPEED    14   HIGHEST WIND DIRECTION     E (80)
  HIGHEST GUST SPEED    20   HIGHEST GUST DIRECTION     E (90)
  AVERAGE WIND SPEED     4.6


SKY COVER
  POSSIBLE SUNSHINE  MM
  AVERAGE SKY COVER 0.0


WEATHER CONDITIONS
 THE FOLLOWING WEATHER WAS RECORDED TODAY.
  NO SIGNIFICANT WEATHER WAS OBSERVED.


RELATIVE HUMIDITY (PERCENT)
 HIGHEST    92           500 AM
 LOWEST     30           200 PM
 AVERAGE    61

..........................................................


THE HATTIESBURG CLIMATE NORMALS FOR TOMORROW
                         NORMAL    RECORD    YEAR
 MAXIMUM TEMPERATURE (F)   78        90      2006
 MINIMUM TEMPERATURE (F)   53        33      1951


SUNRISE AND SUNSET
APRIL 16 2014.........SUNRISE   628 AM CDT   SUNSET   726 PM CDT
APRIL 17 2014.........SUNRISE   627 AM CDT   SUNSET   727 PM CDT


-  INDICATES NEGATIVE NUMBERS.
R  INDICATES RECORD WAS SET OR TIED.
MM INDICATES DATA IS MISSING.
T  INDICATES TRACE AMOUNT.




$$
