000
CDUS44 KJAN 240745
CLIHBG


CLIMATE REPORT
NATIONAL WEATHER SERVICE JACKSON MS
143 AM CST FRI FEB 24 2017


...................................

...THE HATTIESBURG CLIMATE SUMMARY FOR FEBRUARY 23 2017...

CLIMATE NORMAL PERIOD 1981 TO 2010
CLIMATE RECORD PERIOD 1948 TO 2017


WEATHER ITEM   OBSERVED TIME   RECORD YEAR NORMAL DEPARTURE LAST
                VALUE   (LST)  VALUE       VALUE  FROM      YEAR
                                                  NORMAL
..................................................................
TEMPERATURE (F)
 YESTERDAY
  MAXIMUM         81    310 PM  83    2011  66     15       72
                                      1962
  MINIMUM         48    608 AM  19    1963  42      6       62
  AVERAGE         65                        54     11       67

PRECIPITATION (IN)
  YESTERDAY        0.00          3.11 2004   0.21  -0.21     2.08
  MONTH TO DATE    1.99                      4.42  -2.43     4.82
  SINCE DEC 1     18.12                     15.07   3.05    19.35
  SINCE JAN 1     11.06                     10.16   0.90     9.34

SNOWFALL (IN)
  YESTERDAY        0.0

DEGREE DAYS
 HEATING
  YESTERDAY        0                        11    -11        0
  MONTH TO DATE  130                       325   -195      245
  SINCE DEC 1    743                      1296   -553      983
  SINCE JUL 1    939                      1624   -685     1161

 COOLING
  YESTERDAY        0                         0      0        2
  MONTH TO DATE   25                         0     25       25
  SINCE DEC 1     96                        19     77       96
  SINCE JAN 1     57                         6     51       25
..................................................................


WIND (MPH)
  HIGHEST WIND SPEED    14   HIGHEST WIND DIRECTION     S (170)
  HIGHEST GUST SPEED    18   HIGHEST GUST DIRECTION     S (170)
  AVERAGE WIND SPEED     4.4


SKY COVER
  POSSIBLE SUNSHINE  MM
  AVERAGE SKY COVER 0.3


WEATHER CONDITIONS
 THE FOLLOWING WEATHER WAS RECORDED YESTERDAY.
  FOG
  FOG W/VISIBILITY <= 1/4 MILE


RELATIVE HUMIDITY (PERCENT)
 HIGHEST   100          1200 AM
 LOWEST     45           300 PM
 AVERAGE    73

..........................................................


THE HATTIESBURG CLIMATE NORMALS FOR TODAY
                         NORMAL    RECORD    YEAR
 MAXIMUM TEMPERATURE (F)   66        83      1996
 MINIMUM TEMPERATURE (F)   43        20      1989


SUNRISE AND SUNSET
FEBRUARY 24 2017......SUNRISE   629 AM CST   SUNSET   552 PM CST
FEBRUARY 25 2017......SUNRISE   628 AM CST   SUNSET   552 PM CST


-  INDICATES NEGATIVE NUMBERS.
R  INDICATES RECORD WAS SET OR TIED.
MM INDICATES DATA IS MISSING.
T  INDICATES TRACE AMOUNT.




$$
