318
CDUS41 KLWX 290535
CLIHGR


CLIMATE REPORT
NATIONAL WEATHER SERVICE BALTIMORE MD/WASHINGTON DC
134 AM EDT SAT APR 29 2017


...................................

...THE HAGERSTOWN MD CLIMATE SUMMARY FOR APRIL 28 2017...

CLIMATE NORMAL PERIOD 1981 TO 2010
CLIMATE RECORD PERIOD 9999 TO 9999


WEATHER ITEM   OBSERVED TIME   RECORD YEAR NORMAL DEPARTURE LAST
                VALUE   (LST)  VALUE       VALUE  FROM      YEAR
                                                  NORMAL
..................................................................
TEMPERATURE (F)
 YESTERDAY
  MAXIMUM         83    503 PM  MM      MM  67     16       54
  MINIMUM         60    555 AM  MM      MM  47     13       46
  AVERAGE         72                        57     15       50

PRECIPITATION (IN)
  YESTERDAY        T            MM      MM   0.11  -0.11     0.20
  MONTH TO DATE    2.24                      3.35  -1.11     1.83
  SINCE MAR 1      5.07                      6.73  -1.66     3.45
  SINCE JAN 1      9.17                     11.96  -2.79     8.82

DEGREE DAYS
 HEATING
  YESTERDAY        0                         9     -9       15
  MONTH TO DATE  180                       364   -184      328
  SINCE MAR 1    877                      1093   -216      780
  SINCE JUL 1   3884                      4996  -1112     4017

 COOLING
  YESTERDAY        7                         1      6        0
  MONTH TO DATE   38                        10     28       12
  SINCE MAR 1     39                        11     28       16
  SINCE JAN 1     40                        11     29       16
..................................................................


WIND (MPH)
  HIGHEST WIND SPEED    17   HIGHEST WIND DIRECTION    SE (150)
  HIGHEST GUST SPEED    22   HIGHEST GUST DIRECTION     S (160)
  AVERAGE WIND SPEED     6.7


SKY COVER
  POSSIBLE SUNSHINE  MM
  AVERAGE SKY COVER 0.1


WEATHER CONDITIONS
 THE FOLLOWING WEATHER WAS RECORDED YESTERDAY.
  FOG


RELATIVE HUMIDITY (PERCENT)
 HIGHEST    93          1200 AM
 LOWEST     33           400 PM
 AVERAGE    63

..........................................................


THE HAGERSTOWN MD CLIMATE NORMALS FOR TODAY
                         NORMAL    RECORD    YEAR
 MAXIMUM TEMPERATURE (F)   68        MM        MM
 MINIMUM TEMPERATURE (F)   47        MM        MM


SUNRISE AND SUNSET
APRIL 29 2017.........SUNRISE   614 AM EDT   SUNSET   803 PM EDT
APRIL 30 2017.........SUNRISE   612 AM EDT   SUNSET   804 PM EDT


-  INDICATES NEGATIVE NUMBERS.
R  INDICATES RECORD WAS SET OR TIED.
MM INDICATES DATA IS MISSING.
T  INDICATES TRACE AMOUNT.




$$
