000
CDUS41 KLWX 232123
CLIHGR


CLIMATE REPORT
NATIONAL WEATHER SERVICE BALTIMORE MD/WASHINGTON DC
522 PM EDT SAT JUL 23 2016


...................................

...THE HAGERSTOWN MD CLIMATE SUMMARY FOR JULY 23 2016...
VALID TODAY AS OF 0500 PM LOCAL TIME.

CLIMATE NORMAL PERIOD 1981 TO 2010
CLIMATE RECORD PERIOD 9999 TO 9999


WEATHER ITEM   OBSERVED TIME   RECORD YEAR NORMAL DEPARTURE LAST
                VALUE   (LST)  VALUE       VALUE  FROM      YEAR
                                                  NORMAL
..................................................................
TEMPERATURE (F)
 TODAY
  MAXIMUM         95    239 PM  MM      MM  85     10       82
  MINIMUM         79    606 AM  MM      MM  66     13       63
  AVERAGE         87                        75     12       73

PRECIPITATION (IN)
  TODAY            T            MM      MM   0.11  -0.11     0.00
  MONTH TO DATE    0.88                      2.47  -1.59     1.08
  SINCE JUN 1      4.28                      6.35  -2.07     6.94
  SINCE JAN 1     17.32                     22.55  -5.23    17.13

DEGREE DAYS
 HEATING
  TODAY            0                         0      0        0
  MONTH TO DATE    0                         0      0        0
  SINCE JUN 1      3                        18    -15       14
  SINCE JUL 1      0                         0      0        0

 COOLING
  TODAY           22                        10     12        8
  MONTH TO DATE  314                       242     72      250
  SINCE JUN 1    575                       451    124      508
  SINCE JAN 1    679                       527    152      709
..................................................................


WIND (MPH)
  HIGHEST WIND SPEED    18   HIGHEST WIND DIRECTION     W (260)
  HIGHEST GUST SPEED    26   HIGHEST GUST DIRECTION     S (190)
  AVERAGE WIND SPEED     7.3


SKY COVER
  POSSIBLE SUNSHINE  MM
  AVERAGE SKY COVER 0.1


WEATHER CONDITIONS
 THE FOLLOWING WEATHER WAS RECORDED TODAY.
  THUNDERSTORM
  RAIN
  LIGHT RAIN


RELATIVE HUMIDITY (PERCENT)
 HIGHEST    74           400 AM
 LOWEST     46           200 PM
 AVERAGE    60

..........................................................


THE HAGERSTOWN MD CLIMATE NORMALS FOR TOMORROW
                         NORMAL    RECORD    YEAR
 MAXIMUM TEMPERATURE (F)   85        MM        MM
 MINIMUM TEMPERATURE (F)   66        MM        MM


SUNRISE AND SUNSET
JULY 23 2016..........SUNRISE   602 AM EDT   SUNSET   832 PM EDT
JULY 24 2016..........SUNRISE   603 AM EDT   SUNSET   831 PM EDT


-  INDICATES NEGATIVE NUMBERS.
R  INDICATES RECORD WAS SET OR TIED.
MM INDICATES DATA IS MISSING.
T  INDICATES TRACE AMOUNT.




$$
