000
CDUS41 KLWX 270534
CLIHGR


CLIMATE REPORT
NATIONAL WEATHER SERVICE BALTIMORE MD/WASHINGTON DC
1232 AM EST FRI FEB 27 2015


...................................

...THE HAGERSTOWN MD CLIMATE SUMMARY FOR FEBRUARY 26 2015...

CLIMATE NORMAL PERIOD 1981 TO 2010
CLIMATE RECORD PERIOD 9999 TO 9999


WEATHER ITEM   OBSERVED TIME   RECORD YEAR NORMAL DEPARTURE LAST
                VALUE   (LST)  VALUE       VALUE  FROM      YEAR
                                                  NORMAL
..................................................................
TEMPERATURE (F)
 YESTERDAY
  MAXIMUM         34    302 PM  MM      MM  44    -10       29
  MINIMUM         25   1023 AM  MM      MM  27     -2       17
  AVERAGE         30                        36     -6       23

PRECIPITATION (IN)
  YESTERDAY        T            MM      MM   0.09  -0.09      T
  MONTH TO DATE    0.38                      2.36  -1.98     2.51
  SINCE DEC 1      5.28                      7.93  -2.65     7.79
  SINCE JAN 1      2.28                      5.04  -2.76     3.78

DEGREE DAYS
 HEATING
  YESTERDAY       35                        29      6       42
  MONTH TO DATE 1045                       822    223      881
  SINCE DEC 1   2968                      2841    127     2860
  SINCE JUL 1   3921                      3846     75     3922

 COOLING
  YESTERDAY        0                         0      0        0
  MONTH TO DATE    0                         0      0        0
  SINCE DEC 1      0                         0      0        0
  SINCE JAN 1      0                         0      0        0
..................................................................


WIND (MPH)
  HIGHEST WIND SPEED    15   HIGHEST WIND DIRECTION     N (350)
  HIGHEST GUST SPEED    18   HIGHEST GUST DIRECTION     N (350)
  AVERAGE WIND SPEED     6.3


SKY COVER
  POSSIBLE SUNSHINE  MM
  AVERAGE SKY COVER 0.8


WEATHER CONDITIONS
 THE FOLLOWING WEATHER WAS RECORDED YESTERDAY.
  LIGHT SNOW
  HAZE


RELATIVE HUMIDITY (PERCENT)
 HIGHEST    81           900 AM
 LOWEST     43           100 AM
 AVERAGE    62

..........................................................


THE HAGERSTOWN MD CLIMATE NORMALS FOR TODAY
                         NORMAL    RECORD    YEAR
 MAXIMUM TEMPERATURE (F)   44        MM        MM
 MINIMUM TEMPERATURE (F)   28        MM        MM


SUNRISE AND SUNSET
FEBRUARY 27 2015......SUNRISE   647 AM EST   SUNSET   601 PM EST
FEBRUARY 28 2015......SUNRISE   646 AM EST   SUNSET   602 PM EST


-  INDICATES NEGATIVE NUMBERS.
R  INDICATES RECORD WAS SET OR TIED.
MM INDICATES DATA IS MISSING.
T  INDICATES TRACE AMOUNT.




$$
