000
CDUS41 KLWX 290522
CLIHGR


CLIMATE REPORT
NATIONAL WEATHER SERVICE BALTIMORE MD/WASHINGTON DC
122 AM EDT SUN MAY 29 2016


...................................

...THE HAGERSTOWN MD CLIMATE SUMMARY FOR MAY 28 2016...

CLIMATE NORMAL PERIOD 1981 TO 2010
CLIMATE RECORD PERIOD 9999 TO 9999


WEATHER ITEM   OBSERVED TIME   RECORD YEAR NORMAL DEPARTURE LAST
                VALUE   (LST)  VALUE       VALUE  FROM      YEAR
                                                  NORMAL
..................................................................
TEMPERATURE (F)
 YESTERDAY
  MAXIMUM         90    459 PM  MM      MM  76     14       87
  MINIMUM         68    502 AM  MM      MM  56     12       68
  AVERAGE         79                        66     13       78

PRECIPITATION (IN)
  YESTERDAY        0.00         MM      MM   0.14  -0.14      T
  MONTH TO DATE    4.05                      3.60   0.45     1.55
  SINCE MAR 1      7.59                     10.54  -2.95     7.08
  SINCE JAN 1     12.96                     15.77  -2.81     9.36

DEGREE DAYS
 HEATING
  YESTERDAY        0                         3     -3        0
  MONTH TO DATE  154                       147      7       50
  SINCE MAR 1    962                      1258   -296     1123
  SINCE JUL 1   4199                      5161   -962     5129

 COOLING
  YESTERDAY       14                         3     11       13
  MONTH TO DATE   57                        48      9      163
  SINCE MAR 1     73                        63     10      165
  SINCE JAN 1     73                        63     10      165
..................................................................


WIND (MPH)
  HIGHEST WIND SPEED    14   HIGHEST WIND DIRECTION     S (180)
  HIGHEST GUST SPEED    20   HIGHEST GUST DIRECTION     S (180)
  AVERAGE WIND SPEED     6.1


SKY COVER
  POSSIBLE SUNSHINE  MM
  AVERAGE SKY COVER 0.1


WEATHER CONDITIONS
 THE FOLLOWING WEATHER WAS RECORDED YESTERDAY.
  NO SIGNIFICANT WEATHER WAS OBSERVED.


RELATIVE HUMIDITY (PERCENT)
 HIGHEST    90           200 AM
 LOWEST     44           200 PM
 AVERAGE    67

..........................................................


THE HAGERSTOWN MD CLIMATE NORMALS FOR TODAY
                         NORMAL    RECORD    YEAR
 MAXIMUM TEMPERATURE (F)   76        MM        MM
 MINIMUM TEMPERATURE (F)   56        MM        MM


SUNRISE AND SUNSET
MAY 29 2016...........SUNRISE   546 AM EDT   SUNSET   831 PM EDT
MAY 30 2016...........SUNRISE   546 AM EDT   SUNSET   832 PM EDT


-  INDICATES NEGATIVE NUMBERS.
R  INDICATES RECORD WAS SET OR TIED.
MM INDICATES DATA IS MISSING.
T  INDICATES TRACE AMOUNT.




$$
